[INFO] fetching crate staticweaver 0.0.1...
[INFO] testing staticweaver-0.0.1 against nightly-2024-10-28+rustflags=-Zrandomize-layout for randomize-layout
[INFO] extracting crate staticweaver 0.0.1 into /workspace/builds/worker-1-tc2/source
[INFO] validating manifest of crates.io crate staticweaver 0.0.1 on toolchain nightly-2024-10-28
[INFO] running `Command { std: CARGO_HOME="/workspace/cargo-home" RUSTUP_HOME="/workspace/rustup-home" "/workspace/cargo-home/bin/cargo" "+nightly-2024-10-28" "metadata" "--manifest-path" "Cargo.toml" "--no-deps", kill_on_drop: false }`
[INFO] started tweaking crates.io crate staticweaver 0.0.1
[INFO] removed 0 missing examples
[INFO] removed 0 missing tests
[INFO] finished tweaking crates.io crate staticweaver 0.0.1
[INFO] tweaked toml for crates.io crate staticweaver 0.0.1 written to /workspace/builds/worker-1-tc2/source/Cargo.toml
[INFO] crate crates.io crate staticweaver 0.0.1 already has a lockfile, it will not be regenerated
[INFO] running `Command { std: CARGO_HOME="/workspace/cargo-home" RUSTUP_HOME="/workspace/rustup-home" "/workspace/cargo-home/bin/cargo" "+nightly-2024-10-28" "fetch" "--manifest-path" "Cargo.toml", kill_on_drop: false }`
[INFO] [stderr]     Blocking waiting for file lock on package cache
[INFO] running `Command { std: "docker" "create" "-v" "/var/lib/crater-agent-workspace/builds/worker-1-tc2/target:/opt/rustwide/target:rw,Z" "-v" "/var/lib/crater-agent-workspace/builds/worker-1-tc2/source:/opt/rustwide/workdir:ro,Z" "-v" "/var/lib/crater-agent-workspace/cargo-home:/opt/rustwide/cargo-home:ro,Z" "-v" "/var/lib/crater-agent-workspace/rustup-home:/opt/rustwide/rustup-home:ro,Z" "-e" "SOURCE_DIR=/opt/rustwide/workdir" "-e" "CARGO_TARGET_DIR=/opt/rustwide/target" "-e" "CARGO_HOME=/opt/rustwide/cargo-home" "-e" "RUSTUP_HOME=/opt/rustwide/rustup-home" "-w" "/opt/rustwide/workdir" "-m" "1610612736" "--user" "0:0" "--network" "none" "ghcr.io/rust-lang/crates-build-env/linux@sha256:4a844ea9eb2546a2d2c7022eacef16ef2e8229c7fbb2c7d4d55a9ceca922f72d" "/opt/rustwide/cargo-home/bin/cargo" "+nightly-2024-10-28" "metadata" "--no-deps" "--format-version=1", kill_on_drop: false }`
[INFO] [stdout] 48a632448066340441869b90c0962f5f6b068f6c40aa8944dd0693d120c0bcc0
[INFO] running `Command { std: "docker" "start" "-a" "48a632448066340441869b90c0962f5f6b068f6c40aa8944dd0693d120c0bcc0", kill_on_drop: false }`
[INFO] running `Command { std: "docker" "inspect" "48a632448066340441869b90c0962f5f6b068f6c40aa8944dd0693d120c0bcc0", kill_on_drop: false }`
[INFO] running `Command { std: "docker" "rm" "-f" "48a632448066340441869b90c0962f5f6b068f6c40aa8944dd0693d120c0bcc0", kill_on_drop: false }`
[INFO] [stdout] 48a632448066340441869b90c0962f5f6b068f6c40aa8944dd0693d120c0bcc0
[INFO] running `Command { std: "docker" "create" "-v" "/var/lib/crater-agent-workspace/builds/worker-1-tc2/target:/opt/rustwide/target:rw,Z" "-v" "/var/lib/crater-agent-workspace/builds/worker-1-tc2/source:/opt/rustwide/workdir:ro,Z" "-v" "/var/lib/crater-agent-workspace/cargo-home:/opt/rustwide/cargo-home:ro,Z" "-v" "/var/lib/crater-agent-workspace/rustup-home:/opt/rustwide/rustup-home:ro,Z" "-e" "SOURCE_DIR=/opt/rustwide/workdir" "-e" "CARGO_TARGET_DIR=/opt/rustwide/target" "-e" "CARGO_INCREMENTAL=0" "-e" "RUST_BACKTRACE=full" "-e" "RUSTFLAGS=--cap-lints=forbid -Zrandomize-layout" "-e" "RUSTDOCFLAGS=--cap-lints=forbid" "-e" "CARGO_HOME=/opt/rustwide/cargo-home" "-e" "RUSTUP_HOME=/opt/rustwide/rustup-home" "-w" "/opt/rustwide/workdir" "-m" "1610612736" "--user" "0:0" "--network" "none" "ghcr.io/rust-lang/crates-build-env/linux@sha256:4a844ea9eb2546a2d2c7022eacef16ef2e8229c7fbb2c7d4d55a9ceca922f72d" "/opt/rustwide/cargo-home/bin/cargo" "+nightly-2024-10-28" "build" "--frozen" "--message-format=json", kill_on_drop: false }`
[INFO] [stdout] c304cd21731eacb40d7a99299972589e362f3de4161502a1d9b83f0098ce0f35
[INFO] running `Command { std: "docker" "start" "-a" "c304cd21731eacb40d7a99299972589e362f3de4161502a1d9b83f0098ce0f35", kill_on_drop: false }`
[INFO] [stderr]    Compiling proc-macro2 v1.0.88
[INFO] [stderr]    Compiling once_cell v1.20.2
[INFO] [stderr]    Compiling shlex v1.3.0
[INFO] [stderr]    Compiling pin-project-lite v0.2.14
[INFO] [stderr]    Compiling bytes v1.7.2
[INFO] [stderr]    Compiling vcpkg v0.2.15
[INFO] [stderr]    Compiling pkg-config v0.3.31
[INFO] [stderr]    Compiling libc v0.2.161
[INFO] [stderr]    Compiling cc v1.1.30
[INFO] [stderr]    Compiling futures-core v0.3.31
[INFO] [stderr]    Compiling memchr v2.7.4
[INFO] [stderr]    Compiling itoa v1.0.11
[INFO] [stderr]    Compiling slab v0.4.9
[INFO] [stderr]    Compiling futures-sink v0.3.31
[INFO] [stderr]    Compiling fnv v1.0.7
[INFO] [stderr]    Compiling http v1.1.0
[INFO] [stderr]    Compiling bitflags v2.6.0
[INFO] [stderr]    Compiling cfg-if v1.0.0
[INFO] [stderr]    Compiling tracing-core v0.1.32
[INFO] [stderr]    Compiling quote v1.0.37
[INFO] [stderr]    Compiling socket2 v0.5.7
[INFO] [stderr]    Compiling mio v1.0.2
[INFO] [stderr]    Compiling syn v2.0.79
[INFO] [stderr]    Compiling pin-utils v0.1.0
[INFO] [stderr]    Compiling foreign-types-shared v0.1.1
[INFO] [stderr]    Compiling futures-io v0.3.31
[INFO] [stderr]    Compiling openssl v0.10.68
[INFO] [stderr]    Compiling tokio v1.40.0
[INFO] [stderr]    Compiling equivalent v1.0.1
[INFO] [stderr]    Compiling hashbrown v0.15.0
[INFO] [stderr]    Compiling futures-task v0.3.31
[INFO] [stderr]    Compiling httparse v1.9.5
[INFO] [stderr]    Compiling futures-util v0.3.31
[INFO] [stderr]    Compiling tracing v0.1.40
[INFO] [stderr]    Compiling openssl-sys v0.9.104
[INFO] [stderr]    Compiling foreign-types v0.3.2
[INFO] [stderr]    Compiling http-body v1.0.1
[INFO] [stderr]    Compiling try-lock v0.2.5
[INFO] [stderr]    Compiling tinyvec_macros v0.1.1
[INFO] [stderr]    Compiling indexmap v2.6.0
[INFO] [stderr]    Compiling native-tls v0.2.12
[INFO] [stderr]    Compiling serde v1.0.210
[INFO] [stderr]    Compiling atomic-waker v1.1.2
[INFO] [stderr]    Compiling want v0.3.1
[INFO] [stderr]    Compiling tinyvec v1.8.0
[INFO] [stderr]    Compiling futures-channel v0.3.31
[INFO] [stderr]    Compiling log v0.4.22
[INFO] [stderr]    Compiling openssl-probe v0.1.5
[INFO] [stderr]    Compiling smallvec v1.13.2
[INFO] [stderr]    Compiling percent-encoding v2.3.1
[INFO] [stderr]    Compiling tower-service v0.3.3
[INFO] [stderr]    Compiling form_urlencoded v1.2.1
[INFO] [stderr]    Compiling serde_json v1.0.129
[INFO] [stderr]    Compiling ryu v1.0.18
[INFO] [stderr]    Compiling rustix v0.38.37
[INFO] [stderr]    Compiling unicode-bidi v0.3.17
[INFO] [stderr]    Compiling aho-corasick v1.1.3
[INFO] [stderr]    Compiling unicode-normalization v0.1.24
[INFO] [stderr]    Compiling rustls-pki-types v1.10.0
[INFO] [stderr]    Compiling idna v0.5.0
[INFO] [stderr]    Compiling regex-syntax v0.8.5
[INFO] [stderr]    Compiling thiserror v1.0.64
[INFO] [stderr]    Compiling version_check v0.9.5
[INFO] [stderr]    Compiling linux-raw-sys v0.4.14
[INFO] [stderr]    Compiling staticweaver v0.0.1 (/opt/rustwide/workdir)
[INFO] [stderr]    Compiling url v2.5.2
[INFO] [stderr]    Compiling rustls-pemfile v2.2.0
[INFO] [stderr]    Compiling encoding_rs v0.8.34
[INFO] [stderr]    Compiling openssl-macros v0.1.1
[INFO] [stderr]    Compiling tokio-util v0.7.12
[INFO] [stderr]    Compiling serde_derive v1.0.210
[INFO] [stderr]    Compiling h2 v0.4.6
[INFO] [stderr]    Compiling http-body-util v0.1.2
[INFO] [stderr]    Compiling regex-automata v0.4.8
[INFO] [stderr]    Compiling thiserror-impl v1.0.64
[INFO] [stderr]    Compiling sync_wrapper v1.0.1
[INFO] [stderr]    Compiling mime v0.3.17
[INFO] [stderr]    Compiling base64 v0.22.1
[INFO] [stderr]    Compiling ipnet v2.10.1
[INFO] [stderr]    Compiling fastrand v2.1.1
[INFO] [stderr]    Compiling tempfile v3.13.0
[INFO] [stderr]    Compiling tokio-native-tls v0.3.1
[INFO] [stderr]    Compiling hyper v1.5.0
[INFO] [stderr]    Compiling regex v1.11.0
[INFO] [stderr]    Compiling hyper-util v0.1.9
[INFO] [stderr]    Compiling hyper-tls v0.6.0
[INFO] [stderr]    Compiling serde_urlencoded v0.7.1
[INFO] [stderr]    Compiling reqwest v0.12.8
[INFO] [stderr]     Finished `dev` profile [unoptimized + debuginfo] target(s) in 1m 11s
[INFO] running `Command { std: "docker" "inspect" "c304cd21731eacb40d7a99299972589e362f3de4161502a1d9b83f0098ce0f35", kill_on_drop: false }`
[INFO] running `Command { std: "docker" "rm" "-f" "c304cd21731eacb40d7a99299972589e362f3de4161502a1d9b83f0098ce0f35", kill_on_drop: false }`
[INFO] [stdout] c304cd21731eacb40d7a99299972589e362f3de4161502a1d9b83f0098ce0f35
[INFO] running `Command { std: "docker" "create" "-v" "/var/lib/crater-agent-workspace/builds/worker-1-tc2/target:/opt/rustwide/target:rw,Z" "-v" "/var/lib/crater-agent-workspace/builds/worker-1-tc2/source:/opt/rustwide/workdir:ro,Z" "-v" "/var/lib/crater-agent-workspace/cargo-home:/opt/rustwide/cargo-home:ro,Z" "-v" "/var/lib/crater-agent-workspace/rustup-home:/opt/rustwide/rustup-home:ro,Z" "-e" "SOURCE_DIR=/opt/rustwide/workdir" "-e" "CARGO_TARGET_DIR=/opt/rustwide/target" "-e" "CARGO_INCREMENTAL=0" "-e" "RUST_BACKTRACE=full" "-e" "RUSTFLAGS=--cap-lints=forbid -Zrandomize-layout" "-e" "RUSTDOCFLAGS=--cap-lints=forbid" "-e" "CARGO_HOME=/opt/rustwide/cargo-home" "-e" "RUSTUP_HOME=/opt/rustwide/rustup-home" "-w" "/opt/rustwide/workdir" "-m" "1610612736" "--user" "0:0" "--network" "none" "ghcr.io/rust-lang/crates-build-env/linux@sha256:4a844ea9eb2546a2d2c7022eacef16ef2e8229c7fbb2c7d4d55a9ceca922f72d" "/opt/rustwide/cargo-home/bin/cargo" "+nightly-2024-10-28" "test" "--frozen" "--no-run" "--message-format=json", kill_on_drop: false }`
[INFO] [stdout] e568cb5932f09544510da0462d2362709a973c460bceef063afb8bea7ad1e9de
[INFO] running `Command { std: "docker" "start" "-a" "e568cb5932f09544510da0462d2362709a973c460bceef063afb8bea7ad1e9de", kill_on_drop: false }`
[INFO] [stderr]    Compiling serde v1.0.210
[INFO] [stderr]    Compiling crossbeam-utils v0.8.20
[INFO] [stderr]    Compiling num-traits v0.2.19
[INFO] [stderr]    Compiling either v1.13.0
[INFO] [stderr]    Compiling half v2.4.1
[INFO] [stderr]    Compiling plotters-backend v0.3.7
[INFO] [stderr]    Compiling clap_lex v0.7.2
[INFO] [stderr]    Compiling anstyle v1.0.8
[INFO] [stderr]    Compiling ciborium-io v0.2.2
[INFO] [stderr]    Compiling plotters-svg v0.3.7
[INFO] [stderr]    Compiling itertools v0.10.5
[INFO] [stderr]    Compiling crossbeam-epoch v0.9.18
[INFO] [stderr]    Compiling ciborium-ll v0.2.2
[INFO] [stderr]    Compiling clap_builder v4.5.20
[INFO] [stderr]    Compiling same-file v1.0.6
[INFO] [stderr]    Compiling crossbeam-deque v0.8.5
[INFO] [stderr]    Compiling cast v0.3.0
[INFO] [stderr]    Compiling walkdir v2.5.0
[INFO] [stderr]    Compiling rayon-core v1.12.1
[INFO] [stderr]    Compiling is-terminal v0.4.13
[INFO] [stderr]    Compiling oorandom v11.1.4
[INFO] [stderr]    Compiling anes v0.1.6
[INFO] [stderr]    Compiling plotters v0.3.7
[INFO] [stderr]    Compiling criterion-plot v0.5.0
[INFO] [stderr]    Compiling rayon v1.10.0
[INFO] [stderr]    Compiling clap v4.5.20
[INFO] [stderr]    Compiling serde_json v1.0.129
[INFO] [stderr]    Compiling serde_urlencoded v0.7.1
[INFO] [stderr]    Compiling ciborium v0.2.2
[INFO] [stderr]    Compiling reqwest v0.12.8
[INFO] [stderr]    Compiling tinytemplate v1.2.1
[INFO] [stderr]    Compiling criterion v0.5.1
[INFO] [stderr]    Compiling staticweaver v0.0.1 (/opt/rustwide/workdir)
[INFO] [stdout] warning: missing documentation for the crate
[INFO] [stdout]    --> tests/error_tests.rs:4:1
[INFO] [stdout]     |
[INFO] [stdout] 4   | / use staticweaver::EngineError;
[INFO] [stdout] 5   | | use staticweaver::TemplateError;
[INFO] [stdout] 6   | |
[INFO] [stdout] 7   | | /// Unit tests for TemplateError variants and their behaviour.
[INFO] [stdout] ...   |
[INFO] [stdout] 160 | |     }
[INFO] [stdout] 161 | | }
[INFO] [stdout]     | |_^
[INFO] [stdout]     |
[INFO] [stdout]     = note: requested on the command line with `-W missing-docs`
[INFO] [stdout] 
[INFO] [stdout] 
[INFO] [stdout] warning: missing documentation for the crate
[INFO] [stdout]    --> tests/context_tests.rs:1:1
[INFO] [stdout]     |
[INFO] [stdout] 1   | / use staticweaver::Context;
[INFO] [stdout] 2   | |
[INFO] [stdout] 3   | | /// Unit tests for Context operations.
[INFO] [stdout] 4   | | #[cfg(test)]
[INFO] [stdout] ...   |
[INFO] [stdout] 140 | |     }
[INFO] [stdout] 141 | | }
[INFO] [stdout]     | |_^
[INFO] [stdout]     |
[INFO] [stdout]     = note: requested on the command line with `-W missing-docs`
[INFO] [stdout] 
[INFO] [stdout] 
[INFO] [stderr]     Finished `test` profile [unoptimized + debuginfo] target(s) in 26.95s
[INFO] running `Command { std: "docker" "inspect" "e568cb5932f09544510da0462d2362709a973c460bceef063afb8bea7ad1e9de", kill_on_drop: false }`
[INFO] running `Command { std: "docker" "rm" "-f" "e568cb5932f09544510da0462d2362709a973c460bceef063afb8bea7ad1e9de", kill_on_drop: false }`
[INFO] [stdout] e568cb5932f09544510da0462d2362709a973c460bceef063afb8bea7ad1e9de
[INFO] running `Command { std: "docker" "create" "-v" "/var/lib/crater-agent-workspace/builds/worker-1-tc2/target:/opt/rustwide/target:rw,Z" "-v" "/var/lib/crater-agent-workspace/builds/worker-1-tc2/source:/opt/rustwide/workdir:ro,Z" "-v" "/var/lib/crater-agent-workspace/cargo-home:/opt/rustwide/cargo-home:ro,Z" "-v" "/var/lib/crater-agent-workspace/rustup-home:/opt/rustwide/rustup-home:ro,Z" "-e" "SOURCE_DIR=/opt/rustwide/workdir" "-e" "CARGO_TARGET_DIR=/opt/rustwide/target" "-e" "CARGO_INCREMENTAL=0" "-e" "RUST_BACKTRACE=full" "-e" "RUSTFLAGS=--cap-lints=forbid -Zrandomize-layout" "-e" "RUSTDOCFLAGS=--cap-lints=forbid" "-e" "CARGO_HOME=/opt/rustwide/cargo-home" "-e" "RUSTUP_HOME=/opt/rustwide/rustup-home" "-w" "/opt/rustwide/workdir" "-m" "1610612736" "--user" "0:0" "--network" "none" "ghcr.io/rust-lang/crates-build-env/linux@sha256:4a844ea9eb2546a2d2c7022eacef16ef2e8229c7fbb2c7d4d55a9ceca922f72d" "/opt/rustwide/cargo-home/bin/cargo" "+nightly-2024-10-28" "test" "--frozen", kill_on_drop: false }`
[INFO] [stdout] 6915083b558c17c02758e5a15f74b1ebb21610f9d27edb079b30bbdcfdace2b9
[INFO] running `Command { std: "docker" "start" "-a" "6915083b558c17c02758e5a15f74b1ebb21610f9d27edb079b30bbdcfdace2b9", kill_on_drop: false }`
[INFO] [stderr] warning: missing documentation for the crate
[INFO] [stderr]    --> tests/error_tests.rs:4:1
[INFO] [stderr]     |
[INFO] [stderr] 4   | / use staticweaver::EngineError;
[INFO] [stderr] 5   | | use staticweaver::TemplateError;
[INFO] [stderr] 6   | |
[INFO] [stderr] 7   | | /// Unit tests for TemplateError variants and their behaviour.
[INFO] [stderr] ...   |
[INFO] [stderr] 160 | |     }
[INFO] [stderr] 161 | | }
[INFO] [stderr]     | |_^
[INFO] [stderr]     |
[INFO] [stderr]     = note: requested on the command line with `-W missing-docs`
[INFO] [stderr] 
[INFO] [stderr] warning: `staticweaver` (test "error_tests") generated 1 warning
[INFO] [stderr] warning: missing documentation for the crate
[INFO] [stderr]    --> tests/context_tests.rs:1:1
[INFO] [stderr]     |
[INFO] [stderr] 1   | / use staticweaver::Context;
[INFO] [stderr] 2   | |
[INFO] [stderr] 3   | | /// Unit tests for Context operations.
[INFO] [stderr] 4   | | #[cfg(test)]
[INFO] [stderr] ...   |
[INFO] [stderr] 140 | |     }
[INFO] [stderr] 141 | | }
[INFO] [stderr]     | |_^
[INFO] [stderr]     |
[INFO] [stderr]     = note: requested on the command line with `-W missing-docs`
[INFO] [stderr] 
[INFO] [stderr] warning: `staticweaver` (test "context_tests") generated 1 warning
[INFO] [stderr]     Finished `test` profile [unoptimized + debuginfo] target(s) in 0.16s
[INFO] [stderr]      Running unittests src/lib.rs (/opt/rustwide/target/debug/deps/staticweaver-ddf611773afcb67a)
[INFO] [stdout] 
[INFO] [stdout] running 63 tests
[INFO] [stdout] test cache::tests::test_clear ... ok
[INFO] [stdout] test cache::tests::test_default ... ok
[INFO] [stdout] test cache::tests::test_from_iterator ... ok
[INFO] [stdout] test cache::tests::test_insert_and_get ... ok
[INFO] [stdout] test cache::tests::test_insert_overwrite ... ok
[INFO] [stdout] test cache::tests::test_capacity ... ok
[INFO] [stdout] test cache::tests::test_large_cache ... ok
[INFO] [stdout] test cache::tests::test_multiple_types ... ok
[INFO] [stdout] test cache::tests::test_new_cache ... ok
[INFO] [stdout] test cache::tests::test_remove ... ok
[INFO] [stdout] test cache::tests::test_update ... ok
[INFO] [stdout] test cache::tests::test_with_capacity ... ok
[INFO] [stdout] test context::tests::test_clear ... ok
[INFO] [stdout] test context::tests::test_deref ... ok
[INFO] [stdout] test context::tests::test_deref_mut ... ok
[INFO] [stdout] test context::tests::test_extend ... ok
[INFO] [stdout] test context::tests::test_from_iterator ... ok
[INFO] [stdout] test context::tests::test_get_mut ... ok
[INFO] [stdout] test context::tests::test_hash ... ok
[INFO] [stdout] test context::tests::test_iter ... ok
[INFO] [stdout] test context::tests::test_new_context ... ok
[INFO] [stdout] test context::tests::test_remove ... ok
[INFO] [stdout] test context::tests::test_set_and_get ... ok
[INFO] [stdout] test context::tests::test_update ... ok
[INFO] [stdout] test cache::tests::test_set_capacity ... ok
[INFO] [stdout] test context::tests::test_with_capacity ... ok
[INFO] [stdout] test engine::tests::test_is_url ... ok
[INFO] [stdout] test engine::tests::test_clear_cache ... ok
[INFO] [stdout] test engine::tests::test_page_options ... ok
[INFO] [stdout] test engine::tests::test_render_page ... ok
[INFO] [stdout] test engine::tests::test_render_template ... ok
[INFO] [stdout] test engine::tests::test_render_template_custom_delimiters ... ok
[INFO] [stdout] test engine::tests::test_render_template_empty ... ok
[INFO] [stdout] test engine::tests::test_render_template_invalid_syntax ... ok
[INFO] [stdout] test engine::tests::test_render_template_unresolved_tag ... ok
[INFO] [stdout] test engine::tests::test_set_max_cache_size ... ok
[INFO] [stdout] test error::tests::test_engine_error_conversion_from_io_error ... ok
[INFO] [stdout] test error::tests::test_engine_error_display ... ok
[INFO] [stdout] test error::tests::test_engine_error_invalid_template ... ok
[INFO] [stdout] test error::tests::test_engine_error_io ... ok
[INFO] [stdout] test error::tests::test_engine_error_render ... ok
[INFO] [stdout] test error::tests::test_engine_error_resource_not_found ... ok
[INFO] [stdout] test error::tests::test_engine_error_template ... ok
[INFO] [stdout] test error::tests::test_engine_error_timeout ... ok
[INFO] [stdout] test error::tests::test_invalid_operation_error ... ok
[INFO] [stdout] test error::tests::test_error_conversion ... ok
[INFO] [stdout] test error::tests::test_missing_variable_error ... ok
[INFO] [stdout] test error::tests::test_resource_not_found_error ... ok
[INFO] [stdout] test error::tests::test_template_error_conversion_from_io_error ... ok
[INFO] [stdout] test error::tests::test_template_error_display ... ok
[INFO] [stdout] test error::tests::test_template_error_engine_error ... ok
[INFO] [stdout] test error::tests::test_template_error_invalid_operation ... ok
[INFO] [stdout] test error::tests::test_template_error_invalid_syntax ... ok
[INFO] [stdout] test error::tests::test_template_error_io ... ok
[INFO] [stdout] test error::tests::test_template_error_missing_variable ... ok
[INFO] [stdout] test error::tests::test_template_error_render_error ... ok
[INFO] [stdout] test error::tests::test_timeout_error ... ok
[INFO] [stdout] test cache::tests::test_refresh ... ok
[INFO] [stdout] test cache::tests::test_contains_key ... ok
[INFO] [stdout] test cache::tests::test_get_expired ... ok
[INFO] [stdout] test cache::tests::test_iter ... ok
[INFO] [stdout] test cache::tests::test_remove_expired ... ok
[INFO] [stdout] test cache::tests::test_ttl ... ok
[INFO] [stdout] 
[INFO] [stdout] test result: ok. 63 passed; 0 failed; 0 ignored; 0 measured; 0 filtered out; finished in 0.16s
[INFO] [stdout] 
[INFO] [stderr]      Running tests/context_tests.rs (/opt/rustwide/target/debug/deps/context_tests-f9b953c6eebfa03c)
[INFO] [stdout] 
[INFO] [stdout] running 14 tests
[INFO] [stdout] test context_tests::test_context_get_after_remove ... ok
[INFO] [stdout] test context_tests::test_context_empty_key_value ... ok
[INFO] [stdout] test context_tests::test_context_get_nonexistent_key ... ok
[INFO] [stdout] test context_tests::test_context_new ... ok
[INFO] [stdout] test context_tests::test_context_non_ascii_keys_values ... ok
[INFO] [stdout] test context_tests::test_context_remove_key ... ok
[INFO] [stdout] test context_tests::test_context_set_and_get ... ok
[INFO] [stdout] test context_tests::test_context_set_same_value ... ok
[INFO] [stdout] test context_tests::test_context_update_existing_key ... ok
[INFO] [stdout] test context_tests::test_context_remove_nonexistent_key ... ok
[INFO] [stdout] test context_tests::test_context_multiple_entries ... ok
[INFO] [stdout] test context_tests::test_context_large_entries ... ok
[INFO] [stdout] test context_tests::test_context_clone ... ok
[INFO] [stdout] test context_tests::test_context_mutation_preserves_old_state ... ok
[INFO] [stdout] 
[INFO] [stdout] test result: ok. 14 passed; 0 failed; 0 ignored; 0 measured; 0 filtered out; finished in 0.01s
[INFO] [stdout] 
[INFO] [stderr]      Running tests/engine_tests.rs (/opt/rustwide/target/debug/deps/engine_tests-4b897b5c07d0891b)
[INFO] [stdout] 
[INFO] [stdout] running 18 tests
[INFO] [stdout] test tests::render_tests::context_edge_cases_tests::test_render_template_invalid_format ... ok
[INFO] [stdout] test tests::render_tests::context_edge_cases_tests::test_render_template_invalid_syntax ... ok
[INFO] [stdout] test tests::render_tests::context_edge_cases_tests::test_set_max_cache_size ... ok
[INFO] [stdout] test tests::render_tests::context_edge_cases_tests::test_clear_cache ... ok
[INFO] [stdout] test tests::render_tests::context_edge_cases_tests::test_render_template_empty_template ... ok
[INFO] [stdout] test tests::render_tests::file_tests::test_engine_invalid_template_path ... ok
[INFO] [stdout] test tests::render_tests::file_tests::test_render_page_missing_file ... ok
[INFO] [stdout] test tests::render_tests::file_tests::test_render_page_valid_path ... ok
[INFO] [stdout] test tests::render_tests::page_options_tests::test_page_options_set_get ... ok
[INFO] [stdout] test tests::render_tests::test_engine_render_special_characters_in_context ... ok
[INFO] [stdout] test tests::render_tests::context_edge_cases_tests::test_render_large_template ... ok
[INFO] [stdout] test tests::render_tests::page_options_tests::test_page_options_new ... ok
[INFO] [stdout] test tests::render_tests::test_engine_render_empty_template ... ok
[INFO] [stdout] test tests::render_tests::page_options_tests::test_page_options_large_context ... ok
[INFO] [stdout] test tests::render_tests::test_engine_render_template ... ok
[INFO] [stdout] test tests::render_tests::test_engine_render_template_unresolved_tags ... ok
[INFO] [stdout] test tests::render_tests::test_engine_large_context ... ok
[INFO] [stdout] test tests::render_tests::file_tests::test_engine_download_file ... FAILED
[INFO] [stdout] 
[INFO] [stdout] failures:
[INFO] [stdout] 
[INFO] [stdout] ---- tests::render_tests::file_tests::test_engine_download_file stdout ----
[INFO] [stdout] thread 'tests::render_tests::file_tests::test_engine_download_file' panicked at tests/engine_tests.rs:157:17:
[INFO] [stdout] assertion failed: result.is_ok()
[INFO] [stdout] stack backtrace:
[INFO] [stdout]    0:     0x563a0c68093a - std::backtrace_rs::backtrace::libunwind::trace::h207520d6e9873551
[INFO] [stdout]                                at /rustc/df4ca44d3fbc9301ee17f30f4d474e6ae4b05252/library/std/src/../../backtrace/src/backtrace/libunwind.rs:116:5
[INFO] [stdout]    1:     0x563a0c68093a - std::backtrace_rs::backtrace::trace_unsynchronized::h2ed7433f370e3eca
[INFO] [stdout]                                at /rustc/df4ca44d3fbc9301ee17f30f4d474e6ae4b05252/library/std/src/../../backtrace/src/backtrace/mod.rs:66:5
[INFO] [stdout]    2:     0x563a0c68093a - std::sys::backtrace::_print_fmt::h916fac51166b18d7
[INFO] [stdout]                                at /rustc/df4ca44d3fbc9301ee17f30f4d474e6ae4b05252/library/std/src/sys/backtrace.rs:66:9
[INFO] [stdout]    3:     0x563a0c68093a - <std::sys::backtrace::BacktraceLock::print::DisplayBacktrace as core::fmt::Display>::fmt::ha0a4c9b8ce3802e6
[INFO] [stdout]                                at /rustc/df4ca44d3fbc9301ee17f30f4d474e6ae4b05252/library/std/src/sys/backtrace.rs:39:26
[INFO] [stdout]    4:     0x563a0c6aaed3 - core::fmt::rt::Argument::fmt::h4cfc8587d52b3eb5
[INFO] [stdout]                                at /rustc/df4ca44d3fbc9301ee17f30f4d474e6ae4b05252/library/core/src/fmt/rt.rs:177:76
[INFO] [stdout]    5:     0x563a0c6aaed3 - core::fmt::write::h522cc39e5b36ae9f
[INFO] [stdout]                                at /rustc/df4ca44d3fbc9301ee17f30f4d474e6ae4b05252/library/core/src/fmt/mod.rs:1190:21
[INFO] [stdout]    6:     0x563a0c67c8d3 - std::io::Write::write_fmt::h7d3c26752da97734
[INFO] [stdout]                                at /rustc/df4ca44d3fbc9301ee17f30f4d474e6ae4b05252/library/std/src/io/mod.rs:1839:15
[INFO] [stdout]    7:     0x563a0c680782 - std::sys::backtrace::BacktraceLock::print::h4b9e00b29e9c0942
[INFO] [stdout]                                at /rustc/df4ca44d3fbc9301ee17f30f4d474e6ae4b05252/library/std/src/sys/backtrace.rs:42:9
[INFO] [stdout]    8:     0x563a0c681dca - std::panicking::default_hook::{{closure}}::hb59b88280d0324d9
[INFO] [stdout]                                at /rustc/df4ca44d3fbc9301ee17f30f4d474e6ae4b05252/library/std/src/panicking.rs:268:22
[INFO] [stdout]    9:     0x563a0c681bd4 - std::panicking::default_hook::he1dd496665be4a29
[INFO] [stdout]                                at /rustc/df4ca44d3fbc9301ee17f30f4d474e6ae4b05252/library/std/src/panicking.rs:292:9
[INFO] [stdout]   10:     0x563a0c2ac5c9 - <alloc::boxed::Box<F,A> as core::ops::function::Fn<Args>>::call::h4ff71de18744e1dc
[INFO] [stdout]                                at /rustc/df4ca44d3fbc9301ee17f30f4d474e6ae4b05252/library/alloc/src/boxed.rs:2468:9
[INFO] [stdout]   11:     0x563a0c2ac5c9 - test::test_main::{{closure}}::hcf7c055ce117aa81
[INFO] [stdout]                                at /rustc/df4ca44d3fbc9301ee17f30f4d474e6ae4b05252/library/test/src/lib.rs:133:21
[INFO] [stdout]   12:     0x563a0c6824c8 - <alloc::boxed::Box<F,A> as core::ops::function::Fn<Args>>::call::h1d66c6bbd60c9692
[INFO] [stdout]                                at /rustc/df4ca44d3fbc9301ee17f30f4d474e6ae4b05252/library/alloc/src/boxed.rs:2468:9
[INFO] [stdout]   13:     0x563a0c6824c8 - std::panicking::rust_panic_with_hook::h2ff17fe8f26dfcf8
[INFO] [stdout]                                at /rustc/df4ca44d3fbc9301ee17f30f4d474e6ae4b05252/library/std/src/panicking.rs:809:13
[INFO] [stdout]   14:     0x563a0c682256 - std::panicking::begin_panic_handler::{{closure}}::h4fad77951c07e101
[INFO] [stdout]                                at /rustc/df4ca44d3fbc9301ee17f30f4d474e6ae4b05252/library/std/src/panicking.rs:667:13
[INFO] [stdout]   15:     0x563a0c680e19 - std::sys::backtrace::__rust_end_short_backtrace::hb1a25b3da5d0ea08
[INFO] [stdout]                                at /rustc/df4ca44d3fbc9301ee17f30f4d474e6ae4b05252/library/std/src/sys/backtrace.rs:170:18
[INFO] [stdout]   16:     0x563a0c681f1c - rust_begin_unwind
[INFO] [stdout]                                at /rustc/df4ca44d3fbc9301ee17f30f4d474e6ae4b05252/library/std/src/panicking.rs:665:5
[INFO] [stdout]   17:     0x563a0c6a9430 - core::panicking::panic_fmt::ha9db07b529f9b256
[INFO] [stdout]                                at /rustc/df4ca44d3fbc9301ee17f30f4d474e6ae4b05252/library/core/src/panicking.rs:75:14
[INFO] [stdout]   18:     0x563a0c6a94bc - core::panicking::panic::h993086813d94accc
[INFO] [stdout]                                at /rustc/df4ca44d3fbc9301ee17f30f4d474e6ae4b05252/library/core/src/panicking.rs:152:5
[INFO] [stdout]   19:     0x563a0c26c20a - engine_tests::tests::render_tests::file_tests::test_engine_download_file::h7f06798e59ba4992
[INFO] [stdout]                                at /opt/rustwide/workdir/tests/engine_tests.rs:157:17
[INFO] [stdout]   20:     0x563a0c26c0f7 - engine_tests::tests::render_tests::file_tests::test_engine_download_file::{{closure}}::h6fa8993d6fb326fe
[INFO] [stdout]                                at /opt/rustwide/workdir/tests/engine_tests.rs:153:43
[INFO] [stdout]   21:     0x563a0c271376 - core::ops::function::FnOnce::call_once::h1dc7d2867d33df02
[INFO] [stdout]                                at /rustc/df4ca44d3fbc9301ee17f30f4d474e6ae4b05252/library/core/src/ops/function.rs:250:5
[INFO] [stdout]   22:     0x563a0c2b0e9b - core::ops::function::FnOnce::call_once::h22c3ba5715e93f05
[INFO] [stdout]                                at /rustc/df4ca44d3fbc9301ee17f30f4d474e6ae4b05252/library/core/src/ops/function.rs:250:5
[INFO] [stdout]   23:     0x563a0c2b0e9b - test::__rust_begin_short_backtrace::h8e82d8113d0da17f
[INFO] [stdout]                                at /rustc/df4ca44d3fbc9301ee17f30f4d474e6ae4b05252/library/test/src/lib.rs:621:18
[INFO] [stdout]   24:     0x563a0c2b0817 - test::run_test_in_process::{{closure}}::h33235f4f20b7b7c7
[INFO] [stdout]                                at /rustc/df4ca44d3fbc9301ee17f30f4d474e6ae4b05252/library/test/src/lib.rs:644:60
[INFO] [stdout]   25:     0x563a0c2b0817 - <core::panic::unwind_safe::AssertUnwindSafe<F> as core::ops::function::FnOnce<()>>::call_once::hb5043206310c586f
[INFO] [stdout]                                at /rustc/df4ca44d3fbc9301ee17f30f4d474e6ae4b05252/library/core/src/panic/unwind_safe.rs:272:9
[INFO] [stdout]   26:     0x563a0c2b0817 - std::panicking::try::do_call::h9ad4731a60ab23e2
[INFO] [stdout]                                at /rustc/df4ca44d3fbc9301ee17f30f4d474e6ae4b05252/library/std/src/panicking.rs:557:40
[INFO] [stdout]   27:     0x563a0c2b0817 - std::panicking::try::h3824d23db772a716
[INFO] [stdout]                                at /rustc/df4ca44d3fbc9301ee17f30f4d474e6ae4b05252/library/std/src/panicking.rs:520:19
[INFO] [stdout]   28:     0x563a0c2b0817 - std::panic::catch_unwind::h5afd514605fde46b
[INFO] [stdout]                                at /rustc/df4ca44d3fbc9301ee17f30f4d474e6ae4b05252/library/std/src/panic.rs:358:14
[INFO] [stdout]   29:     0x563a0c2b0817 - test::run_test_in_process::h0d5cbfa7067d1720
[INFO] [stdout]                                at /rustc/df4ca44d3fbc9301ee17f30f4d474e6ae4b05252/library/test/src/lib.rs:644:27
[INFO] [stdout]   30:     0x563a0c2b0817 - test::run_test::{{closure}}::h708eb8872708115d
[INFO] [stdout]                                at /rustc/df4ca44d3fbc9301ee17f30f4d474e6ae4b05252/library/test/src/lib.rs:565:43
[INFO] [stdout]   31:     0x563a0c273f34 - test::run_test::{{closure}}::h392c51cee94713ab
[INFO] [stdout]                                at /rustc/df4ca44d3fbc9301ee17f30f4d474e6ae4b05252/library/test/src/lib.rs:595:41
[INFO] [stdout]   32:     0x563a0c273f34 - std::sys::backtrace::__rust_begin_short_backtrace::h2f40290710935a8b
[INFO] [stdout]                                at /rustc/df4ca44d3fbc9301ee17f30f4d474e6ae4b05252/library/std/src/sys/backtrace.rs:154:18
[INFO] [stdout]   33:     0x563a0c2776de - std::thread::Builder::spawn_unchecked_::{{closure}}::{{closure}}::h3fd968d89053a903
[INFO] [stdout]                                at /rustc/df4ca44d3fbc9301ee17f30f4d474e6ae4b05252/library/std/src/thread/mod.rs:541:17
[INFO] [stdout]   34:     0x563a0c2776de - <core::panic::unwind_safe::AssertUnwindSafe<F> as core::ops::function::FnOnce<()>>::call_once::h743f637ba4229880
[INFO] [stdout]                                at /rustc/df4ca44d3fbc9301ee17f30f4d474e6ae4b05252/library/core/src/panic/unwind_safe.rs:272:9
[INFO] [stdout]   35:     0x563a0c2776de - std::panicking::try::do_call::h07440897322525a6
[INFO] [stdout]                                at /rustc/df4ca44d3fbc9301ee17f30f4d474e6ae4b05252/library/std/src/panicking.rs:557:40
[INFO] [stdout]   36:     0x563a0c2776de - std::panicking::try::he5a2e00188156637
[INFO] [stdout]                                at /rustc/df4ca44d3fbc9301ee17f30f4d474e6ae4b05252/library/std/src/panicking.rs:520:19
[INFO] [stdout]   37:     0x563a0c2776de - std::panic::catch_unwind::hbaf3cae49b3c6433
[INFO] [stdout]                                at /rustc/df4ca44d3fbc9301ee17f30f4d474e6ae4b05252/library/std/src/panic.rs:358:14
[INFO] [stdout]   38:     0x563a0c2776de - std::thread::Builder::spawn_unchecked_::{{closure}}::h8e141ea224820bce
[INFO] [stdout]                                at /rustc/df4ca44d3fbc9301ee17f30f4d474e6ae4b05252/library/std/src/thread/mod.rs:540:30
[INFO] [stdout]   39:     0x563a0c2776de - core::ops::function::FnOnce::call_once{{vtable.shim}}::h90d312fedd7b8ea8
[INFO] [stdout]                                at /rustc/df4ca44d3fbc9301ee17f30f4d474e6ae4b05252/library/core/src/ops/function.rs:250:5
[INFO] [stdout]   40:     0x563a0c6870fb - <alloc::boxed::Box<F,A> as core::ops::function::FnOnce<Args>>::call_once::h69aa08ddb6adb8b6
[INFO] [stdout]                                at /rustc/df4ca44d3fbc9301ee17f30f4d474e6ae4b05252/library/alloc/src/boxed.rs:2454:9
[INFO] [stdout]   41:     0x563a0c6870fb - <alloc::boxed::Box<F,A> as core::ops::function::FnOnce<Args>>::call_once::h5aa36efdb79c806f
[INFO] [stdout]                                at /rustc/df4ca44d3fbc9301ee17f30f4d474e6ae4b05252/library/alloc/src/boxed.rs:2454:9
[INFO] [stdout]   42:     0x563a0c6870fb - std::sys::pal::unix::thread::Thread::new::thread_start::h6cd80a1b4be5158d
[INFO] [stdout]                                at /rustc/df4ca44d3fbc9301ee17f30f4d474e6ae4b05252/library/std/src/sys/pal/unix/thread.rs:105:17
[INFO] [stdout]   43:     0x79af8e518ac3 - <unknown>
[INFO] [stdout]   44:     0x79af8e5a9a04 - clone
[INFO] [stdout]   45:                0x0 - <unknown>
[INFO] [stdout] 
[INFO] [stdout] 
[INFO] [stdout] failures:
[INFO] [stdout]     tests::render_tests::file_tests::test_engine_download_file
[INFO] [stdout] 
[INFO] [stdout] test result: FAILED. 17 passed; 1 failed; 0 ignored; 0 measured; 0 filtered out; finished in 0.24s
[INFO] [stdout] 
[INFO] [stderr] error: test failed, to rerun pass `--test engine_tests`
[INFO] running `Command { std: "docker" "inspect" "6915083b558c17c02758e5a15f74b1ebb21610f9d27edb079b30bbdcfdace2b9", kill_on_drop: false }`
[INFO] running `Command { std: "docker" "rm" "-f" "6915083b558c17c02758e5a15f74b1ebb21610f9d27edb079b30bbdcfdace2b9", kill_on_drop: false }`
[INFO] [stdout] 6915083b558c17c02758e5a15f74b1ebb21610f9d27edb079b30bbdcfdace2b9
