[INFO] fetching crate starlight 0.4.0...
[INFO] testing starlight-0.4.0 against nightly-2024-10-28+rustflags=-Zrandomize-layout for randomize-layout
[INFO] extracting crate starlight 0.4.0 into /workspace/builds/worker-6-tc2/source
[INFO] validating manifest of crates.io crate starlight 0.4.0 on toolchain nightly-2024-10-28
[INFO] running `Command { std: CARGO_HOME="/workspace/cargo-home" RUSTUP_HOME="/workspace/rustup-home" "/workspace/cargo-home/bin/cargo" "+nightly-2024-10-28" "metadata" "--manifest-path" "Cargo.toml" "--no-deps", kill_on_drop: false }`
[INFO] started tweaking crates.io crate starlight 0.4.0
[INFO] finished tweaking crates.io crate starlight 0.4.0
[INFO] tweaked toml for crates.io crate starlight 0.4.0 written to /workspace/builds/worker-6-tc2/source/Cargo.toml
[INFO] running `Command { std: CARGO_HOME="/workspace/cargo-home" RUSTUP_HOME="/workspace/rustup-home" "/workspace/cargo-home/bin/cargo" "+nightly-2024-10-28" "generate-lockfile" "--manifest-path" "Cargo.toml", kill_on_drop: false }`
[INFO] [stderr]     Updating crates.io index
[INFO] [stderr]      Locking 33 packages to latest compatible versions
[INFO] running `Command { std: CARGO_HOME="/workspace/cargo-home" RUSTUP_HOME="/workspace/rustup-home" "/workspace/cargo-home/bin/cargo" "+nightly-2024-10-28" "fetch" "--manifest-path" "Cargo.toml", kill_on_drop: false }`
[INFO] running `Command { std: "docker" "create" "-v" "/var/lib/crater-agent-workspace/builds/worker-6-tc2/target:/opt/rustwide/target:rw,Z" "-v" "/var/lib/crater-agent-workspace/builds/worker-6-tc2/source:/opt/rustwide/workdir:ro,Z" "-v" "/var/lib/crater-agent-workspace/cargo-home:/opt/rustwide/cargo-home:ro,Z" "-v" "/var/lib/crater-agent-workspace/rustup-home:/opt/rustwide/rustup-home:ro,Z" "-e" "SOURCE_DIR=/opt/rustwide/workdir" "-e" "CARGO_TARGET_DIR=/opt/rustwide/target" "-e" "CARGO_HOME=/opt/rustwide/cargo-home" "-e" "RUSTUP_HOME=/opt/rustwide/rustup-home" "-w" "/opt/rustwide/workdir" "-m" "1610612736" "--user" "0:0" "--network" "none" "ghcr.io/rust-lang/crates-build-env/linux@sha256:4a844ea9eb2546a2d2c7022eacef16ef2e8229c7fbb2c7d4d55a9ceca922f72d" "/opt/rustwide/cargo-home/bin/cargo" "+nightly-2024-10-28" "metadata" "--no-deps" "--format-version=1", kill_on_drop: false }`
[INFO] [stdout] 57d0892fab230588a66aa94989fd521e12b4bdf960fadffb3614519c782f8906
[INFO] running `Command { std: "docker" "start" "-a" "57d0892fab230588a66aa94989fd521e12b4bdf960fadffb3614519c782f8906", kill_on_drop: false }`
[INFO] running `Command { std: "docker" "inspect" "57d0892fab230588a66aa94989fd521e12b4bdf960fadffb3614519c782f8906", kill_on_drop: false }`
[INFO] running `Command { std: "docker" "rm" "-f" "57d0892fab230588a66aa94989fd521e12b4bdf960fadffb3614519c782f8906", kill_on_drop: false }`
[INFO] [stdout] 57d0892fab230588a66aa94989fd521e12b4bdf960fadffb3614519c782f8906
[INFO] running `Command { std: "docker" "create" "-v" "/var/lib/crater-agent-workspace/builds/worker-6-tc2/target:/opt/rustwide/target:rw,Z" "-v" "/var/lib/crater-agent-workspace/builds/worker-6-tc2/source:/opt/rustwide/workdir:ro,Z" "-v" "/var/lib/crater-agent-workspace/cargo-home:/opt/rustwide/cargo-home:ro,Z" "-v" "/var/lib/crater-agent-workspace/rustup-home:/opt/rustwide/rustup-home:ro,Z" "-e" "SOURCE_DIR=/opt/rustwide/workdir" "-e" "CARGO_TARGET_DIR=/opt/rustwide/target" "-e" "CARGO_INCREMENTAL=0" "-e" "RUST_BACKTRACE=full" "-e" "RUSTFLAGS=--cap-lints=forbid -Zrandomize-layout" "-e" "RUSTDOCFLAGS=--cap-lints=forbid" "-e" "CARGO_HOME=/opt/rustwide/cargo-home" "-e" "RUSTUP_HOME=/opt/rustwide/rustup-home" "-w" "/opt/rustwide/workdir" "-m" "1610612736" "--user" "0:0" "--network" "none" "ghcr.io/rust-lang/crates-build-env/linux@sha256:4a844ea9eb2546a2d2c7022eacef16ef2e8229c7fbb2c7d4d55a9ceca922f72d" "/opt/rustwide/cargo-home/bin/cargo" "+nightly-2024-10-28" "build" "--frozen" "--message-format=json", kill_on_drop: false }`
[INFO] [stdout] 4e641f3f1ba6e75a6eb541cf4335a18f8216c2041d11bd37284954d5da6d7d70
[INFO] running `Command { std: "docker" "start" "-a" "4e641f3f1ba6e75a6eb541cf4335a18f8216c2041d11bd37284954d5da6d7d70", kill_on_drop: false }`
[INFO] [stderr]    Compiling proc-macro2 v1.0.89
[INFO] [stderr]    Compiling unicode-ident v1.0.13
[INFO] [stderr]    Compiling const_fn v0.4.10
[INFO] [stderr]    Compiling recasting v0.2.1
[INFO] [stderr]    Compiling smallvec v1.13.2
[INFO] [stderr]    Compiling rand_xoshiro v0.6.0
[INFO] [stderr]    Compiling triple_arena v0.13.0
[INFO] [stderr]    Compiling awint_internals v0.17.0
[INFO] [stderr]    Compiling quote v1.0.37
[INFO] [stderr]    Compiling awint_core v0.17.0
[INFO] [stderr]    Compiling syn v2.0.86
[INFO] [stderr]    Compiling awint_ext v0.17.0
[INFO] [stderr]    Compiling awint_macro_internals v0.17.0
[INFO] [stderr]    Compiling awint_macros v0.17.0
[INFO] [stderr]    Compiling awint_dag v0.17.0
[INFO] [stderr]    Compiling zerocopy-derive v0.7.35
[INFO] [stderr]    Compiling thiserror-impl v1.0.66
[INFO] [stderr]    Compiling awint v0.17.0
[INFO] [stderr]    Compiling zerocopy v0.7.35
[INFO] [stderr]    Compiling thiserror v1.0.66
[INFO] [stderr]    Compiling ppv-lite86 v0.2.20
[INFO] [stderr]    Compiling rand_chacha v0.3.1
[INFO] [stderr]    Compiling rand v0.8.5
[INFO] [stderr]    Compiling starlight v0.4.0 (/opt/rustwide/workdir)
[INFO] [stderr]     Finished `dev` profile [unoptimized + debuginfo] target(s) in 8.95s
[INFO] running `Command { std: "docker" "inspect" "4e641f3f1ba6e75a6eb541cf4335a18f8216c2041d11bd37284954d5da6d7d70", kill_on_drop: false }`
[INFO] running `Command { std: "docker" "rm" "-f" "4e641f3f1ba6e75a6eb541cf4335a18f8216c2041d11bd37284954d5da6d7d70", kill_on_drop: false }`
[INFO] [stdout] 4e641f3f1ba6e75a6eb541cf4335a18f8216c2041d11bd37284954d5da6d7d70
[INFO] running `Command { std: "docker" "create" "-v" "/var/lib/crater-agent-workspace/builds/worker-6-tc2/target:/opt/rustwide/target:rw,Z" "-v" "/var/lib/crater-agent-workspace/builds/worker-6-tc2/source:/opt/rustwide/workdir:ro,Z" "-v" "/var/lib/crater-agent-workspace/cargo-home:/opt/rustwide/cargo-home:ro,Z" "-v" "/var/lib/crater-agent-workspace/rustup-home:/opt/rustwide/rustup-home:ro,Z" "-e" "SOURCE_DIR=/opt/rustwide/workdir" "-e" "CARGO_TARGET_DIR=/opt/rustwide/target" "-e" "CARGO_INCREMENTAL=0" "-e" "RUST_BACKTRACE=full" "-e" "RUSTFLAGS=--cap-lints=forbid -Zrandomize-layout" "-e" "RUSTDOCFLAGS=--cap-lints=forbid" "-e" "CARGO_HOME=/opt/rustwide/cargo-home" "-e" "RUSTUP_HOME=/opt/rustwide/rustup-home" "-w" "/opt/rustwide/workdir" "-m" "1610612736" "--user" "0:0" "--network" "none" "ghcr.io/rust-lang/crates-build-env/linux@sha256:4a844ea9eb2546a2d2c7022eacef16ef2e8229c7fbb2c7d4d55a9ceca922f72d" "/opt/rustwide/cargo-home/bin/cargo" "+nightly-2024-10-28" "test" "--frozen" "--no-run" "--message-format=json", kill_on_drop: false }`
[INFO] [stdout] 74e7572e1c34e9b964592c7e1e1463f1994a3b736d61bf9d9e87d3f0615e3d5b
[INFO] running `Command { std: "docker" "start" "-a" "74e7572e1c34e9b964592c7e1e1463f1994a3b736d61bf9d9e87d3f0615e3d5b", kill_on_drop: false }`
[INFO] [stderr]    Compiling starlight v0.4.0 (/opt/rustwide/workdir)
[INFO] [stderr]     Finished `test` profile [unoptimized + debuginfo] target(s) in 1.61s
[INFO] running `Command { std: "docker" "inspect" "74e7572e1c34e9b964592c7e1e1463f1994a3b736d61bf9d9e87d3f0615e3d5b", kill_on_drop: false }`
[INFO] running `Command { std: "docker" "rm" "-f" "74e7572e1c34e9b964592c7e1e1463f1994a3b736d61bf9d9e87d3f0615e3d5b", kill_on_drop: false }`
[INFO] [stdout] 74e7572e1c34e9b964592c7e1e1463f1994a3b736d61bf9d9e87d3f0615e3d5b
[INFO] running `Command { std: "docker" "create" "-v" "/var/lib/crater-agent-workspace/builds/worker-6-tc2/target:/opt/rustwide/target:rw,Z" "-v" "/var/lib/crater-agent-workspace/builds/worker-6-tc2/source:/opt/rustwide/workdir:ro,Z" "-v" "/var/lib/crater-agent-workspace/cargo-home:/opt/rustwide/cargo-home:ro,Z" "-v" "/var/lib/crater-agent-workspace/rustup-home:/opt/rustwide/rustup-home:ro,Z" "-e" "SOURCE_DIR=/opt/rustwide/workdir" "-e" "CARGO_TARGET_DIR=/opt/rustwide/target" "-e" "CARGO_INCREMENTAL=0" "-e" "RUST_BACKTRACE=full" "-e" "RUSTFLAGS=--cap-lints=forbid -Zrandomize-layout" "-e" "RUSTDOCFLAGS=--cap-lints=forbid" "-e" "CARGO_HOME=/opt/rustwide/cargo-home" "-e" "RUSTUP_HOME=/opt/rustwide/rustup-home" "-w" "/opt/rustwide/workdir" "-m" "1610612736" "--user" "0:0" "--network" "none" "ghcr.io/rust-lang/crates-build-env/linux@sha256:4a844ea9eb2546a2d2c7022eacef16ef2e8229c7fbb2c7d4d55a9ceca922f72d" "/opt/rustwide/cargo-home/bin/cargo" "+nightly-2024-10-28" "test" "--frozen", kill_on_drop: false }`
[INFO] [stdout] 0fad57fb98cf654e7447d69c045b06b54d3646acf73540094cc1bc427de2e48f
[INFO] running `Command { std: "docker" "start" "-a" "0fad57fb98cf654e7447d69c045b06b54d3646acf73540094cc1bc427de2e48f", kill_on_drop: false }`
[INFO] [stderr]     Finished `test` profile [unoptimized + debuginfo] target(s) in 0.02s
[INFO] [stderr]      Running unittests src/lib.rs (/opt/rustwide/target/debug/deps/starlight-f09bc352d6e0e58f)
[INFO] [stdout] 
[INFO] [stdout] running 0 tests
[INFO] [stdout] 
[INFO] [stdout] test result: ok. 0 passed; 0 failed; 0 ignored; 0 measured; 0 filtered out; finished in 0.00s
[INFO] [stdout] 
[INFO] [stderr]    Doc-tests starlight
[INFO] [stdout] 
[INFO] [stdout] running 7 tests
[INFO] [stdout] test src/lib.rs - (line 24) ... FAILED
[INFO] [stdout] test src/utils/small_map.rs - utils::small_map::binary_search_similar_by (line 19) ... ok
[INFO] [stdout] test src/awi_structs/epoch.rs - awi_structs::epoch::Epoch (line 592) ... ok
[INFO] [stdout] test src/lib.rs - (line 130) ... ok
[INFO] [stdout] test src/utils/rng.rs - utils::rng::StarRng::linear_fuzz_step (line 210) ... ok
[INFO] [stdout] test src/awi_structs/temporal.rs - awi_structs::temporal::Loop (line 113) ... ok
[INFO] [stdout] test src/awi_structs/temporal.rs - awi_structs::temporal::delay (line 24) ... ok
[INFO] [stdout] 
[INFO] [stdout] failures:
[INFO] [stdout] 
[INFO] [stdout] ---- src/lib.rs - (line 24) stdout ----
[INFO] [stdout] error[E0599]: no method named `render_to_svgs_in_dir` found for struct `Epoch` in the current scope
[INFO] [stdout]   --> src/lib.rs:100:10
[INFO] [stdout]    |
[INFO] [stdout] 78 | /     epoch
[INFO] [stdout] 79 | |         .render_to_svgs_in_dir(std::path::PathBuf::from("./".to_owned()))
[INFO] [stdout]    | |         -^^^^^^^^^^^^^^^^^^^^^ method not found in `Epoch`
[INFO] [stdout]    | |_________|
[INFO] [stdout]    |
[INFO] [stdout] 
[INFO] [stdout] error: aborting due to 1 previous error
[INFO] [stdout] 
[INFO] [stdout] For more information about this error, try `rustc --explain E0599`.
[INFO] [stdout] Couldn't compile the test.
[INFO] [stdout] 
[INFO] [stdout] failures:
[INFO] [stdout]     src/lib.rs - (line 24)
[INFO] [stdout] 
[INFO] [stdout] test result: FAILED. 6 passed; 1 failed; 0 ignored; 0 measured; 0 filtered out; finished in 0.25s
[INFO] [stdout] 
[INFO] [stderr] error: doctest failed, to rerun pass `--doc`
[INFO] running `Command { std: "docker" "inspect" "0fad57fb98cf654e7447d69c045b06b54d3646acf73540094cc1bc427de2e48f", kill_on_drop: false }`
[INFO] running `Command { std: "docker" "rm" "-f" "0fad57fb98cf654e7447d69c045b06b54d3646acf73540094cc1bc427de2e48f", kill_on_drop: false }`
[INFO] [stdout] 0fad57fb98cf654e7447d69c045b06b54d3646acf73540094cc1bc427de2e48f
