[INFO] fetching crate stacks_derive 0.3.3...
[INFO] testing stacks_derive-0.3.3 against nightly-2024-10-28 for randomize-layout
[INFO] extracting crate stacks_derive 0.3.3 into /workspace/builds/worker-0-tc1/source
[INFO] validating manifest of crates.io crate stacks_derive 0.3.3 on toolchain nightly-2024-10-28
[INFO] running `Command { std: CARGO_HOME="/workspace/cargo-home" RUSTUP_HOME="/workspace/rustup-home" "/workspace/cargo-home/bin/cargo" "+nightly-2024-10-28" "metadata" "--manifest-path" "Cargo.toml" "--no-deps", kill_on_drop: false }`
[INFO] started tweaking crates.io crate stacks_derive 0.3.3
[INFO] finished tweaking crates.io crate stacks_derive 0.3.3
[INFO] tweaked toml for crates.io crate stacks_derive 0.3.3 written to /workspace/builds/worker-0-tc1/source/Cargo.toml
[INFO] running `Command { std: CARGO_HOME="/workspace/cargo-home" RUSTUP_HOME="/workspace/rustup-home" "/workspace/cargo-home/bin/cargo" "+nightly-2024-10-28" "generate-lockfile" "--manifest-path" "Cargo.toml", kill_on_drop: false }`
[INFO] [stderr]     Updating crates.io index
[INFO] [stderr]      Locking 10 packages to latest compatible versions
[INFO] running `Command { std: CARGO_HOME="/workspace/cargo-home" RUSTUP_HOME="/workspace/rustup-home" "/workspace/cargo-home/bin/cargo" "+nightly-2024-10-28" "fetch" "--manifest-path" "Cargo.toml", kill_on_drop: false }`
[INFO] running `Command { std: "docker" "create" "-v" "/var/lib/crater-agent-workspace/builds/worker-0-tc1/target:/opt/rustwide/target:rw,Z" "-v" "/var/lib/crater-agent-workspace/builds/worker-0-tc1/source:/opt/rustwide/workdir:ro,Z" "-v" "/var/lib/crater-agent-workspace/cargo-home:/opt/rustwide/cargo-home:ro,Z" "-v" "/var/lib/crater-agent-workspace/rustup-home:/opt/rustwide/rustup-home:ro,Z" "-e" "SOURCE_DIR=/opt/rustwide/workdir" "-e" "CARGO_TARGET_DIR=/opt/rustwide/target" "-e" "CARGO_HOME=/opt/rustwide/cargo-home" "-e" "RUSTUP_HOME=/opt/rustwide/rustup-home" "-w" "/opt/rustwide/workdir" "-m" "1610612736" "--user" "0:0" "--network" "none" "ghcr.io/rust-lang/crates-build-env/linux@sha256:4a844ea9eb2546a2d2c7022eacef16ef2e8229c7fbb2c7d4d55a9ceca922f72d" "/opt/rustwide/cargo-home/bin/cargo" "+nightly-2024-10-28" "metadata" "--no-deps" "--format-version=1", kill_on_drop: false }`
[INFO] [stdout] a86d5d7d7ece749df70c86172f0c9935d634460819f843e6b3608c7225f130c4
[INFO] running `Command { std: "docker" "start" "-a" "a86d5d7d7ece749df70c86172f0c9935d634460819f843e6b3608c7225f130c4", kill_on_drop: false }`
[INFO] running `Command { std: "docker" "inspect" "a86d5d7d7ece749df70c86172f0c9935d634460819f843e6b3608c7225f130c4", kill_on_drop: false }`
[INFO] running `Command { std: "docker" "rm" "-f" "a86d5d7d7ece749df70c86172f0c9935d634460819f843e6b3608c7225f130c4", kill_on_drop: false }`
[INFO] [stdout] a86d5d7d7ece749df70c86172f0c9935d634460819f843e6b3608c7225f130c4
[INFO] running `Command { std: "docker" "create" "-v" "/var/lib/crater-agent-workspace/builds/worker-0-tc1/target:/opt/rustwide/target:rw,Z" "-v" "/var/lib/crater-agent-workspace/builds/worker-0-tc1/source:/opt/rustwide/workdir:ro,Z" "-v" "/var/lib/crater-agent-workspace/cargo-home:/opt/rustwide/cargo-home:ro,Z" "-v" "/var/lib/crater-agent-workspace/rustup-home:/opt/rustwide/rustup-home:ro,Z" "-e" "SOURCE_DIR=/opt/rustwide/workdir" "-e" "CARGO_TARGET_DIR=/opt/rustwide/target" "-e" "CARGO_INCREMENTAL=0" "-e" "RUST_BACKTRACE=full" "-e" "RUSTFLAGS=--cap-lints=forbid" "-e" "RUSTDOCFLAGS=--cap-lints=forbid" "-e" "CARGO_HOME=/opt/rustwide/cargo-home" "-e" "RUSTUP_HOME=/opt/rustwide/rustup-home" "-w" "/opt/rustwide/workdir" "-m" "1610612736" "--user" "0:0" "--network" "none" "ghcr.io/rust-lang/crates-build-env/linux@sha256:4a844ea9eb2546a2d2c7022eacef16ef2e8229c7fbb2c7d4d55a9ceca922f72d" "/opt/rustwide/cargo-home/bin/cargo" "+nightly-2024-10-28" "build" "--frozen" "--message-format=json", kill_on_drop: false }`
[INFO] [stdout] cb24a40fa770971eb0ca566f5dd5fdb07d69661e67d0bd42bba9b1d4640ba1d9
[INFO] running `Command { std: "docker" "start" "-a" "cb24a40fa770971eb0ca566f5dd5fdb07d69661e67d0bd42bba9b1d4640ba1d9", kill_on_drop: false }`
[INFO] [stderr]    Compiling fnv v1.0.7
[INFO] [stderr]    Compiling syn v2.0.86
[INFO] [stderr]    Compiling darling_core v0.20.10
[INFO] [stderr]    Compiling darling_macro v0.20.10
[INFO] [stderr]    Compiling darling v0.20.10
[INFO] [stderr]    Compiling stacks_derive v0.3.3 (/opt/rustwide/workdir)
[INFO] [stderr]     Finished `dev` profile [unoptimized + debuginfo] target(s) in 3.26s
[INFO] running `Command { std: "docker" "inspect" "cb24a40fa770971eb0ca566f5dd5fdb07d69661e67d0bd42bba9b1d4640ba1d9", kill_on_drop: false }`
[INFO] running `Command { std: "docker" "rm" "-f" "cb24a40fa770971eb0ca566f5dd5fdb07d69661e67d0bd42bba9b1d4640ba1d9", kill_on_drop: false }`
[INFO] [stdout] cb24a40fa770971eb0ca566f5dd5fdb07d69661e67d0bd42bba9b1d4640ba1d9
[INFO] running `Command { std: "docker" "create" "-v" "/var/lib/crater-agent-workspace/builds/worker-0-tc1/target:/opt/rustwide/target:rw,Z" "-v" "/var/lib/crater-agent-workspace/builds/worker-0-tc1/source:/opt/rustwide/workdir:ro,Z" "-v" "/var/lib/crater-agent-workspace/cargo-home:/opt/rustwide/cargo-home:ro,Z" "-v" "/var/lib/crater-agent-workspace/rustup-home:/opt/rustwide/rustup-home:ro,Z" "-e" "SOURCE_DIR=/opt/rustwide/workdir" "-e" "CARGO_TARGET_DIR=/opt/rustwide/target" "-e" "CARGO_INCREMENTAL=0" "-e" "RUST_BACKTRACE=full" "-e" "RUSTFLAGS=--cap-lints=forbid" "-e" "RUSTDOCFLAGS=--cap-lints=forbid" "-e" "CARGO_HOME=/opt/rustwide/cargo-home" "-e" "RUSTUP_HOME=/opt/rustwide/rustup-home" "-w" "/opt/rustwide/workdir" "-m" "1610612736" "--user" "0:0" "--network" "none" "ghcr.io/rust-lang/crates-build-env/linux@sha256:4a844ea9eb2546a2d2c7022eacef16ef2e8229c7fbb2c7d4d55a9ceca922f72d" "/opt/rustwide/cargo-home/bin/cargo" "+nightly-2024-10-28" "test" "--frozen" "--no-run" "--message-format=json", kill_on_drop: false }`
[INFO] [stdout] 8a6d8be136d5bb202589d6cb7a10b496fc76f2a514c948effcbe3cbacec261d8
[INFO] running `Command { std: "docker" "start" "-a" "8a6d8be136d5bb202589d6cb7a10b496fc76f2a514c948effcbe3cbacec261d8", kill_on_drop: false }`
[INFO] [stderr]    Compiling stacks_derive v0.3.3 (/opt/rustwide/workdir)
[INFO] [stderr]     Finished `test` profile [unoptimized + debuginfo] target(s) in 0.24s
[INFO] running `Command { std: "docker" "inspect" "8a6d8be136d5bb202589d6cb7a10b496fc76f2a514c948effcbe3cbacec261d8", kill_on_drop: false }`
[INFO] running `Command { std: "docker" "rm" "-f" "8a6d8be136d5bb202589d6cb7a10b496fc76f2a514c948effcbe3cbacec261d8", kill_on_drop: false }`
[INFO] [stdout] 8a6d8be136d5bb202589d6cb7a10b496fc76f2a514c948effcbe3cbacec261d8
[INFO] running `Command { std: "docker" "create" "-v" "/var/lib/crater-agent-workspace/builds/worker-0-tc1/target:/opt/rustwide/target:rw,Z" "-v" "/var/lib/crater-agent-workspace/builds/worker-0-tc1/source:/opt/rustwide/workdir:ro,Z" "-v" "/var/lib/crater-agent-workspace/cargo-home:/opt/rustwide/cargo-home:ro,Z" "-v" "/var/lib/crater-agent-workspace/rustup-home:/opt/rustwide/rustup-home:ro,Z" "-e" "SOURCE_DIR=/opt/rustwide/workdir" "-e" "CARGO_TARGET_DIR=/opt/rustwide/target" "-e" "CARGO_INCREMENTAL=0" "-e" "RUST_BACKTRACE=full" "-e" "RUSTFLAGS=--cap-lints=forbid" "-e" "RUSTDOCFLAGS=--cap-lints=forbid" "-e" "CARGO_HOME=/opt/rustwide/cargo-home" "-e" "RUSTUP_HOME=/opt/rustwide/rustup-home" "-w" "/opt/rustwide/workdir" "-m" "1610612736" "--user" "0:0" "--network" "none" "ghcr.io/rust-lang/crates-build-env/linux@sha256:4a844ea9eb2546a2d2c7022eacef16ef2e8229c7fbb2c7d4d55a9ceca922f72d" "/opt/rustwide/cargo-home/bin/cargo" "+nightly-2024-10-28" "test" "--frozen", kill_on_drop: false }`
[INFO] [stdout] f23bc53736047a8fdd415823a1eafa2e631e8372163e0a3b5af79d76b26d9fee
[INFO] running `Command { std: "docker" "start" "-a" "f23bc53736047a8fdd415823a1eafa2e631e8372163e0a3b5af79d76b26d9fee", kill_on_drop: false }`
[INFO] [stderr]     Finished `test` profile [unoptimized + debuginfo] target(s) in 0.01s
[INFO] [stderr]      Running unittests src/lib.rs (/opt/rustwide/target/debug/deps/stacks_derive-94ea6e2357817b45)
[INFO] [stdout] 
[INFO] [stdout] running 0 tests
[INFO] [stdout] 
[INFO] [stdout] test result: ok. 0 passed; 0 failed; 0 ignored; 0 measured; 0 filtered out; finished in 0.00s
[INFO] [stdout] 
[INFO] [stderr]    Doc-tests stacks_derive
[INFO] [stdout] 
[INFO] [stdout] running 2 tests
[INFO] [stdout] test src/from_tuple.rs - from_tuple::FieldRecv::response (line 58) ... FAILED
[INFO] [stdout] test src/from_tuple.rs - from_tuple::FieldRecv::key (line 46) ... FAILED
[INFO] [stdout] 
[INFO] [stdout] failures:
[INFO] [stdout] 
[INFO] [stdout] ---- src/from_tuple.rs - from_tuple::FieldRecv::response (line 58) stdout ----
[INFO] [stdout] error: cannot find derive macro `FromTuple` in this scope
[INFO] [stdout]  --> src/from_tuple.rs:59:10
[INFO] [stdout]   |
[INFO] [stdout] 3 | #[derive(FromTuple)]
[INFO] [stdout]   |          ^^^^^^^^^
[INFO] [stdout]   |
[INFO] [stdout] help: consider importing this derive macro
[INFO] [stdout]   |
[INFO] [stdout] 2 + use stacks_derive::FromTuple;
[INFO] [stdout]   |
[INFO] [stdout] 
[INFO] [stdout] error: cannot find attribute `stacks` in this scope
[INFO] [stdout]  --> src/from_tuple.rs:61:7
[INFO] [stdout]   |
[INFO] [stdout] 5 |     #[stacks(key = "some-key", response)]
[INFO] [stdout]   |       ^^^^^^
[INFO] [stdout] 
[INFO] [stdout] error: aborting due to 2 previous errors
[INFO] [stdout] 
[INFO] [stdout] Couldn't compile the test.
[INFO] [stdout] ---- src/from_tuple.rs - from_tuple::FieldRecv::key (line 46) stdout ----
[INFO] [stdout] error: cannot find derive macro `FromTuple` in this scope
[INFO] [stdout]  --> src/from_tuple.rs:47:10
[INFO] [stdout]   |
[INFO] [stdout] 3 | #[derive(FromTuple)]
[INFO] [stdout]   |          ^^^^^^^^^
[INFO] [stdout]   |
[INFO] [stdout] help: consider importing this derive macro
[INFO] [stdout]   |
[INFO] [stdout] 2 + use stacks_derive::FromTuple;
[INFO] [stdout]   |
[INFO] [stdout] 
[INFO] [stdout] error: cannot find attribute `stacks` in this scope
[INFO] [stdout]  --> src/from_tuple.rs:49:7
[INFO] [stdout]   |
[INFO] [stdout] 5 |     #[stacks(key = "some-key")]
[INFO] [stdout]   |       ^^^^^^
[INFO] [stdout] 
[INFO] [stdout] error: aborting due to 2 previous errors
[INFO] [stdout] 
[INFO] [stdout] Couldn't compile the test.
[INFO] [stdout] 
[INFO] [stdout] failures:
[INFO] [stdout]     src/from_tuple.rs - from_tuple::FieldRecv::key (line 46)
[INFO] [stdout]     src/from_tuple.rs - from_tuple::FieldRecv::response (line 58)
[INFO] [stdout] 
[INFO] [stdout] test result: FAILED. 0 passed; 2 failed; 0 ignored; 0 measured; 0 filtered out; finished in 0.05s
[INFO] [stdout] 
[INFO] [stderr] error: doctest failed, to rerun pass `--doc`
[INFO] running `Command { std: "docker" "inspect" "f23bc53736047a8fdd415823a1eafa2e631e8372163e0a3b5af79d76b26d9fee", kill_on_drop: false }`
[INFO] running `Command { std: "docker" "rm" "-f" "f23bc53736047a8fdd415823a1eafa2e631e8372163e0a3b5af79d76b26d9fee", kill_on_drop: false }`
[INFO] [stdout] f23bc53736047a8fdd415823a1eafa2e631e8372163e0a3b5af79d76b26d9fee
