[INFO] fetching crate sshd-openpgp-auth 0.3.0...
[INFO] testing sshd-openpgp-auth-0.3.0 against nightly-2024-10-28 for randomize-layout
[INFO] extracting crate sshd-openpgp-auth 0.3.0 into /workspace/builds/worker-0-tc1/source
[INFO] validating manifest of crates.io crate sshd-openpgp-auth 0.3.0 on toolchain nightly-2024-10-28
[INFO] running `Command { std: CARGO_HOME="/workspace/cargo-home" RUSTUP_HOME="/workspace/rustup-home" "/workspace/cargo-home/bin/cargo" "+nightly-2024-10-28" "metadata" "--manifest-path" "Cargo.toml" "--no-deps", kill_on_drop: false }`
[INFO] started tweaking crates.io crate sshd-openpgp-auth 0.3.0
[INFO] finished tweaking crates.io crate sshd-openpgp-auth 0.3.0
[INFO] tweaked toml for crates.io crate sshd-openpgp-auth 0.3.0 written to /workspace/builds/worker-0-tc1/source/Cargo.toml
[INFO] crate crates.io crate sshd-openpgp-auth 0.3.0 already has a lockfile, it will not be regenerated
[INFO] running `Command { std: CARGO_HOME="/workspace/cargo-home" RUSTUP_HOME="/workspace/rustup-home" "/workspace/cargo-home/bin/cargo" "+nightly-2024-10-28" "fetch" "--manifest-path" "Cargo.toml", kill_on_drop: false }`
[INFO] [stderr]     Updating crates.io index
[INFO] [stderr]  Downloading crates ...
[INFO] [stderr]   Downloaded testresult v0.3.0
[INFO] [stderr]   Downloaded memsec v0.6.3
[INFO] [stderr]   Downloaded fqdn v0.3.2
[INFO] [stderr]   Downloaded relative-path v1.9.2
[INFO] [stderr]   Downloaded nettle-sys v2.3.0
[INFO] [stderr]   Downloaded generic-array v1.0.0
[INFO] [stderr]   Downloaded buffered-reader v1.3.0
[INFO] [stderr]   Downloaded indexmap v2.2.4
[INFO] [stderr]   Downloaded ssh-key v0.6.4
[INFO] [stderr]   Downloaded nettle v7.3.0
[INFO] [stderr]   Downloaded fiat-crypto v0.2.6
[INFO] [stderr]   Downloaded sha1collisiondetection v0.3.3
[INFO] [stderr]   Downloaded sequoia-openpgp v1.19.0
[INFO] running `Command { std: "docker" "create" "-v" "/var/lib/crater-agent-workspace/builds/worker-0-tc1/target:/opt/rustwide/target:rw,Z" "-v" "/var/lib/crater-agent-workspace/builds/worker-0-tc1/source:/opt/rustwide/workdir:ro,Z" "-v" "/var/lib/crater-agent-workspace/cargo-home:/opt/rustwide/cargo-home:ro,Z" "-v" "/var/lib/crater-agent-workspace/rustup-home:/opt/rustwide/rustup-home:ro,Z" "-e" "SOURCE_DIR=/opt/rustwide/workdir" "-e" "CARGO_TARGET_DIR=/opt/rustwide/target" "-e" "CARGO_HOME=/opt/rustwide/cargo-home" "-e" "RUSTUP_HOME=/opt/rustwide/rustup-home" "-w" "/opt/rustwide/workdir" "-m" "1610612736" "--user" "0:0" "--network" "none" "ghcr.io/rust-lang/crates-build-env/linux@sha256:4a844ea9eb2546a2d2c7022eacef16ef2e8229c7fbb2c7d4d55a9ceca922f72d" "/opt/rustwide/cargo-home/bin/cargo" "+nightly-2024-10-28" "metadata" "--no-deps" "--format-version=1", kill_on_drop: false }`
[INFO] [stdout] a0128952f9cc8c3233c4ef679db82ea7176d75fbb32bb5e0a43eb72b183c0513
[INFO] running `Command { std: "docker" "start" "-a" "a0128952f9cc8c3233c4ef679db82ea7176d75fbb32bb5e0a43eb72b183c0513", kill_on_drop: false }`
[INFO] running `Command { std: "docker" "inspect" "a0128952f9cc8c3233c4ef679db82ea7176d75fbb32bb5e0a43eb72b183c0513", kill_on_drop: false }`
[INFO] running `Command { std: "docker" "rm" "-f" "a0128952f9cc8c3233c4ef679db82ea7176d75fbb32bb5e0a43eb72b183c0513", kill_on_drop: false }`
[INFO] [stdout] a0128952f9cc8c3233c4ef679db82ea7176d75fbb32bb5e0a43eb72b183c0513
[INFO] running `Command { std: "docker" "create" "-v" "/var/lib/crater-agent-workspace/builds/worker-0-tc1/target:/opt/rustwide/target:rw,Z" "-v" "/var/lib/crater-agent-workspace/builds/worker-0-tc1/source:/opt/rustwide/workdir:ro,Z" "-v" "/var/lib/crater-agent-workspace/cargo-home:/opt/rustwide/cargo-home:ro,Z" "-v" "/var/lib/crater-agent-workspace/rustup-home:/opt/rustwide/rustup-home:ro,Z" "-e" "SOURCE_DIR=/opt/rustwide/workdir" "-e" "CARGO_TARGET_DIR=/opt/rustwide/target" "-e" "CARGO_INCREMENTAL=0" "-e" "RUST_BACKTRACE=full" "-e" "RUSTFLAGS=--cap-lints=forbid" "-e" "RUSTDOCFLAGS=--cap-lints=forbid" "-e" "CARGO_HOME=/opt/rustwide/cargo-home" "-e" "RUSTUP_HOME=/opt/rustwide/rustup-home" "-w" "/opt/rustwide/workdir" "-m" "1610612736" "--user" "0:0" "--network" "none" "ghcr.io/rust-lang/crates-build-env/linux@sha256:4a844ea9eb2546a2d2c7022eacef16ef2e8229c7fbb2c7d4d55a9ceca922f72d" "/opt/rustwide/cargo-home/bin/cargo" "+nightly-2024-10-28" "build" "--frozen" "--message-format=json", kill_on_drop: false }`
[INFO] [stdout] f6df3c6ed9324f63ff5d637a78509e49bcb71832b628c345eba8b397edda2d61
[INFO] running `Command { std: "docker" "start" "-a" "f6df3c6ed9324f63ff5d637a78509e49bcb71832b628c345eba8b397edda2d61", kill_on_drop: false }`
[INFO] [stderr]    Compiling libc v0.2.153
[INFO] [stderr]    Compiling typenum v1.17.0
[INFO] [stderr]    Compiling proc-macro2 v1.0.78
[INFO] [stderr]    Compiling const-oid v0.9.6
[INFO] [stderr]    Compiling subtle v2.5.0
[INFO] [stderr]    Compiling generic-array v0.14.7
[INFO] [stderr]    Compiling memchr v2.7.1
[INFO] [stderr]    Compiling smallvec v1.13.1
[INFO] [stderr]    Compiling regex-syntax v0.8.2
[INFO] [stderr]    Compiling cc v1.0.88
[INFO] [stderr]    Compiling pkg-config v0.3.30
[INFO] [stderr]    Compiling libm v0.2.8
[INFO] [stderr]    Compiling glob v0.3.1
[INFO] [stderr]    Compiling quote v1.0.35
[INFO] [stderr]    Compiling getrandom v0.2.12
[INFO] [stderr]    Compiling clang-sys v1.7.0
[INFO] [stderr]    Compiling syn v2.0.52
[INFO] [stderr]    Compiling rand_core v0.6.4
[INFO] [stderr]    Compiling num-traits v0.2.18
[INFO] [stderr]    Compiling cpufeatures v0.2.12
[INFO] [stderr]    Compiling lock_api v0.4.11
[INFO] [stderr]    Compiling rustix v0.38.31
[INFO] [stderr]    Compiling minimal-lexical v0.2.1
[INFO] [stderr]    Compiling semver v1.0.22
[INFO] [stderr]    Compiling zeroize v1.7.0
[INFO] [stderr]    Compiling parking_lot_core v0.9.9
[INFO] [stderr]    Compiling bitflags v2.4.2
[INFO] [stderr]    Compiling nom v7.1.3
[INFO] [stderr]    Compiling dirs-sys-next v0.1.2
[INFO] [stderr]    Compiling libloading v0.8.1
[INFO] [stderr]    Compiling linux-raw-sys v0.4.13
[INFO] [stderr]    Compiling regex-automata v0.4.5
[INFO] [stderr]    Compiling bindgen v0.68.1
[INFO] [stderr]    Compiling crypto-common v0.1.6
[INFO] [stderr]    Compiling block-buffer v0.10.4
[INFO] [stderr]    Compiling scopeguard v1.2.0
[INFO] [stderr]    Compiling digest v0.10.7
[INFO] [stderr]    Compiling sha2 v0.10.8
[INFO] [stderr]    Compiling crunchy v0.2.2
[INFO] [stderr]    Compiling dirs-next v2.0.0
[INFO] [stderr]    Compiling lazy_static v1.4.0
[INFO] [stderr]    Compiling der v0.7.8
[INFO] [stderr]    Compiling tiny-keccak v2.0.2
[INFO] [stderr]    Compiling ppv-lite86 v0.2.17
[INFO] [stderr]    Compiling lazycell v1.3.0
[INFO] [stderr]    Compiling rustc-hash v1.1.0
[INFO] [stderr]    Compiling fastrand v2.0.1
[INFO] [stderr]    Compiling hashbrown v0.14.3
[INFO] [stderr]    Compiling siphasher v0.3.11
[INFO] [stderr]    Compiling cexpr v0.6.0
[INFO] [stderr]    Compiling regex v1.10.3
[INFO] [stderr]    Compiling peeking_take_while v0.1.2
[INFO] [stderr]    Compiling indexmap v2.2.4
[INFO] [stderr]    Compiling spki v0.7.3
[INFO] [stderr]    Compiling phf_shared v0.10.0
[INFO] [stderr]    Compiling rand_chacha v0.3.1
[INFO] [stderr]    Compiling rustc_version v0.4.0
[INFO] [stderr]    Compiling parking_lot v0.12.1
[INFO] [stderr]    Compiling tempfile v3.10.1
[INFO] [stderr]    Compiling num-integer v0.1.46
[INFO] [stderr]    Compiling term v0.7.0
[INFO] [stderr]    Compiling signature v2.2.0
[INFO] [stderr]    Compiling bzip2-sys v0.1.11+1.0.8
[INFO] [stderr]    Compiling crc32fast v1.4.0
[INFO] [stderr]    Compiling fixedbitset v0.4.2
[INFO] [stderr]    Compiling platforms v3.3.0
[INFO] [stderr]    Compiling new_debug_unreachable v1.0.4
[INFO] [stderr]    Compiling log v0.4.21
[INFO] [stderr]    Compiling precomputed-hash v0.1.1
[INFO] [stderr]    Compiling once_cell v1.19.0
[INFO] [stderr]    Compiling bit-vec v0.6.3
[INFO] [stderr]    Compiling num-bigint-dig v0.8.4
[INFO] [stderr]    Compiling either v1.10.0
[INFO] [stderr]    Compiling same-file v1.0.6
[INFO] [stderr]    Compiling walkdir v2.4.0
[INFO] [stderr]    Compiling bit-set v0.5.3
[INFO] [stderr]    Compiling string_cache v0.8.7
[INFO] [stderr]    Compiling curve25519-dalek v4.1.2
[INFO] [stderr]    Compiling itertools v0.11.0
[INFO] [stderr]    Compiling ena v0.14.2
[INFO] [stderr]    Compiling ascii-canvas v3.0.0
[INFO] [stderr]    Compiling petgraph v0.6.4
[INFO] [stderr]    Compiling num-iter v0.1.44
[INFO] [stderr]    Compiling rand v0.8.5
[INFO] [stderr]    Compiling pkcs8 v0.10.2
[INFO] [stderr]    Compiling adler v1.0.2
[INFO] [stderr]    Compiling base64ct v1.6.0
[INFO] [stderr]    Compiling byteorder v1.5.0
[INFO] [stderr]    Compiling unicode-xid v0.2.4
[INFO] [stderr]    Compiling lalrpop-util v0.20.2
[INFO] [stderr]    Compiling rustversion v1.0.14
[INFO] [stderr]    Compiling thiserror v1.0.57
[INFO] [stderr]    Compiling anstyle-parse v0.2.3
[INFO] [stderr]    Compiling tinyvec v1.6.0
[INFO] [stderr]    Compiling pem-rfc7468 v0.7.0
[INFO] [stderr]    Compiling thiserror-impl v1.0.57
[INFO] [stderr]    Compiling curve25519-dalek-derive v0.1.1
[INFO] [stderr]    Compiling lalrpop v0.20.2
[INFO] [stderr]    Compiling miniz_oxide v0.7.2
[INFO] [stderr]    Compiling hmac v0.12.1
[INFO] [stderr]    Compiling inout v0.1.3
[INFO] [stderr]    Compiling aho-corasick v1.1.2
[INFO] [stderr]    Compiling anyhow v1.0.80
[INFO] [stderr]    Compiling anstyle v1.0.6
[INFO] [stderr]    Compiling serde v1.0.197
[INFO] [stderr]    Compiling sha1collisiondetection v0.3.3
[INFO] [stderr]    Compiling anstyle-query v1.0.2
[INFO] [stderr]    Compiling anstream v0.6.13
[INFO] [stderr]    Compiling flate2 v1.0.28
[INFO] [stderr]    Compiling unicode-normalization v0.1.23
[INFO] [stderr]    Compiling rfc6979 v0.4.0
[INFO] [stderr]    Compiling cipher v0.4.4
[INFO] [stderr]    Compiling bzip2 v0.4.4
[INFO] [stderr]    Compiling ssh-encoding v0.2.0
[INFO] [stderr]    Compiling serde_derive v1.0.197
[INFO] [stderr]    Compiling pkcs1 v0.7.5
[INFO] [stderr]    Compiling ed25519 v2.2.3
[INFO] [stderr]    Compiling generic-array v1.0.0
[INFO] [stderr]    Compiling clap_lex v0.7.0
[INFO] [stderr]    Compiling unicode-bidi v0.3.15
[INFO] [stderr]    Compiling strsim v0.11.0
[INFO] [stderr]    Compiling base16ct v0.2.0
[INFO] [stderr]    Compiling clap_builder v4.5.1
[INFO] [stderr]    Compiling idna v0.5.0
[INFO] [stderr]    Compiling sec1 v0.7.3
[INFO] [stderr]    Compiling ed25519-dalek v2.1.1
[INFO] [stderr]    Compiling nettle-sys v2.3.0
[INFO] [stderr]    Compiling strum_macros v0.26.1
[INFO] [stderr]    Compiling rsa v0.9.6
[INFO] [stderr]    Compiling ssh-cipher v0.2.0
[INFO] [stderr]    Compiling buffered-reader v1.3.0
[INFO] [stderr]    Compiling dsa v0.6.3
[INFO] [stderr]    Compiling clap_derive v4.5.0
[INFO] [stderr]    Compiling sha1 v0.10.6
[INFO] [stderr]    Compiling iana-time-zone v0.1.60
[INFO] [stderr]    Compiling dyn-clone v1.0.17
[INFO] [stderr]    Compiling xxhash-rust v0.8.10
[INFO] [stderr]    Compiling memsec v0.6.3
[INFO] [stderr]    Compiling strum v0.26.1
[INFO] [stderr]    Compiling chrono v0.4.34
[INFO] [stderr]    Compiling ssh-key v0.6.4
[INFO] [stderr]    Compiling fqdn v0.3.2
[INFO] [stderr]    Compiling clap v4.5.1
[INFO] [stderr]    Compiling email_address v0.2.4
[INFO] [stderr]    Compiling nettle v7.3.0
[INFO] [stderr]    Compiling sequoia-openpgp v1.19.0
[INFO] [stderr]    Compiling sshd-openpgp-auth v0.3.0 (/opt/rustwide/workdir)
[INFO] [stderr]     Finished `dev` profile [unoptimized + debuginfo] target(s) in 1m 25s
[INFO] running `Command { std: "docker" "inspect" "f6df3c6ed9324f63ff5d637a78509e49bcb71832b628c345eba8b397edda2d61", kill_on_drop: false }`
[INFO] running `Command { std: "docker" "rm" "-f" "f6df3c6ed9324f63ff5d637a78509e49bcb71832b628c345eba8b397edda2d61", kill_on_drop: false }`
[INFO] [stdout] f6df3c6ed9324f63ff5d637a78509e49bcb71832b628c345eba8b397edda2d61
[INFO] running `Command { std: "docker" "create" "-v" "/var/lib/crater-agent-workspace/builds/worker-0-tc1/target:/opt/rustwide/target:rw,Z" "-v" "/var/lib/crater-agent-workspace/builds/worker-0-tc1/source:/opt/rustwide/workdir:ro,Z" "-v" "/var/lib/crater-agent-workspace/cargo-home:/opt/rustwide/cargo-home:ro,Z" "-v" "/var/lib/crater-agent-workspace/rustup-home:/opt/rustwide/rustup-home:ro,Z" "-e" "SOURCE_DIR=/opt/rustwide/workdir" "-e" "CARGO_TARGET_DIR=/opt/rustwide/target" "-e" "CARGO_INCREMENTAL=0" "-e" "RUST_BACKTRACE=full" "-e" "RUSTFLAGS=--cap-lints=forbid" "-e" "RUSTDOCFLAGS=--cap-lints=forbid" "-e" "CARGO_HOME=/opt/rustwide/cargo-home" "-e" "RUSTUP_HOME=/opt/rustwide/rustup-home" "-w" "/opt/rustwide/workdir" "-m" "1610612736" "--user" "0:0" "--network" "none" "ghcr.io/rust-lang/crates-build-env/linux@sha256:4a844ea9eb2546a2d2c7022eacef16ef2e8229c7fbb2c7d4d55a9ceca922f72d" "/opt/rustwide/cargo-home/bin/cargo" "+nightly-2024-10-28" "test" "--frozen" "--no-run" "--message-format=json", kill_on_drop: false }`
[INFO] [stdout] feee478277871f4eaeaee853196edb554095ad0fe36d8646a21a2c7f25945699
[INFO] running `Command { std: "docker" "start" "-a" "feee478277871f4eaeaee853196edb554095ad0fe36d8646a21a2c7f25945699", kill_on_drop: false }`
[INFO] [stderr]    Compiling memchr v2.7.1
[INFO] [stderr]    Compiling syn v2.0.52
[INFO] [stderr]    Compiling slab v0.4.9
[INFO] [stderr]    Compiling futures-core v0.3.30
[INFO] [stderr]    Compiling futures-sink v0.3.30
[INFO] [stderr]    Compiling pin-project-lite v0.2.13
[INFO] [stderr]    Compiling futures-io v0.3.30
[INFO] [stderr]    Compiling camino v1.1.6
[INFO] [stderr]    Compiling futures-channel v0.3.30
[INFO] [stderr]    Compiling semver v1.0.22
[INFO] [stderr]    Compiling futures-task v0.3.30
[INFO] [stderr]    Compiling serde_json v1.0.114
[INFO] [stderr]    Compiling rstest_macros v0.18.2
[INFO] [stderr]    Compiling backtrace v0.3.69
[INFO] [stderr]    Compiling predicates-core v1.0.6
[INFO] [stderr]    Compiling gimli v0.28.1
[INFO] [stderr]    Compiling itoa v1.0.10
[INFO] [stderr]    Compiling aho-corasick v1.1.2
[INFO] [stderr]    Compiling doc-comment v0.3.3
[INFO] [stderr]    Compiling ryu v1.0.17
[INFO] [stderr]    Compiling object v0.32.2
[INFO] [stderr]    Compiling relative-path v1.9.2
[INFO] [stderr]    Compiling nom v7.1.3
[INFO] [stderr]    Compiling termtree v0.4.1
[INFO] [stderr]    Compiling rustc-demangle v0.1.23
[INFO] [stderr]    Compiling assert_cmd v2.0.14
[INFO] [stderr]    Compiling difflib v0.4.0
[INFO] [stderr]    Compiling regex-automata v0.4.5
[INFO] [stderr]    Compiling cexpr v0.6.0
[INFO] [stderr]    Compiling addr2line v0.21.0
[INFO] [stderr]    Compiling predicates v3.1.0
[INFO] [stderr]    Compiling predicates-tree v1.0.9
[INFO] [stderr]    Compiling sysinfo v0.26.9
[INFO] [stderr]    Compiling wait-timeout v0.2.0
[INFO] [stderr]    Compiling futures-timer v3.0.3
[INFO] [stderr]    Compiling whoami v1.4.1
[INFO] [stderr]    Compiling testresult v0.3.0
[INFO] [stderr]    Compiling regex v1.10.3
[INFO] [stderr]    Compiling bindgen v0.68.1
[INFO] [stderr]    Compiling lalrpop v0.20.2
[INFO] [stderr]    Compiling bstr v1.9.1
[INFO] [stderr]    Compiling serde_derive v1.0.197
[INFO] [stderr]    Compiling thiserror-impl v1.0.57
[INFO] [stderr]    Compiling curve25519-dalek-derive v0.1.1
[INFO] [stderr]    Compiling futures-macro v0.3.30
[INFO] [stderr]    Compiling curve25519-dalek v4.1.2
[INFO] [stderr]    Compiling clap_derive v4.5.0
[INFO] [stderr]    Compiling futures-util v0.3.30
[INFO] [stderr]    Compiling thiserror v1.0.57
[INFO] [stderr]    Compiling strum_macros v0.26.1
[INFO] [stderr]    Compiling ed25519-dalek v2.1.1
[INFO] [stderr]    Compiling ssh-key v0.6.4
[INFO] [stderr]    Compiling clap v4.5.1
[INFO] [stderr]    Compiling strum v0.26.1
[INFO] [stderr]    Compiling futures-executor v0.3.30
[INFO] [stderr]    Compiling serde v1.0.197
[INFO] [stderr]    Compiling futures v0.3.30
[INFO] [stderr]    Compiling rstest v0.18.2
[INFO] [stderr]    Compiling nettle-sys v2.3.0
[INFO] [stderr]    Compiling cargo-platform v0.1.7
[INFO] [stderr]    Compiling email_address v0.2.4
[INFO] [stderr]    Compiling sequoia-openpgp v1.19.0
[INFO] [stderr]    Compiling cargo_metadata v0.14.2
[INFO] [stderr]    Compiling testdir v0.9.1
[INFO] [stderr]    Compiling nettle v7.3.0
[INFO] [stderr]    Compiling sshd-openpgp-auth v0.3.0 (/opt/rustwide/workdir)
[INFO] [stderr]     Finished `test` profile [unoptimized + debuginfo] target(s) in 1m 07s
[INFO] running `Command { std: "docker" "inspect" "feee478277871f4eaeaee853196edb554095ad0fe36d8646a21a2c7f25945699", kill_on_drop: false }`
[INFO] running `Command { std: "docker" "rm" "-f" "feee478277871f4eaeaee853196edb554095ad0fe36d8646a21a2c7f25945699", kill_on_drop: false }`
[INFO] [stdout] feee478277871f4eaeaee853196edb554095ad0fe36d8646a21a2c7f25945699
[INFO] running `Command { std: "docker" "create" "-v" "/var/lib/crater-agent-workspace/builds/worker-0-tc1/target:/opt/rustwide/target:rw,Z" "-v" "/var/lib/crater-agent-workspace/builds/worker-0-tc1/source:/opt/rustwide/workdir:ro,Z" "-v" "/var/lib/crater-agent-workspace/cargo-home:/opt/rustwide/cargo-home:ro,Z" "-v" "/var/lib/crater-agent-workspace/rustup-home:/opt/rustwide/rustup-home:ro,Z" "-e" "SOURCE_DIR=/opt/rustwide/workdir" "-e" "CARGO_TARGET_DIR=/opt/rustwide/target" "-e" "CARGO_INCREMENTAL=0" "-e" "RUST_BACKTRACE=full" "-e" "RUSTFLAGS=--cap-lints=forbid" "-e" "RUSTDOCFLAGS=--cap-lints=forbid" "-e" "CARGO_HOME=/opt/rustwide/cargo-home" "-e" "RUSTUP_HOME=/opt/rustwide/rustup-home" "-w" "/opt/rustwide/workdir" "-m" "1610612736" "--user" "0:0" "--network" "none" "ghcr.io/rust-lang/crates-build-env/linux@sha256:4a844ea9eb2546a2d2c7022eacef16ef2e8229c7fbb2c7d4d55a9ceca922f72d" "/opt/rustwide/cargo-home/bin/cargo" "+nightly-2024-10-28" "test" "--frozen", kill_on_drop: false }`
[INFO] [stdout] b93bad3770784f2bd2df4f3b0dcbee24700dad35b80170c38e4b6734c751edab
[INFO] running `Command { std: "docker" "start" "-a" "b93bad3770784f2bd2df4f3b0dcbee24700dad35b80170c38e4b6734c751edab", kill_on_drop: false }`
[INFO] [stderr]     Finished `test` profile [unoptimized + debuginfo] target(s) in 0.50s
[INFO] [stderr]      Running unittests src/lib.rs (/opt/rustwide/target/debug/deps/sshd_openpgp_auth-2455a870e8f11412)
[INFO] [stdout] 
[INFO] [stdout] running 0 tests
[INFO] [stdout] 
[INFO] [stdout] test result: ok. 0 passed; 0 failed; 0 ignored; 0 measured; 0 filtered out; finished in 0.00s
[INFO] [stdout] 
[INFO] [stderr]      Running unittests src/main.rs (/opt/rustwide/target/debug/deps/sshd_openpgp_auth-f1a3f09c37cc2bab)
[INFO] [stdout] 
[INFO] [stdout] running 0 tests
[INFO] [stdout] 
[INFO] [stdout] test result: ok. 0 passed; 0 failed; 0 ignored; 0 measured; 0 filtered out; finished in 0.00s
[INFO] [stdout] 
[INFO] [stderr]      Running tests/create-trust-anchor.rs (/opt/rustwide/target/debug/deps/create_trust_anchor-85d5ba0ee6994126)
[INFO] [stdout] 
[INFO] [stdout] running 1 test
[INFO] [stdout] test test_create_trust_anchor ... ok
[INFO] [stdout] 
[INFO] [stdout] test result: ok. 1 passed; 0 failed; 0 ignored; 0 measured; 0 filtered out; finished in 0.01s
[INFO] [stdout] 
[INFO] [stdout] 
[INFO] [stderr]      Running tests/dns_proof.rs (/opt/rustwide/target/debug/deps/dns_proof-918a2907c46e3c4a)
[INFO] [stdout] running 1 test
[INFO] [stdout] test check_adding_proofs ... ok
[INFO] [stdout] 
[INFO] [stdout] test result: ok. 1 passed; 0 failed; 0 ignored; 0 measured; 0 filtered out; finished in 2.02s
[INFO] [stdout] 
[INFO] [stderr]      Running tests/export_to_wkd.rs (/opt/rustwide/target/debug/deps/export_to_wkd-57632a4348fd8c45)
[INFO] [stdout] 
[INFO] [stdout] running 4 tests
[INFO] [stdout] test test_export_to_wkd::case_2 ... ok
[INFO] [stdout] test test_export_to_wkd::case_3 ... ok
[INFO] [stdout] test test_export_to_wkd::case_4 ... ok
[INFO] [stdout] test test_export_to_wkd::case_1 ... ok
[INFO] [stdout] 
[INFO] [stdout] test result: ok. 4 passed; 0 failed; 0 ignored; 0 measured; 0 filtered out; finished in 3.04s
[INFO] [stdout] 
[INFO] [stderr]      Running tests/extend_expiry.rs (/opt/rustwide/target/debug/deps/extend_expiry-9abfdedd2037c130)
[INFO] [stdout] 
[INFO] [stdout] running 2 tests
[INFO] [stdout] test test_extend_expiry_of_primary_key::case_2 ... ok
[INFO] [stdout] test test_extend_expiry_of_primary_key::case_1 ... ok
[INFO] [stdout] 
[INFO] [stdout] test result: ok. 2 passed; 0 failed; 0 ignored; 0 measured; 0 filtered out; finished in 0.01s
[INFO] [stdout] 
[INFO] [stderr]      Running tests/import_remote.rs (/opt/rustwide/target/debug/deps/import_remote-78ddaca9da1b5f92)
[INFO] [stdout] 
[INFO] [stdout] running 2 tests
[INFO] [stdout] test test_scan_remote_keys ... ignored, requires access to the internet
[INFO] [stdout] test test_parse_known_hosts ... FAILED
[INFO] [stdout] 
[INFO] [stdout] failures:
[INFO] [stdout] 
[INFO] [stdout] ---- test_parse_known_hosts stdout ----
[INFO] [stdout] [PublicKey { key_data: Ed25519(Ed25519PublicKey([66, 167, 121, 164, 123, 38, 84, 179, 190, 70, 231, 137, 27, 216, 60, 95, 141, 42, 95, 67, 174, 62, 97, 8, 136, 90, 126, 34, 69, 121, 174, 207])), comment: "root@b93bad377078" }, PublicKey { key_data: Rsa(RsaPublicKey { e: Mpint(010001), n: Mpint(00C32BE8FCCAE567BE6F4C647319D5FE2E5FAE7ECAE66B68EFF2CDE056454E86B25019C14F72DC59FA11586C9A57595AF70C9D7C0C2B2755EF02295476832BA6E82D620E6C5E1F42C6A5572BAC7FB1FF77F1DBC94FA8C6F4BD13A9C7A8F79AD3662FDC361BC78D4D340EE8EED33C7D03C5E4AFC5E20B51877FF940B7785DC1D32D84491C4699FC8AD4B423BDAC32640C2832BA9925DF6991862B362E0D2E19ABAAA52E47126E22BFBB189FD0DE5DA1412B95AA502DE928470A4639F956F85822006FCDEE12CE540B0A657D0B3D43310A366BDE0F403124EA7E3557009C38CAB73FCA77616F3A55EFB537BA2D4E74F9369008D2266DCA425950951CA11E0274881BB39CB453848BF336579CF8CAC302F59927962C6F8001AFE8BBF0C64D5A95F72C6F5369A693D89E8512B0C5D3D0917ACF05D434BC089DCCA7EB956920EF8D0E3CBAC9B3EEC70C73A30CCAC35A02A0B7CE5AC581C3D90D0485B0FCB380AAEB6864001B26520F5EC77A1C889356699EC9A9305232B4BC35F7DC17ED8F46D9157B5B) }), comment: "root@b93bad377078" }, PublicKey { key_data: Ecdsa(NistP256(EncodedPoint(Uncompressed { x: [101, 58, 139, 43, 54, 65, 26, 11, 120, 25, 247, 31, 117, 146, 131, 251, 171, 11, 217, 162, 249, 121, 169, 42, 142, 249, 184, 41, 108, 3, 33, 77], y: [240, 94, 106, 217, 125, 7, 176, 250, 50, 87, 231, 174, 139, 227, 61, 56, 242, 196, 18, 29, 173, 178, 82, 229, 199, 104, 127, 85, 11, 52, 217, 92] }))), comment: "root@b93bad377078" }, PublicKey { key_data: Dsa(DsaPublicKey { p: Mpint(00DD8BF5C0039DD33F1D3112E6448AE275ABF314140BA46859517F5009696DDDCBF7A20BF719B5AEE91E3A973C127E7D6CEFC964F212DB11F5B33C770777F4B9CF7A06F796009A8A973CD8A2E92CFB2EA317FCD8B2E701CDB062A65168249D3CDBFD325E367876803BCB0D3E44C883E15EE853DAD9AB985F4DC77E30F94051DE6F), q: Mpint(008D1C9BE3D5E23C0A898FC365EE55E5CED75FF04B), g: Mpint(08BE323A4A298C1E4D5CB464B469BEF0C29A208624A8CD5CF3E2A29337331FF0981D4B891280652B3C63199871DC549B1BBEDD6397864D0D11F94B3C87AED3A9FA1BE0D54F2B26A67DACE32671337D49A2F8BA677AF3F32A2353EE4FF331696D96F641604F65FC96CE324F53190C41E3A10C4371A433D22CAABA4C9ACF4EED30), y: Mpint(1C105AF11B2E79A5ACA3B22B80600C34D96874EE7D2D04D255DB24B6C3949BE832E984B8D00998512E82152ACE34CE29B5C3D9B4D8DB063A6D66FD64391E2AFDC5EFBC6DD70505540DE01112457FAB950FD1CBCDC72AA821D3C64CFFDECB9D58CB4E125A117A619923941685F87848DB3F6302A0565FC8D6412662E25899AEBA) }), comment: "root@b93bad377078" }]
[INFO] [stdout] thread 'test_parse_known_hosts' panicked at tests/import_remote.rs:19:5:
[INFO] [stdout] assertion failed: ssh_public_keys.len() == 3
[INFO] [stdout] stack backtrace:
[INFO] [stdout]    0:     0x5fb53f6b8faa - std::backtrace_rs::backtrace::libunwind::trace::h207520d6e9873551
[INFO] [stdout]                                at /rustc/df4ca44d3fbc9301ee17f30f4d474e6ae4b05252/library/std/src/../../backtrace/src/backtrace/libunwind.rs:116:5
[INFO] [stdout]    1:     0x5fb53f6b8faa - std::backtrace_rs::backtrace::trace_unsynchronized::h2ed7433f370e3eca
[INFO] [stdout]                                at /rustc/df4ca44d3fbc9301ee17f30f4d474e6ae4b05252/library/std/src/../../backtrace/src/backtrace/mod.rs:66:5
[INFO] [stdout]    2:     0x5fb53f6b8faa - std::sys::backtrace::_print_fmt::h916fac51166b18d7
[INFO] [stdout]                                at /rustc/df4ca44d3fbc9301ee17f30f4d474e6ae4b05252/library/std/src/sys/backtrace.rs:66:9
[INFO] [stdout]    3:     0x5fb53f6b8faa - <std::sys::backtrace::BacktraceLock::print::DisplayBacktrace as core::fmt::Display>::fmt::ha0a4c9b8ce3802e6
[INFO] [stdout]                                at /rustc/df4ca44d3fbc9301ee17f30f4d474e6ae4b05252/library/std/src/sys/backtrace.rs:39:26
[INFO] [stdout]    4:     0x5fb53f6e3b83 - core::fmt::rt::Argument::fmt::h4cfc8587d52b3eb5
[INFO] [stdout]                                at /rustc/df4ca44d3fbc9301ee17f30f4d474e6ae4b05252/library/core/src/fmt/rt.rs:177:76
[INFO] [stdout]    5:     0x5fb53f6e3b83 - core::fmt::write::h522cc39e5b36ae9f
[INFO] [stdout]                                at /rustc/df4ca44d3fbc9301ee17f30f4d474e6ae4b05252/library/core/src/fmt/mod.rs:1190:21
[INFO] [stdout]    6:     0x5fb53f6b50f3 - std::io::Write::write_fmt::h7d3c26752da97734
[INFO] [stdout]                                at /rustc/df4ca44d3fbc9301ee17f30f4d474e6ae4b05252/library/std/src/io/mod.rs:1839:15
[INFO] [stdout]    7:     0x5fb53f6b8df2 - std::sys::backtrace::BacktraceLock::print::h4b9e00b29e9c0942
[INFO] [stdout]                                at /rustc/df4ca44d3fbc9301ee17f30f4d474e6ae4b05252/library/std/src/sys/backtrace.rs:42:9
[INFO] [stdout]    8:     0x5fb53f6ba4ba - std::panicking::default_hook::{{closure}}::hb59b88280d0324d9
[INFO] [stdout]                                at /rustc/df4ca44d3fbc9301ee17f30f4d474e6ae4b05252/library/std/src/panicking.rs:268:22
[INFO] [stdout]    9:     0x5fb53f6ba2c4 - std::panicking::default_hook::he1dd496665be4a29
[INFO] [stdout]                                at /rustc/df4ca44d3fbc9301ee17f30f4d474e6ae4b05252/library/std/src/panicking.rs:292:9
[INFO] [stdout]   10:     0x5fb53f442309 - <alloc::boxed::Box<F,A> as core::ops::function::Fn<Args>>::call::h4ff71de18744e1dc
[INFO] [stdout]                                at /rustc/df4ca44d3fbc9301ee17f30f4d474e6ae4b05252/library/alloc/src/boxed.rs:2468:9
[INFO] [stdout]   11:     0x5fb53f442309 - test::test_main::{{closure}}::hcf7c055ce117aa81
[INFO] [stdout]                                at /rustc/df4ca44d3fbc9301ee17f30f4d474e6ae4b05252/library/test/src/lib.rs:133:21
[INFO] [stdout]   12:     0x5fb53f6babb8 - <alloc::boxed::Box<F,A> as core::ops::function::Fn<Args>>::call::h1d66c6bbd60c9692
[INFO] [stdout]                                at /rustc/df4ca44d3fbc9301ee17f30f4d474e6ae4b05252/library/alloc/src/boxed.rs:2468:9
[INFO] [stdout]   13:     0x5fb53f6babb8 - std::panicking::rust_panic_with_hook::h2ff17fe8f26dfcf8
[INFO] [stdout]                                at /rustc/df4ca44d3fbc9301ee17f30f4d474e6ae4b05252/library/std/src/panicking.rs:809:13
[INFO] [stdout]   14:     0x5fb53f6ba946 - std::panicking::begin_panic_handler::{{closure}}::h4fad77951c07e101
[INFO] [stdout]                                at /rustc/df4ca44d3fbc9301ee17f30f4d474e6ae4b05252/library/std/src/panicking.rs:667:13
[INFO] [stdout]   15:     0x5fb53f6b9489 - std::sys::backtrace::__rust_end_short_backtrace::hb1a25b3da5d0ea08
[INFO] [stdout]                                at /rustc/df4ca44d3fbc9301ee17f30f4d474e6ae4b05252/library/std/src/sys/backtrace.rs:170:18
[INFO] [stdout]   16:     0x5fb53f6ba60c - rust_begin_unwind
[INFO] [stdout]                                at /rustc/df4ca44d3fbc9301ee17f30f4d474e6ae4b05252/library/std/src/panicking.rs:665:5
[INFO] [stdout]   17:     0x5fb53f6e2230 - core::panicking::panic_fmt::ha9db07b529f9b256
[INFO] [stdout]                                at /rustc/df4ca44d3fbc9301ee17f30f4d474e6ae4b05252/library/core/src/panicking.rs:75:14
[INFO] [stdout]   18:     0x5fb53f6e22bc - core::panicking::panic::h993086813d94accc
[INFO] [stdout]                                at /rustc/df4ca44d3fbc9301ee17f30f4d474e6ae4b05252/library/core/src/panicking.rs:152:5
[INFO] [stdout]   19:     0x5fb53f403096 - import_remote::test_parse_known_hosts::test_parse_known_hosts::h3bd54d5da494b7bd
[INFO] [stdout]                                at /opt/rustwide/workdir/tests/import_remote.rs:19:5
[INFO] [stdout]   20:     0x5fb53f402dab - import_remote::test_parse_known_hosts::hcd07afbca0768930
[INFO] [stdout]                                at /opt/rustwide/workdir/tests/import_remote.rs:15:1
[INFO] [stdout]   21:     0x5fb53f402d77 - import_remote::test_parse_known_hosts::{{closure}}::h223bc2a4b00c4c73
[INFO] [stdout]                                at /opt/rustwide/workdir/tests/import_remote.rs:16:70
[INFO] [stdout]   22:     0x5fb53f404c16 - core::ops::function::FnOnce::call_once::h54e1eacd1de5f4a1
[INFO] [stdout]                                at /rustc/df4ca44d3fbc9301ee17f30f4d474e6ae4b05252/library/core/src/ops/function.rs:250:5
[INFO] [stdout]   23:     0x5fb53f446bdb - core::ops::function::FnOnce::call_once::h22c3ba5715e93f05
[INFO] [stdout]                                at /rustc/df4ca44d3fbc9301ee17f30f4d474e6ae4b05252/library/core/src/ops/function.rs:250:5
[INFO] [stdout]   24:     0x5fb53f446bdb - test::__rust_begin_short_backtrace::h8e82d8113d0da17f
[INFO] [stdout]                                at /rustc/df4ca44d3fbc9301ee17f30f4d474e6ae4b05252/library/test/src/lib.rs:621:18
[INFO] [stdout]   25:     0x5fb53f446557 - test::run_test_in_process::{{closure}}::h33235f4f20b7b7c7
[INFO] [stdout]                                at /rustc/df4ca44d3fbc9301ee17f30f4d474e6ae4b05252/library/test/src/lib.rs:644:60
[INFO] [stdout]   26:     0x5fb53f446557 - <core::panic::unwind_safe::AssertUnwindSafe<F> as core::ops::function::FnOnce<()>>::call_once::hb5043206310c586f
[INFO] [stdout]                                at /rustc/df4ca44d3fbc9301ee17f30f4d474e6ae4b05252/library/core/src/panic/unwind_safe.rs:272:9
[INFO] [stdout]   27:     0x5fb53f446557 - std::panicking::try::do_call::h9ad4731a60ab23e2
[INFO] [stdout]                                at /rustc/df4ca44d3fbc9301ee17f30f4d474e6ae4b05252/library/std/src/panicking.rs:557:40
[INFO] [stdout]   28:     0x5fb53f446557 - std::panicking::try::h3824d23db772a716
[INFO] [stdout]                                at /rustc/df4ca44d3fbc9301ee17f30f4d474e6ae4b05252/library/std/src/panicking.rs:520:19
[INFO] [stdout]   29:     0x5fb53f446557 - std::panic::catch_unwind::h5afd514605fde46b
[INFO] [stdout]                                at /rustc/df4ca44d3fbc9301ee17f30f4d474e6ae4b05252/library/std/src/panic.rs:358:14
[INFO] [stdout]   30:     0x5fb53f446557 - test::run_test_in_process::h0d5cbfa7067d1720
[INFO] [stdout]                                at /rustc/df4ca44d3fbc9301ee17f30f4d474e6ae4b05252/library/test/src/lib.rs:644:27
[INFO] [stdout]   31:     0x5fb53f446557 - test::run_test::{{closure}}::h708eb8872708115d
[INFO] [stdout]                                at /rustc/df4ca44d3fbc9301ee17f30f4d474e6ae4b05252/library/test/src/lib.rs:565:43
[INFO] [stdout]   32:     0x5fb53f409c74 - test::run_test::{{closure}}::h392c51cee94713ab
[INFO] [stdout]                                at /rustc/df4ca44d3fbc9301ee17f30f4d474e6ae4b05252/library/test/src/lib.rs:595:41
[INFO] [stdout]   33:     0x5fb53f409c74 - std::sys::backtrace::__rust_begin_short_backtrace::h2f40290710935a8b
[INFO] [stdout]                                at /rustc/df4ca44d3fbc9301ee17f30f4d474e6ae4b05252/library/std/src/sys/backtrace.rs:154:18
[INFO] [stdout]   34:     0x5fb53f40d41e - std::thread::Builder::spawn_unchecked_::{{closure}}::{{closure}}::h3fd968d89053a903
[INFO] [stdout]                                at /rustc/df4ca44d3fbc9301ee17f30f4d474e6ae4b05252/library/std/src/thread/mod.rs:541:17
[INFO] [stdout]   35:     0x5fb53f40d41e - <core::panic::unwind_safe::AssertUnwindSafe<F> as core::ops::function::FnOnce<()>>::call_once::h743f637ba4229880
[INFO] [stdout]                                at /rustc/df4ca44d3fbc9301ee17f30f4d474e6ae4b05252/library/core/src/panic/unwind_safe.rs:272:9
[INFO] [stdout]   36:     0x5fb53f40d41e - std::panicking::try::do_call::h07440897322525a6
[INFO] [stdout]                                at /rustc/df4ca44d3fbc9301ee17f30f4d474e6ae4b05252/library/std/src/panicking.rs:557:40
[INFO] [stdout]   37:     0x5fb53f40d41e - std::panicking::try::he5a2e00188156637
[INFO] [stdout]                                at /rustc/df4ca44d3fbc9301ee17f30f4d474e6ae4b05252/library/std/src/panicking.rs:520:19
[INFO] [stdout]   38:     0x5fb53f40d41e - std::panic::catch_unwind::hbaf3cae49b3c6433
[INFO] [stdout]                                at /rustc/df4ca44d3fbc9301ee17f30f4d474e6ae4b05252/library/std/src/panic.rs:358:14
[INFO] [stdout]   39:     0x5fb53f40d41e - std::thread::Builder::spawn_unchecked_::{{closure}}::h8e141ea224820bce
[INFO] [stdout]                                at /rustc/df4ca44d3fbc9301ee17f30f4d474e6ae4b05252/library/std/src/thread/mod.rs:540:30
[INFO] [stdout]   40:     0x5fb53f40d41e - core::ops::function::FnOnce::call_once{{vtable.shim}}::h90d312fedd7b8ea8
[INFO] [stdout]                                at /rustc/df4ca44d3fbc9301ee17f30f4d474e6ae4b05252/library/core/src/ops/function.rs:250:5
[INFO] [stdout]   41:     0x5fb53f6c057b - <alloc::boxed::Box<F,A> as core::ops::function::FnOnce<Args>>::call_once::h69aa08ddb6adb8b6
[INFO] [stdout]                                at /rustc/df4ca44d3fbc9301ee17f30f4d474e6ae4b05252/library/alloc/src/boxed.rs:2454:9
[INFO] [stdout]   42:     0x5fb53f6c057b - <alloc::boxed::Box<F,A> as core::ops::function::FnOnce<Args>>::call_once::h5aa36efdb79c806f
[INFO] [stdout]                                at /rustc/df4ca44d3fbc9301ee17f30f4d474e6ae4b05252/library/alloc/src/boxed.rs:2454:9
[INFO] [stdout]   43:     0x5fb53f6c057b - std::sys::pal::unix::thread::Thread::new::thread_start::h6cd80a1b4be5158d
[INFO] [stdout]                                at /rustc/df4ca44d3fbc9301ee17f30f4d474e6ae4b05252/library/std/src/sys/pal/unix/thread.rs:105:17
[INFO] [stdout]   44:     0x7cec4dd43ac3 - <unknown>
[INFO] [stdout]   45:     0x7cec4ddd4a04 - clone
[INFO] [stdout]   46:                0x0 - <unknown>
[INFO] [stdout] 
[INFO] [stdout] 
[INFO] [stdout] failures:
[INFO] [stdout]     test_parse_known_hosts
[INFO] [stdout] 
[INFO] [stdout] test result: FAILED. 0 passed; 1 failed; 1 ignored; 0 measured; 0 filtered out; finished in 1.44s
[INFO] [stdout] 
[INFO] [stderr] error: test failed, to rerun pass `--test import_remote`
[INFO] running `Command { std: "docker" "inspect" "b93bad3770784f2bd2df4f3b0dcbee24700dad35b80170c38e4b6734c751edab", kill_on_drop: false }`
[INFO] running `Command { std: "docker" "rm" "-f" "b93bad3770784f2bd2df4f3b0dcbee24700dad35b80170c38e4b6734c751edab", kill_on_drop: false }`
[INFO] [stdout] b93bad3770784f2bd2df4f3b0dcbee24700dad35b80170c38e4b6734c751edab
