[INFO] fetching crate ssh-vault 1.0.13...
[INFO] testing ssh-vault-1.0.13 against nightly-2024-10-28 for randomize-layout
[INFO] extracting crate ssh-vault 1.0.13 into /workspace/builds/worker-5-tc1/source
[INFO] validating manifest of crates.io crate ssh-vault 1.0.13 on toolchain nightly-2024-10-28
[INFO] running `Command { std: CARGO_HOME="/workspace/cargo-home" RUSTUP_HOME="/workspace/rustup-home" "/workspace/cargo-home/bin/cargo" "+nightly-2024-10-28" "metadata" "--manifest-path" "Cargo.toml" "--no-deps", kill_on_drop: false }`
[INFO] started tweaking crates.io crate ssh-vault 1.0.13
[INFO] finished tweaking crates.io crate ssh-vault 1.0.13
[INFO] tweaked toml for crates.io crate ssh-vault 1.0.13 written to /workspace/builds/worker-5-tc1/source/Cargo.toml
[INFO] crate crates.io crate ssh-vault 1.0.13 already has a lockfile, it will not be regenerated
[INFO] running `Command { std: CARGO_HOME="/workspace/cargo-home" RUSTUP_HOME="/workspace/rustup-home" "/workspace/cargo-home/bin/cargo" "+nightly-2024-10-28" "fetch" "--manifest-path" "Cargo.toml", kill_on_drop: false }`
[INFO] [stderr]     Updating crates.io index
[INFO] [stderr]  Downloading crates ...
[INFO] [stderr]   Downloaded bcrypt-pbkdf v0.10.0
[INFO] [stderr]   Downloaded openssl-src v300.3.1+3.3.1
[INFO] running `Command { std: "docker" "create" "-v" "/var/lib/crater-agent-workspace/builds/worker-5-tc1/target:/opt/rustwide/target:rw,Z" "-v" "/var/lib/crater-agent-workspace/builds/worker-5-tc1/source:/opt/rustwide/workdir:ro,Z" "-v" "/var/lib/crater-agent-workspace/cargo-home:/opt/rustwide/cargo-home:ro,Z" "-v" "/var/lib/crater-agent-workspace/rustup-home:/opt/rustwide/rustup-home:ro,Z" "-e" "SOURCE_DIR=/opt/rustwide/workdir" "-e" "CARGO_TARGET_DIR=/opt/rustwide/target" "-e" "CARGO_HOME=/opt/rustwide/cargo-home" "-e" "RUSTUP_HOME=/opt/rustwide/rustup-home" "-w" "/opt/rustwide/workdir" "-m" "1610612736" "--user" "0:0" "--network" "none" "ghcr.io/rust-lang/crates-build-env/linux@sha256:4a844ea9eb2546a2d2c7022eacef16ef2e8229c7fbb2c7d4d55a9ceca922f72d" "/opt/rustwide/cargo-home/bin/cargo" "+nightly-2024-10-28" "metadata" "--no-deps" "--format-version=1", kill_on_drop: false }`
[INFO] [stdout] cd47f04cd19c2b09e676ab091c22bd237f25ec0a9d3ee3976192f0c0bd05be34
[INFO] running `Command { std: "docker" "start" "-a" "cd47f04cd19c2b09e676ab091c22bd237f25ec0a9d3ee3976192f0c0bd05be34", kill_on_drop: false }`
[INFO] running `Command { std: "docker" "inspect" "cd47f04cd19c2b09e676ab091c22bd237f25ec0a9d3ee3976192f0c0bd05be34", kill_on_drop: false }`
[INFO] running `Command { std: "docker" "rm" "-f" "cd47f04cd19c2b09e676ab091c22bd237f25ec0a9d3ee3976192f0c0bd05be34", kill_on_drop: false }`
[INFO] [stdout] cd47f04cd19c2b09e676ab091c22bd237f25ec0a9d3ee3976192f0c0bd05be34
[INFO] running `Command { std: "docker" "create" "-v" "/var/lib/crater-agent-workspace/builds/worker-5-tc1/target:/opt/rustwide/target:rw,Z" "-v" "/var/lib/crater-agent-workspace/builds/worker-5-tc1/source:/opt/rustwide/workdir:ro,Z" "-v" "/var/lib/crater-agent-workspace/cargo-home:/opt/rustwide/cargo-home:ro,Z" "-v" "/var/lib/crater-agent-workspace/rustup-home:/opt/rustwide/rustup-home:ro,Z" "-e" "SOURCE_DIR=/opt/rustwide/workdir" "-e" "CARGO_TARGET_DIR=/opt/rustwide/target" "-e" "CARGO_INCREMENTAL=0" "-e" "RUST_BACKTRACE=full" "-e" "RUSTFLAGS=--cap-lints=forbid" "-e" "RUSTDOCFLAGS=--cap-lints=forbid" "-e" "CARGO_HOME=/opt/rustwide/cargo-home" "-e" "RUSTUP_HOME=/opt/rustwide/rustup-home" "-w" "/opt/rustwide/workdir" "-m" "1610612736" "--user" "0:0" "--network" "none" "ghcr.io/rust-lang/crates-build-env/linux@sha256:4a844ea9eb2546a2d2c7022eacef16ef2e8229c7fbb2c7d4d55a9ceca922f72d" "/opt/rustwide/cargo-home/bin/cargo" "+nightly-2024-10-28" "build" "--frozen" "--message-format=json", kill_on_drop: false }`
[INFO] [stdout] d177d9fdafaeeb4e758df5af5012eb0f7b4099126b1566ec598e99b4d0bfea47
[INFO] running `Command { std: "docker" "start" "-a" "d177d9fdafaeeb4e758df5af5012eb0f7b4099126b1566ec598e99b4d0bfea47", kill_on_drop: false }`
[INFO] [stderr]    Compiling libc v0.2.155
[INFO] [stderr]    Compiling proc-macro2 v1.0.85
[INFO] [stderr]    Compiling unicode-ident v1.0.12
[INFO] [stderr]    Compiling typenum v1.17.0
[INFO] [stderr]    Compiling version_check v0.9.4
[INFO] [stderr]    Compiling autocfg v1.3.0
[INFO] [stderr]    Compiling subtle v2.5.0
[INFO] [stderr]    Compiling const-oid v0.9.6
[INFO] [stderr]    Compiling cpufeatures v0.2.12
[INFO] [stderr]    Compiling memchr v2.7.4
[INFO] [stderr]    Compiling bytes v1.6.0
[INFO] [stderr]    Compiling pin-project-lite v0.2.14
[INFO] [stderr]    Compiling base64ct v1.6.0
[INFO] [stderr]    Compiling cc v1.0.99
[INFO] [stderr]    Compiling pkg-config v0.3.30
[INFO] [stderr]    Compiling itoa v1.0.11
[INFO] [stderr]    Compiling futures-core v0.3.30
[INFO] [stderr]    Compiling vcpkg v0.2.15
[INFO] [stderr]    Compiling futures-sink v0.3.30
[INFO] [stderr]    Compiling once_cell v1.19.0
[INFO] [stderr]    Compiling smallvec v1.13.2
[INFO] [stderr]    Compiling semver v1.0.23
[INFO] [stderr]    Compiling fnv v1.0.7
[INFO] [stderr]    Compiling libm v0.2.8
[INFO] [stderr]    Compiling opaque-debug v0.3.1
[INFO] [stderr]    Compiling futures-io v0.3.30
[INFO] [stderr]    Compiling slab v0.4.9
[INFO] [stderr]    Compiling pem-rfc7468 v0.7.0
[INFO] [stderr]    Compiling generic-array v0.14.7
[INFO] [stderr]    Compiling http v1.1.0
[INFO] [stderr]    Compiling num-traits v0.2.19
[INFO] [stderr]    Compiling futures-task v0.3.30
[INFO] [stderr]    Compiling bitflags v2.5.0
[INFO] [stderr]    Compiling pin-utils v0.1.0
[INFO] [stderr]    Compiling rustc_version v0.4.0
[INFO] [stderr]    Compiling tracing-core v0.1.32
[INFO] [stderr]    Compiling serde v1.0.203
[INFO] [stderr]    Compiling openssl v0.10.64
[INFO] [stderr]    Compiling foreign-types-shared v0.1.1
[INFO] [stderr]    Compiling quote v1.0.36
[INFO] [stderr]    Compiling hashbrown v0.14.5
[INFO] [stderr]    Compiling equivalent v1.0.1
[INFO] [stderr]    Compiling httparse v1.9.4
[INFO] [stderr]    Compiling futures-util v0.3.30
[INFO] [stderr]    Compiling syn v2.0.66
[INFO] [stderr]    Compiling tracing v0.1.40
[INFO] [stderr]    Compiling curve25519-dalek v4.1.3
[INFO] [stderr]    Compiling foreign-types v0.3.2
[INFO] [stderr]    Compiling native-tls v0.2.12
[INFO] [stderr]    Compiling tinyvec_macros v0.1.1
[INFO] [stderr]    Compiling byteorder v1.5.0
[INFO] [stderr]    Compiling ppv-lite86 v0.2.17
[INFO] [stderr]    Compiling try-lock v0.2.5
[INFO] [stderr]    Compiling atomic-waker v1.1.2
[INFO] [stderr]    Compiling getrandom v0.2.15
[INFO] [stderr]    Compiling mio v0.8.11
[INFO] [stderr]    Compiling socket2 v0.5.7
[INFO] [stderr]    Compiling http-body v1.0.0
[INFO] [stderr]    Compiling spin v0.5.2
[INFO] [stderr]    Compiling rand_core v0.6.4
[INFO] [stderr]    Compiling indexmap v2.2.6
[INFO] [stderr]    Compiling lazy_static v1.4.0
[INFO] [stderr]    Compiling want v0.3.1
[INFO] [stderr]    Compiling tinyvec v1.6.0
[INFO] [stderr]    Compiling lock_api v0.4.12
[INFO] [stderr]    Compiling rand_chacha v0.3.1
[INFO] [stderr]    Compiling futures-channel v0.3.30
[INFO] [stderr]    Compiling tokio v1.38.0
[INFO] [stderr]    Compiling openssl-probe v0.1.5
[INFO] [stderr]    Compiling utf8parse v0.2.2
[INFO] [stderr]    Compiling tower-service v0.3.2
[INFO] [stderr]    Compiling percent-encoding v2.3.1
[INFO] [stderr]    Compiling parking_lot_core v0.9.10
[INFO] [stderr]    Compiling log v0.4.21
[INFO] [stderr]    Compiling openssl-sys v0.9.102
[INFO] [stderr]    Compiling crypto-common v0.1.6
[INFO] [stderr]    Compiling block-buffer v0.10.4
[INFO] [stderr]    Compiling block-padding v0.3.3
[INFO] [stderr]    Compiling num-bigint-dig v0.8.4
[INFO] [stderr]    Compiling tower-layer v0.3.2
[INFO] [stderr]    Compiling inout v0.1.3
[INFO] [stderr]    Compiling form_urlencoded v1.2.1
[INFO] [stderr]    Compiling rand v0.8.5
[INFO] [stderr]    Compiling anstyle-parse v0.2.4
[INFO] [stderr]    Compiling digest v0.10.7
[INFO] [stderr]    Compiling universal-hash v0.5.1
[INFO] [stderr]    Compiling aead v0.5.2
[INFO] [stderr]    Compiling num-integer v0.1.46
[INFO] [stderr]    Compiling ryu v1.0.18
[INFO] [stderr]    Compiling polyval v0.6.2
[INFO] [stderr]    Compiling poly1305 v0.8.0
[INFO] [stderr]    Compiling unicode-bidi v0.3.15
[INFO] [stderr]    Compiling scopeguard v1.2.0
[INFO] [stderr]    Compiling rustix v0.38.34
[INFO] [stderr]    Compiling is_terminal_polyfill v1.70.0
[INFO] [stderr]    Compiling unicode-normalization v0.1.23
[INFO] [stderr]    Compiling ghash v0.5.1
[INFO] [stderr]    Compiling colorchoice v1.0.1
[INFO] [stderr]    Compiling anstyle v1.0.7
[INFO] [stderr]    Compiling anstyle-query v1.1.0
[INFO] [stderr]    Compiling sha2 v0.10.8
[INFO] [stderr]    Compiling signature v2.2.0
[INFO] [stderr]    Compiling pbkdf2 v0.12.2
[INFO] [stderr]    Compiling num-iter v0.1.45
[INFO] [stderr]    Compiling anstream v0.6.14
[INFO] [stderr]    Compiling aho-corasick v1.1.3
[INFO] [stderr]    Compiling clap_lex v0.7.1
[INFO] [stderr]    Compiling serde_json v1.0.117
[INFO] [stderr]    Compiling minimal-lexical v0.2.1
[INFO] [stderr]    Compiling linked-hash-map v0.5.6
[INFO] [stderr]    Compiling idna v0.5.0
[INFO] [stderr]    Compiling ssh-encoding v0.2.0
[INFO] [stderr]    Compiling regex-syntax v0.8.4
[INFO] [stderr]    Compiling anyhow v1.0.86
[INFO] [stderr]    Compiling strsim v0.11.1
[INFO] [stderr]    Compiling base64 v0.22.1
[INFO] [stderr]    Compiling rustls-pki-types v1.7.0
[INFO] [stderr]    Compiling base16ct v0.2.0
[INFO] [stderr]    Compiling nom v7.1.3
[INFO] [stderr]    Compiling sec1 v0.7.3
[INFO] [stderr]    Compiling clap_builder v4.5.7
[INFO] [stderr]    Compiling yaml-rust v0.4.5
[INFO] [stderr]    Compiling parking_lot v0.12.3
[INFO] [stderr]    Compiling hmac v0.12.1
[INFO] [stderr]    Compiling url v2.5.2
[INFO] [stderr]    Compiling rustls-pemfile v2.1.2
[INFO] [stderr]    Compiling rtoolbox v0.0.2
[INFO] [stderr]    Compiling encoding_rs v0.8.34
[INFO] [stderr]    Compiling pathdiff v0.2.1
[INFO] [stderr]    Compiling ipnet v2.9.0
[INFO] [stderr]    Compiling fastrand v2.1.0
[INFO] [stderr]    Compiling mime v0.3.17
[INFO] [stderr]    Compiling sync_wrapper v1.0.1
[INFO] [stderr]    Compiling rpassword v7.3.1
[INFO] [stderr]    Compiling temp-env v0.3.6
[INFO] [stderr]    Compiling hkdf v0.12.4
[INFO] [stderr]    Compiling md5 v0.7.0
[INFO] [stderr]    Compiling home v0.5.9
[INFO] [stderr]    Compiling shell-words v1.1.0
[INFO] [stderr]    Compiling base58 v0.2.0
[INFO] [stderr]    Compiling hex-literal v0.4.1
[INFO] [stderr]    Compiling http-body-util v0.1.2
[INFO] [stderr]    Compiling tempfile v3.10.1
[INFO] [stderr]    Compiling clap v4.5.7
[INFO] [stderr]    Compiling regex-automata v0.4.7
[INFO] [stderr]    Compiling zeroize_derive v1.4.2
[INFO] [stderr]    Compiling openssl-macros v0.1.1
[INFO] [stderr]    Compiling pin-project-internal v1.1.5
[INFO] [stderr]    Compiling serde_derive v1.0.203
[INFO] [stderr]    Compiling curve25519-dalek-derive v0.1.1
[INFO] [stderr]    Compiling tokio-util v0.7.11
[INFO] [stderr]    Compiling zeroize v1.8.1
[INFO] [stderr]    Compiling cipher v0.4.4
[INFO] [stderr]    Compiling der v0.7.9
[INFO] [stderr]    Compiling secrecy v0.8.0
[INFO] [stderr]    Compiling h2 v0.4.5
[INFO] [stderr]    Compiling aes v0.8.4
[INFO] [stderr]    Compiling chacha20 v0.9.1
[INFO] [stderr]    Compiling ctr v0.9.2
[INFO] [stderr]    Compiling blowfish v0.9.1
[INFO] [stderr]    Compiling cbc v0.1.2
[INFO] [stderr]    Compiling bcrypt-pbkdf v0.10.0
[INFO] [stderr]    Compiling pin-project v1.1.5
[INFO] [stderr]    Compiling tower v0.4.13
[INFO] [stderr]    Compiling chacha20poly1305 v0.10.1
[INFO] [stderr]    Compiling regex v1.10.5
[INFO] [stderr]    Compiling aes-gcm v0.10.3
[INFO] [stderr]    Compiling ssh-cipher v0.2.0
[INFO] [stderr]    Compiling spki v0.7.3
[INFO] [stderr]    Compiling pkcs8 v0.10.2
[INFO] [stderr]    Compiling ed25519 v2.2.3
[INFO] [stderr]    Compiling pkcs1 v0.7.5
[INFO] [stderr]    Compiling x25519-dalek v2.0.1
[INFO] [stderr]    Compiling ed25519-dalek v2.1.1
[INFO] [stderr]    Compiling rsa v0.9.6
[INFO] [stderr]    Compiling ssh-key v0.6.6
[INFO] [stderr]    Compiling hyper v1.3.1
[INFO] [stderr]    Compiling tokio-native-tls v0.3.1
[INFO] [stderr]    Compiling hyper-util v0.1.5
[INFO] [stderr]    Compiling hyper-tls v0.6.0
[INFO] [stderr]    Compiling serde_urlencoded v0.7.1
[INFO] [stderr]    Compiling config v0.14.0
[INFO] [stderr]    Compiling reqwest v0.12.5
[INFO] [stderr]    Compiling ssh-vault v1.0.13 (/opt/rustwide/workdir)
[INFO] [stderr]     Finished `dev` profile [unoptimized + debuginfo] target(s) in 31.44s
[INFO] running `Command { std: "docker" "inspect" "d177d9fdafaeeb4e758df5af5012eb0f7b4099126b1566ec598e99b4d0bfea47", kill_on_drop: false }`
[INFO] running `Command { std: "docker" "rm" "-f" "d177d9fdafaeeb4e758df5af5012eb0f7b4099126b1566ec598e99b4d0bfea47", kill_on_drop: false }`
[INFO] [stdout] d177d9fdafaeeb4e758df5af5012eb0f7b4099126b1566ec598e99b4d0bfea47
[INFO] running `Command { std: "docker" "create" "-v" "/var/lib/crater-agent-workspace/builds/worker-5-tc1/target:/opt/rustwide/target:rw,Z" "-v" "/var/lib/crater-agent-workspace/builds/worker-5-tc1/source:/opt/rustwide/workdir:ro,Z" "-v" "/var/lib/crater-agent-workspace/cargo-home:/opt/rustwide/cargo-home:ro,Z" "-v" "/var/lib/crater-agent-workspace/rustup-home:/opt/rustwide/rustup-home:ro,Z" "-e" "SOURCE_DIR=/opt/rustwide/workdir" "-e" "CARGO_TARGET_DIR=/opt/rustwide/target" "-e" "CARGO_INCREMENTAL=0" "-e" "RUST_BACKTRACE=full" "-e" "RUSTFLAGS=--cap-lints=forbid" "-e" "RUSTDOCFLAGS=--cap-lints=forbid" "-e" "CARGO_HOME=/opt/rustwide/cargo-home" "-e" "RUSTUP_HOME=/opt/rustwide/rustup-home" "-w" "/opt/rustwide/workdir" "-m" "1610612736" "--user" "0:0" "--network" "none" "ghcr.io/rust-lang/crates-build-env/linux@sha256:4a844ea9eb2546a2d2c7022eacef16ef2e8229c7fbb2c7d4d55a9ceca922f72d" "/opt/rustwide/cargo-home/bin/cargo" "+nightly-2024-10-28" "test" "--frozen" "--no-run" "--message-format=json", kill_on_drop: false }`
[INFO] [stdout] 60b3ac39fa4e15f662f371dfac6b6e523bf5b708944a9a770e2913aa34be63e9
[INFO] running `Command { std: "docker" "start" "-a" "60b3ac39fa4e15f662f371dfac6b6e523bf5b708944a9a770e2913aa34be63e9", kill_on_drop: false }`
[INFO] [stderr]    Compiling ssh-vault v1.0.13 (/opt/rustwide/workdir)
[INFO] [stderr]     Finished `test` profile [unoptimized + debuginfo] target(s) in 3.24s
[INFO] running `Command { std: "docker" "inspect" "60b3ac39fa4e15f662f371dfac6b6e523bf5b708944a9a770e2913aa34be63e9", kill_on_drop: false }`
[INFO] running `Command { std: "docker" "rm" "-f" "60b3ac39fa4e15f662f371dfac6b6e523bf5b708944a9a770e2913aa34be63e9", kill_on_drop: false }`
[INFO] [stdout] 60b3ac39fa4e15f662f371dfac6b6e523bf5b708944a9a770e2913aa34be63e9
[INFO] running `Command { std: "docker" "create" "-v" "/var/lib/crater-agent-workspace/builds/worker-5-tc1/target:/opt/rustwide/target:rw,Z" "-v" "/var/lib/crater-agent-workspace/builds/worker-5-tc1/source:/opt/rustwide/workdir:ro,Z" "-v" "/var/lib/crater-agent-workspace/cargo-home:/opt/rustwide/cargo-home:ro,Z" "-v" "/var/lib/crater-agent-workspace/rustup-home:/opt/rustwide/rustup-home:ro,Z" "-e" "SOURCE_DIR=/opt/rustwide/workdir" "-e" "CARGO_TARGET_DIR=/opt/rustwide/target" "-e" "CARGO_INCREMENTAL=0" "-e" "RUST_BACKTRACE=full" "-e" "RUSTFLAGS=--cap-lints=forbid" "-e" "RUSTDOCFLAGS=--cap-lints=forbid" "-e" "CARGO_HOME=/opt/rustwide/cargo-home" "-e" "RUSTUP_HOME=/opt/rustwide/rustup-home" "-w" "/opt/rustwide/workdir" "-m" "1610612736" "--user" "0:0" "--network" "none" "ghcr.io/rust-lang/crates-build-env/linux@sha256:4a844ea9eb2546a2d2c7022eacef16ef2e8229c7fbb2c7d4d55a9ceca922f72d" "/opt/rustwide/cargo-home/bin/cargo" "+nightly-2024-10-28" "test" "--frozen", kill_on_drop: false }`
[INFO] [stdout] 6280cdc68f0f15bcd2ee6f0aa530667681ce26dd2f3e4e8a5a3639ec25ccf568
[INFO] running `Command { std: "docker" "start" "-a" "6280cdc68f0f15bcd2ee6f0aa530667681ce26dd2f3e4e8a5a3639ec25ccf568", kill_on_drop: false }`
[INFO] [stderr]     Finished `test` profile [unoptimized + debuginfo] target(s) in 0.42s
[INFO] [stderr]      Running unittests src/lib.rs (/opt/rustwide/target/debug/deps/ssh_vault-e033d7054aa2b908)
[INFO] [stdout] 
[INFO] [stdout] running 86 tests
[INFO] [stdout] test cache::tests::test_get ... ok
[INFO] [stdout] test cache::tests::test_get_cache_path ... ok
[INFO] [stdout] test cli::actions::create::tests::test_format ... ok
[INFO] [stdout] test cache::tests::test_put ... ok
[INFO] [stdout] test cli::actions::create::tests::test_format_helper ... ok
[INFO] [stdout] test cli::actions::create::tests::test_format_helper_json ... ok
[INFO] [stdout] test cli::actions::create::tests::test_format_json ... ok
[INFO] [stdout] test cache::tests::test_get_ssh_vault_path ... ok
[INFO] [stdout] test cli::actions::tests::test_fingerprint ... ok
[INFO] [stdout] Machs natest cli::commands::create::tests::test_subcommand_create_with_key ... ok
[INFO] [stdout] test cli::commands::create::tests::test_subcommand_create_with_bad_fingerprint ... ok
[INFO] [stdout] test cli::commands::create::tests::test_subcommand_create_new_and_bad_fingerprint ... ok
[INFO] [stdout] test cli::commands::create::tests::test_fingerprint_regex ... ok
[INFO] [stdout] test cli::commands::create::tests::test_fingerprint_regex_invalid ... ok
[INFO] [stdout] test cli::commands::edit::tests::test_subcommand_edit ... ok
[INFO] [stdout] test cli::commands::create::tests::test_subcommand_create_with_fingerprint_2 ... ok
[INFO] [stdout] test cli::commands::edit::tests::test_subcommand_edit_ok ... ok
[INFO] [stdout] test cli::commands::create::tests::test_subcommand_create_user_new_with_key_and_fingerprint ... ok
[INFO] [stdout] test cli::commands::fingerprint::tests::test_validator_user_ok ... ok
[INFO] [stdout] test cli::commands::fingerprint::tests::test_validator_user_with_key ... ok
[INFO] [stdout] test cli::actions::tests::test_create_with_json ... ok
[INFO] [stdout] test cli::commands::fingerprint::tests::test_validator_user ... ok
[INFO] [stdout] test cli::commands::edit::tests::test_subcommand_edit_with_passphrase ... ok
[INFO] [stdout] test cli::commands::tests::test_new ... ok
[INFO] [stdout] test cli::commands::view::tests::test_subcommand_view ... ok
[INFO] [stdout] test cli::commands::view::tests::test_subcommand_view_output ... ok
[INFO] [stdout] test cli::commands::create::tests::test_subcommand_create_with_fingerprint_1 ... ok
[INFO] [stdout] test cli::dispatcher::tests::test_dispatch_edit ... ok
[INFO] [stdout] test cli::dispatcher::tests::test_dispatch_fingerprint_with_key ... ok
[INFO] [stdout] test cli::commands::view::tests::test_subcommand_view_short_default ... ok
[INFO] [stdout] test cli::dispatcher::tests::test_dispatch_edit_no_vault ... ok
[INFO] [stdout] test cli::dispatcher::tests::test_dispatch_no_match ... ok
[INFO] [stdout] test cli::dispatcher::tests::test_dispatch_view ... ok
[INFO] [stdout] test cli::dispatcher::tests::test_dispatch_create_with_json ... ok
[INFO] [stdout] test cli::dispatcher::tests::test_dispatch_fingerprint_with_key_and_user ... ok
[INFO] [stdout] test config::tests::test_config_get ... ok
[INFO] [stdout] test cli::commands::view::tests::test_subcommand_view_short ... ok
[INFO] [stdout] test cli::dispatcher::tests::test_dispatch_create_default ... ok
[INFO] [stdout] test cli::commands::view::tests::test_subcommand_view_default ... ok
[INFO] [stdout] test cli::dispatcher::tests::test_dispatch_fingerprint_default ... ok
[INFO] [stdout] test vault::crypto::aes256::tests::test_aes256_invalid_fingerprint ... ok
[INFO] [stdout] test cli::dispatcher::tests::test_dispatch_fingerprint_with_user ... ok
[INFO] [stdout] test vault::crypto::aes256::tests::test_aes256 ... ok
[INFO] [stdout] test tools::tests::test_get_home ... ok
[INFO] [stdout] test vault::crypto::chacha20poly1305::tests::test_chacha20poly1305 ... ok
[INFO] [stdout] test vault::crypto::tests::test_gen_password ... ok
[INFO] [stdout] test vault::crypto::chacha20poly1305::tests::test_chacha20poly1305_wrong_fingerprint ... ok
[INFO] [stdout] test vault::dio::tests::test_input_source ... ok
[INFO] [stdout] testtesttest vault::dio::tests::test_output_destination_truncate ... ok
[INFO] [stdout] test vault::crypto::tests::test_hkdf ... ok
[INFO] [stdout] test vault::online::tests::test_get_private_key_id ... ok
[INFO] [stdout] test vault::find::tests::test_public_key ... ok
[INFO] [stdout] test vault::dio::tests::test_output_destination ... ok
[INFO] [stdout] test vault::dio::tests::test_setup_io_file ... ok
[INFO] [stdout] test vault::fingerprint::tests::test_fingerprints ... ok
[INFO] [stdout] test vault::dio::tests::test_output_destination_is_empty ... ok
[INFO] [stdout] test vault::online::tests::test_get_private_key_id_random_user ... ok
[INFO] [stdout] test vault::remote::tests::test_get_headers ... ok
[INFO] [stdout] test vault::find::tests::test_private_key ... ok
[INFO] [stdout] test vault::remote::tests::test_get_remote_fingerprints ... ok
[INFO] [stdout] test vault::remote::tests::test_get_remote_fingerprints_with_key ... ok
[INFO] [stdout] test vault::remote::tests::test_get_remote_fingerprints_with_key_0_1 ... ok
[INFO] [stdout] test vault::remote::tests::test_get_user_key ... ok
[INFO] [stdout] test vault::remote::tests::test_get_user_key_0_1 ... ok
[INFO] [stdout] test vault::remote::tests::test_get_user_key_3 ... ok
[INFO] [stdout] test vault::remote::tests::test_get_user_key_with_fingerprint ... ok
[INFO] [stdout] test vault::remote::tests::test_get_user_key_with_fingerprint_md5_rsa ... ok
[INFO] [stdout] test vault::find::tests::test_key_type ... ok
[INFO] [stdout] test vault::dio::tests::test_setup_io ... FAILED
[INFO] [stdout] test vault::parse::tests::test_parse_invalid_headers ... ok
[INFO] [stdout] test vault::parse::tests::test_parse_invalid_rsa_vault ... ok
[INFO] [stdout] test vault::find::tests::test_private_key_type ... ok
[INFO] [stdout] test vault::parse::tests::test_parse_invalid_vault ... ok
[INFO] [stdout] test vault::tests::test_ed25519_vault ... ok
[INFO] [stdout] test vault::parse::tests::test_parse_no_fingerprint ... ok
[INFO] [stdout] test vault::parse::tests::test_parse_no_payload ... ok
[INFO] [stdout] test vault::parse::tests::test_parse_missing_data ... ok
[INFO] [stdout] test vault::remote::tests::test_get_remote_fingerprints_with_empty_keys ... ok
[INFO] [stdout] test vault::remote::tests::test_get_user_key_with_key_out_of_range ... ok
[INFO] [stdout] test vault::remote::tests::test_get_user_key_with_empty_keys ... ok
[INFO] [stdout] test vault::ssh::rsa::tests::test_rsa_vault_using_both_keys ... ok
[INFO] [stdout] test vault::crypto::aes256::tests::test_aes256_rand ... ok
[INFO] [stdout] test vault::crypto::chacha20poly1305::tests::test_chacha20poly1305_rand ... ok
[INFO] [stdout] test vault::tests::test_rsa_vault ... ok
[INFO] [stdout] Machs naArrachera is a Mexican dish made from marinated and grilled skirt steak. The steak is seasoned with a mixture of spices and marinades, giving it a rich and savory flavor. Commonly served in tacos or fajitas, arrachera is known for its tenderness and versatility in Mexican cuisinetest cli::actions::tests::test_create_view_edit_with_input ... ok
[INFO] [stdout] test vault::tests::test_vault ... ok
[INFO] [stdout] 
[INFO] [stdout] failures:
[INFO] [stdout] 
[INFO] [stdout] ---- vault::dio::tests::test_setup_io stdout ----
[INFO] [stdout] thread 'vault::dio::tests::test_setup_io' panicked at src/vault/dio.rs:109:9:
[INFO] [stdout] assertion failed: input.is_terminal()
[INFO] [stdout] stack backtrace:
[INFO] [stdout]    0:     0x625e628c968a - std::backtrace_rs::backtrace::libunwind::trace::h207520d6e9873551
[INFO] [stdout]                                at /rustc/df4ca44d3fbc9301ee17f30f4d474e6ae4b05252/library/std/src/../../backtrace/src/backtrace/libunwind.rs:116:5
[INFO] [stdout]    1:     0x625e628c968a - std::backtrace_rs::backtrace::trace_unsynchronized::h2ed7433f370e3eca
[INFO] [stdout]                                at /rustc/df4ca44d3fbc9301ee17f30f4d474e6ae4b05252/library/std/src/../../backtrace/src/backtrace/mod.rs:66:5
[INFO] [stdout]    2:     0x625e628c968a - std::sys::backtrace::_print_fmt::h916fac51166b18d7
[INFO] [stdout]                                at /rustc/df4ca44d3fbc9301ee17f30f4d474e6ae4b05252/library/std/src/sys/backtrace.rs:66:9
[INFO] [stdout]    3:     0x625e628c968a - <std::sys::backtrace::BacktraceLock::print::DisplayBacktrace as core::fmt::Display>::fmt::ha0a4c9b8ce3802e6
[INFO] [stdout]                                at /rustc/df4ca44d3fbc9301ee17f30f4d474e6ae4b05252/library/std/src/sys/backtrace.rs:39:26
[INFO] [stdout]    4:     0x625e628f6323 - core::fmt::rt::Argument::fmt::h4cfc8587d52b3eb5
[INFO] [stdout]                                at /rustc/df4ca44d3fbc9301ee17f30f4d474e6ae4b05252/library/core/src/fmt/rt.rs:177:76
[INFO] [stdout]    5:     0x625e628f6323 - core::fmt::write::h522cc39e5b36ae9f
[INFO] [stdout]                                at /rustc/df4ca44d3fbc9301ee17f30f4d474e6ae4b05252/library/core/src/fmt/mod.rs:1190:21
[INFO] [stdout]    6:     0x625e628c4f83 - std::io::Write::write_fmt::h7d3c26752da97734
[INFO] [stdout]                                at /rustc/df4ca44d3fbc9301ee17f30f4d474e6ae4b05252/library/std/src/io/mod.rs:1839:15
[INFO] [stdout]    7:     0x625e628c94d2 - std::sys::backtrace::BacktraceLock::print::h4b9e00b29e9c0942
[INFO] [stdout]                                at /rustc/df4ca44d3fbc9301ee17f30f4d474e6ae4b05252/library/std/src/sys/backtrace.rs:42:9
[INFO] [stdout]    8:     0x625e628cab1a - std::panicking::default_hook::{{closure}}::hb59b88280d0324d9
[INFO] [stdout]                                at /rustc/df4ca44d3fbc9301ee17f30f4d474e6ae4b05252/library/std/src/panicking.rs:268:22
[INFO] [stdout]    9:     0x625e628ca924 - std::panicking::default_hook::he1dd496665be4a29
[INFO] [stdout]                                at /rustc/df4ca44d3fbc9301ee17f30f4d474e6ae4b05252/library/std/src/panicking.rs:292:9
[INFO] [stdout]   10:     0x625e61fa7039 - <alloc::boxed::Box<F,A> as core::ops::function::Fn<Args>>::call::h4ff71de18744e1dc
[INFO] [stdout]                                at /rustc/df4ca44d3fbc9301ee17f30f4d474e6ae4b05252/library/alloc/src/boxed.rs:2468:9
[INFO] [stdout]   11:     0x625e61fa7039 - test::test_main::{{closure}}::hcf7c055ce117aa81
[INFO] [stdout]                                at /rustc/df4ca44d3fbc9301ee17f30f4d474e6ae4b05252/library/test/src/lib.rs:133:21
[INFO] [stdout]   12:     0x625e628cb218 - <alloc::boxed::Box<F,A> as core::ops::function::Fn<Args>>::call::h1d66c6bbd60c9692
[INFO] [stdout]                                at /rustc/df4ca44d3fbc9301ee17f30f4d474e6ae4b05252/library/alloc/src/boxed.rs:2468:9
[INFO] [stdout]   13:     0x625e628cb218 - std::panicking::rust_panic_with_hook::h2ff17fe8f26dfcf8
[INFO] [stdout]                                at /rustc/df4ca44d3fbc9301ee17f30f4d474e6ae4b05252/library/std/src/panicking.rs:809:13
[INFO] [stdout]   14:     0x625e628cafa6 - std::panicking::begin_panic_handler::{{closure}}::h4fad77951c07e101
[INFO] [stdout]                                at /rustc/df4ca44d3fbc9301ee17f30f4d474e6ae4b05252/library/std/src/panicking.rs:667:13
[INFO] [stdout]   15:     0x625e628c9b69 - std::sys::backtrace::__rust_end_short_backtrace::hb1a25b3da5d0ea08
[INFO] [stdout]                                at /rustc/df4ca44d3fbc9301ee17f30f4d474e6ae4b05252/library/std/src/sys/backtrace.rs:170:18
[INFO] [stdout]   16:     0x625e628cac6c - rust_begin_unwind
[INFO] [stdout]                                at /rustc/df4ca44d3fbc9301ee17f30f4d474e6ae4b05252/library/std/src/panicking.rs:665:5
[INFO] [stdout]   17:     0x625e628f3f20 - core::panicking::panic_fmt::ha9db07b529f9b256
[INFO] [stdout]                                at /rustc/df4ca44d3fbc9301ee17f30f4d474e6ae4b05252/library/core/src/panicking.rs:75:14
[INFO] [stdout]   18:     0x625e628f3fac - core::panicking::panic::h993086813d94accc
[INFO] [stdout]                                at /rustc/df4ca44d3fbc9301ee17f30f4d474e6ae4b05252/library/core/src/panicking.rs:152:5
[INFO] [stdout]   19:     0x625e61f06c95 - ssh_vault::vault::dio::tests::test_setup_io::h5d42f48572cb780d
[INFO] [stdout]                                at /opt/rustwide/workdir/src/vault/dio.rs:109:9
[INFO] [stdout]   20:     0x625e61f06aa7 - ssh_vault::vault::dio::tests::test_setup_io::{{closure}}::h33100d3028a27b24
[INFO] [stdout]                                at /opt/rustwide/workdir/src/vault/dio.rs:104:23
[INFO] [stdout]   21:     0x625e61eea746 - core::ops::function::FnOnce::call_once::h8f85449937438911
[INFO] [stdout]                                at /rustc/df4ca44d3fbc9301ee17f30f4d474e6ae4b05252/library/core/src/ops/function.rs:250:5
[INFO] [stdout]   22:     0x625e61fab90b - core::ops::function::FnOnce::call_once::h22c3ba5715e93f05
[INFO] [stdout]                                at /rustc/df4ca44d3fbc9301ee17f30f4d474e6ae4b05252/library/core/src/ops/function.rs:250:5
[INFO] [stdout]   23:     0x625e61fab90b - test::__rust_begin_short_backtrace::h8e82d8113d0da17f
[INFO] [stdout]                                at /rustc/df4ca44d3fbc9301ee17f30f4d474e6ae4b05252/library/test/src/lib.rs:621:18
[INFO] [stdout]   24:     0x625e61fab287 - test::run_test_in_process::{{closure}}::h33235f4f20b7b7c7
[INFO] [stdout]                                at /rustc/df4ca44d3fbc9301ee17f30f4d474e6ae4b05252/library/test/src/lib.rs:644:60
[INFO] [stdout]   25:     0x625e61fab287 - <core::panic::unwind_safe::AssertUnwindSafe<F> as core::ops::function::FnOnce<()>>::call_once::hb5043206310c586f
[INFO] [stdout]                                at /rustc/df4ca44d3fbc9301ee17f30f4d474e6ae4b05252/library/core/src/panic/unwind_safe.rs:272:9
[INFO] [stdout]   26:     0x625e61fab287 - std::panicking::try::do_call::h9ad4731a60ab23e2
[INFO] [stdout]                                at /rustc/df4ca44d3fbc9301ee17f30f4d474e6ae4b05252/library/std/src/panicking.rs:557:40
[INFO] [stdout]   27:     0x625e61fab287 - std::panicking::try::h3824d23db772a716
[INFO] [stdout]                                at /rustc/df4ca44d3fbc9301ee17f30f4d474e6ae4b05252/library/std/src/panicking.rs:520:19
[INFO] [stdout]   28:     0x625e61fab287 - std::panic::catch_unwind::h5afd514605fde46b
[INFO] [stdout]                                at /rustc/df4ca44d3fbc9301ee17f30f4d474e6ae4b05252/library/std/src/panic.rs:358:14
[INFO] [stdout]   29:     0x625e61fab287 - test::run_test_in_process::h0d5cbfa7067d1720
[INFO] [stdout]                                at /rustc/df4ca44d3fbc9301ee17f30f4d474e6ae4b05252/library/test/src/lib.rs:644:27
[INFO] [stdout]   30:     0x625e61fab287 - test::run_test::{{closure}}::h708eb8872708115d
[INFO] [stdout]                                at /rustc/df4ca44d3fbc9301ee17f30f4d474e6ae4b05252/library/test/src/lib.rs:565:43
[INFO] [stdout]   31:     0x625e61f6e9a4 - test::run_test::{{closure}}::h392c51cee94713ab
[INFO] [stdout]                                at /rustc/df4ca44d3fbc9301ee17f30f4d474e6ae4b05252/library/test/src/lib.rs:595:41
[INFO] [stdout]   32:     0x625e61f6e9a4 - std::sys::backtrace::__rust_begin_short_backtrace::h2f40290710935a8b
[INFO] [stdout]                                at /rustc/df4ca44d3fbc9301ee17f30f4d474e6ae4b05252/library/std/src/sys/backtrace.rs:154:18
[INFO] [stdout]   33:     0x625e61f7214e - std::thread::Builder::spawn_unchecked_::{{closure}}::{{closure}}::h3fd968d89053a903
[INFO] [stdout]                                at /rustc/df4ca44d3fbc9301ee17f30f4d474e6ae4b05252/library/std/src/thread/mod.rs:541:17
[INFO] [stdout]   34:     0x625e61f7214e - <core::panic::unwind_safe::AssertUnwindSafe<F> as core::ops::function::FnOnce<()>>::call_once::h743f637ba4229880
[INFO] [stdout]                                at /rustc/df4ca44d3fbc9301ee17f30f4d474e6ae4b05252/library/core/src/panic/unwind_safe.rs:272:9
[INFO] [stdout]   35:     0x625e61f7214e - std::panicking::try::do_call::h07440897322525a6
[INFO] [stdout]                                at /rustc/df4ca44d3fbc9301ee17f30f4d474e6ae4b05252/library/std/src/panicking.rs:557:40
[INFO] [stdout]   36:     0x625e61f7214e - std::panicking::try::he5a2e00188156637
[INFO] [stdout]                                at /rustc/df4ca44d3fbc9301ee17f30f4d474e6ae4b05252/library/std/src/panicking.rs:520:19
[INFO] [stdout]   37:     0x625e61f7214e - std::panic::catch_unwind::hbaf3cae49b3c6433
[INFO] [stdout]                                at /rustc/df4ca44d3fbc9301ee17f30f4d474e6ae4b05252/library/std/src/panic.rs:358:14
[INFO] [stdout]   38:     0x625e61f7214e - std::thread::Builder::spawn_unchecked_::{{closure}}::h8e141ea224820bce
[INFO] [stdout]                                at /rustc/df4ca44d3fbc9301ee17f30f4d474e6ae4b05252/library/std/src/thread/mod.rs:540:30
[INFO] [stdout]   39:     0x625e61f7214e - core::ops::function::FnOnce::call_once{{vtable.shim}}::h90d312fedd7b8ea8
[INFO] [stdout]                                at /rustc/df4ca44d3fbc9301ee17f30f4d474e6ae4b05252/library/core/src/ops/function.rs:250:5
[INFO] [stdout]   40:     0x625e628cfceb - <alloc::boxed::Box<F,A> as core::ops::function::FnOnce<Args>>::call_once::h69aa08ddb6adb8b6
[INFO] [stdout]                                at /rustc/df4ca44d3fbc9301ee17f30f4d474e6ae4b05252/library/alloc/src/boxed.rs:2454:9
[INFO] [stdout]   41:     0x625e628cfceb - <alloc::boxed::Box<F,A> as core::ops::function::FnOnce<Args>>::call_once::h5aa36efdb79c806f
[INFO] [stdout]                                at /rustc/df4ca44d3fbc9301ee17f30f4d474e6ae4b05252/library/alloc/src/boxed.rs:2454:9
[INFO] [stdout]   42:     0x625e628cfceb - std::sys::pal::unix::thread::Thread::new::thread_start::h6cd80a1b4be5158d
[INFO] [stdout]                                at /rustc/df4ca44d3fbc9301ee17f30f4d474e6ae4b05252/library/std/src/sys/pal/unix/thread.rs:105:17
[INFO] [stdout]   43:     0x7962654daac3 - <unknown>
[INFO] [stdout]   44:     0x79626556ba04 - clone
[INFO] [stdout]   45:                0x0 - <unknown>
[INFO] [stdout] 
[INFO] [stdout] 
[INFO] [stdout] failures:
[INFO] [stdout]     vault::dio::tests::test_setup_io
[INFO] [stdout] 
[INFO] [stdout] test result: FAILED. 85 passed; 1 failed; 0 ignored; 0 measured; 0 filtered out; finished in 2.99s
[INFO] [stdout] 
[INFO] [stderr] error: test failed, to rerun pass `--lib`
[INFO] running `Command { std: "docker" "inspect" "6280cdc68f0f15bcd2ee6f0aa530667681ce26dd2f3e4e8a5a3639ec25ccf568", kill_on_drop: false }`
[INFO] running `Command { std: "docker" "rm" "-f" "6280cdc68f0f15bcd2ee6f0aa530667681ce26dd2f3e4e8a5a3639ec25ccf568", kill_on_drop: false }`
[INFO] [stdout] 6280cdc68f0f15bcd2ee6f0aa530667681ce26dd2f3e4e8a5a3639ec25ccf568
