[INFO] fetching crate ssd1322_rs 0.2.0...
[INFO] testing ssd1322_rs-0.2.0 against nightly-2024-10-28+rustflags=-Zrandomize-layout for randomize-layout
[INFO] extracting crate ssd1322_rs 0.2.0 into /workspace/builds/worker-6-tc2/source
[INFO] validating manifest of crates.io crate ssd1322_rs 0.2.0 on toolchain nightly-2024-10-28
[INFO] running `Command { std: CARGO_HOME="/workspace/cargo-home" RUSTUP_HOME="/workspace/rustup-home" "/workspace/cargo-home/bin/cargo" "+nightly-2024-10-28" "metadata" "--manifest-path" "Cargo.toml" "--no-deps", kill_on_drop: false }`
[INFO] started tweaking crates.io crate ssd1322_rs 0.2.0
[INFO] finished tweaking crates.io crate ssd1322_rs 0.2.0
[INFO] tweaked toml for crates.io crate ssd1322_rs 0.2.0 written to /workspace/builds/worker-6-tc2/source/Cargo.toml
[INFO] running `Command { std: CARGO_HOME="/workspace/cargo-home" RUSTUP_HOME="/workspace/rustup-home" "/workspace/cargo-home/bin/cargo" "+nightly-2024-10-28" "generate-lockfile" "--manifest-path" "Cargo.toml", kill_on_drop: false }`
[INFO] [stderr]     Updating crates.io index
[INFO] [stderr]      Locking 5 packages to latest compatible versions
[INFO] running `Command { std: CARGO_HOME="/workspace/cargo-home" RUSTUP_HOME="/workspace/rustup-home" "/workspace/cargo-home/bin/cargo" "+nightly-2024-10-28" "fetch" "--manifest-path" "Cargo.toml", kill_on_drop: false }`
[INFO] running `Command { std: "docker" "create" "-v" "/var/lib/crater-agent-workspace/builds/worker-6-tc2/target:/opt/rustwide/target:rw,Z" "-v" "/var/lib/crater-agent-workspace/builds/worker-6-tc2/source:/opt/rustwide/workdir:ro,Z" "-v" "/var/lib/crater-agent-workspace/cargo-home:/opt/rustwide/cargo-home:ro,Z" "-v" "/var/lib/crater-agent-workspace/rustup-home:/opt/rustwide/rustup-home:ro,Z" "-e" "SOURCE_DIR=/opt/rustwide/workdir" "-e" "CARGO_TARGET_DIR=/opt/rustwide/target" "-e" "CARGO_HOME=/opt/rustwide/cargo-home" "-e" "RUSTUP_HOME=/opt/rustwide/rustup-home" "-w" "/opt/rustwide/workdir" "-m" "1610612736" "--user" "0:0" "--network" "none" "ghcr.io/rust-lang/crates-build-env/linux@sha256:4a844ea9eb2546a2d2c7022eacef16ef2e8229c7fbb2c7d4d55a9ceca922f72d" "/opt/rustwide/cargo-home/bin/cargo" "+nightly-2024-10-28" "metadata" "--no-deps" "--format-version=1", kill_on_drop: false }`
[INFO] [stdout] effcd680e6f1f69fa77e61e20f31f479aa54f4ec58b0c3c00aa5d4e0fc9d999f
[INFO] running `Command { std: "docker" "start" "-a" "effcd680e6f1f69fa77e61e20f31f479aa54f4ec58b0c3c00aa5d4e0fc9d999f", kill_on_drop: false }`
[INFO] running `Command { std: "docker" "inspect" "effcd680e6f1f69fa77e61e20f31f479aa54f4ec58b0c3c00aa5d4e0fc9d999f", kill_on_drop: false }`
[INFO] running `Command { std: "docker" "rm" "-f" "effcd680e6f1f69fa77e61e20f31f479aa54f4ec58b0c3c00aa5d4e0fc9d999f", kill_on_drop: false }`
[INFO] [stdout] effcd680e6f1f69fa77e61e20f31f479aa54f4ec58b0c3c00aa5d4e0fc9d999f
[INFO] running `Command { std: "docker" "create" "-v" "/var/lib/crater-agent-workspace/builds/worker-6-tc2/target:/opt/rustwide/target:rw,Z" "-v" "/var/lib/crater-agent-workspace/builds/worker-6-tc2/source:/opt/rustwide/workdir:ro,Z" "-v" "/var/lib/crater-agent-workspace/cargo-home:/opt/rustwide/cargo-home:ro,Z" "-v" "/var/lib/crater-agent-workspace/rustup-home:/opt/rustwide/rustup-home:ro,Z" "-e" "SOURCE_DIR=/opt/rustwide/workdir" "-e" "CARGO_TARGET_DIR=/opt/rustwide/target" "-e" "CARGO_INCREMENTAL=0" "-e" "RUST_BACKTRACE=full" "-e" "RUSTFLAGS=--cap-lints=forbid -Zrandomize-layout" "-e" "RUSTDOCFLAGS=--cap-lints=forbid" "-e" "CARGO_HOME=/opt/rustwide/cargo-home" "-e" "RUSTUP_HOME=/opt/rustwide/rustup-home" "-w" "/opt/rustwide/workdir" "-m" "1610612736" "--user" "0:0" "--network" "none" "ghcr.io/rust-lang/crates-build-env/linux@sha256:4a844ea9eb2546a2d2c7022eacef16ef2e8229c7fbb2c7d4d55a9ceca922f72d" "/opt/rustwide/cargo-home/bin/cargo" "+nightly-2024-10-28" "build" "--frozen" "--message-format=json", kill_on_drop: false }`
[INFO] [stdout] 8493206749bf176fd8df2de105a56ef23dbcd3e2840dbb9b0a57e28f0c35c14b
[INFO] running `Command { std: "docker" "start" "-a" "8493206749bf176fd8df2de105a56ef23dbcd3e2840dbb9b0a57e28f0c35c14b", kill_on_drop: false }`
[INFO] [stderr]    Compiling az v1.2.1
[INFO] [stderr]    Compiling embedded-hal-async v1.0.0
[INFO] [stderr]    Compiling byteorder v1.5.0
[INFO] [stderr]    Compiling embedded-hal v1.0.0
[INFO] [stderr]    Compiling embedded-graphics-core v0.4.0
[INFO] [stderr]    Compiling ssd1322_rs v0.2.0 (/opt/rustwide/workdir)
[INFO] [stderr]     Finished `dev` profile [unoptimized + debuginfo] target(s) in 2.92s
[INFO] running `Command { std: "docker" "inspect" "8493206749bf176fd8df2de105a56ef23dbcd3e2840dbb9b0a57e28f0c35c14b", kill_on_drop: false }`
[INFO] running `Command { std: "docker" "rm" "-f" "8493206749bf176fd8df2de105a56ef23dbcd3e2840dbb9b0a57e28f0c35c14b", kill_on_drop: false }`
[INFO] [stdout] 8493206749bf176fd8df2de105a56ef23dbcd3e2840dbb9b0a57e28f0c35c14b
[INFO] running `Command { std: "docker" "create" "-v" "/var/lib/crater-agent-workspace/builds/worker-6-tc2/target:/opt/rustwide/target:rw,Z" "-v" "/var/lib/crater-agent-workspace/builds/worker-6-tc2/source:/opt/rustwide/workdir:ro,Z" "-v" "/var/lib/crater-agent-workspace/cargo-home:/opt/rustwide/cargo-home:ro,Z" "-v" "/var/lib/crater-agent-workspace/rustup-home:/opt/rustwide/rustup-home:ro,Z" "-e" "SOURCE_DIR=/opt/rustwide/workdir" "-e" "CARGO_TARGET_DIR=/opt/rustwide/target" "-e" "CARGO_INCREMENTAL=0" "-e" "RUST_BACKTRACE=full" "-e" "RUSTFLAGS=--cap-lints=forbid -Zrandomize-layout" "-e" "RUSTDOCFLAGS=--cap-lints=forbid" "-e" "CARGO_HOME=/opt/rustwide/cargo-home" "-e" "RUSTUP_HOME=/opt/rustwide/rustup-home" "-w" "/opt/rustwide/workdir" "-m" "1610612736" "--user" "0:0" "--network" "none" "ghcr.io/rust-lang/crates-build-env/linux@sha256:4a844ea9eb2546a2d2c7022eacef16ef2e8229c7fbb2c7d4d55a9ceca922f72d" "/opt/rustwide/cargo-home/bin/cargo" "+nightly-2024-10-28" "test" "--frozen" "--no-run" "--message-format=json", kill_on_drop: false }`
[INFO] [stdout] 2198f373fb4de118bb3eb36d35134cff670cb81ad68f1cc2e59668ba132fd757
[INFO] running `Command { std: "docker" "start" "-a" "2198f373fb4de118bb3eb36d35134cff670cb81ad68f1cc2e59668ba132fd757", kill_on_drop: false }`
[INFO] [stderr]    Compiling ssd1322_rs v0.2.0 (/opt/rustwide/workdir)
[INFO] [stderr]     Finished `test` profile [unoptimized + debuginfo] target(s) in 0.35s
[INFO] running `Command { std: "docker" "inspect" "2198f373fb4de118bb3eb36d35134cff670cb81ad68f1cc2e59668ba132fd757", kill_on_drop: false }`
[INFO] running `Command { std: "docker" "rm" "-f" "2198f373fb4de118bb3eb36d35134cff670cb81ad68f1cc2e59668ba132fd757", kill_on_drop: false }`
[INFO] [stdout] 2198f373fb4de118bb3eb36d35134cff670cb81ad68f1cc2e59668ba132fd757
[INFO] running `Command { std: "docker" "create" "-v" "/var/lib/crater-agent-workspace/builds/worker-6-tc2/target:/opt/rustwide/target:rw,Z" "-v" "/var/lib/crater-agent-workspace/builds/worker-6-tc2/source:/opt/rustwide/workdir:ro,Z" "-v" "/var/lib/crater-agent-workspace/cargo-home:/opt/rustwide/cargo-home:ro,Z" "-v" "/var/lib/crater-agent-workspace/rustup-home:/opt/rustwide/rustup-home:ro,Z" "-e" "SOURCE_DIR=/opt/rustwide/workdir" "-e" "CARGO_TARGET_DIR=/opt/rustwide/target" "-e" "CARGO_INCREMENTAL=0" "-e" "RUST_BACKTRACE=full" "-e" "RUSTFLAGS=--cap-lints=forbid -Zrandomize-layout" "-e" "RUSTDOCFLAGS=--cap-lints=forbid" "-e" "CARGO_HOME=/opt/rustwide/cargo-home" "-e" "RUSTUP_HOME=/opt/rustwide/rustup-home" "-w" "/opt/rustwide/workdir" "-m" "1610612736" "--user" "0:0" "--network" "none" "ghcr.io/rust-lang/crates-build-env/linux@sha256:4a844ea9eb2546a2d2c7022eacef16ef2e8229c7fbb2c7d4d55a9ceca922f72d" "/opt/rustwide/cargo-home/bin/cargo" "+nightly-2024-10-28" "test" "--frozen", kill_on_drop: false }`
[INFO] [stdout] ed9956c4ce5036e23a238aece8ae4d3d532ec0c3198e0363c5d62a2db08e4674
[INFO] running `Command { std: "docker" "start" "-a" "ed9956c4ce5036e23a238aece8ae4d3d532ec0c3198e0363c5d62a2db08e4674", kill_on_drop: false }`
[INFO] [stderr]     Finished `test` profile [unoptimized + debuginfo] target(s) in 0.02s
[INFO] [stderr]      Running unittests src/lib.rs (/opt/rustwide/target/debug/deps/ssd1322_rs-1680b43b323208fd)
[INFO] [stdout] 
[INFO] [stdout] running 0 tests
[INFO] [stdout] 
[INFO] [stdout] test result: ok. 0 passed; 0 failed; 0 ignored; 0 measured; 0 filtered out; finished in 0.00s
[INFO] [stdout] 
[INFO] [stderr]    Doc-tests ssd1322_rs
[INFO] [stdout] 
[INFO] [stdout] running 5 tests
[INFO] [stdout] test src/lib.rs - SSD1322<SPI,DC,RST,PO>::init_default (line 130) ... FAILED
[INFO] [stdout] test src/lib.rs - SSD1322<SPI,DC,RST,PO>::flush_buffer (line 428) ... FAILED
[INFO] [stdout] test src/lib.rs - SSD1322<SPI,DC,RST,PO>::set_orientation (line 266) ... FAILED
[INFO] [stdout] test src/lib.rs - SSD1322<SPI,DC,RST,PO>::set_address_window (line 382) ... FAILED
[INFO] [stdout] test src/lib.rs - SSD1322<SPI,DC,RST,PO>::flush_frame (line 463) ... FAILED
[INFO] [stdout] 
[INFO] [stdout] failures:
[INFO] [stdout] 
[INFO] [stdout] ---- src/lib.rs - SSD1322<SPI,DC,RST,PO>::init_default (line 130) stdout ----
[INFO] [stdout] error[E0412]: cannot find type `SPI` in this scope
[INFO] [stdout]  --> src/lib.rs:133:49
[INFO] [stdout]   |
[INFO] [stdout] 6 | async fn example_usage<D>(display: &mut SSD1322<SPI, DC, RST, PO>, delay: &mut D) -> Result<(), Error<E>>
[INFO] [stdout]   |                                                 ^^^ not found in this scope
[INFO] [stdout]   |
[INFO] [stdout] help: you might be missing a type parameter
[INFO] [stdout]   |
[INFO] [stdout] 6 | async fn example_usage<D, SPI>(display: &mut SSD1322<SPI, DC, RST, PO>, delay: &mut D) -> Result<(), Error<E>>
[INFO] [stdout]   |                         +++++
[INFO] [stdout] 
[INFO] [stdout] error[E0412]: cannot find type `DC` in this scope
[INFO] [stdout]  --> src/lib.rs:133:54
[INFO] [stdout]   |
[INFO] [stdout] 6 | async fn example_usage<D>(display: &mut SSD1322<SPI, DC, RST, PO>, delay: &mut D) -> Result<(), Error<E>>
[INFO] [stdout]   |                        -                             ^^
[INFO] [stdout]   |                        |
[INFO] [stdout]   |                        similarly named type parameter `D` defined here
[INFO] [stdout]   |
[INFO] [stdout] help: a type parameter with a similar name exists
[INFO] [stdout]   |
[INFO] [stdout] 6 | async fn example_usage<D>(display: &mut SSD1322<SPI, D, RST, PO>, delay: &mut D) -> Result<(), Error<E>>
[INFO] [stdout]   |                                                      ~
[INFO] [stdout] help: you might be missing a type parameter
[INFO] [stdout]   |
[INFO] [stdout] 6 | async fn example_usage<D, DC>(display: &mut SSD1322<SPI, DC, RST, PO>, delay: &mut D) -> Result<(), Error<E>>
[INFO] [stdout]   |                         ++++
[INFO] [stdout] 
[INFO] [stdout] error[E0412]: cannot find type `RST` in this scope
[INFO] [stdout]  --> src/lib.rs:133:58
[INFO] [stdout]   |
[INFO] [stdout] 6 | async fn example_usage<D>(display: &mut SSD1322<SPI, DC, RST, PO>, delay: &mut D) -> Result<(), Error<E>>
[INFO] [stdout]   |                                                          ^^^ not found in this scope
[INFO] [stdout]   |
[INFO] [stdout] help: you might be missing a type parameter
[INFO] [stdout]   |
[INFO] [stdout] 6 | async fn example_usage<D, RST>(display: &mut SSD1322<SPI, DC, RST, PO>, delay: &mut D) -> Result<(), Error<E>>
[INFO] [stdout]   |                         +++++
[INFO] [stdout] 
[INFO] [stdout] error[E0412]: cannot find type `PO` in this scope
[INFO] [stdout]  --> src/lib.rs:133:63
[INFO] [stdout]   |
[INFO] [stdout] 6 | async fn example_usage<D>(display: &mut SSD1322<SPI, DC, RST, PO>, delay: &mut D) -> Result<(), Error<E>>
[INFO] [stdout]   |                                                               ^^ not found in this scope
[INFO] [stdout]   |
[INFO] [stderr] error: doctest failed, to rerun pass `--doc`
[INFO] [stdout] help: you might be missing a type parameter
[INFO] [stdout]   |
[INFO] [stdout] 6 | async fn example_usage<D, PO>(display: &mut SSD1322<SPI, DC, RST, PO>, delay: &mut D) -> Result<(), Error<E>>
[INFO] [stdout]   |                         ++++
[INFO] [stdout] 
[INFO] [stdout] error[E0412]: cannot find type `E` in this scope
[INFO] [stdout]  --> src/lib.rs:133:103
[INFO] [stdout]   |
[INFO] [stdout] 6 | async fn example_usage<D>(display: &mut SSD1322<SPI, DC, RST, PO>, delay: &mut D) -> Result<(), Error<E>>
[INFO] [stdout]   |                        - similarly named type parameter `D` defined here                              ^
[INFO] [stdout]   |
[INFO] [stdout] help: a type parameter with a similar name exists
[INFO] [stdout]   |
[INFO] [stdout] 6 | async fn example_usage<D>(display: &mut SSD1322<SPI, DC, RST, PO>, delay: &mut D) -> Result<(), Error<D>>
[INFO] [stdout]   |                                                                                                       ~
[INFO] [stdout] help: you might be missing a type parameter
[INFO] [stdout]   |
[INFO] [stdout] 6 | async fn example_usage<D, E>(display: &mut SSD1322<SPI, DC, RST, PO>, delay: &mut D) -> Result<(), Error<E>>
[INFO] [stdout]   |                         +++
[INFO] [stdout] 
[INFO] [stdout] error[E0433]: failed to resolve: use of undeclared type `Command`
[INFO] [stdout]   --> src/lib.rs:139:27
[INFO] [stdout]    |
[INFO] [stdout] 12 |     display.write_command(Command::SetStartLine(0).prepare()?).await?;
[INFO] [stdout]    |                           ^^^^^^^ use of undeclared type `Command`
[INFO] [stdout]    |
[INFO] [stdout] help: consider importing one of these items
[INFO] [stdout]    |
[INFO] [stdout] 2  + use std::process::Command;
[INFO] [stdout]    |
[INFO] [stdout] 2  + use ssd1322_rs::instruction::Command;
[INFO] [stdout]    |
[INFO] [stdout] 
[INFO] [stdout] error[E0433]: failed to resolve: use of undeclared type `Command`
[INFO] [stdout]   --> src/lib.rs:140:27
[INFO] [stdout]    |
[INFO] [stdout] 13 |     display.write_command(Command::SetDisplayOffset(0).prepare()?).await?;
[INFO] [stdout]    |                           ^^^^^^^ use of undeclared type `Command`
[INFO] [stdout]    |
[INFO] [stdout] help: consider importing one of these items
[INFO] [stdout]    |
[INFO] [stdout] 2  + use std::process::Command;
[INFO] [stdout]    |
[INFO] [stdout] 2  + use ssd1322_rs::instruction::Command;
[INFO] [stdout]    |
[INFO] [stdout] 
[INFO] [stdout] error[E0603]: struct `CommandData` is private
[INFO] [stdout]  --> src/lib.rs:132:27
[INFO] [stdout]   |
[INFO] [stdout] 5 | use ssd1322_rs::{SSD1322, CommandData, DelayNs, Error};
[INFO] [stdout]   |                           ^^^^^^^^^^^ private struct
[INFO] [stdout]   |
[INFO] [stdout] note: the struct `CommandData` is defined here
[INFO] [stdout]  --> /opt/rustwide/workdir/src/lib.rs:7:49
[INFO] [stdout]   |
[INFO] [stdout] 7 | use crate::instruction::{Command, CommandError, CommandData, consts::{BUF_COL_MAX, PIXEL_ROW_MAX}};
[INFO] [stdout]   |                                                 ^^^^^^^^^^^
[INFO] [stdout] help: import `CommandData` directly
[INFO] [stdout]   |
[INFO] [stdout] 5 | use ssd1322_rs::{SSD1322, ssd1322_rs::instruction::CommandData, DelayNs, Error};
[INFO] [stdout]   |                           ~~~~~~~~~~~~~~~~~~~~~~~~~~~~~~~~~~~~
[INFO] [stdout] 
[INFO] [stdout] error[E0603]: trait `DelayNs` is private
[INFO] [stdout]   --> src/lib.rs:132:40
[INFO] [stdout]    |
[INFO] [stdout] 5  | use ssd1322_rs::{SSD1322, CommandData, DelayNs, Error};
[INFO] [stdout]    |                                        ^^^^^^^ private trait
[INFO] [stdout]    |
[INFO] [stdout] note: the trait `DelayNs` is defined here
[INFO] [stdout]   --> /opt/rustwide/workdir/src/lib.rs:10:5
[INFO] [stdout]    |
[INFO] [stdout] 10 | use embedded_hal_async::delay::DelayNs;
[INFO] [stdout]    |     ^^^^^^^^^^^^^^^^^^^^^^^^^^^^^^^^^^
[INFO] [stdout] help: import `DelayNs` directly
[INFO] [stdout]    |
[INFO] [stdout] 5  | use ssd1322_rs::{SSD1322, CommandData, embedded_hal_async::delay::DelayNs, Error};
[INFO] [stdout]    |                                        ~~~~~~~~~~~~~~~~~~~~~~~~~~~~~~~~~~
[INFO] [stdout] 
[INFO] [stdout] error: aborting due to 9 previous errors
[INFO] [stdout] 
[INFO] [stdout] Some errors have detailed explanations: E0412, E0433, E0603.
[INFO] [stdout] For more information about an error, try `rustc --explain E0412`.
[INFO] [stdout] Couldn't compile the test.
[INFO] [stdout] ---- src/lib.rs - SSD1322<SPI,DC,RST,PO>::flush_buffer (line 428) stdout ----
[INFO] [stdout] error[E0412]: cannot find type `SPI` in this scope
[INFO] [stdout]  --> src/lib.rs:431:46
[INFO] [stdout]   |
[INFO] [stdout] 6 | async fn example_usage(display: &mut SSD1322<SPI, DC, RST, PO>, buffer: &[u8]) -> Result<(), Error<E>> {
[INFO] [stdout]   |                                              ^^^ not found in this scope
[INFO] [stdout]   |
[INFO] [stdout] help: you might be missing a type parameter
[INFO] [stdout]   |
[INFO] [stdout] 6 | async fn example_usage<SPI>(display: &mut SSD1322<SPI, DC, RST, PO>, buffer: &[u8]) -> Result<(), Error<E>> {
[INFO] [stdout]   |                       +++++
[INFO] [stdout] 
[INFO] [stdout] error[E0412]: cannot find type `DC` in this scope
[INFO] [stdout]  --> src/lib.rs:431:51
[INFO] [stdout]   |
[INFO] [stdout] 6 | async fn example_usage(display: &mut SSD1322<SPI, DC, RST, PO>, buffer: &[u8]) -> Result<(), Error<E>> {
[INFO] [stdout]   |                                                   ^^ not found in this scope
[INFO] [stdout]   |
[INFO] [stdout] help: you might be missing a type parameter
[INFO] [stdout]   |
[INFO] [stdout] 6 | async fn example_usage<DC>(display: &mut SSD1322<SPI, DC, RST, PO>, buffer: &[u8]) -> Result<(), Error<E>> {
[INFO] [stdout]   |                       ++++
[INFO] [stdout] 
[INFO] [stdout] error[E0412]: cannot find type `RST` in this scope
[INFO] [stdout]  --> src/lib.rs:431:55
[INFO] [stdout]   |
[INFO] [stdout] 6 | async fn example_usage(display: &mut SSD1322<SPI, DC, RST, PO>, buffer: &[u8]) -> Result<(), Error<E>> {
[INFO] [stdout]   |                                                       ^^^ not found in this scope
[INFO] [stdout]   |
[INFO] [stdout] help: you might be missing a type parameter
[INFO] [stdout]   |
[INFO] [stdout] 6 | async fn example_usage<RST>(display: &mut SSD1322<SPI, DC, RST, PO>, buffer: &[u8]) -> Result<(), Error<E>> {
[INFO] [stdout]   |                       +++++
[INFO] [stdout] 
[INFO] [stdout] error[E0412]: cannot find type `PO` in this scope
[INFO] [stdout]  --> src/lib.rs:431:60
[INFO] [stdout]   |
[INFO] [stdout] 6 | async fn example_usage(display: &mut SSD1322<SPI, DC, RST, PO>, buffer: &[u8]) -> Result<(), Error<E>> {
[INFO] [stdout]   |                                                            ^^ not found in this scope
[INFO] [stdout]   |
[INFO] [stdout] help: you might be missing a type parameter
[INFO] [stdout]   |
[INFO] [stdout] 6 | async fn example_usage<PO>(display: &mut SSD1322<SPI, DC, RST, PO>, buffer: &[u8]) -> Result<(), Error<E>> {
[INFO] [stdout]   |                       ++++
[INFO] [stdout] 
[INFO] [stdout] error[E0412]: cannot find type `E` in this scope
[INFO] [stdout]  --> src/lib.rs:431:100
[INFO] [stdout]   |
[INFO] [stdout] 6 | async fn example_usage(display: &mut SSD1322<SPI, DC, RST, PO>, buffer: &[u8]) -> Result<(), Error<E>> {
[INFO] [stdout]   |                                                                                                    ^
[INFO] [stdout]  --> /rustc/df4ca44d3fbc9301ee17f30f4d474e6ae4b05252/library/core/src/cmp.rs:334:1
[INFO] [stdout]   |
[INFO] [stdout]   = note: similarly named trait `Eq` defined here
[INFO] [stdout]   |
[INFO] [stdout] help: a trait with a similar name exists
[INFO] [stdout]   |
[INFO] [stdout] 6 | async fn example_usage(display: &mut SSD1322<SPI, DC, RST, PO>, buffer: &[u8]) -> Result<(), Error<Eq>> {
[INFO] [stdout]   |                                                                                                    ~~
[INFO] [stdout] help: you might be missing a type parameter
[INFO] [stdout]   |
[INFO] [stdout] 6 | async fn example_usage<E>(display: &mut SSD1322<SPI, DC, RST, PO>, buffer: &[u8]) -> Result<(), Error<E>> {
[INFO] [stdout]   |                       +++
[INFO] [stdout] 
[INFO] [stdout] error: aborting due to 5 previous errors
[INFO] [stdout] 
[INFO] [stdout] For more information about this error, try `rustc --explain E0412`.
[INFO] [stdout] Couldn't compile the test.
[INFO] [stdout] ---- src/lib.rs - SSD1322<SPI,DC,RST,PO>::set_orientation (line 266) stdout ----
[INFO] [stdout] error[E0432]: unresolved import `your_crate`
[INFO] [stdout]  --> src/lib.rs:268:5
[INFO] [stdout]   |
[INFO] [stdout] 5 | use your_crate::{ssd1322_rs, Orientation, Error};
[INFO] [stdout]   |     ^^^^^^^^^^ use of undeclared crate or module `your_crate`
[INFO] [stdout] 
[INFO] [stdout] error[E0412]: cannot find type `SSD1322` in this scope
[INFO] [stdout]  --> src/lib.rs:269:38
[INFO] [stdout]   |
[INFO] [stdout] 6 | async fn example_usage(display: &mut SSD1322<SPI, DC, RST, PO>) -> Result<(), Error<E>> {
[INFO] [stdout]   |                                      ^^^^^^^ not found in this scope
[INFO] [stdout]   |
[INFO] [stdout] help: consider importing this struct
[INFO] [stdout]   |
[INFO] [stdout] 2 + use ssd1322_rs::SSD1322;
[INFO] [stdout]   |
[INFO] [stdout] 
[INFO] [stdout] error[E0412]: cannot find type `SPI` in this scope
[INFO] [stdout]  --> src/lib.rs:269:46
[INFO] [stdout]   |
[INFO] [stdout] 6 | async fn example_usage(display: &mut SSD1322<SPI, DC, RST, PO>) -> Result<(), Error<E>> {
[INFO] [stdout]   |                                              ^^^ not found in this scope
[INFO] [stdout]   |
[INFO] [stdout] help: you might be missing a type parameter
[INFO] [stdout]   |
[INFO] [stdout] 6 | async fn example_usage<SPI>(display: &mut SSD1322<SPI, DC, RST, PO>) -> Result<(), Error<E>> {
[INFO] [stdout]   |                       +++++
[INFO] [stdout] 
[INFO] [stdout] error[E0412]: cannot find type `DC` in this scope
[INFO] [stdout]  --> src/lib.rs:269:51
[INFO] [stdout]   |
[INFO] [stdout] 6 | async fn example_usage(display: &mut SSD1322<SPI, DC, RST, PO>) -> Result<(), Error<E>> {
[INFO] [stdout]   |                                                   ^^ not found in this scope
[INFO] [stdout]   |
[INFO] [stdout] help: you might be missing a type parameter
[INFO] [stdout]   |
[INFO] [stdout] 6 | async fn example_usage<DC>(display: &mut SSD1322<SPI, DC, RST, PO>) -> Result<(), Error<E>> {
[INFO] [stdout]   |                       ++++
[INFO] [stdout] 
[INFO] [stdout] error[E0412]: cannot find type `RST` in this scope
[INFO] [stdout]  --> src/lib.rs:269:55
[INFO] [stdout]   |
[INFO] [stdout] 6 | async fn example_usage(display: &mut SSD1322<SPI, DC, RST, PO>) -> Result<(), Error<E>> {
[INFO] [stdout]   |                                                       ^^^ not found in this scope
[INFO] [stdout]   |
[INFO] [stdout] help: you might be missing a type parameter
[INFO] [stdout]   |
[INFO] [stdout] 6 | async fn example_usage<RST>(display: &mut SSD1322<SPI, DC, RST, PO>) -> Result<(), Error<E>> {
[INFO] [stdout]   |                       +++++
[INFO] [stdout] 
[INFO] [stdout] error[E0412]: cannot find type `PO` in this scope
[INFO] [stdout]  --> src/lib.rs:269:60
[INFO] [stdout]   |
[INFO] [stdout] 6 | async fn example_usage(display: &mut SSD1322<SPI, DC, RST, PO>) -> Result<(), Error<E>> {
[INFO] [stdout]   |                                                            ^^ not found in this scope
[INFO] [stdout]   |
[INFO] [stdout] help: you might be missing a type parameter
[INFO] [stdout]   |
[INFO] [stdout] 6 | async fn example_usage<PO>(display: &mut SSD1322<SPI, DC, RST, PO>) -> Result<(), Error<E>> {
[INFO] [stdout]   |                       ++++
[INFO] [stdout] 
[INFO] [stdout] error[E0412]: cannot find type `E` in this scope
[INFO] [stdout]  --> src/lib.rs:269:85
[INFO] [stdout]   |
[INFO] [stdout] 6 | async fn example_usage(display: &mut SSD1322<SPI, DC, RST, PO>) -> Result<(), Error<E>> {
[INFO] [stdout]   |                                                                                     ^
[INFO] [stdout]  --> /rustc/df4ca44d3fbc9301ee17f30f4d474e6ae4b05252/library/core/src/cmp.rs:334:1
[INFO] [stdout]   |
[INFO] [stdout]   = note: similarly named trait `Eq` defined here
[INFO] [stdout]   |
[INFO] [stdout] help: a trait with a similar name exists
[INFO] [stdout]   |
[INFO] [stdout] 6 | async fn example_usage(display: &mut SSD1322<SPI, DC, RST, PO>) -> Result<(), Error<Eq>> {
[INFO] [stdout]   |                                                                                     ~~
[INFO] [stdout] help: you might be missing a type parameter
[INFO] [stdout]   |
[INFO] [stdout] 6 | async fn example_usage<E>(display: &mut SSD1322<SPI, DC, RST, PO>) -> Result<(), Error<E>> {
[INFO] [stdout]   |                       +++
[INFO] [stdout] 
[INFO] [stdout] error: aborting due to 7 previous errors
[INFO] [stdout] 
[INFO] [stdout] Some errors have detailed explanations: E0412, E0432.
[INFO] [stdout] For more information about an error, try `rustc --explain E0412`.
[INFO] [stdout] Couldn't compile the test.
[INFO] [stdout] ---- src/lib.rs - SSD1322<SPI,DC,RST,PO>::set_address_window (line 382) stdout ----
[INFO] [stdout] error[E0412]: cannot find type `SPI` in this scope
[INFO] [stdout]  --> src/lib.rs:385:46
[INFO] [stdout]   |
[INFO] [stdout] 6 | async fn example_usage(display: &mut SSD1322<SPI, DC, RST, PO>) -> Result<(), Error<E>> {
[INFO] [stdout]   |                                              ^^^ not found in this scope
[INFO] [stdout]   |
[INFO] [stdout] help: you might be missing a type parameter
[INFO] [stdout]   |
[INFO] [stdout] 6 | async fn example_usage<SPI>(display: &mut SSD1322<SPI, DC, RST, PO>) -> Result<(), Error<E>> {
[INFO] [stdout]   |                       +++++
[INFO] [stdout] 
[INFO] [stdout] error[E0412]: cannot find type `DC` in this scope
[INFO] [stdout]  --> src/lib.rs:385:51
[INFO] [stdout]   |
[INFO] [stdout] 6 | async fn example_usage(display: &mut SSD1322<SPI, DC, RST, PO>) -> Result<(), Error<E>> {
[INFO] [stdout]   |                                                   ^^ not found in this scope
[INFO] [stdout]   |
[INFO] [stdout] help: you might be missing a type parameter
[INFO] [stdout]   |
[INFO] [stdout] 6 | async fn example_usage<DC>(display: &mut SSD1322<SPI, DC, RST, PO>) -> Result<(), Error<E>> {
[INFO] [stdout]   |                       ++++
[INFO] [stdout] 
[INFO] [stdout] error[E0412]: cannot find type `RST` in this scope
[INFO] [stdout]  --> src/lib.rs:385:55
[INFO] [stdout]   |
[INFO] [stdout] 6 | async fn example_usage(display: &mut SSD1322<SPI, DC, RST, PO>) -> Result<(), Error<E>> {
[INFO] [stdout]   |                                                       ^^^ not found in this scope
[INFO] [stdout]   |
[INFO] [stdout] help: you might be missing a type parameter
[INFO] [stdout]   |
[INFO] [stdout] 6 | async fn example_usage<RST>(display: &mut SSD1322<SPI, DC, RST, PO>) -> Result<(), Error<E>> {
[INFO] [stdout]   |                       +++++
[INFO] [stdout] 
[INFO] [stdout] error[E0412]: cannot find type `PO` in this scope
[INFO] [stdout]  --> src/lib.rs:385:60
[INFO] [stdout]   |
[INFO] [stdout] 6 | async fn example_usage(display: &mut SSD1322<SPI, DC, RST, PO>) -> Result<(), Error<E>> {
[INFO] [stdout]   |                                                            ^^ not found in this scope
[INFO] [stdout]   |
[INFO] [stdout] help: you might be missing a type parameter
[INFO] [stdout]   |
[INFO] [stdout] 6 | async fn example_usage<PO>(display: &mut SSD1322<SPI, DC, RST, PO>) -> Result<(), Error<E>> {
[INFO] [stdout]   |                       ++++
[INFO] [stdout] 
[INFO] [stdout] error[E0412]: cannot find type `E` in this scope
[INFO] [stdout]  --> src/lib.rs:385:85
[INFO] [stdout]   |
[INFO] [stdout] 6 | async fn example_usage(display: &mut SSD1322<SPI, DC, RST, PO>) -> Result<(), Error<E>> {
[INFO] [stdout]   |                                                                                     ^
[INFO] [stdout]  --> /rustc/df4ca44d3fbc9301ee17f30f4d474e6ae4b05252/library/core/src/cmp.rs:334:1
[INFO] [stdout]   |
[INFO] [stdout]   = note: similarly named trait `Eq` defined here
[INFO] [stdout]   |
[INFO] [stdout] help: a trait with a similar name exists
[INFO] [stdout]   |
[INFO] [stdout] 6 | async fn example_usage(display: &mut SSD1322<SPI, DC, RST, PO>) -> Result<(), Error<Eq>> {
[INFO] [stdout]   |                                                                                     ~~
[INFO] [stdout] help: you might be missing a type parameter
[INFO] [stdout]   |
[INFO] [stdout] 6 | async fn example_usage<E>(display: &mut SSD1322<SPI, DC, RST, PO>) -> Result<(), Error<E>> {
[INFO] [stdout]   |                       +++
[INFO] [stdout] 
[INFO] [stdout] error: aborting due to 5 previous errors
[INFO] [stdout] 
[INFO] [stdout] For more information about this error, try `rustc --explain E0412`.
[INFO] [stdout] Couldn't compile the test.
[INFO] [stdout] ---- src/lib.rs - SSD1322<SPI,DC,RST,PO>::flush_frame (line 463) stdout ----
[INFO] [stdout] error[E0412]: cannot find type `SPI` in this scope
[INFO] [stdout]  --> src/lib.rs:466:62
[INFO] [stdout]   |
[INFO] [stdout] 6 | async fn example_usage<const N: usize>(display: &mut SSD1322<SPI, DC, RST, PO>, frame: &Frame<N>) -> Result<(), Error<E>> {
[INFO] [stdout]   |                                                              ^^^ not found in this scope
[INFO] [stdout]   |
[INFO] [stdout] help: you might be missing a type parameter
[INFO] [stdout]   |
[INFO] [stdout] 6 | async fn example_usage<const N: usize, SPI>(display: &mut SSD1322<SPI, DC, RST, PO>, frame: &Frame<N>) -> Result<(), Error<E>> {
[INFO] [stdout]   |                                      +++++
[INFO] [stdout] 
[INFO] [stdout] error[E0412]: cannot find type `DC` in this scope
[INFO] [stdout]  --> src/lib.rs:466:67
[INFO] [stdout]   |
[INFO] [stdout] 6 | async fn example_usage<const N: usize>(display: &mut SSD1322<SPI, DC, RST, PO>, frame: &Frame<N>) -> Result<(), Error<E>> {
[INFO] [stdout]   |                                                                   ^^ not found in this scope
[INFO] [stdout]   |
[INFO] [stdout] help: you might be missing a type parameter
[INFO] [stdout]   |
[INFO] [stdout] 6 | async fn example_usage<const N: usize, DC>(display: &mut SSD1322<SPI, DC, RST, PO>, frame: &Frame<N>) -> Result<(), Error<E>> {
[INFO] [stdout]   |                                      ++++
[INFO] [stdout] 
[INFO] [stdout] error[E0412]: cannot find type `RST` in this scope
[INFO] [stdout]  --> src/lib.rs:466:71
[INFO] [stdout]   |
[INFO] [stdout] 6 | async fn example_usage<const N: usize>(display: &mut SSD1322<SPI, DC, RST, PO>, frame: &Frame<N>) -> Result<(), Error<E>> {
[INFO] [stdout]   |                                                                       ^^^ not found in this scope
[INFO] [stdout]   |
[INFO] [stdout] help: you might be missing a type parameter
[INFO] [stdout]   |
[INFO] [stdout] 6 | async fn example_usage<const N: usize, RST>(display: &mut SSD1322<SPI, DC, RST, PO>, frame: &Frame<N>) -> Result<(), Error<E>> {
[INFO] [stdout]   |                                      +++++
[INFO] [stdout] 
[INFO] [stdout] error[E0412]: cannot find type `PO` in this scope
[INFO] [stdout]  --> src/lib.rs:466:76
[INFO] [stdout]   |
[INFO] [stdout] 6 | async fn example_usage<const N: usize>(display: &mut SSD1322<SPI, DC, RST, PO>, frame: &Frame<N>) -> Result<(), Error<E>> {
[INFO] [stdout]   |                                                                            ^^ not found in this scope
[INFO] [stdout]   |
[INFO] [stdout] help: you might be missing a type parameter
[INFO] [stdout]   |
[INFO] [stdout] 6 | async fn example_usage<const N: usize, PO>(display: &mut SSD1322<SPI, DC, RST, PO>, frame: &Frame<N>) -> Result<(), Error<E>> {
[INFO] [stdout]   |                                      ++++
[INFO] [stdout] 
[INFO] [stdout] error[E0412]: cannot find type `E` in this scope
[INFO] [stdout]  --> src/lib.rs:466:119
[INFO] [stdout]   |
[INFO] [stdout] 6 | async fn example_usage<const N: usize>(display: &mut SSD1322<SPI, DC, RST, PO>, frame: &Frame<N>) -> Result<(), Error<E>> {
[INFO] [stdout]   |                                                                                                                       ^
[INFO] [stdout]  --> /rustc/df4ca44d3fbc9301ee17f30f4d474e6ae4b05252/library/core/src/cmp.rs:334:1
[INFO] [stdout]   |
[INFO] [stdout]   = note: similarly named trait `Eq` defined here
[INFO] [stdout]   |
[INFO] [stdout] help: a trait with a similar name exists
[INFO] [stdout]   |
[INFO] [stdout] 6 | async fn example_usage<const N: usize>(display: &mut SSD1322<SPI, DC, RST, PO>, frame: &Frame<N>) -> Result<(), Error<Eq>> {
[INFO] [stdout]   |                                                                                                                       ~~
[INFO] [stdout] help: you might be missing a type parameter
[INFO] [stdout]   |
[INFO] [stdout] 6 | async fn example_usage<const N: usize, E>(display: &mut SSD1322<SPI, DC, RST, PO>, frame: &Frame<N>) -> Result<(), Error<E>> {
[INFO] [stdout]   |                                      +++
[INFO] [stdout] 
[INFO] [stdout] error: aborting due to 5 previous errors
[INFO] [stdout] 
[INFO] [stdout] For more information about this error, try `rustc --explain E0412`.
[INFO] [stdout] Couldn't compile the test.
[INFO] [stdout] 
[INFO] [stdout] failures:
[INFO] [stdout]     src/lib.rs - SSD1322<SPI,DC,RST,PO>::flush_buffer (line 428)
[INFO] [stdout]     src/lib.rs - SSD1322<SPI,DC,RST,PO>::flush_frame (line 463)
[INFO] [stdout]     src/lib.rs - SSD1322<SPI,DC,RST,PO>::init_default (line 130)
[INFO] [stdout]     src/lib.rs - SSD1322<SPI,DC,RST,PO>::set_address_window (line 382)
[INFO] [stdout]     src/lib.rs - SSD1322<SPI,DC,RST,PO>::set_orientation (line 266)
[INFO] [stdout] 
[INFO] [stdout] test result: FAILED. 0 passed; 5 failed; 0 ignored; 0 measured; 0 filtered out; finished in 0.17s
[INFO] [stdout] 
[INFO] running `Command { std: "docker" "inspect" "ed9956c4ce5036e23a238aece8ae4d3d532ec0c3198e0363c5d62a2db08e4674", kill_on_drop: false }`
[INFO] running `Command { std: "docker" "rm" "-f" "ed9956c4ce5036e23a238aece8ae4d3d532ec0c3198e0363c5d62a2db08e4674", kill_on_drop: false }`
[INFO] [stdout] ed9956c4ce5036e23a238aece8ae4d3d532ec0c3198e0363c5d62a2db08e4674
