[INFO] fetching crate sqlstate 0.1.0...
[INFO] testing sqlstate-0.1.0 against nightly-2024-10-28+rustflags=-Zrandomize-layout for randomize-layout
[INFO] extracting crate sqlstate 0.1.0 into /workspace/builds/worker-6-tc2/source
[INFO] validating manifest of crates.io crate sqlstate 0.1.0 on toolchain nightly-2024-10-28
[INFO] running `Command { std: CARGO_HOME="/workspace/cargo-home" RUSTUP_HOME="/workspace/rustup-home" "/workspace/cargo-home/bin/cargo" "+nightly-2024-10-28" "metadata" "--manifest-path" "Cargo.toml" "--no-deps", kill_on_drop: false }`
[INFO] started tweaking crates.io crate sqlstate 0.1.0
[INFO] finished tweaking crates.io crate sqlstate 0.1.0
[INFO] tweaked toml for crates.io crate sqlstate 0.1.0 written to /workspace/builds/worker-6-tc2/source/Cargo.toml
[INFO] running `Command { std: CARGO_HOME="/workspace/cargo-home" RUSTUP_HOME="/workspace/rustup-home" "/workspace/cargo-home/bin/cargo" "+nightly-2024-10-28" "generate-lockfile" "--manifest-path" "Cargo.toml", kill_on_drop: false }`
[INFO] [stderr]     Updating crates.io index
[INFO] [stderr]      Locking 8 packages to latest compatible versions
[INFO] running `Command { std: CARGO_HOME="/workspace/cargo-home" RUSTUP_HOME="/workspace/rustup-home" "/workspace/cargo-home/bin/cargo" "+nightly-2024-10-28" "fetch" "--manifest-path" "Cargo.toml", kill_on_drop: false }`
[INFO] running `Command { std: "docker" "create" "-v" "/var/lib/crater-agent-workspace/builds/worker-6-tc2/target:/opt/rustwide/target:rw,Z" "-v" "/var/lib/crater-agent-workspace/builds/worker-6-tc2/source:/opt/rustwide/workdir:ro,Z" "-v" "/var/lib/crater-agent-workspace/cargo-home:/opt/rustwide/cargo-home:ro,Z" "-v" "/var/lib/crater-agent-workspace/rustup-home:/opt/rustwide/rustup-home:ro,Z" "-e" "SOURCE_DIR=/opt/rustwide/workdir" "-e" "CARGO_TARGET_DIR=/opt/rustwide/target" "-e" "CARGO_HOME=/opt/rustwide/cargo-home" "-e" "RUSTUP_HOME=/opt/rustwide/rustup-home" "-w" "/opt/rustwide/workdir" "-m" "1610612736" "--user" "0:0" "--network" "none" "ghcr.io/rust-lang/crates-build-env/linux@sha256:4a844ea9eb2546a2d2c7022eacef16ef2e8229c7fbb2c7d4d55a9ceca922f72d" "/opt/rustwide/cargo-home/bin/cargo" "+nightly-2024-10-28" "metadata" "--no-deps" "--format-version=1", kill_on_drop: false }`
[INFO] [stdout] 2b817f0b8669af3c58ccaa8b6aa4d1c4244afe351d5c57fb81e11f8f0c13cf80
[INFO] running `Command { std: "docker" "start" "-a" "2b817f0b8669af3c58ccaa8b6aa4d1c4244afe351d5c57fb81e11f8f0c13cf80", kill_on_drop: false }`
[INFO] running `Command { std: "docker" "inspect" "2b817f0b8669af3c58ccaa8b6aa4d1c4244afe351d5c57fb81e11f8f0c13cf80", kill_on_drop: false }`
[INFO] running `Command { std: "docker" "rm" "-f" "2b817f0b8669af3c58ccaa8b6aa4d1c4244afe351d5c57fb81e11f8f0c13cf80", kill_on_drop: false }`
[INFO] [stdout] 2b817f0b8669af3c58ccaa8b6aa4d1c4244afe351d5c57fb81e11f8f0c13cf80
[INFO] running `Command { std: "docker" "create" "-v" "/var/lib/crater-agent-workspace/builds/worker-6-tc2/target:/opt/rustwide/target:rw,Z" "-v" "/var/lib/crater-agent-workspace/builds/worker-6-tc2/source:/opt/rustwide/workdir:ro,Z" "-v" "/var/lib/crater-agent-workspace/cargo-home:/opt/rustwide/cargo-home:ro,Z" "-v" "/var/lib/crater-agent-workspace/rustup-home:/opt/rustwide/rustup-home:ro,Z" "-e" "SOURCE_DIR=/opt/rustwide/workdir" "-e" "CARGO_TARGET_DIR=/opt/rustwide/target" "-e" "CARGO_INCREMENTAL=0" "-e" "RUST_BACKTRACE=full" "-e" "RUSTFLAGS=--cap-lints=forbid -Zrandomize-layout" "-e" "RUSTDOCFLAGS=--cap-lints=forbid" "-e" "CARGO_HOME=/opt/rustwide/cargo-home" "-e" "RUSTUP_HOME=/opt/rustwide/rustup-home" "-w" "/opt/rustwide/workdir" "-m" "1610612736" "--user" "0:0" "--network" "none" "ghcr.io/rust-lang/crates-build-env/linux@sha256:4a844ea9eb2546a2d2c7022eacef16ef2e8229c7fbb2c7d4d55a9ceca922f72d" "/opt/rustwide/cargo-home/bin/cargo" "+nightly-2024-10-28" "build" "--frozen" "--message-format=json", kill_on_drop: false }`
[INFO] [stdout] 477fa4f64336bf0c25df6280bfd0e56dc880f7ffe96ce72e3107d011e04461a8
[INFO] running `Command { std: "docker" "start" "-a" "477fa4f64336bf0c25df6280bfd0e56dc880f7ffe96ce72e3107d011e04461a8", kill_on_drop: false }`
[INFO] [stderr]    Compiling proc-macro2 v1.0.89
[INFO] [stderr]    Compiling unicode-ident v1.0.13
[INFO] [stderr]    Compiling syn v1.0.109
[INFO] [stderr]    Compiling thiserror v1.0.66
[INFO] [stderr]    Compiling quote v1.0.37
[INFO] [stderr]    Compiling syn v2.0.86
[INFO] [stderr]    Compiling thiserror-impl v1.0.66
[INFO] [stderr]    Compiling sqlstate-macros v0.1.0
[INFO] [stderr]    Compiling sqlstate v0.1.0 (/opt/rustwide/workdir)
[INFO] [stderr]     Finished `dev` profile [unoptimized + debuginfo] target(s) in 7.98s
[INFO] running `Command { std: "docker" "inspect" "477fa4f64336bf0c25df6280bfd0e56dc880f7ffe96ce72e3107d011e04461a8", kill_on_drop: false }`
[INFO] running `Command { std: "docker" "rm" "-f" "477fa4f64336bf0c25df6280bfd0e56dc880f7ffe96ce72e3107d011e04461a8", kill_on_drop: false }`
[INFO] [stdout] 477fa4f64336bf0c25df6280bfd0e56dc880f7ffe96ce72e3107d011e04461a8
[INFO] running `Command { std: "docker" "create" "-v" "/var/lib/crater-agent-workspace/builds/worker-6-tc2/target:/opt/rustwide/target:rw,Z" "-v" "/var/lib/crater-agent-workspace/builds/worker-6-tc2/source:/opt/rustwide/workdir:ro,Z" "-v" "/var/lib/crater-agent-workspace/cargo-home:/opt/rustwide/cargo-home:ro,Z" "-v" "/var/lib/crater-agent-workspace/rustup-home:/opt/rustwide/rustup-home:ro,Z" "-e" "SOURCE_DIR=/opt/rustwide/workdir" "-e" "CARGO_TARGET_DIR=/opt/rustwide/target" "-e" "CARGO_INCREMENTAL=0" "-e" "RUST_BACKTRACE=full" "-e" "RUSTFLAGS=--cap-lints=forbid -Zrandomize-layout" "-e" "RUSTDOCFLAGS=--cap-lints=forbid" "-e" "CARGO_HOME=/opt/rustwide/cargo-home" "-e" "RUSTUP_HOME=/opt/rustwide/rustup-home" "-w" "/opt/rustwide/workdir" "-m" "1610612736" "--user" "0:0" "--network" "none" "ghcr.io/rust-lang/crates-build-env/linux@sha256:4a844ea9eb2546a2d2c7022eacef16ef2e8229c7fbb2c7d4d55a9ceca922f72d" "/opt/rustwide/cargo-home/bin/cargo" "+nightly-2024-10-28" "test" "--frozen" "--no-run" "--message-format=json", kill_on_drop: false }`
[INFO] [stdout] 5b70a2b8e414ce28bf1ec634523cff501bd16a453fe236d6012d07ceff6d019e
[INFO] running `Command { std: "docker" "start" "-a" "5b70a2b8e414ce28bf1ec634523cff501bd16a453fe236d6012d07ceff6d019e", kill_on_drop: false }`
[INFO] [stderr]    Compiling sqlstate v0.1.0 (/opt/rustwide/workdir)
[INFO] [stderr]     Finished `test` profile [unoptimized + debuginfo] target(s) in 0.92s
[INFO] running `Command { std: "docker" "inspect" "5b70a2b8e414ce28bf1ec634523cff501bd16a453fe236d6012d07ceff6d019e", kill_on_drop: false }`
[INFO] running `Command { std: "docker" "rm" "-f" "5b70a2b8e414ce28bf1ec634523cff501bd16a453fe236d6012d07ceff6d019e", kill_on_drop: false }`
[INFO] [stdout] 5b70a2b8e414ce28bf1ec634523cff501bd16a453fe236d6012d07ceff6d019e
[INFO] running `Command { std: "docker" "create" "-v" "/var/lib/crater-agent-workspace/builds/worker-6-tc2/target:/opt/rustwide/target:rw,Z" "-v" "/var/lib/crater-agent-workspace/builds/worker-6-tc2/source:/opt/rustwide/workdir:ro,Z" "-v" "/var/lib/crater-agent-workspace/cargo-home:/opt/rustwide/cargo-home:ro,Z" "-v" "/var/lib/crater-agent-workspace/rustup-home:/opt/rustwide/rustup-home:ro,Z" "-e" "SOURCE_DIR=/opt/rustwide/workdir" "-e" "CARGO_TARGET_DIR=/opt/rustwide/target" "-e" "CARGO_INCREMENTAL=0" "-e" "RUST_BACKTRACE=full" "-e" "RUSTFLAGS=--cap-lints=forbid -Zrandomize-layout" "-e" "RUSTDOCFLAGS=--cap-lints=forbid" "-e" "CARGO_HOME=/opt/rustwide/cargo-home" "-e" "RUSTUP_HOME=/opt/rustwide/rustup-home" "-w" "/opt/rustwide/workdir" "-m" "1610612736" "--user" "0:0" "--network" "none" "ghcr.io/rust-lang/crates-build-env/linux@sha256:4a844ea9eb2546a2d2c7022eacef16ef2e8229c7fbb2c7d4d55a9ceca922f72d" "/opt/rustwide/cargo-home/bin/cargo" "+nightly-2024-10-28" "test" "--frozen", kill_on_drop: false }`
[INFO] [stdout] 31c70a13a6feef07f5abdec24363e6affa85313495f7b08318991bcb745bb924
[INFO] running `Command { std: "docker" "start" "-a" "31c70a13a6feef07f5abdec24363e6affa85313495f7b08318991bcb745bb924", kill_on_drop: false }`
[INFO] [stderr]     Finished `test` profile [unoptimized + debuginfo] target(s) in 0.03s
[INFO] [stderr]      Running unittests src/lib.rs (/opt/rustwide/target/debug/deps/sqlstate-99b6f43b6704884b)
[INFO] [stdout] 
[INFO] [stdout] running 8 tests
[INFO] [stdout] test standard::tests::class ... ok
[INFO] [stdout] test standard::tests::category ... ok
[INFO] [stdout] test standard::tests::invalid_length ... ok
[INFO] [stdout] test standard::tests::many_subclasses ... ok
[INFO] [stdout] test standard::tests::empty_class ... ok
[INFO] [stdout] test standard::tests::one_subclass ... ok
[INFO] [stdout] test standard::tests::subclass ... ok
[INFO] [stdout] test standard::tests::unknown_class ... ok
[INFO] [stdout] 
[INFO] [stdout] test result: ok. 8 passed; 0 failed; 0 ignored; 0 measured; 0 filtered out; finished in 0.02s
[INFO] [stdout] 
[INFO] [stderr]    Doc-tests sqlstate
[INFO] [stdout] 
[INFO] [stdout] running 3 tests
[INFO] [stdout] test src/lib.rs - (line 39) ... FAILED
[INFO] [stdout] test src/lib.rs - (line 26) ... ok
[INFO] [stdout] test src/lib.rs - (line 9) ... ok
[INFO] [stdout] 
[INFO] [stdout] failures:
[INFO] [stdout] 
[INFO] [stdout] ---- src/lib.rs - (line 39) stdout ----
[INFO] [stdout] error[E0433]: failed to resolve: could not find `postgres` in `sqlstate`
[INFO] [stdout]   --> src/lib.rs:42:5
[INFO] [stdout]    |
[INFO] [stdout] 5  |     postgres::{
[INFO] [stdout]    |     ^^^^^^^^ could not find `postgres` in `sqlstate`
[INFO] [stdout]    |
[INFO] [stdout] note: found an item that was configured out
[INFO] [stdout]   --> /opt/rustwide/workdir/src/lib.rs:70:9
[INFO] [stdout]    |
[INFO] [stdout] 70 | pub mod postgres;
[INFO] [stdout]    |         ^^^^^^^^
[INFO] [stdout] note: the item is gated behind the `postgres` feature
[INFO] [stdout]   --> /opt/rustwide/workdir/src/lib.rs:68:7
[INFO] [stdout]    |
[INFO] [stdout] 68 | #[cfg(feature = "postgres")]
[INFO] [stdout]    |       ^^^^^^^^^^^^^^^^^^^^
[INFO] [stdout] 
[INFO] [stdout] error[E0432]: unresolved import `sqlstate::PostgresSqlState`
[INFO] [stdout]   --> src/lib.rs:46:15
[INFO] [stdout]    |
[INFO] [stdout] 9  |     standard, PostgresSqlState,
[INFO] [stdout]    |               ^^^^^^^^^^^^^^^^ no `PostgresSqlState` in the root
[INFO] [stdout]    |
[INFO] [stdout] note: found an item that was configured out
[INFO] [stdout]   --> /opt/rustwide/workdir/src/lib.rs:73:28
[INFO] [stdout]    |
[INFO] [stdout] 73 | pub use postgres::wrapper::PostgresSqlState;
[INFO] [stdout]    |                            ^^^^^^^^^^^^^^^^
[INFO] [stdout] note: the item is gated behind the `postgres` feature
[INFO] [stdout]   --> /opt/rustwide/workdir/src/lib.rs:72:7
[INFO] [stdout]    |
[INFO] [stdout] 72 | #[cfg(feature = "postgres")]
[INFO] [stdout]    |       ^^^^^^^^^^^^^^^^^^^^
[INFO] [stdout] 
[INFO] [stdout] error[E0425]: cannot find function, tuple struct or tuple variant `DataException` in this scope
[INFO] [stdout]   --> src/lib.rs:51:37
[INFO] [stdout]    |
[INFO] [stdout] 14 |            PostgresSqlState::Custom(DataException(Some(InvalidJsonText))));
[INFO] [stdout]    |                                     ^^^^^^^^^^^^^ not found in this scope
[INFO] [stdout]    |
[INFO] [stdout] help: consider importing one of these tuple variants
[INFO] [stdout]    |
[INFO] [stdout] 4  + use crate::standard::SqlState::DataException;
[INFO] [stdout]    |
[INFO] [stdout] 4  + use sqlstate::SqlState::DataException;
[INFO] [stdout]    |
[INFO] [stdout] 
[INFO] [stdout] error[E0425]: cannot find function, tuple struct or tuple variant `InternalError` in this scope
[INFO] [stdout]   --> src/lib.rs:53:37
[INFO] [stdout]    |
[INFO] [stdout] 16 |            PostgresSqlState::Custom(InternalError(Some(DataCorrupted))));
[INFO] [stdout]    |                                     ^^^^^^^^^^^^^ not found in this scope
[INFO] [stdout] 
[INFO] [stdout] error: aborting due to 4 previous errors
[INFO] [stdout] 
[INFO] [stdout] Some errors have detailed explanations: E0425, E0432, E0433.
[INFO] [stdout] For more information about an error, try `rustc --explain E0425`.
[INFO] [stdout] Couldn't compile the test.
[INFO] [stdout] 
[INFO] [stdout] failures:
[INFO] [stdout]     src/lib.rs - (line 39)
[INFO] [stdout] 
[INFO] [stdout] test result: FAILED. 2 passed; 1 failed; 0 ignored; 0 measured; 0 filtered out; finished in 0.44s
[INFO] [stdout] 
[INFO] [stderr] error: doctest failed, to rerun pass `--doc`
[INFO] running `Command { std: "docker" "inspect" "31c70a13a6feef07f5abdec24363e6affa85313495f7b08318991bcb745bb924", kill_on_drop: false }`
[INFO] running `Command { std: "docker" "rm" "-f" "31c70a13a6feef07f5abdec24363e6affa85313495f7b08318991bcb745bb924", kill_on_drop: false }`
[INFO] [stdout] 31c70a13a6feef07f5abdec24363e6affa85313495f7b08318991bcb745bb924
