[INFO] fetching crate sqlite3_tokenizer 0.1.0...
[INFO] testing sqlite3_tokenizer-0.1.0 against nightly-2024-10-28+rustflags=-Zrandomize-layout for randomize-layout
[INFO] extracting crate sqlite3_tokenizer 0.1.0 into /workspace/builds/worker-7-tc2/source
[INFO] validating manifest of crates.io crate sqlite3_tokenizer 0.1.0 on toolchain nightly-2024-10-28
[INFO] running `Command { std: CARGO_HOME="/workspace/cargo-home" RUSTUP_HOME="/workspace/rustup-home" "/workspace/cargo-home/bin/cargo" "+nightly-2024-10-28" "metadata" "--manifest-path" "Cargo.toml" "--no-deps", kill_on_drop: false }`
[INFO] started tweaking crates.io crate sqlite3_tokenizer 0.1.0
[INFO] finished tweaking crates.io crate sqlite3_tokenizer 0.1.0
[INFO] tweaked toml for crates.io crate sqlite3_tokenizer 0.1.0 written to /workspace/builds/worker-7-tc2/source/Cargo.toml
[INFO] running `Command { std: CARGO_HOME="/workspace/cargo-home" RUSTUP_HOME="/workspace/rustup-home" "/workspace/cargo-home/bin/cargo" "+nightly-2024-10-28" "generate-lockfile" "--manifest-path" "Cargo.toml", kill_on_drop: false }`
[INFO] [stderr]     Updating crates.io index
[INFO] [stderr]      Locking 2 packages to latest compatible versions
[INFO] running `Command { std: CARGO_HOME="/workspace/cargo-home" RUSTUP_HOME="/workspace/rustup-home" "/workspace/cargo-home/bin/cargo" "+nightly-2024-10-28" "fetch" "--manifest-path" "Cargo.toml", kill_on_drop: false }`
[INFO] [stderr] warning: no edition set: defaulting to the 2015 edition while the latest is 2021
[INFO] running `Command { std: "docker" "create" "-v" "/var/lib/crater-agent-workspace/builds/worker-7-tc2/target:/opt/rustwide/target:rw,Z" "-v" "/var/lib/crater-agent-workspace/builds/worker-7-tc2/source:/opt/rustwide/workdir:ro,Z" "-v" "/var/lib/crater-agent-workspace/cargo-home:/opt/rustwide/cargo-home:ro,Z" "-v" "/var/lib/crater-agent-workspace/rustup-home:/opt/rustwide/rustup-home:ro,Z" "-e" "SOURCE_DIR=/opt/rustwide/workdir" "-e" "CARGO_TARGET_DIR=/opt/rustwide/target" "-e" "CARGO_HOME=/opt/rustwide/cargo-home" "-e" "RUSTUP_HOME=/opt/rustwide/rustup-home" "-w" "/opt/rustwide/workdir" "-m" "1610612736" "--user" "0:0" "--network" "none" "ghcr.io/rust-lang/crates-build-env/linux@sha256:4a844ea9eb2546a2d2c7022eacef16ef2e8229c7fbb2c7d4d55a9ceca922f72d" "/opt/rustwide/cargo-home/bin/cargo" "+nightly-2024-10-28" "metadata" "--no-deps" "--format-version=1", kill_on_drop: false }`
[INFO] [stdout] cda123eb9570ca9db7bfa7e1095f01e81616be6642d8ce74160e8e334553ffe9
[INFO] running `Command { std: "docker" "start" "-a" "cda123eb9570ca9db7bfa7e1095f01e81616be6642d8ce74160e8e334553ffe9", kill_on_drop: false }`
[INFO] running `Command { std: "docker" "inspect" "cda123eb9570ca9db7bfa7e1095f01e81616be6642d8ce74160e8e334553ffe9", kill_on_drop: false }`
[INFO] running `Command { std: "docker" "rm" "-f" "cda123eb9570ca9db7bfa7e1095f01e81616be6642d8ce74160e8e334553ffe9", kill_on_drop: false }`
[INFO] [stdout] cda123eb9570ca9db7bfa7e1095f01e81616be6642d8ce74160e8e334553ffe9
[INFO] running `Command { std: "docker" "create" "-v" "/var/lib/crater-agent-workspace/builds/worker-7-tc2/target:/opt/rustwide/target:rw,Z" "-v" "/var/lib/crater-agent-workspace/builds/worker-7-tc2/source:/opt/rustwide/workdir:ro,Z" "-v" "/var/lib/crater-agent-workspace/cargo-home:/opt/rustwide/cargo-home:ro,Z" "-v" "/var/lib/crater-agent-workspace/rustup-home:/opt/rustwide/rustup-home:ro,Z" "-e" "SOURCE_DIR=/opt/rustwide/workdir" "-e" "CARGO_TARGET_DIR=/opt/rustwide/target" "-e" "CARGO_INCREMENTAL=0" "-e" "RUST_BACKTRACE=full" "-e" "RUSTFLAGS=--cap-lints=forbid -Zrandomize-layout" "-e" "RUSTDOCFLAGS=--cap-lints=forbid" "-e" "CARGO_HOME=/opt/rustwide/cargo-home" "-e" "RUSTUP_HOME=/opt/rustwide/rustup-home" "-w" "/opt/rustwide/workdir" "-m" "1610612736" "--user" "0:0" "--network" "none" "ghcr.io/rust-lang/crates-build-env/linux@sha256:4a844ea9eb2546a2d2c7022eacef16ef2e8229c7fbb2c7d4d55a9ceca922f72d" "/opt/rustwide/cargo-home/bin/cargo" "+nightly-2024-10-28" "build" "--frozen" "--message-format=json", kill_on_drop: false }`
[INFO] [stdout] 44edd4c3ea6000babe17798b937c582b42eae475c271bfed38e888cd1dbec60f
[INFO] running `Command { std: "docker" "start" "-a" "44edd4c3ea6000babe17798b937c582b42eae475c271bfed38e888cd1dbec60f", kill_on_drop: false }`
[INFO] [stderr] warning: no edition set: defaulting to the 2015 edition while the latest is 2021
[INFO] [stderr]    Compiling libc v0.2.161
[INFO] [stderr]    Compiling gcc v0.3.55
[INFO] [stderr]    Compiling sqlite3_tokenizer v0.1.0 (/opt/rustwide/workdir)
[INFO] [stdout] warning: use of deprecated function `gcc::compile_library`: crate has been renamed to `cc`, the `gcc` name is not maintained
[INFO] [stdout]  --> build.rs:4:10
[INFO] [stdout]   |
[INFO] [stdout] 4 |     gcc::compile_library("libsqlite3tokenize.a", &["src/tokenize.c"]);
[INFO] [stdout]   |          ^^^^^^^^^^^^^^^
[INFO] [stdout]   |
[INFO] [stdout]   = note: `#[warn(deprecated)]` on by default
[INFO] [stdout] 
[INFO] [stdout] 
[INFO] [stderr] warning: sqlite3_tokenizer@0.1.0: src/tokenize.c: In function 'sqlite3_get_token':
[INFO] [stderr] warning: sqlite3_tokenizer@0.1.0: src/tokenize.c:750:9: warning: this statement may fall through [-Wimplicit-fallthrough=]
[INFO] [stderr] warning: sqlite3_tokenizer@0.1.0:   750 |       if( !sqlite3Isdigit(z[1]) )
[INFO] [stderr] warning: sqlite3_tokenizer@0.1.0:       |         ^
[INFO] [stderr] warning: sqlite3_tokenizer@0.1.0: src/tokenize.c:759:5: note: here
[INFO] [stderr] warning: sqlite3_tokenizer@0.1.0:   759 |     case '0': case '1': case '2': case '3': case '4':
[INFO] [stderr] warning: sqlite3_tokenizer@0.1.0:       |     ^~~~
[INFO] [stderr] warning: sqlite3_tokenizer@0.1.0: src/tokenize.c:842:9: warning: this statement may fall through [-Wimplicit-fallthrough=]
[INFO] [stderr] warning: sqlite3_tokenizer@0.1.0:   842 |       if( z[1]=='\'' ){
[INFO] [stderr] warning: sqlite3_tokenizer@0.1.0:       |         ^
[INFO] [stderr] warning: sqlite3_tokenizer@0.1.0: src/tokenize.c:855:5: note: here
[INFO] [stderr] warning: sqlite3_tokenizer@0.1.0:   855 |     default: {
[INFO] [stderr] warning: sqlite3_tokenizer@0.1.0:       |     ^~~~~~~
[INFO] [stderr] warning: sqlite3_tokenizer@0.1.0: At top level:
[INFO] [stderr] warning: sqlite3_tokenizer@0.1.0: src/tokenize.c:597:20: warning: 'sqlite3IsIdChar' defined but not used [-Wunused-function]
[INFO] [stderr] warning: sqlite3_tokenizer@0.1.0:   597 | SQLITE_PRIVATE int sqlite3IsIdChar(unsigned char c){ return IdChar(c); }
[INFO] [stderr] warning: sqlite3_tokenizer@0.1.0:       |                    ^~~~~~~~~~~~~~~
[INFO] [stderr] warning: sqlite3_tokenizer@0.1.0: src/tokenize.c:573:20: warning: 'sqlite3KeywordCode' defined but not used [-Wunused-function]
[INFO] [stderr] warning: sqlite3_tokenizer@0.1.0:   573 | SQLITE_PRIVATE int sqlite3KeywordCode(const unsigned char *z, int n){
[INFO] [stderr] warning: sqlite3_tokenizer@0.1.0:       |                    ^~~~~~~~~~~~~~~~~~
[INFO] [stderr]     Finished `dev` profile [unoptimized + debuginfo] target(s) in 0.76s
[INFO] running `Command { std: "docker" "inspect" "44edd4c3ea6000babe17798b937c582b42eae475c271bfed38e888cd1dbec60f", kill_on_drop: false }`
[INFO] running `Command { std: "docker" "rm" "-f" "44edd4c3ea6000babe17798b937c582b42eae475c271bfed38e888cd1dbec60f", kill_on_drop: false }`
[INFO] [stdout] 44edd4c3ea6000babe17798b937c582b42eae475c271bfed38e888cd1dbec60f
[INFO] running `Command { std: "docker" "create" "-v" "/var/lib/crater-agent-workspace/builds/worker-7-tc2/target:/opt/rustwide/target:rw,Z" "-v" "/var/lib/crater-agent-workspace/builds/worker-7-tc2/source:/opt/rustwide/workdir:ro,Z" "-v" "/var/lib/crater-agent-workspace/cargo-home:/opt/rustwide/cargo-home:ro,Z" "-v" "/var/lib/crater-agent-workspace/rustup-home:/opt/rustwide/rustup-home:ro,Z" "-e" "SOURCE_DIR=/opt/rustwide/workdir" "-e" "CARGO_TARGET_DIR=/opt/rustwide/target" "-e" "CARGO_INCREMENTAL=0" "-e" "RUST_BACKTRACE=full" "-e" "RUSTFLAGS=--cap-lints=forbid -Zrandomize-layout" "-e" "RUSTDOCFLAGS=--cap-lints=forbid" "-e" "CARGO_HOME=/opt/rustwide/cargo-home" "-e" "RUSTUP_HOME=/opt/rustwide/rustup-home" "-w" "/opt/rustwide/workdir" "-m" "1610612736" "--user" "0:0" "--network" "none" "ghcr.io/rust-lang/crates-build-env/linux@sha256:4a844ea9eb2546a2d2c7022eacef16ef2e8229c7fbb2c7d4d55a9ceca922f72d" "/opt/rustwide/cargo-home/bin/cargo" "+nightly-2024-10-28" "test" "--frozen" "--no-run" "--message-format=json", kill_on_drop: false }`
[INFO] [stdout] 00e0deae4f6a7fa56cde481df2deb7617adcc6618c731f918e1a7ea2f1a880f4
[INFO] running `Command { std: "docker" "start" "-a" "00e0deae4f6a7fa56cde481df2deb7617adcc6618c731f918e1a7ea2f1a880f4", kill_on_drop: false }`
[INFO] [stderr] warning: no edition set: defaulting to the 2015 edition while the latest is 2021
[INFO] [stdout] warning: use of deprecated function `gcc::compile_library`: crate has been renamed to `cc`, the `gcc` name is not maintained
[INFO] [stdout]  --> build.rs:4:10
[INFO] [stdout]   |
[INFO] [stdout] 4 |     gcc::compile_library("libsqlite3tokenize.a", &["src/tokenize.c"]);
[INFO] [stdout]   |          ^^^^^^^^^^^^^^^
[INFO] [stdout]   |
[INFO] [stdout]   = note: `#[warn(deprecated)]` on by default
[INFO] [stdout] 
[INFO] [stdout] 
[INFO] [stderr] warning: sqlite3_tokenizer@0.1.0: src/tokenize.c: In function 'sqlite3_get_token':
[INFO] [stderr] warning: sqlite3_tokenizer@0.1.0: src/tokenize.c:750:9: warning: this statement may fall through [-Wimplicit-fallthrough=]
[INFO] [stderr] warning: sqlite3_tokenizer@0.1.0:   750 |       if( !sqlite3Isdigit(z[1]) )
[INFO] [stderr] warning: sqlite3_tokenizer@0.1.0:       |         ^
[INFO] [stderr] warning: sqlite3_tokenizer@0.1.0: src/tokenize.c:759:5: note: here
[INFO] [stderr] warning: sqlite3_tokenizer@0.1.0:   759 |     case '0': case '1': case '2': case '3': case '4':
[INFO] [stderr] warning: sqlite3_tokenizer@0.1.0:       |     ^~~~
[INFO] [stderr] warning: sqlite3_tokenizer@0.1.0: src/tokenize.c:842:9: warning: this statement may fall through [-Wimplicit-fallthrough=]
[INFO] [stderr] warning: sqlite3_tokenizer@0.1.0:   842 |       if( z[1]=='\'' ){
[INFO] [stderr] warning: sqlite3_tokenizer@0.1.0:       |         ^
[INFO] [stderr] warning: sqlite3_tokenizer@0.1.0: src/tokenize.c:855:5: note: here
[INFO] [stderr] warning: sqlite3_tokenizer@0.1.0:   855 |     default: {
[INFO] [stderr] warning: sqlite3_tokenizer@0.1.0:       |     ^~~~~~~
[INFO] [stderr] warning: sqlite3_tokenizer@0.1.0: At top level:
[INFO] [stderr] warning: sqlite3_tokenizer@0.1.0: src/tokenize.c:597:20: warning: 'sqlite3IsIdChar' defined but not used [-Wunused-function]
[INFO] [stderr] warning: sqlite3_tokenizer@0.1.0:   597 | SQLITE_PRIVATE int sqlite3IsIdChar(unsigned char c){ return IdChar(c); }
[INFO] [stderr] warning: sqlite3_tokenizer@0.1.0:       |                    ^~~~~~~~~~~~~~~
[INFO] [stderr] warning: sqlite3_tokenizer@0.1.0: src/tokenize.c:573:20: warning: 'sqlite3KeywordCode' defined but not used [-Wunused-function]
[INFO] [stderr] warning: sqlite3_tokenizer@0.1.0:   573 | SQLITE_PRIVATE int sqlite3KeywordCode(const unsigned char *z, int n){
[INFO] [stderr] warning: sqlite3_tokenizer@0.1.0:       |                    ^~~~~~~~~~~~~~~~~~
[INFO] [stderr]    Compiling sqlite3_tokenizer v0.1.0 (/opt/rustwide/workdir)
[INFO] [stderr]     Finished `test` profile [unoptimized + debuginfo] target(s) in 0.18s
[INFO] running `Command { std: "docker" "inspect" "00e0deae4f6a7fa56cde481df2deb7617adcc6618c731f918e1a7ea2f1a880f4", kill_on_drop: false }`
[INFO] running `Command { std: "docker" "rm" "-f" "00e0deae4f6a7fa56cde481df2deb7617adcc6618c731f918e1a7ea2f1a880f4", kill_on_drop: false }`
[INFO] [stdout] 00e0deae4f6a7fa56cde481df2deb7617adcc6618c731f918e1a7ea2f1a880f4
[INFO] running `Command { std: "docker" "create" "-v" "/var/lib/crater-agent-workspace/builds/worker-7-tc2/target:/opt/rustwide/target:rw,Z" "-v" "/var/lib/crater-agent-workspace/builds/worker-7-tc2/source:/opt/rustwide/workdir:ro,Z" "-v" "/var/lib/crater-agent-workspace/cargo-home:/opt/rustwide/cargo-home:ro,Z" "-v" "/var/lib/crater-agent-workspace/rustup-home:/opt/rustwide/rustup-home:ro,Z" "-e" "SOURCE_DIR=/opt/rustwide/workdir" "-e" "CARGO_TARGET_DIR=/opt/rustwide/target" "-e" "CARGO_INCREMENTAL=0" "-e" "RUST_BACKTRACE=full" "-e" "RUSTFLAGS=--cap-lints=forbid -Zrandomize-layout" "-e" "RUSTDOCFLAGS=--cap-lints=forbid" "-e" "CARGO_HOME=/opt/rustwide/cargo-home" "-e" "RUSTUP_HOME=/opt/rustwide/rustup-home" "-w" "/opt/rustwide/workdir" "-m" "1610612736" "--user" "0:0" "--network" "none" "ghcr.io/rust-lang/crates-build-env/linux@sha256:4a844ea9eb2546a2d2c7022eacef16ef2e8229c7fbb2c7d4d55a9ceca922f72d" "/opt/rustwide/cargo-home/bin/cargo" "+nightly-2024-10-28" "test" "--frozen", kill_on_drop: false }`
[INFO] [stdout] c663a2e59cc0144f60c35aa372faf87e1fe7bd1b11e0c00ec006aa82ef324b5e
[INFO] running `Command { std: "docker" "start" "-a" "c663a2e59cc0144f60c35aa372faf87e1fe7bd1b11e0c00ec006aa82ef324b5e", kill_on_drop: false }`
[INFO] [stderr] warning: no edition set: defaulting to the 2015 edition while the latest is 2021
[INFO] [stderr] warning: use of deprecated function `gcc::compile_library`: crate has been renamed to `cc`, the `gcc` name is not maintained
[INFO] [stderr]  --> build.rs:4:10
[INFO] [stderr]   |
[INFO] [stderr] 4 |     gcc::compile_library("libsqlite3tokenize.a", &["src/tokenize.c"]);
[INFO] [stderr]   |          ^^^^^^^^^^^^^^^
[INFO] [stderr]   |
[INFO] [stderr]   = note: `#[warn(deprecated)]` on by default
[INFO] [stderr] 
[INFO] [stderr] warning: `sqlite3_tokenizer` (build script) generated 1 warning
[INFO] [stderr] warning: sqlite3_tokenizer@0.1.0: src/tokenize.c: In function 'sqlite3_get_token':
[INFO] [stderr] warning: sqlite3_tokenizer@0.1.0: src/tokenize.c:750:9: warning: this statement may fall through [-Wimplicit-fallthrough=]
[INFO] [stderr] warning: sqlite3_tokenizer@0.1.0:   750 |       if( !sqlite3Isdigit(z[1]) )
[INFO] [stderr] warning: sqlite3_tokenizer@0.1.0:       |         ^
[INFO] [stderr] warning: sqlite3_tokenizer@0.1.0: src/tokenize.c:759:5: note: here
[INFO] [stderr] warning: sqlite3_tokenizer@0.1.0:   759 |     case '0': case '1': case '2': case '3': case '4':
[INFO] [stderr] warning: sqlite3_tokenizer@0.1.0:       |     ^~~~
[INFO] [stderr] warning: sqlite3_tokenizer@0.1.0: src/tokenize.c:842:9: warning: this statement may fall through [-Wimplicit-fallthrough=]
[INFO] [stderr] warning: sqlite3_tokenizer@0.1.0:   842 |       if( z[1]=='\'' ){
[INFO] [stderr] warning: sqlite3_tokenizer@0.1.0:       |         ^
[INFO] [stderr] warning: sqlite3_tokenizer@0.1.0: src/tokenize.c:855:5: note: here
[INFO] [stderr] warning: sqlite3_tokenizer@0.1.0:   855 |     default: {
[INFO] [stderr] warning: sqlite3_tokenizer@0.1.0:       |     ^~~~~~~
[INFO] [stderr] warning: sqlite3_tokenizer@0.1.0: At top level:
[INFO] [stderr] warning: sqlite3_tokenizer@0.1.0: src/tokenize.c:597:20: warning: 'sqlite3IsIdChar' defined but not used [-Wunused-function]
[INFO] [stderr] warning: sqlite3_tokenizer@0.1.0:   597 | SQLITE_PRIVATE int sqlite3IsIdChar(unsigned char c){ return IdChar(c); }
[INFO] [stderr] warning: sqlite3_tokenizer@0.1.0:       |                    ^~~~~~~~~~~~~~~
[INFO] [stderr] warning: sqlite3_tokenizer@0.1.0: src/tokenize.c:573:20: warning: 'sqlite3KeywordCode' defined but not used [-Wunused-function]
[INFO] [stderr] warning: sqlite3_tokenizer@0.1.0:   573 | SQLITE_PRIVATE int sqlite3KeywordCode(const unsigned char *z, int n){
[INFO] [stderr] warning: sqlite3_tokenizer@0.1.0:       |                    ^~~~~~~~~~~~~~~~~~
[INFO] [stderr]     Finished `test` profile [unoptimized + debuginfo] target(s) in 0.01s
[INFO] [stderr]      Running unittests src/lib.rs (/opt/rustwide/target/debug/deps/sqlite3_tokenizer-70704437042c90db)
[INFO] [stdout] 
[INFO] [stdout] running 5 tests
[INFO] [stdout] test test::empty ... ok
[INFO] [stdout] test test::insert_types ... ok
[INFO] [stdout] test test::internal_0 ... ok
[INFO] [stdout] test test::it_works ... ok
[INFO] [stdout] test test::subslice ... ok
[INFO] [stdout] 
[INFO] [stdout] test result: ok. 5 passed; 0 failed; 0 ignored; 0 measured; 0 filtered out; finished in 0.00s
[INFO] [stdout] 
[INFO] [stderr]    Doc-tests sqlite3_tokenizer
[INFO] [stdout] 
[INFO] [stdout] running 2 tests
[INFO] [stdout] test src/lib.rs - (line 15) ... FAILED
[INFO] [stdout] test src/lib.rs - (line 7) ... FAILED
[INFO] [stdout] 
[INFO] [stdout] failures:
[INFO] [stdout] 
[INFO] [stdout] ---- src/lib.rs - (line 15) stdout ----
[INFO] [stdout] error: expected one of `!`, `.`, `::`, `;`, `?`, `{`, `}`, or an operator, found `of`
[INFO] [stdout]  --> src/lib.rs:16:7
[INFO] [stdout]   |
[INFO] [stdout] 3 | Token of kind Select is written "SELECT"
[INFO] [stdout]   |       ^^ expected one of 8 possible tokens
[INFO] [stdout] 
[INFO] [stdout] error: aborting due to 1 previous error
[INFO] [stdout] 
[INFO] [stdout] Couldn't compile the test.
[INFO] [stdout] ---- src/lib.rs - (line 7) stdout ----
[INFO] [stdout] error[E0433]: failed to resolve: use of undeclared type `Tokenizer`
[INFO] [stdout]  --> src/lib.rs:8:14
[INFO] [stdout]   |
[INFO] [stdout] 3 | for token in Tokenizer::new("SELECT * FROM t") {
[INFO] [stdout]   |              ^^^^^^^^^ use of undeclared type `Tokenizer`
[INFO] [stdout] 
[INFO] [stdout] error: aborting due to 1 previous error
[INFO] [stdout] 
[INFO] [stdout] For more information about this error, try `rustc --explain E0433`.
[INFO] [stdout] Couldn't compile the test.
[INFO] [stdout] 
[INFO] [stdout] failures:
[INFO] [stdout]     src/lib.rs - (line 15)
[INFO] [stdout]     src/lib.rs - (line 7)
[INFO] [stdout] 
[INFO] [stdout] test result: FAILED. 0 passed; 2 failed; 0 ignored; 0 measured; 0 filtered out; finished in 0.04s
[INFO] [stdout] 
[INFO] [stderr] error: doctest failed, to rerun pass `--doc`
[INFO] running `Command { std: "docker" "inspect" "c663a2e59cc0144f60c35aa372faf87e1fe7bd1b11e0c00ec006aa82ef324b5e", kill_on_drop: false }`
[INFO] running `Command { std: "docker" "rm" "-f" "c663a2e59cc0144f60c35aa372faf87e1fe7bd1b11e0c00ec006aa82ef324b5e", kill_on_drop: false }`
[INFO] [stdout] c663a2e59cc0144f60c35aa372faf87e1fe7bd1b11e0c00ec006aa82ef324b5e
