[INFO] fetching crate sprint 0.11.0...
[INFO] testing sprint-0.11.0 against nightly-2024-10-28 for randomize-layout
[INFO] extracting crate sprint 0.11.0 into /workspace/builds/worker-5-tc1/source
[INFO] validating manifest of crates.io crate sprint 0.11.0 on toolchain nightly-2024-10-28
[INFO] running `Command { std: CARGO_HOME="/workspace/cargo-home" RUSTUP_HOME="/workspace/rustup-home" "/workspace/cargo-home/bin/cargo" "+nightly-2024-10-28" "metadata" "--manifest-path" "Cargo.toml" "--no-deps", kill_on_drop: false }`
[INFO] started tweaking crates.io crate sprint 0.11.0
[INFO] removed 0 missing tests
[INFO] finished tweaking crates.io crate sprint 0.11.0
[INFO] tweaked toml for crates.io crate sprint 0.11.0 written to /workspace/builds/worker-5-tc1/source/Cargo.toml
[INFO] crate crates.io crate sprint 0.11.0 already has a lockfile, it will not be regenerated
[INFO] running `Command { std: CARGO_HOME="/workspace/cargo-home" RUSTUP_HOME="/workspace/rustup-home" "/workspace/cargo-home/bin/cargo" "+nightly-2024-10-28" "fetch" "--manifest-path" "Cargo.toml", kill_on_drop: false }`
[INFO] [stderr]     Updating crates.io index
[INFO] [stderr]  Downloading crates ...
[INFO] [stderr]   Downloaded clap-cargo v0.14.1
[INFO] [stderr]   Downloaded fhc v0.8.0
[INFO] [stderr]   Downloaded ignore-check v0.2.0
[INFO] running `Command { std: "docker" "create" "-v" "/var/lib/crater-agent-workspace/builds/worker-5-tc1/target:/opt/rustwide/target:rw,Z" "-v" "/var/lib/crater-agent-workspace/builds/worker-5-tc1/source:/opt/rustwide/workdir:ro,Z" "-v" "/var/lib/crater-agent-workspace/cargo-home:/opt/rustwide/cargo-home:ro,Z" "-v" "/var/lib/crater-agent-workspace/rustup-home:/opt/rustwide/rustup-home:ro,Z" "-e" "SOURCE_DIR=/opt/rustwide/workdir" "-e" "CARGO_TARGET_DIR=/opt/rustwide/target" "-e" "CARGO_HOME=/opt/rustwide/cargo-home" "-e" "RUSTUP_HOME=/opt/rustwide/rustup-home" "-w" "/opt/rustwide/workdir" "-m" "1610612736" "--user" "0:0" "--network" "none" "ghcr.io/rust-lang/crates-build-env/linux@sha256:4a844ea9eb2546a2d2c7022eacef16ef2e8229c7fbb2c7d4d55a9ceca922f72d" "/opt/rustwide/cargo-home/bin/cargo" "+nightly-2024-10-28" "metadata" "--no-deps" "--format-version=1", kill_on_drop: false }`
[INFO] [stdout] 2ca49eb12f3e8904669b9bb474725c6a8673503160c46b60c0e795a098247d29
[INFO] running `Command { std: "docker" "start" "-a" "2ca49eb12f3e8904669b9bb474725c6a8673503160c46b60c0e795a098247d29", kill_on_drop: false }`
[INFO] running `Command { std: "docker" "inspect" "2ca49eb12f3e8904669b9bb474725c6a8673503160c46b60c0e795a098247d29", kill_on_drop: false }`
[INFO] running `Command { std: "docker" "rm" "-f" "2ca49eb12f3e8904669b9bb474725c6a8673503160c46b60c0e795a098247d29", kill_on_drop: false }`
[INFO] [stdout] 2ca49eb12f3e8904669b9bb474725c6a8673503160c46b60c0e795a098247d29
[INFO] running `Command { std: "docker" "create" "-v" "/var/lib/crater-agent-workspace/builds/worker-5-tc1/target:/opt/rustwide/target:rw,Z" "-v" "/var/lib/crater-agent-workspace/builds/worker-5-tc1/source:/opt/rustwide/workdir:ro,Z" "-v" "/var/lib/crater-agent-workspace/cargo-home:/opt/rustwide/cargo-home:ro,Z" "-v" "/var/lib/crater-agent-workspace/rustup-home:/opt/rustwide/rustup-home:ro,Z" "-e" "SOURCE_DIR=/opt/rustwide/workdir" "-e" "CARGO_TARGET_DIR=/opt/rustwide/target" "-e" "CARGO_INCREMENTAL=0" "-e" "RUST_BACKTRACE=full" "-e" "RUSTFLAGS=--cap-lints=forbid" "-e" "RUSTDOCFLAGS=--cap-lints=forbid" "-e" "CARGO_HOME=/opt/rustwide/cargo-home" "-e" "RUSTUP_HOME=/opt/rustwide/rustup-home" "-w" "/opt/rustwide/workdir" "-m" "1610612736" "--user" "0:0" "--network" "none" "ghcr.io/rust-lang/crates-build-env/linux@sha256:4a844ea9eb2546a2d2c7022eacef16ef2e8229c7fbb2c7d4d55a9ceca922f72d" "/opt/rustwide/cargo-home/bin/cargo" "+nightly-2024-10-28" "build" "--frozen" "--message-format=json", kill_on_drop: false }`
[INFO] [stdout] 8467abae8eab63797cda694f1329f27fe39f8ce392f4a7cfc636fe5f1cb3d0a1
[INFO] running `Command { std: "docker" "start" "-a" "8467abae8eab63797cda694f1329f27fe39f8ce392f4a7cfc636fe5f1cb3d0a1", kill_on_drop: false }`
[INFO] [stderr]    Compiling crossbeam-utils v0.8.20
[INFO] [stderr]    Compiling rustix v0.38.37
[INFO] [stderr]    Compiling anstyle v1.0.9
[INFO] [stderr]    Compiling shlex v1.3.0
[INFO] [stderr]    Compiling colorchoice v1.0.3
[INFO] [stderr]    Compiling generic-array v0.14.7
[INFO] [stderr]    Compiling anstyle-parse v0.2.6
[INFO] [stderr]    Compiling anstyle-query v1.1.2
[INFO] [stderr]    Compiling regex-syntax v0.8.5
[INFO] [stderr]    Compiling anyhow v1.0.91
[INFO] [stderr]    Compiling rayon-core v1.12.1
[INFO] [stderr]    Compiling bstr v1.10.0
[INFO] [stderr]    Compiling inotify-sys v0.1.5
[INFO] [stderr]    Compiling syn v2.0.85
[INFO] [stderr]    Compiling either v1.13.0
[INFO] [stderr]    Compiling owo-colors v4.1.0
[INFO] [stderr]    Compiling filetime v0.2.25
[INFO] [stderr]    Compiling mio v0.8.11
[INFO] [stderr]    Compiling cc v1.1.31
[INFO] [stderr]    Compiling anstream v0.6.17
[INFO] [stderr]    Compiling inotify v0.9.6
[INFO] [stderr]    Compiling crossbeam-epoch v0.9.18
[INFO] [stderr]    Compiling crossbeam-channel v0.5.13
[INFO] [stderr]    Compiling crypto-common v0.1.6
[INFO] [stderr]    Compiling block-buffer v0.10.4
[INFO] [stderr]    Compiling crossbeam-deque v0.8.5
[INFO] [stderr]    Compiling digest v0.10.7
[INFO] [stderr]    Compiling blake3 v1.5.4
[INFO] [stderr]    Compiling notify v6.1.1
[INFO] [stderr]    Compiling sha2 v0.10.8
[INFO] [stderr]    Compiling terminal_size v0.4.0
[INFO] [stderr]    Compiling clap_builder v4.5.20
[INFO] [stderr]    Compiling regex-automata v0.4.8
[INFO] [stderr]    Compiling rayon v1.10.0
[INFO] [stderr]    Compiling clap_derive v4.5.18
[INFO] [stderr]    Compiling globset v0.4.15
[INFO] [stderr]    Compiling ignore v0.4.23
[INFO] [stderr]    Compiling ignore-check v0.2.0
[INFO] [stderr]    Compiling clap v4.5.20
[INFO] [stderr]    Compiling clap-cargo v0.14.1
[INFO] [stderr]    Compiling fhc v0.8.0
[INFO] [stderr]    Compiling sprint v0.11.0 (/opt/rustwide/workdir)
[INFO] [stderr]     Finished `dev` profile [unoptimized + debuginfo] target(s) in 10.53s
[INFO] running `Command { std: "docker" "inspect" "8467abae8eab63797cda694f1329f27fe39f8ce392f4a7cfc636fe5f1cb3d0a1", kill_on_drop: false }`
[INFO] running `Command { std: "docker" "rm" "-f" "8467abae8eab63797cda694f1329f27fe39f8ce392f4a7cfc636fe5f1cb3d0a1", kill_on_drop: false }`
[INFO] [stdout] 8467abae8eab63797cda694f1329f27fe39f8ce392f4a7cfc636fe5f1cb3d0a1
[INFO] running `Command { std: "docker" "create" "-v" "/var/lib/crater-agent-workspace/builds/worker-5-tc1/target:/opt/rustwide/target:rw,Z" "-v" "/var/lib/crater-agent-workspace/builds/worker-5-tc1/source:/opt/rustwide/workdir:ro,Z" "-v" "/var/lib/crater-agent-workspace/cargo-home:/opt/rustwide/cargo-home:ro,Z" "-v" "/var/lib/crater-agent-workspace/rustup-home:/opt/rustwide/rustup-home:ro,Z" "-e" "SOURCE_DIR=/opt/rustwide/workdir" "-e" "CARGO_TARGET_DIR=/opt/rustwide/target" "-e" "CARGO_INCREMENTAL=0" "-e" "RUST_BACKTRACE=full" "-e" "RUSTFLAGS=--cap-lints=forbid" "-e" "RUSTDOCFLAGS=--cap-lints=forbid" "-e" "CARGO_HOME=/opt/rustwide/cargo-home" "-e" "RUSTUP_HOME=/opt/rustwide/rustup-home" "-w" "/opt/rustwide/workdir" "-m" "1610612736" "--user" "0:0" "--network" "none" "ghcr.io/rust-lang/crates-build-env/linux@sha256:4a844ea9eb2546a2d2c7022eacef16ef2e8229c7fbb2c7d4d55a9ceca922f72d" "/opt/rustwide/cargo-home/bin/cargo" "+nightly-2024-10-28" "test" "--frozen" "--no-run" "--message-format=json", kill_on_drop: false }`
[INFO] [stdout] 6dcb0ae72b2402fd0f3069b34c30d9fce402adc44875c74aaf8dc5f4fa523017
[INFO] running `Command { std: "docker" "start" "-a" "6dcb0ae72b2402fd0f3069b34c30d9fce402adc44875c74aaf8dc5f4fa523017", kill_on_drop: false }`
[INFO] [stderr]    Compiling sprint v0.11.0 (/opt/rustwide/workdir)
[INFO] [stderr]     Finished `test` profile [unoptimized + debuginfo] target(s) in 0.58s
[INFO] running `Command { std: "docker" "inspect" "6dcb0ae72b2402fd0f3069b34c30d9fce402adc44875c74aaf8dc5f4fa523017", kill_on_drop: false }`
[INFO] running `Command { std: "docker" "rm" "-f" "6dcb0ae72b2402fd0f3069b34c30d9fce402adc44875c74aaf8dc5f4fa523017", kill_on_drop: false }`
[INFO] [stdout] 6dcb0ae72b2402fd0f3069b34c30d9fce402adc44875c74aaf8dc5f4fa523017
[INFO] running `Command { std: "docker" "create" "-v" "/var/lib/crater-agent-workspace/builds/worker-5-tc1/target:/opt/rustwide/target:rw,Z" "-v" "/var/lib/crater-agent-workspace/builds/worker-5-tc1/source:/opt/rustwide/workdir:ro,Z" "-v" "/var/lib/crater-agent-workspace/cargo-home:/opt/rustwide/cargo-home:ro,Z" "-v" "/var/lib/crater-agent-workspace/rustup-home:/opt/rustwide/rustup-home:ro,Z" "-e" "SOURCE_DIR=/opt/rustwide/workdir" "-e" "CARGO_TARGET_DIR=/opt/rustwide/target" "-e" "CARGO_INCREMENTAL=0" "-e" "RUST_BACKTRACE=full" "-e" "RUSTFLAGS=--cap-lints=forbid" "-e" "RUSTDOCFLAGS=--cap-lints=forbid" "-e" "CARGO_HOME=/opt/rustwide/cargo-home" "-e" "RUSTUP_HOME=/opt/rustwide/rustup-home" "-w" "/opt/rustwide/workdir" "-m" "1610612736" "--user" "0:0" "--network" "none" "ghcr.io/rust-lang/crates-build-env/linux@sha256:4a844ea9eb2546a2d2c7022eacef16ef2e8229c7fbb2c7d4d55a9ceca922f72d" "/opt/rustwide/cargo-home/bin/cargo" "+nightly-2024-10-28" "test" "--frozen", kill_on_drop: false }`
[INFO] [stdout] 7d68fe086eaf29fc4257e161b91715c75746d3efda5ed44c55e607ff87876b95
[INFO] running `Command { std: "docker" "start" "-a" "7d68fe086eaf29fc4257e161b91715c75746d3efda5ed44c55e607ff87876b95", kill_on_drop: false }`
[INFO] [stderr]     Finished `test` profile [unoptimized + debuginfo] target(s) in 0.07s
[INFO] [stderr]      Running unittests src/lib.rs (/opt/rustwide/target/debug/deps/sprint-9fd065850785ab3a)
[INFO] [stdout] 
[INFO] [stdout] running 0 tests
[INFO] [stdout] 
[INFO] [stdout] test result: ok. 0 passed; 0 failed; 0 ignored; 0 measured; 0 filtered out; finished in 0.00s
[INFO] [stdout] 
[INFO] [stderr]      Running unittests src/bin/sprint.rs (/opt/rustwide/target/debug/deps/sprint-a822844803f3fded)
[INFO] [stdout] 
[INFO] [stdout] running 0 tests
[INFO] [stdout] 
[INFO] [stdout] test result: ok. 0 passed; 0 failed; 0 ignored; 0 measured; 0 filtered out; finished in 0.00s
[INFO] [stdout] 
[INFO] [stderr]      Running tests/integration.rs (/opt/rustwide/target/debug/deps/integration-a09978739a03e90a)
[INFO] [stdout] 
[INFO] [stdout] running 6 tests
[INFO] [stdout] ~~~~bash
[INFO] [stdout] > ls *
[INFO] [stdout] ```text
[INFO] [stdout] $ ls *
[INFO] [stdout] ```text
[INFO] [stdout] $ ls *
[INFO] [stdout] ```text
[INFO] [stdout] $ ls *
[INFO] [stderr] ls: cannot access '*': No such file or directory
[INFO] [stdout] CHANGELOG.md
[INFO] [stdout] Cargo.lock
[INFO] [stdout] Cargo.toml
[INFO] [stdout] Cargo.toml.orig
[INFO] [stdout] Makefile.md
[INFO] [stdout] README.md
[INFO] [stdout] 
[INFO] [stdout] src:
[INFO] [stdout] bin
[INFO] [stdout] lib.rs
[INFO] [stdout] 
[INFO] [stdout] t:
[INFO] [stdout] README.md
[INFO] [stdout] interactive.png
[INFO] [stdout] 
[INFO] [stdout] tests:
[INFO] [stdout] integration.rs
[INFO] [stdout] CHANGELOG.md
[INFO] [stdout] Cargo.lock
[INFO] [stdout] Cargo.toml
[INFO] [stdout] Cargo.toml.orig
[INFO] [stdout] Makefile.md
[INFO] [stdout] README.md
[INFO] [stdout] 
[INFO] [stdout] src:
[INFO] [stdout] bin
[INFO] [stdout] lib.rs
[INFO] [stdout] 
[INFO] [stdout] t:
[INFO] [stdout] README.md
[INFO] [stdout] interactive.png
[INFO] [stdout] 
[INFO] [stdout] tests:
[INFO] [stdout] integration.rs
[INFO] [stdout] 
[INFO] [stdout] $ ls -l
[INFO] [stdout] 
[INFO] [stdout] $ 
[INFO] [stdout] $ ls -l
[INFO] [stderr] + ls CHANGELOG.md Cargo.lock Cargo.toml Cargo.toml.orig Makefile.md README.md src t tests
[INFO] [stdout] ls -l
[INFO] [stdout] CHANGELOG.md
[INFO] [stdout] Cargo.lock
[INFO] [stdout] Cargo.toml
[INFO] [stdout] Cargo.toml.orig
[INFO] [stdout] Makefile.md
[INFO] [stdout] README.md
[INFO] [stdout] 
[INFO] [stdout] src:
[INFO] [stdout] bin
[INFO] [stdout] lib.rs
[INFO] [stdout] 
[INFO] [stdout] t:
[INFO] [stdout] README.md
[INFO] [stdout] interactive.png
[INFO] [stdout] 
[INFO] [stdout] tests:
[INFO] [stdout] integration.rs
[INFO] [stdout] total 60
[INFO] [stdout] -rw-r--r-- 1 root root  1712 Jul 24  2006 CHANGELOG.md
[INFO] [stdout] -rw-r--r-- 1 root root 22514 Jan  1  1970 Cargo.lock
[INFO] [stdout] -rw-r--r-- 1 root root   924 Nov  1 15:36 Cargo.toml
[INFO] [stdout] -rw-r--r-- 1 root root   425 Jul 24  2006 Cargo.toml.orig
[INFO] [stdout] -rw-r--r-- 1 root root  1378 Jul 24  2006 Makefile.md
[INFO] [stdout] -rw-r--r-- 1 root root  4641 Jul 24  2006 README.md
[INFO] [stdout] drwxr-xr-x 3 root root  4096 Nov  1 15:36 src
[INFO] [stdout] drwxr-xr-x 2 root root  4096 Nov  1 15:36 t
[INFO] [stdout] drwxr-xr-x 2 root root  4096 Nov  1 15:36 tests
[INFO] [stdout] 
[INFO] [stdout] > ls -l
[INFO] [stdout] ```
[INFO] [stdout] 
[INFO] [stdout] test direct ... ok
[INFO] [stderr] + ls -l
[INFO] [stdout] total 60
[INFO] [stdout] -rw-r--r-- 1 root root  1712 Jul 24  2006 CHANGELOG.md
[INFO] [stdout] -rw-r--r-- 1 root root 22514 Jan  1  1970 Cargo.lock
[INFO] [stdout] -rw-r--r-- 1 root root   924 Nov  1 15:36 Cargo.toml
[INFO] [stdout] -rw-r--r-- 1 root root   425 Jul 24  2006 Cargo.toml.orig
[INFO] [stdout] -rw-r--r-- 1 root root  1378 Jul 24  2006 Makefile.md
[INFO] [stdout] -rw-r--r-- 1 root root  4641 Jul 24  2006 README.md
[INFO] [stdout] drwxr-xr-x 3 root root  4096 Nov  1 15:36 src
[INFO] [stdout] drwxr-xr-x 2 root root  4096 Nov  1 15:36 t
[INFO] [stdout] drwxr-xr-x 2 root root  4096 Nov  1 15:36 tests
[INFO] [stdout] total 60
[INFO] [stdout] -rw-r--r-- 1 root root  1712 Jul 24  2006 CHANGELOG.md
[INFO] [stdout] -rw-r--r-- 1 root root 22514 Jan  1  1970 Cargo.lock
[INFO] [stdout] -rw-r--r-- 1 root root   924 Nov  1 15:36 Cargo.toml
[INFO] [stdout] -rw-r--r-- 1 root root   425 Jul 24  2006 Cargo.toml.orig
[INFO] [stdout] -rw-r--r-- 1 root root  1378 Jul 24  2006 Makefile.md
[INFO] [stdout] -rw-r--r-- 1 root root  4641 Jul 24  2006 README.md
[INFO] [stdout] drwxr-xr-x 3 root root  4096 Nov  1 15:36 src
[INFO] [stdout] drwxr-xr-x 2 root root  4096 Nov  1 15:36 t
[INFO] [stdout] drwxr-xr-x 2 root root  4096 Nov  1 15:36 tests
[INFO] [stdout] ```
[INFO] [stdout] 
[INFO] [stdout] test default ... ok
[INFO] [stdout] ```
[INFO] [stdout] 
[INFO] [stdout] test manual ... ok
[INFO] [stdout] total 60
[INFO] [stdout] -rw-r--r-- 1 root root  1712 Jul 24  2006 CHANGELOG.md
[INFO] [stdout] -rw-r--r-- 1 root root 22514 Jan  1  1970 Cargo.lock
[INFO] [stdout] -rw-r--r-- 1 root root   924 Nov  1 15:36 Cargo.toml
[INFO] [stdout] -rw-r--r-- 1 root root   425 Jul 24  2006 Cargo.toml.orig
[INFO] [stdout] -rw-r--r-- 1 root root  1378 Jul 24  2006 Makefile.md
[INFO] [stdout] -rw-r--r-- 1 root root  4641 Jul 24  2006 README.md
[INFO] [stdout] drwxr-xr-x 3 root root  4096 Nov  1 15:36 src
[INFO] [stdout] drwxr-xr-x 2 root root  4096 Nov  1 15:36 t
[INFO] [stdout] drwxr-xr-x 2 root root  4096 Nov  1 15:36 tests
[INFO] [stdout] ~~~~
[INFO] [stdout] 
[INFO] [stdout] test custom ... ok
[INFO] [stdout] test pipe1 ... FAILED
[INFO] [stdout] test pipe_manual ... FAILED
[INFO] [stdout] 
[INFO] [stdout] failures:
[INFO] [stdout] 
[INFO] [stdout] ---- pipe1 stdout ----
[INFO] [stdout] thread 'pipe1' panicked at tests/integration.rs:133:5:
[INFO] [stdout] assertion `left == right` failed
[INFO] [stdout]   left: "CHANGELOG.md\nCargo.lock\nCargo.toml\nCargo.toml.orig\nMakefile.md\nREADME.md\nsrc\nt\ntests\n"
[INFO] [stdout]  right: "Cargo.lock\nCargo.toml\nCHANGELOG.md\nMakefile.md\nREADME.md\nsrc\nt\ntarget\ntests\n"
[INFO] [stdout] stack backtrace:
[INFO] [stdout]    0:     0x5b3d8d89e3aa - std::backtrace_rs::backtrace::libunwind::trace::h207520d6e9873551
[INFO] [stdout]                                at /rustc/df4ca44d3fbc9301ee17f30f4d474e6ae4b05252/library/std/src/../../backtrace/src/backtrace/libunwind.rs:116:5
[INFO] [stdout]    1:     0x5b3d8d89e3aa - std::backtrace_rs::backtrace::trace_unsynchronized::h2ed7433f370e3eca
[INFO] [stdout]                                at /rustc/df4ca44d3fbc9301ee17f30f4d474e6ae4b05252/library/std/src/../../backtrace/src/backtrace/mod.rs:66:5
[INFO] [stdout]    2:     0x5b3d8d89e3aa - std::sys::backtrace::_print_fmt::h916fac51166b18d7
[INFO] [stdout]                                at /rustc/df4ca44d3fbc9301ee17f30f4d474e6ae4b05252/library/std/src/sys/backtrace.rs:66:9
[INFO] [stdout]    3:     0x5b3d8d89e3aa - <std::sys::backtrace::BacktraceLock::print::DisplayBacktrace as core::fmt::Display>::fmt::ha0a4c9b8ce3802e6
[INFO] [stdout]                                at /rustc/df4ca44d3fbc9301ee17f30f4d474e6ae4b05252/library/std/src/sys/backtrace.rs:39:26
[INFO] [stdout]    4:     0x5b3d8d8c4c83 - core::fmt::rt::Argument::fmt::h4cfc8587d52b3eb5
[INFO] [stdout]                                at /rustc/df4ca44d3fbc9301ee17f30f4d474e6ae4b05252/library/core/src/fmt/rt.rs:177:76
[INFO] [stdout]    5:     0x5b3d8d8c4c83 - core::fmt::write::h522cc39e5b36ae9f
[INFO] [stdout]                                at /rustc/df4ca44d3fbc9301ee17f30f4d474e6ae4b05252/library/core/src/fmt/mod.rs:1190:21
[INFO] [stdout]    6:     0x5b3d8d89ac53 - std::io::Write::write_fmt::h7d3c26752da97734
[INFO] [stdout]                                at /rustc/df4ca44d3fbc9301ee17f30f4d474e6ae4b05252/library/std/src/io/mod.rs:1839:15
[INFO] [stdout]    7:     0x5b3d8d89e1f2 - std::sys::backtrace::BacktraceLock::print::h4b9e00b29e9c0942
[INFO] [stdout]                                at /rustc/df4ca44d3fbc9301ee17f30f4d474e6ae4b05252/library/std/src/sys/backtrace.rs:42:9
[INFO] [stdout]    8:     0x5b3d8d89f83a - std::panicking::default_hook::{{closure}}::hb59b88280d0324d9
[INFO] [stdout]                                at /rustc/df4ca44d3fbc9301ee17f30f4d474e6ae4b05252/library/std/src/panicking.rs:268:22
[INFO] [stdout]    9:     0x5b3d8d89f644 - std::panicking::default_hook::he1dd496665be4a29
[INFO] [stdout]                                at /rustc/df4ca44d3fbc9301ee17f30f4d474e6ae4b05252/library/std/src/panicking.rs:292:9
[INFO] [stdout]   10:     0x5b3d8d7ffc09 - <alloc::boxed::Box<F,A> as core::ops::function::Fn<Args>>::call::h4ff71de18744e1dc
[INFO] [stdout]                                at /rustc/df4ca44d3fbc9301ee17f30f4d474e6ae4b05252/library/alloc/src/boxed.rs:2468:9
[INFO] [stdout]   11:     0x5b3d8d7ffc09 - test::test_main::{{closure}}::hcf7c055ce117aa81
[INFO] [stdout]                                at /rustc/df4ca44d3fbc9301ee17f30f4d474e6ae4b05252/library/test/src/lib.rs:133:21
[INFO] [stdout]   12:     0x5b3d8d89ff38 - <alloc::boxed::Box<F,A> as core::ops::function::Fn<Args>>::call::h1d66c6bbd60c9692
[INFO] [stdout]                                at /rustc/df4ca44d3fbc9301ee17f30f4d474e6ae4b05252/library/alloc/src/boxed.rs:2468:9
[INFO] [stdout]   13:     0x5b3d8d89ff38 - std::panicking::rust_panic_with_hook::h2ff17fe8f26dfcf8
[INFO] [stdout]                                at /rustc/df4ca44d3fbc9301ee17f30f4d474e6ae4b05252/library/std/src/panicking.rs:809:13
[INFO] [stdout]   14:     0x5b3d8d89fcfa - std::panicking::begin_panic_handler::{{closure}}::h4fad77951c07e101
[INFO] [stdout]                                at /rustc/df4ca44d3fbc9301ee17f30f4d474e6ae4b05252/library/std/src/panicking.rs:674:13
[INFO] [stdout]   15:     0x5b3d8d89e889 - std::sys::backtrace::__rust_end_short_backtrace::hb1a25b3da5d0ea08
[INFO] [stdout]                                at /rustc/df4ca44d3fbc9301ee17f30f4d474e6ae4b05252/library/std/src/sys/backtrace.rs:170:18
[INFO] [stdout]   16:     0x5b3d8d89f98c - rust_begin_unwind
[INFO] [stdout]                                at /rustc/df4ca44d3fbc9301ee17f30f4d474e6ae4b05252/library/std/src/panicking.rs:665:5
[INFO] [stdout]   17:     0x5b3d8d8c3680 - core::panicking::panic_fmt::ha9db07b529f9b256
[INFO] [stdout]                                at /rustc/df4ca44d3fbc9301ee17f30f4d474e6ae4b05252/library/core/src/panicking.rs:75:14
[INFO] [stdout]   18:     0x5b3d8d8c3a4b - core::panicking::assert_failed_inner::h04f38944d74a80a8
[INFO] [stdout]   19:     0x5b3d8d7c31b2 - core::panicking::assert_failed::h3ce5395d865aac15
[INFO] [stdout]                                at /rustc/df4ca44d3fbc9301ee17f30f4d474e6ae4b05252/library/core/src/panicking.rs:377:5
[INFO] [stdout]   20:     0x5b3d8d7c5c73 - integration::pipe1::h19a7d67d9b80ae20
[INFO] [stdout]                                at /opt/rustwide/workdir/tests/integration.rs:133:5
[INFO] [stdout]   21:     0x5b3d8d7c5b67 - integration::pipe1::{{closure}}::hc39685cb5e1fab8f
[INFO] [stdout]                                at /opt/rustwide/workdir/tests/integration.rs:132:11
[INFO] [stdout]   22:     0x5b3d8d7c2ae6 - core::ops::function::FnOnce::call_once::hb23037c9a791bb31
[INFO] [stdout]                                at /rustc/df4ca44d3fbc9301ee17f30f4d474e6ae4b05252/library/core/src/ops/function.rs:250:5
[INFO] [stdout]   23:     0x5b3d8d8044db - core::ops::function::FnOnce::call_once::h22c3ba5715e93f05
[INFO] [stdout]                                at /rustc/df4ca44d3fbc9301ee17f30f4d474e6ae4b05252/library/core/src/ops/function.rs:250:5
[INFO] [stdout]   24:     0x5b3d8d8044db - test::__rust_begin_short_backtrace::h8e82d8113d0da17f
[INFO] [stdout]                                at /rustc/df4ca44d3fbc9301ee17f30f4d474e6ae4b05252/library/test/src/lib.rs:621:18
[INFO] [stdout]   25:     0x5b3d8d803e57 - test::run_test_in_process::{{closure}}::h33235f4f20b7b7c7
[INFO] [stdout]                                at /rustc/df4ca44d3fbc9301ee17f30f4d474e6ae4b05252/library/test/src/lib.rs:644:60
[INFO] [stdout]   26:     0x5b3d8d803e57 - <core::panic::unwind_safe::AssertUnwindSafe<F> as core::ops::function::FnOnce<()>>::call_once::hb5043206310c586f
[INFO] [stdout]                                at /rustc/df4ca44d3fbc9301ee17f30f4d474e6ae4b05252/library/core/src/panic/unwind_safe.rs:272:9
[INFO] [stdout]   27:     0x5b3d8d803e57 - std::panicking::try::do_call::h9ad4731a60ab23e2
[INFO] [stdout]                                at /rustc/df4ca44d3fbc9301ee17f30f4d474e6ae4b05252/library/std/src/panicking.rs:557:40
[INFO] [stdout]   28:     0x5b3d8d803e57 - std::panicking::try::h3824d23db772a716
[INFO] [stdout]                                at /rustc/df4ca44d3fbc9301ee17f30f4d474e6ae4b05252/library/std/src/panicking.rs:520:19
[INFO] [stdout]   29:     0x5b3d8d803e57 - std::panic::catch_unwind::h5afd514605fde46b
[INFO] [stdout]                                at /rustc/df4ca44d3fbc9301ee17f30f4d474e6ae4b05252/library/std/src/panic.rs:358:14
[INFO] [stdout]   30:     0x5b3d8d803e57 - test::run_test_in_process::h0d5cbfa7067d1720
[INFO] [stdout]                                at /rustc/df4ca44d3fbc9301ee17f30f4d474e6ae4b05252/library/test/src/lib.rs:644:27
[INFO] [stdout]   31:     0x5b3d8d803e57 - test::run_test::{{closure}}::h708eb8872708115d
[INFO] [stdout]                                at /rustc/df4ca44d3fbc9301ee17f30f4d474e6ae4b05252/library/test/src/lib.rs:565:43
[INFO] [stdout]   32:     0x5b3d8d7c7574 - test::run_test::{{closure}}::h392c51cee94713ab
[INFO] [stdout]                                at /rustc/df4ca44d3fbc9301ee17f30f4d474e6ae4b05252/library/test/src/lib.rs:595:41
[INFO] [stdout]   33:     0x5b3d8d7c7574 - std::sys::backtrace::__rust_begin_short_backtrace::h2f40290710935a8b
[INFO] [stdout]                                at /rustc/df4ca44d3fbc9301ee17f30f4d474e6ae4b05252/library/std/src/sys/backtrace.rs:154:18
[INFO] [stdout]   34:     0x5b3d8d7cad1e - std::thread::Builder::spawn_unchecked_::{{closure}}::{{closure}}::h3fd968d89053a903
[INFO] [stdout]                                at /rustc/df4ca44d3fbc9301ee17f30f4d474e6ae4b05252/library/std/src/thread/mod.rs:541:17
[INFO] [stdout]   35:     0x5b3d8d7cad1e - <core::panic::unwind_safe::AssertUnwindSafe<F> as core::ops::function::FnOnce<()>>::call_once::h743f637ba4229880
[INFO] [stdout]                                at /rustc/df4ca44d3fbc9301ee17f30f4d474e6ae4b05252/library/core/src/panic/unwind_safe.rs:272:9
[INFO] [stdout]   36:     0x5b3d8d7cad1e - std::panicking::try::do_call::h07440897322525a6
[INFO] [stdout]                                at /rustc/df4ca44d3fbc9301ee17f30f4d474e6ae4b05252/library/std/src/panicking.rs:557:40
[INFO] [stdout]   37:     0x5b3d8d7cad1e - std::panicking::try::he5a2e00188156637
[INFO] [stdout]                                at /rustc/df4ca44d3fbc9301ee17f30f4d474e6ae4b05252/library/std/src/panicking.rs:520:19
[INFO] [stdout]   38:     0x5b3d8d7cad1e - std::panic::catch_unwind::hbaf3cae49b3c6433
[INFO] [stdout]                                at /rustc/df4ca44d3fbc9301ee17f30f4d474e6ae4b05252/library/std/src/panic.rs:358:14
[INFO] [stdout]   39:     0x5b3d8d7cad1e - std::thread::Builder::spawn_unchecked_::{{closure}}::h8e141ea224820bce
[INFO] [stdout]                                at /rustc/df4ca44d3fbc9301ee17f30f4d474e6ae4b05252/library/std/src/thread/mod.rs:540:30
[INFO] [stdout]   40:     0x5b3d8d7cad1e - core::ops::function::FnOnce::call_once{{vtable.shim}}::h90d312fedd7b8ea8
[INFO] [stdout]                                at /rustc/df4ca44d3fbc9301ee17f30f4d474e6ae4b05252/library/core/src/ops/function.rs:250:5
[INFO] [stdout]   41:     0x5b3d8d8a3f6b - <alloc::boxed::Box<F,A> as core::ops::function::FnOnce<Args>>::call_once::h69aa08ddb6adb8b6
[INFO] [stdout]                                at /rustc/df4ca44d3fbc9301ee17f30f4d474e6ae4b05252/library/alloc/src/boxed.rs:2454:9
[INFO] [stdout]   42:     0x5b3d8d8a3f6b - <alloc::boxed::Box<F,A> as core::ops::function::FnOnce<Args>>::call_once::h5aa36efdb79c806f
[INFO] [stdout]                                at /rustc/df4ca44d3fbc9301ee17f30f4d474e6ae4b05252/library/alloc/src/boxed.rs:2454:9
[INFO] [stdout]   43:     0x5b3d8d8a3f6b - std::sys::pal::unix::thread::Thread::new::thread_start::h6cd80a1b4be5158d
[INFO] [stdout]                                at /rustc/df4ca44d3fbc9301ee17f30f4d474e6ae4b05252/library/std/src/sys/pal/unix/thread.rs:105:17
[INFO] [stdout]   44:     0x783f671eaac3 - <unknown>
[INFO] [stdout]   45:     0x783f6727ba04 - clone
[INFO] [stdout]   46:                0x0 - <unknown>
[INFO] [stdout] 
[INFO] [stdout] ---- pipe_manual stdout ----
[INFO] [stdout] thread 'pipe_manual' panicked at tests/integration.rs:102:5:
[INFO] [stdout] assertion `left == right` failed
[INFO] [stdout]   left: String(Some("CHANGELOG.md\nCargo.lock\nCargo.toml\nCargo.toml.orig\nMakefile.md\nREADME.md\nsrc\nt\ntests\n"))
[INFO] [stdout]  right: String(Some("Cargo.lock\nCargo.toml\nCHANGELOG.md\nMakefile.md\nREADME.md\nsrc\nt\ntarget\ntests\n"))
[INFO] [stdout] stack backtrace:
[INFO] [stdout]    0:     0x5b3d8d89e3aa - std::backtrace_rs::backtrace::libunwind::trace::h207520d6e9873551
[INFO] [stdout]                                at /rustc/df4ca44d3fbc9301ee17f30f4d474e6ae4b05252/library/std/src/../../backtrace/src/backtrace/libunwind.rs:116:5
[INFO] [stdout]    1:     0x5b3d8d89e3aa - std::backtrace_rs::backtrace::trace_unsynchronized::h2ed7433f370e3eca
[INFO] [stdout]                                at /rustc/df4ca44d3fbc9301ee17f30f4d474e6ae4b05252/library/std/src/../../backtrace/src/backtrace/mod.rs:66:5
[INFO] [stdout]    2:     0x5b3d8d89e3aa - std::sys::backtrace::_print_fmt::h916fac51166b18d7
[INFO] [stdout]                                at /rustc/df4ca44d3fbc9301ee17f30f4d474e6ae4b05252/library/std/src/sys/backtrace.rs:66:9
[INFO] [stdout]    3:     0x5b3d8d89e3aa - <std::sys::backtrace::BacktraceLock::print::DisplayBacktrace as core::fmt::Display>::fmt::ha0a4c9b8ce3802e6
[INFO] [stdout]                                at /rustc/df4ca44d3fbc9301ee17f30f4d474e6ae4b05252/library/std/src/sys/backtrace.rs:39:26
[INFO] [stdout]    4:     0x5b3d8d8c4c83 - core::fmt::rt::Argument::fmt::h4cfc8587d52b3eb5
[INFO] [stdout]                                at /rustc/df4ca44d3fbc9301ee17f30f4d474e6ae4b05252/library/core/src/fmt/rt.rs:177:76
[INFO] [stdout]    5:     0x5b3d8d8c4c83 - core::fmt::write::h522cc39e5b36ae9f
[INFO] [stdout]                                at /rustc/df4ca44d3fbc9301ee17f30f4d474e6ae4b05252/library/core/src/fmt/mod.rs:1190:21
[INFO] [stdout]    6:     0x5b3d8d89ac53 - std::io::Write::write_fmt::h7d3c26752da97734
[INFO] [stdout]                                at /rustc/df4ca44d3fbc9301ee17f30f4d474e6ae4b05252/library/std/src/io/mod.rs:1839:15
[INFO] [stdout]    7:     0x5b3d8d89e1f2 - std::sys::backtrace::BacktraceLock::print::h4b9e00b29e9c0942
[INFO] [stdout]                                at /rustc/df4ca44d3fbc9301ee17f30f4d474e6ae4b05252/library/std/src/sys/backtrace.rs:42:9
[INFO] [stdout]    8:     0x5b3d8d89f83a - std::panicking::default_hook::{{closure}}::hb59b88280d0324d9
[INFO] [stdout]                                at /rustc/df4ca44d3fbc9301ee17f30f4d474e6ae4b05252/library/std/src/panicking.rs:268:22
[INFO] [stdout]    9:     0x5b3d8d89f644 - std::panicking::default_hook::he1dd496665be4a29
[INFO] [stdout]                                at /rustc/df4ca44d3fbc9301ee17f30f4d474e6ae4b05252/library/std/src/panicking.rs:292:9
[INFO] [stdout]   10:     0x5b3d8d7ffc09 - <alloc::boxed::Box<F,A> as core::ops::function::Fn<Args>>::call::h4ff71de18744e1dc
[INFO] [stdout]                                at /rustc/df4ca44d3fbc9301ee17f30f4d474e6ae4b05252/library/alloc/src/boxed.rs:2468:9
[INFO] [stdout]   11:     0x5b3d8d7ffc09 - test::test_main::{{closure}}::hcf7c055ce117aa81
[INFO] [stdout]                                at /rustc/df4ca44d3fbc9301ee17f30f4d474e6ae4b05252/library/test/src/lib.rs:133:21
[INFO] [stdout]   12:     0x5b3d8d89ff38 - <alloc::boxed::Box<F,A> as core::ops::function::Fn<Args>>::call::h1d66c6bbd60c9692
[INFO] [stdout]                                at /rustc/df4ca44d3fbc9301ee17f30f4d474e6ae4b05252/library/alloc/src/boxed.rs:2468:9
[INFO] [stdout]   13:     0x5b3d8d89ff38 - std::panicking::rust_panic_with_hook::h2ff17fe8f26dfcf8
[INFO] [stdout]                                at /rustc/df4ca44d3fbc9301ee17f30f4d474e6ae4b05252/library/std/src/panicking.rs:809:13
[INFO] [stdout]   14:     0x5b3d8d89fcfa - std::panicking::begin_panic_handler::{{closure}}::h4fad77951c07e101
[INFO] [stdout]                                at /rustc/df4ca44d3fbc9301ee17f30f4d474e6ae4b05252/library/std/src/panicking.rs:674:13
[INFO] [stdout]   15:     0x5b3d8d89e889 - std::sys::backtrace::__rust_end_short_backtrace::hb1a25b3da5d0ea08
[INFO] [stdout]                                at /rustc/df4ca44d3fbc9301ee17f30f4d474e6ae4b05252/library/std/src/sys/backtrace.rs:170:18
[INFO] [stdout]   16:     0x5b3d8d89f98c - rust_begin_unwind
[INFO] [stdout]                                at /rustc/df4ca44d3fbc9301ee17f30f4d474e6ae4b05252/library/std/src/panicking.rs:665:5
[INFO] [stdout]   17:     0x5b3d8d8c3680 - core::panicking::panic_fmt::ha9db07b529f9b256
[INFO] [stdout]                                at /rustc/df4ca44d3fbc9301ee17f30f4d474e6ae4b05252/library/core/src/panicking.rs:75:14
[INFO] [stdout]   18:     0x5b3d8d8c3a4b - core::panicking::assert_failed_inner::h04f38944d74a80a8
[INFO] [stdout]   19:     0x5b3d8d7c31f0 - core::panicking::assert_failed::hab5d3a9df6a90e2c
[INFO] [stdout]                                at /rustc/df4ca44d3fbc9301ee17f30f4d474e6ae4b05252/library/core/src/panicking.rs:377:5
[INFO] [stdout]   20:     0x5b3d8d7c5a0f - integration::pipe_manual::h209bb747d50a82b5
[INFO] [stdout]                                at /opt/rustwide/workdir/tests/integration.rs:102:5
[INFO] [stdout]   21:     0x5b3d8d7c5487 - integration::pipe_manual::{{closure}}::h68368c66e1c1f396
[INFO] [stdout]                                at /opt/rustwide/workdir/tests/integration.rs:101:17
[INFO] [stdout]   22:     0x5b3d8d7c2b66 - core::ops::function::FnOnce::call_once::hdd30b1437d45f9b0
[INFO] [stdout]                                at /rustc/df4ca44d3fbc9301ee17f30f4d474e6ae4b05252/library/core/src/ops/function.rs:250:5
[INFO] [stdout]   23:     0x5b3d8d8044db - core::ops::function::FnOnce::call_once::h22c3ba5715e93f05
[INFO] [stdout]                                at /rustc/df4ca44d3fbc9301ee17f30f4d474e6ae4b05252/library/core/src/ops/function.rs:250:5
[INFO] [stdout]   24:     0x5b3d8d8044db - test::__rust_begin_short_backtrace::h8e82d8113d0da17f
[INFO] [stdout]                                at /rustc/df4ca44d3fbc9301ee17f30f4d474e6ae4b05252/library/test/src/lib.rs:621:18
[INFO] [stdout]   25:     0x5b3d8d803e57 - test::run_test_in_process::{{closure}}::h33235f4f20b7b7c7
[INFO] [stdout]                                at /rustc/df4ca44d3fbc9301ee17f30f4d474e6ae4b05252/library/test/src/lib.rs:644:60
[INFO] [stdout]   26:     0x5b3d8d803e57 - <core::panic::unwind_safe::AssertUnwindSafe<F> as core::ops::function::FnOnce<()>>::call_once::hb5043206310c586f
[INFO] [stdout]                                at /rustc/df4ca44d3fbc9301ee17f30f4d474e6ae4b05252/library/core/src/panic/unwind_safe.rs:272:9
[INFO] [stdout]   27:     0x5b3d8d803e57 - std::panicking::try::do_call::h9ad4731a60ab23e2
[INFO] [stdout]                                at /rustc/df4ca44d3fbc9301ee17f30f4d474e6ae4b05252/library/std/src/panicking.rs:557:40
[INFO] [stdout]   28:     0x5b3d8d803e57 - std::panicking::try::h3824d23db772a716
[INFO] [stdout]                                at /rustc/df4ca44d3fbc9301ee17f30f4d474e6ae4b05252/library/std/src/panicking.rs:520:19
[INFO] [stdout]   29:     0x5b3d8d803e57 - std::panic::catch_unwind::h5afd514605fde46b
[INFO] [stdout]                                at /rustc/df4ca44d3fbc9301ee17f30f4d474e6ae4b05252/library/std/src/panic.rs:358:14
[INFO] [stdout]   30:     0x5b3d8d803e57 - test::run_test_in_process::h0d5cbfa7067d1720
[INFO] [stdout]                                at /rustc/df4ca44d3fbc9301ee17f30f4d474e6ae4b05252/library/test/src/lib.rs:644:27
[INFO] [stdout]   31:     0x5b3d8d803e57 - test::run_test::{{closure}}::h708eb8872708115d
[INFO] [stdout]                                at /rustc/df4ca44d3fbc9301ee17f30f4d474e6ae4b05252/library/test/src/lib.rs:565:43
[INFO] [stdout]   32:     0x5b3d8d7c7574 - test::run_test::{{closure}}::h392c51cee94713ab
[INFO] [stdout]                                at /rustc/df4ca44d3fbc9301ee17f30f4d474e6ae4b05252/library/test/src/lib.rs:595:41
[INFO] [stdout]   33:     0x5b3d8d7c7574 - std::sys::backtrace::__rust_begin_short_backtrace::h2f40290710935a8b
[INFO] [stdout]                                at /rustc/df4ca44d3fbc9301ee17f30f4d474e6ae4b05252/library/std/src/sys/backtrace.rs:154:18
[INFO] [stdout]   34:     0x5b3d8d7cad1e - std::thread::Builder::spawn_unchecked_::{{closure}}::{{closure}}::h3fd968d89053a903
[INFO] [stdout]                                at /rustc/df4ca44d3fbc9301ee17f30f4d474e6ae4b05252/library/std/src/thread/mod.rs:541:17
[INFO] [stdout]   35:     0x5b3d8d7cad1e - <core::panic::unwind_safe::AssertUnwindSafe<F> as core::ops::function::FnOnce<()>>::call_once::h743f637ba4229880
[INFO] [stdout]                                at /rustc/df4ca44d3fbc9301ee17f30f4d474e6ae4b05252/library/core/src/panic/unwind_safe.rs:272:9
[INFO] [stdout]   36:     0x5b3d8d7cad1e - std::panicking::try::do_call::h07440897322525a6
[INFO] [stdout]                                at /rustc/df4ca44d3fbc9301ee17f30f4d474e6ae4b05252/library/std/src/panicking.rs:557:40
[INFO] [stdout]   37:     0x5b3d8d7cad1e - std::panicking::try::he5a2e00188156637
[INFO] [stdout]                                at /rustc/df4ca44d3fbc9301ee17f30f4d474e6ae4b05252/library/std/src/panicking.rs:520:19
[INFO] [stdout]   38:     0x5b3d8d7cad1e - std::panic::catch_unwind::hbaf3cae49b3c6433
[INFO] [stdout]                                at /rustc/df4ca44d3fbc9301ee17f30f4d474e6ae4b05252/library/std/src/panic.rs:358:14
[INFO] [stdout]   39:     0x5b3d8d7cad1e - std::thread::Builder::spawn_unchecked_::{{closure}}::h8e141ea224820bce
[INFO] [stdout]                                at /rustc/df4ca44d3fbc9301ee17f30f4d474e6ae4b05252/library/std/src/thread/mod.rs:540:30
[INFO] [stdout]   40:     0x5b3d8d7cad1e - core::ops::function::FnOnce::call_once{{vtable.shim}}::h90d312fedd7b8ea8
[INFO] [stdout]                                at /rustc/df4ca44d3fbc9301ee17f30f4d474e6ae4b05252/library/core/src/ops/function.rs:250:5
[INFO] [stdout]   41:     0x5b3d8d8a3f6b - <alloc::boxed::Box<F,A> as core::ops::function::FnOnce<Args>>::call_once::h69aa08ddb6adb8b6
[INFO] [stdout]                                at /rustc/df4ca44d3fbc9301ee17f30f4d474e6ae4b05252/library/alloc/src/boxed.rs:2454:9
[INFO] [stdout]   42:     0x5b3d8d8a3f6b - <alloc::boxed::Box<F,A> as core::ops::function::FnOnce<Args>>::call_once::h5aa36efdb79c806f
[INFO] [stdout]                                at /rustc/df4ca44d3fbc9301ee17f30f4d474e6ae4b05252/library/alloc/src/boxed.rs:2454:9
[INFO] [stdout]   43:     0x5b3d8d8a3f6b - std::sys::pal::unix::thread::Thread::new::thread_start::h6cd80a1b4be5158d
[INFO] [stdout]                                at /rustc/df4ca44d3fbc9301ee17f30f4d474e6ae4b05252/library/std/src/sys/pal/unix/thread.rs:105:17
[INFO] [stdout]   44:     0x783f671eaac3 - <unknown>
[INFO] [stdout]   45:     0x783f6727ba04 - clone
[INFO] [stdout]   46:                0x0 - <unknown>
[INFO] [stdout] 
[INFO] [stdout] 
[INFO] [stdout] failures:
[INFO] [stdout]     pipe1
[INFO] [stdout]     pipe_manual
[INFO] [stdout] 
[INFO] [stdout] test result: FAILED. 4 passed; 2 failed; 0 ignored; 0 measured; 0 filtered out; finished in 0.02s
[INFO] [stdout] 
[INFO] [stderr] error: test failed, to rerun pass `--test integration`
[INFO] running `Command { std: "docker" "inspect" "7d68fe086eaf29fc4257e161b91715c75746d3efda5ed44c55e607ff87876b95", kill_on_drop: false }`
[INFO] running `Command { std: "docker" "rm" "-f" "7d68fe086eaf29fc4257e161b91715c75746d3efda5ed44c55e607ff87876b95", kill_on_drop: false }`
[INFO] [stdout] 7d68fe086eaf29fc4257e161b91715c75746d3efda5ed44c55e607ff87876b95
