[INFO] fetching crate split_array 0.2.0...
[INFO] testing split_array-0.2.0 against nightly-2024-10-28+rustflags=-Zrandomize-layout for randomize-layout
[INFO] extracting crate split_array 0.2.0 into /workspace/builds/worker-6-tc2/source
[INFO] validating manifest of crates.io crate split_array 0.2.0 on toolchain nightly-2024-10-28
[INFO] running `Command { std: CARGO_HOME="/workspace/cargo-home" RUSTUP_HOME="/workspace/rustup-home" "/workspace/cargo-home/bin/cargo" "+nightly-2024-10-28" "metadata" "--manifest-path" "Cargo.toml" "--no-deps", kill_on_drop: false }`
[INFO] removed /workspace/builds/worker-6-tc2/source/rust-toolchain.toml
[INFO] started tweaking crates.io crate split_array 0.2.0
[INFO] finished tweaking crates.io crate split_array 0.2.0
[INFO] tweaked toml for crates.io crate split_array 0.2.0 written to /workspace/builds/worker-6-tc2/source/Cargo.toml
[INFO] running `Command { std: CARGO_HOME="/workspace/cargo-home" RUSTUP_HOME="/workspace/rustup-home" "/workspace/cargo-home/bin/cargo" "+nightly-2024-10-28" "generate-lockfile" "--manifest-path" "Cargo.toml", kill_on_drop: false }`
[INFO] running `Command { std: CARGO_HOME="/workspace/cargo-home" RUSTUP_HOME="/workspace/rustup-home" "/workspace/cargo-home/bin/cargo" "+nightly-2024-10-28" "fetch" "--manifest-path" "Cargo.toml", kill_on_drop: false }`
[INFO] running `Command { std: "docker" "create" "-v" "/var/lib/crater-agent-workspace/builds/worker-6-tc2/target:/opt/rustwide/target:rw,Z" "-v" "/var/lib/crater-agent-workspace/builds/worker-6-tc2/source:/opt/rustwide/workdir:ro,Z" "-v" "/var/lib/crater-agent-workspace/cargo-home:/opt/rustwide/cargo-home:ro,Z" "-v" "/var/lib/crater-agent-workspace/rustup-home:/opt/rustwide/rustup-home:ro,Z" "-e" "SOURCE_DIR=/opt/rustwide/workdir" "-e" "CARGO_TARGET_DIR=/opt/rustwide/target" "-e" "CARGO_HOME=/opt/rustwide/cargo-home" "-e" "RUSTUP_HOME=/opt/rustwide/rustup-home" "-w" "/opt/rustwide/workdir" "-m" "1610612736" "--user" "0:0" "--network" "none" "ghcr.io/rust-lang/crates-build-env/linux@sha256:4a844ea9eb2546a2d2c7022eacef16ef2e8229c7fbb2c7d4d55a9ceca922f72d" "/opt/rustwide/cargo-home/bin/cargo" "+nightly-2024-10-28" "metadata" "--no-deps" "--format-version=1", kill_on_drop: false }`
[INFO] [stdout] f140f2089cb0e019fb91fd18cd497c61e99215216bffff3d8b2e445f0734dcb1
[INFO] running `Command { std: "docker" "start" "-a" "f140f2089cb0e019fb91fd18cd497c61e99215216bffff3d8b2e445f0734dcb1", kill_on_drop: false }`
[INFO] running `Command { std: "docker" "inspect" "f140f2089cb0e019fb91fd18cd497c61e99215216bffff3d8b2e445f0734dcb1", kill_on_drop: false }`
[INFO] running `Command { std: "docker" "rm" "-f" "f140f2089cb0e019fb91fd18cd497c61e99215216bffff3d8b2e445f0734dcb1", kill_on_drop: false }`
[INFO] [stdout] f140f2089cb0e019fb91fd18cd497c61e99215216bffff3d8b2e445f0734dcb1
[INFO] running `Command { std: "docker" "create" "-v" "/var/lib/crater-agent-workspace/builds/worker-6-tc2/target:/opt/rustwide/target:rw,Z" "-v" "/var/lib/crater-agent-workspace/builds/worker-6-tc2/source:/opt/rustwide/workdir:ro,Z" "-v" "/var/lib/crater-agent-workspace/cargo-home:/opt/rustwide/cargo-home:ro,Z" "-v" "/var/lib/crater-agent-workspace/rustup-home:/opt/rustwide/rustup-home:ro,Z" "-e" "SOURCE_DIR=/opt/rustwide/workdir" "-e" "CARGO_TARGET_DIR=/opt/rustwide/target" "-e" "CARGO_INCREMENTAL=0" "-e" "RUST_BACKTRACE=full" "-e" "RUSTFLAGS=--cap-lints=forbid -Zrandomize-layout" "-e" "RUSTDOCFLAGS=--cap-lints=forbid" "-e" "CARGO_HOME=/opt/rustwide/cargo-home" "-e" "RUSTUP_HOME=/opt/rustwide/rustup-home" "-w" "/opt/rustwide/workdir" "-m" "1610612736" "--user" "0:0" "--network" "none" "ghcr.io/rust-lang/crates-build-env/linux@sha256:4a844ea9eb2546a2d2c7022eacef16ef2e8229c7fbb2c7d4d55a9ceca922f72d" "/opt/rustwide/cargo-home/bin/cargo" "+nightly-2024-10-28" "build" "--frozen" "--message-format=json", kill_on_drop: false }`
[INFO] [stdout] a7c0a7b70ca8a76bc34953e73f60006eb526806ff7ffa9f7b1094c58e12308d4
[INFO] running `Command { std: "docker" "start" "-a" "a7c0a7b70ca8a76bc34953e73f60006eb526806ff7ffa9f7b1094c58e12308d4", kill_on_drop: false }`
[INFO] [stderr]    Compiling split_array v0.2.0 (/opt/rustwide/workdir)
[INFO] [stderr]     Finished `dev` profile [unoptimized + debuginfo] target(s) in 0.14s
[INFO] running `Command { std: "docker" "inspect" "a7c0a7b70ca8a76bc34953e73f60006eb526806ff7ffa9f7b1094c58e12308d4", kill_on_drop: false }`
[INFO] running `Command { std: "docker" "rm" "-f" "a7c0a7b70ca8a76bc34953e73f60006eb526806ff7ffa9f7b1094c58e12308d4", kill_on_drop: false }`
[INFO] [stdout] a7c0a7b70ca8a76bc34953e73f60006eb526806ff7ffa9f7b1094c58e12308d4
[INFO] running `Command { std: "docker" "create" "-v" "/var/lib/crater-agent-workspace/builds/worker-6-tc2/target:/opt/rustwide/target:rw,Z" "-v" "/var/lib/crater-agent-workspace/builds/worker-6-tc2/source:/opt/rustwide/workdir:ro,Z" "-v" "/var/lib/crater-agent-workspace/cargo-home:/opt/rustwide/cargo-home:ro,Z" "-v" "/var/lib/crater-agent-workspace/rustup-home:/opt/rustwide/rustup-home:ro,Z" "-e" "SOURCE_DIR=/opt/rustwide/workdir" "-e" "CARGO_TARGET_DIR=/opt/rustwide/target" "-e" "CARGO_INCREMENTAL=0" "-e" "RUST_BACKTRACE=full" "-e" "RUSTFLAGS=--cap-lints=forbid -Zrandomize-layout" "-e" "RUSTDOCFLAGS=--cap-lints=forbid" "-e" "CARGO_HOME=/opt/rustwide/cargo-home" "-e" "RUSTUP_HOME=/opt/rustwide/rustup-home" "-w" "/opt/rustwide/workdir" "-m" "1610612736" "--user" "0:0" "--network" "none" "ghcr.io/rust-lang/crates-build-env/linux@sha256:4a844ea9eb2546a2d2c7022eacef16ef2e8229c7fbb2c7d4d55a9ceca922f72d" "/opt/rustwide/cargo-home/bin/cargo" "+nightly-2024-10-28" "test" "--frozen" "--no-run" "--message-format=json", kill_on_drop: false }`
[INFO] [stdout] f91e111ec7cdcfe47602ae1a7ddebbbab3b3270daec90962e94dea8431656c2d
[INFO] running `Command { std: "docker" "start" "-a" "f91e111ec7cdcfe47602ae1a7ddebbbab3b3270daec90962e94dea8431656c2d", kill_on_drop: false }`
[INFO] [stderr]    Compiling split_array v0.2.0 (/opt/rustwide/workdir)
[INFO] [stderr]     Finished `test` profile [unoptimized + debuginfo] target(s) in 0.62s
[INFO] running `Command { std: "docker" "inspect" "f91e111ec7cdcfe47602ae1a7ddebbbab3b3270daec90962e94dea8431656c2d", kill_on_drop: false }`
[INFO] running `Command { std: "docker" "rm" "-f" "f91e111ec7cdcfe47602ae1a7ddebbbab3b3270daec90962e94dea8431656c2d", kill_on_drop: false }`
[INFO] [stdout] f91e111ec7cdcfe47602ae1a7ddebbbab3b3270daec90962e94dea8431656c2d
[INFO] running `Command { std: "docker" "create" "-v" "/var/lib/crater-agent-workspace/builds/worker-6-tc2/target:/opt/rustwide/target:rw,Z" "-v" "/var/lib/crater-agent-workspace/builds/worker-6-tc2/source:/opt/rustwide/workdir:ro,Z" "-v" "/var/lib/crater-agent-workspace/cargo-home:/opt/rustwide/cargo-home:ro,Z" "-v" "/var/lib/crater-agent-workspace/rustup-home:/opt/rustwide/rustup-home:ro,Z" "-e" "SOURCE_DIR=/opt/rustwide/workdir" "-e" "CARGO_TARGET_DIR=/opt/rustwide/target" "-e" "CARGO_INCREMENTAL=0" "-e" "RUST_BACKTRACE=full" "-e" "RUSTFLAGS=--cap-lints=forbid -Zrandomize-layout" "-e" "RUSTDOCFLAGS=--cap-lints=forbid" "-e" "CARGO_HOME=/opt/rustwide/cargo-home" "-e" "RUSTUP_HOME=/opt/rustwide/rustup-home" "-w" "/opt/rustwide/workdir" "-m" "1610612736" "--user" "0:0" "--network" "none" "ghcr.io/rust-lang/crates-build-env/linux@sha256:4a844ea9eb2546a2d2c7022eacef16ef2e8229c7fbb2c7d4d55a9ceca922f72d" "/opt/rustwide/cargo-home/bin/cargo" "+nightly-2024-10-28" "test" "--frozen", kill_on_drop: false }`
[INFO] [stdout] bc981f400ef958305c8c6d9ed5c9705313f21a88d92eed42694d9b7c2fc4f48f
[INFO] running `Command { std: "docker" "start" "-a" "bc981f400ef958305c8c6d9ed5c9705313f21a88d92eed42694d9b7c2fc4f48f", kill_on_drop: false }`
[INFO] [stderr]     Finished `test` profile [unoptimized + debuginfo] target(s) in 0.01s
[INFO] [stderr]      Running unittests src/lib.rs (/opt/rustwide/target/debug/deps/split_array-4f991b3e62fc525b)
[INFO] [stdout] 
[INFO] [stdout] running 20 tests
[INFO] [stdout] test tests::array_impl_defers_mut ... ok
[INFO] [stdout] test tests::array_impl_defers_raw ... ok
[INFO] [stdout] test tests::split_arr ... ok
[INFO] [stdout] test tests::split_arr_left_zero ... ok
[INFO] [stdout] test tests::split_arr_infer_size ... ok
[INFO] [stdout] test tests::array_impl_defers_raw_mut ... ok
[INFO] [stdout] test tests::split_arr_mut ... ok
[INFO] [stdout] test tests::split_arr_mut_infer_size ... ok
[INFO] [stdout] test tests::split_arr_mut_left_zero ... ok
[INFO] [stdout] test tests::split_arr_mut_right_zero ... ok
[INFO] [stdout] test tests::split_arr_raw ... ok
[INFO] [stdout] test tests::array_impl_defers ... ok
[INFO] [stdout] test tests::split_arr_raw_infer_size ... ok
[INFO] [stdout] test tests::split_arr_raw_left_zero ... ok
[INFO] [stdout] test tests::split_arr_raw_mut ... ok
[INFO] [stdout] test tests::split_arr_raw_mut_right_zero ... ok
[INFO] [stdout] test tests::split_arr_raw_mut_left_zero ... ok
[INFO] [stdout] test tests::split_arr_raw_right_zero ... ok
[INFO] [stdout] test tests::split_arr_raw_mut_infer_size ... ok
[INFO] [stderr]    Doc-tests split_array
[INFO] [stdout] test tests::split_arr_right_zero ... ok
[INFO] [stdout] 
[INFO] [stdout] test result: ok. 20 passed; 0 failed; 0 ignored; 0 measured; 0 filtered out; finished in 0.02s
[INFO] [stdout] 
[INFO] [stdout] 
[INFO] [stdout] running 3 tests
[INFO] [stdout] test src/lib.rs - (line 27) ... FAILED
[INFO] [stdout] test src/lib.rs - (line 17) ... FAILED
[INFO] [stdout] test src/lib.rs - (line 6) ... ok
[INFO] [stdout] 
[INFO] [stdout] failures:
[INFO] [stdout] 
[INFO] [stdout] ---- src/lib.rs - (line 27) stdout ----
[INFO] [stdout] error[E0080]: evaluation of `<[usize; 5] as split_array::SplitArray<5>>::split_arr::<6>::{constant#1}` failed
[INFO] [stdout]   --> /opt/rustwide/workdir/src/lib.rs:46:85
[INFO] [stdout]    |
[INFO] [stdout] 46 |     fn split_arr<const LEFT: usize>(&self) -> (&Self::Output<LEFT>, &Self::Output<{ LEN - LEFT }>)
[INFO] [stdout]    |                                                                                     ^^^^^^^^^^ attempt to compute `5_usize - 6_usize`, which would overflow
[INFO] [stdout] 
[INFO] [stdout] error[E0080]: evaluation of `<[usize; 5] as split_array::SplitArray<5>>::split_arr::<6>::{constant#0}` failed
[INFO] [stdout]   --> /opt/rustwide/workdir/src/lib.rs:48:14
[INFO] [stdout]    |
[INFO] [stdout] 48 |         [(); LEN - LEFT]:;
[INFO] [stdout]    |              ^^^^^^^^^^ attempt to compute `5_usize - 6_usize`, which would overflow
[INFO] [stdout] 
[INFO] [stdout] error: aborting due to 2 previous errors
[INFO] [stdout] 
[INFO] [stdout] For more information about this error, try `rustc --explain E0080`.
[INFO] [stdout] Couldn't compile the test.
[INFO] [stdout] ---- src/lib.rs - (line 17) stdout ----
[INFO] [stdout] error[E0277]: can't compare `[{integer}; 3]` with `[usize; 2]`
[INFO] [stdout]  --> src/lib.rs:23:1
[INFO] [stdout]   |
[INFO] [stdout] 9 | assert_eq!([0, 1, 2], *left);
[INFO] [stdout]   | ^^^^^^^^^^^^^^^^^^^^^^^^^^^^ no implementation for `[{integer}; 3] == [usize; 2]`
[INFO] [stdout]   |
[INFO] [stdout]   = help: the trait `PartialEq<[usize; 2]>` is not implemented for `[{integer}; 3]`
[INFO] [stdout]   = help: the following other types implement trait `PartialEq<Rhs>`:
[INFO] [stdout]             `&[T]` implements `PartialEq<Vec<U, A>>`
[INFO] [stdout]             `&[T]` implements `PartialEq<[U; N]>`
[INFO] [stdout]             `&mut [T]` implements `PartialEq<Vec<U, A>>`
[INFO] [stdout]             `&mut [T]` implements `PartialEq<[U; N]>`
[INFO] [stdout]             `[T; N]` implements `PartialEq<&[U]>`
[INFO] [stdout]             `[T; N]` implements `PartialEq<&mut [U]>`
[INFO] [stdout]             `[T; N]` implements `PartialEq<[U; N]>`
[INFO] [stdout]             `[T; N]` implements `PartialEq<[U]>`
[INFO] [stdout]           and 3 others
[INFO] [stdout]   = note: this error originates in the macro `assert_eq` (in Nightly builds, run with -Z macro-backtrace for more info)
[INFO] [stdout] 
[INFO] [stdout] error[E0277]: can't compare `[{integer}; 2]` with `[usize; 3]`
[INFO] [stdout]   --> src/lib.rs:24:1
[INFO] [stdout]    |
[INFO] [stdout] 10 | assert_eq!([3, 4], *right);
[INFO] [stdout]    | ^^^^^^^^^^^^^^^^^^^^^^^^^^ no implementation for `[{integer}; 2] == [usize; 3]`
[INFO] [stdout]    |
[INFO] [stdout]    = help: the trait `PartialEq<[usize; 3]>` is not implemented for `[{integer}; 2]`
[INFO] [stdout]    = help: the following other types implement trait `PartialEq<Rhs>`:
[INFO] [stdout]              `&[T]` implements `PartialEq<Vec<U, A>>`
[INFO] [stdout]              `&[T]` implements `PartialEq<[U; N]>`
[INFO] [stdout]              `&mut [T]` implements `PartialEq<Vec<U, A>>`
[INFO] [stdout]              `&mut [T]` implements `PartialEq<[U; N]>`
[INFO] [stdout]              `[T; N]` implements `PartialEq<&[U]>`
[INFO] [stdout]              `[T; N]` implements `PartialEq<&mut [U]>`
[INFO] [stdout]              `[T; N]` implements `PartialEq<[U; N]>`
[INFO] [stdout]              `[T; N]` implements `PartialEq<[U]>`
[INFO] [stdout]            and 3 others
[INFO] [stdout]    = note: this error originates in the macro `assert_eq` (in Nightly builds, run with -Z macro-backtrace for more info)
[INFO] [stdout] 
[INFO] [stdout] error: aborting due to 2 previous errors
[INFO] [stdout] 
[INFO] [stdout] For more information about this error, try `rustc --explain E0277`.
[INFO] [stdout] Couldn't compile the test.
[INFO] [stdout] 
[INFO] [stdout] failures:
[INFO] [stdout]     src/lib.rs - (line 17)
[INFO] [stdout]     src/lib.rs - (line 27)
[INFO] [stdout] 
[INFO] [stdout] test result: FAILED. 1 passed; 2 failed; 0 ignored; 0 measured; 0 filtered out; finished in 0.33s
[INFO] [stdout] 
[INFO] [stderr] error: doctest failed, to rerun pass `--doc`
[INFO] running `Command { std: "docker" "inspect" "bc981f400ef958305c8c6d9ed5c9705313f21a88d92eed42694d9b7c2fc4f48f", kill_on_drop: false }`
[INFO] running `Command { std: "docker" "rm" "-f" "bc981f400ef958305c8c6d9ed5c9705313f21a88d92eed42694d9b7c2fc4f48f", kill_on_drop: false }`
[INFO] [stdout] bc981f400ef958305c8c6d9ed5c9705313f21a88d92eed42694d9b7c2fc4f48f
