[INFO] fetching crate spl-simplified 0.2.8...
[INFO] testing spl-simplified-0.2.8 against nightly-2024-10-28+rustflags=-Zrandomize-layout for randomize-layout
[INFO] extracting crate spl-simplified 0.2.8 into /workspace/builds/worker-7-tc2/source
[INFO] validating manifest of crates.io crate spl-simplified 0.2.8 on toolchain nightly-2024-10-28
[INFO] running `Command { std: CARGO_HOME="/workspace/cargo-home" RUSTUP_HOME="/workspace/rustup-home" "/workspace/cargo-home/bin/cargo" "+nightly-2024-10-28" "metadata" "--manifest-path" "Cargo.toml" "--no-deps", kill_on_drop: false }`
[INFO] started tweaking crates.io crate spl-simplified 0.2.8
[INFO] finished tweaking crates.io crate spl-simplified 0.2.8
[INFO] tweaked toml for crates.io crate spl-simplified 0.2.8 written to /workspace/builds/worker-7-tc2/source/Cargo.toml
[INFO] running `Command { std: CARGO_HOME="/workspace/cargo-home" RUSTUP_HOME="/workspace/rustup-home" "/workspace/cargo-home/bin/cargo" "+nightly-2024-10-28" "generate-lockfile" "--manifest-path" "Cargo.toml", kill_on_drop: false }`
[INFO] [stderr]     Updating crates.io index
[INFO] [stderr]      Locking 256 packages to latest compatible versions
[INFO] [stderr]       Adding anchor-lang v0.29.0 (available: v0.30.1)
[INFO] [stderr]       Adding blake3 v1.5.1 (available: v1.5.4)
[INFO] [stderr]       Adding borsh v0.10.4 (available: v1.5.1)
[INFO] [stderr]       Adding mpl-token-metadata v3.2.3 (available: v4.1.2)
[INFO] [stderr]       Adding solana-program v1.18.26 (available: v2.1.0)
[INFO] [stderr]       Adding spl-associated-token-account v2.3.0 (available: v5.0.1)
[INFO] [stderr]       Adding spl-token v4.0.3 (available: v7.0.0)
[INFO] [stderr]       Adding subtle v2.4.1 (available: v2.6.1)
[INFO] [stderr]       Adding zeroize v1.3.0 (available: v1.8.1)
[INFO] running `Command { std: CARGO_HOME="/workspace/cargo-home" RUSTUP_HOME="/workspace/rustup-home" "/workspace/cargo-home/bin/cargo" "+nightly-2024-10-28" "fetch" "--manifest-path" "Cargo.toml", kill_on_drop: false }`
[INFO] running `Command { std: "docker" "create" "-v" "/var/lib/crater-agent-workspace/builds/worker-7-tc2/target:/opt/rustwide/target:rw,Z" "-v" "/var/lib/crater-agent-workspace/builds/worker-7-tc2/source:/opt/rustwide/workdir:ro,Z" "-v" "/var/lib/crater-agent-workspace/cargo-home:/opt/rustwide/cargo-home:ro,Z" "-v" "/var/lib/crater-agent-workspace/rustup-home:/opt/rustwide/rustup-home:ro,Z" "-e" "SOURCE_DIR=/opt/rustwide/workdir" "-e" "CARGO_TARGET_DIR=/opt/rustwide/target" "-e" "CARGO_HOME=/opt/rustwide/cargo-home" "-e" "RUSTUP_HOME=/opt/rustwide/rustup-home" "-w" "/opt/rustwide/workdir" "-m" "1610612736" "--user" "0:0" "--network" "none" "ghcr.io/rust-lang/crates-build-env/linux@sha256:4a844ea9eb2546a2d2c7022eacef16ef2e8229c7fbb2c7d4d55a9ceca922f72d" "/opt/rustwide/cargo-home/bin/cargo" "+nightly-2024-10-28" "metadata" "--no-deps" "--format-version=1", kill_on_drop: false }`
[INFO] [stdout] db1b66cba2e78a15f320c458a28300f687a428d828fb2ab222d89afc595a0fad
[INFO] running `Command { std: "docker" "start" "-a" "db1b66cba2e78a15f320c458a28300f687a428d828fb2ab222d89afc595a0fad", kill_on_drop: false }`
[INFO] running `Command { std: "docker" "inspect" "db1b66cba2e78a15f320c458a28300f687a428d828fb2ab222d89afc595a0fad", kill_on_drop: false }`
[INFO] running `Command { std: "docker" "rm" "-f" "db1b66cba2e78a15f320c458a28300f687a428d828fb2ab222d89afc595a0fad", kill_on_drop: false }`
[INFO] [stdout] db1b66cba2e78a15f320c458a28300f687a428d828fb2ab222d89afc595a0fad
[INFO] running `Command { std: "docker" "create" "-v" "/var/lib/crater-agent-workspace/builds/worker-7-tc2/target:/opt/rustwide/target:rw,Z" "-v" "/var/lib/crater-agent-workspace/builds/worker-7-tc2/source:/opt/rustwide/workdir:ro,Z" "-v" "/var/lib/crater-agent-workspace/cargo-home:/opt/rustwide/cargo-home:ro,Z" "-v" "/var/lib/crater-agent-workspace/rustup-home:/opt/rustwide/rustup-home:ro,Z" "-e" "SOURCE_DIR=/opt/rustwide/workdir" "-e" "CARGO_TARGET_DIR=/opt/rustwide/target" "-e" "CARGO_INCREMENTAL=0" "-e" "RUST_BACKTRACE=full" "-e" "RUSTFLAGS=--cap-lints=forbid -Zrandomize-layout" "-e" "RUSTDOCFLAGS=--cap-lints=forbid" "-e" "CARGO_HOME=/opt/rustwide/cargo-home" "-e" "RUSTUP_HOME=/opt/rustwide/rustup-home" "-w" "/opt/rustwide/workdir" "-m" "1610612736" "--user" "0:0" "--network" "none" "ghcr.io/rust-lang/crates-build-env/linux@sha256:4a844ea9eb2546a2d2c7022eacef16ef2e8229c7fbb2c7d4d55a9ceca922f72d" "/opt/rustwide/cargo-home/bin/cargo" "+nightly-2024-10-28" "build" "--frozen" "--message-format=json", kill_on_drop: false }`
[INFO] [stdout] 2ac0bbd54a7041994b91f53848b98d58cbff5332083395e886edc91b7db2d6c5
[INFO] running `Command { std: "docker" "start" "-a" "2ac0bbd54a7041994b91f53848b98d58cbff5332083395e886edc91b7db2d6c5", kill_on_drop: false }`
[INFO] [stderr]    Compiling serde v1.0.214
[INFO] [stderr]    Compiling subtle v2.4.1
[INFO] [stderr]    Compiling syn v1.0.109
[INFO] [stderr]    Compiling byteorder v1.5.0
[INFO] [stderr]    Compiling thiserror v1.0.66
[INFO] [stderr]    Compiling semver v1.0.23
[INFO] [stderr]    Compiling generic-array v0.14.7
[INFO] [stderr]    Compiling num-traits v0.2.19
[INFO] [stderr]    Compiling anyhow v1.0.92
[INFO] [stderr]    Compiling getrandom v0.1.16
[INFO] [stderr]    Compiling either v1.13.0
[INFO] [stderr]    Compiling syn v2.0.86
[INFO] [stderr]    Compiling getrandom v0.2.15
[INFO] [stderr]    Compiling ahash v0.8.11
[INFO] [stderr]    Compiling crunchy v0.2.2
[INFO] [stderr]    Compiling paste v1.0.15
[INFO] [stderr]    Compiling jobserver v0.1.32
[INFO] [stderr]    Compiling rand_core v0.6.4
[INFO] [stderr]    Compiling winnow v0.6.20
[INFO] [stderr]    Compiling itertools v0.10.5
[INFO] [stderr]    Compiling crossbeam-epoch v0.9.18
[INFO] [stderr]    Compiling proc-macro-error v1.0.4
[INFO] [stderr]    Compiling ahash v0.7.8
[INFO] [stderr]    Compiling rand_core v0.5.1
[INFO] [stderr]    Compiling rustc_version v0.4.1
[INFO] [stderr]    Compiling cc v1.1.31
[INFO] [stderr]    Compiling feature-probe v0.1.1
[INFO] [stderr]    Compiling bitmaps v2.1.0
[INFO] [stderr]    Compiling crossbeam-deque v0.8.5
[INFO] [stderr]    Compiling im v15.1.0
[INFO] [stderr]    Compiling cfg_aliases v0.2.1
[INFO] [stderr]    Compiling bv v0.11.1
[INFO] [stderr]    Compiling rustversion v1.0.18
[INFO] [stderr]    Compiling solana-frozen-abi-macro v1.18.26
[INFO] [stderr]    Compiling solana-frozen-abi v1.18.26
[INFO] [stderr]    Compiling rayon-core v1.12.1
[INFO] [stderr]    Compiling borsh v1.5.1
[INFO] [stderr]    Compiling rand_xoshiro v0.6.0
[INFO] [stderr]    Compiling memoffset v0.9.1
[INFO] [stderr]    Compiling bs58 v0.4.0
[INFO] [stderr]    Compiling wasm-bindgen v0.2.95
[INFO] [stderr]    Compiling unicode-normalization v0.1.24
[INFO] [stderr]    Compiling memmap2 v0.5.10
[INFO] [stderr]    Compiling num-integer v0.1.46
[INFO] [stderr]    Compiling hashbrown v0.11.2
[INFO] [stderr]    Compiling rustc-hash v1.1.0
[INFO] [stderr]    Compiling base64 v0.12.3
[INFO] [stderr]    Compiling arrayvec v0.7.6
[INFO] [stderr]    Compiling constant_time_eq v0.3.1
[INFO] [stderr]    Compiling sized-chunks v0.6.5
[INFO] [stderr]    Compiling ident_case v1.0.1
[INFO] [stderr]    Compiling strsim v0.11.1
[INFO] [stderr]    Compiling signature v1.6.4
[INFO] [stderr]    Compiling rayon v1.10.0
[INFO] [stderr]    Compiling atty v0.2.14
[INFO] [stderr]    Compiling ed25519 v1.5.3
[INFO] [stderr]    Compiling humantime v2.1.0
[INFO] [stderr]    Compiling num-bigint v0.4.6
[INFO] [stderr]    Compiling termcolor v1.4.1
[INFO] [stderr]    Compiling solana-sdk v1.18.26
[INFO] [stderr]    Compiling unicode-segmentation v1.12.0
[INFO] [stderr]    Compiling derivation-path v0.2.0
[INFO] [stderr]    Compiling qstring v0.7.2
[INFO] [stderr]    Compiling uriparse v0.6.4
[INFO] [stderr]    Compiling chrono v0.4.38
[INFO] [stderr]    Compiling siphasher v0.3.11
[INFO] [stderr]    Compiling assert_matches v1.5.0
[INFO] [stderr]    Compiling env_logger v0.9.3
[INFO] [stderr]    Compiling bs58 v0.5.1
[INFO] [stderr]    Compiling solana-security-txt v1.1.1
[INFO] [stderr]    Compiling heck v0.3.3
[INFO] [stderr]    Compiling blake3 v1.5.1
[INFO] [stderr]    Compiling solana-program v1.18.26
[INFO] [stderr]    Compiling solana-logger v1.18.26
[INFO] [stderr]    Compiling toml_edit v0.22.22
[INFO] [stderr]    Compiling proc-macro-crate v3.2.0
[INFO] [stderr]    Compiling wasm-bindgen-backend v0.2.95
[INFO] [stderr]    Compiling darling_core v0.20.10
[INFO] [stderr]    Compiling borsh-derive-internal v0.10.4
[INFO] [stderr]    Compiling borsh-schema-derive-internal v0.10.4
[INFO] [stderr]    Compiling borsh-schema-derive-internal v0.9.3
[INFO] [stderr]    Compiling borsh-derive-internal v0.9.3
[INFO] [stderr]    Compiling serde_derive v1.0.214
[INFO] [stderr]    Compiling zerocopy-derive v0.7.35
[INFO] [stderr]    Compiling thiserror-impl v1.0.66
[INFO] [stderr]    Compiling zeroize_derive v1.4.2
[INFO] [stderr]    Compiling syn_derive v0.1.8
[INFO] [stderr]    Compiling bytemuck_derive v1.8.0
[INFO] [stderr]    Compiling solana-sdk-macro v1.18.26
[INFO] [stderr]    Compiling num-derive v0.4.2
[INFO] [stderr]    Compiling num_enum_derive v0.7.3
[INFO] [stderr]    Compiling qualifier_attr v0.2.2
[INFO] [stderr]    Compiling borsh-derive v1.5.1
[INFO] [stderr]    Compiling zeroize v1.3.0
[INFO] [stderr]    Compiling wasm-bindgen-macro-support v0.2.95
[INFO] [stderr]    Compiling merlin v3.0.0
[INFO] [stderr]    Compiling zerocopy v0.7.35
[INFO] [stderr]    Compiling num_enum v0.7.3
[INFO] [stderr]    Compiling ark-serialize-derive v0.4.2
[INFO] [stderr]    Compiling ark-ff-macros v0.4.2
[INFO] [stderr]    Compiling derivative v2.2.0
[INFO] [stderr]    Compiling ark-ff-asm v0.4.2
[INFO] [stderr]    Compiling bytemuck v1.19.0
[INFO] [stderr]    Compiling num-derive v0.3.3
[INFO] [stderr]    Compiling anchor-derive-space v0.29.0
[INFO] [stderr]    Compiling darling_macro v0.20.10
[INFO] [stderr]    Compiling wasm-bindgen-macro v0.2.95
[INFO] [stderr]    Compiling ppv-lite86 v0.2.20
[INFO] [stderr]    Compiling darling v0.20.10
[INFO] [stderr]    Compiling serde_with_macros v2.3.3
[INFO] [stderr]    Compiling hashbrown v0.13.2
[INFO] [stderr]    Compiling rand_chacha v0.3.1
[INFO] [stderr]    Compiling rand_chacha v0.2.2
[INFO] [stderr]    Compiling rand v0.7.3
[INFO] [stderr]    Compiling rand v0.8.5
[INFO] [stderr]    Compiling ark-std v0.4.0
[INFO] [stderr]    Compiling serde_json v1.0.132
[INFO] [stderr]    Compiling toml v0.5.11
[INFO] [stderr]    Compiling serde_bytes v0.11.15
[INFO] [stderr]    Compiling bitflags v2.6.0
[INFO] [stderr]    Compiling bincode v1.3.3
[INFO] [stderr]    Compiling serde_with v2.3.3
[INFO] [stderr]    Compiling crypto-common v0.1.6
[INFO] [stderr]    Compiling block-buffer v0.10.4
[INFO] [stderr]    Compiling digest v0.9.0
[INFO] [stderr]    Compiling block-buffer v0.9.0
[INFO] [stderr]    Compiling crypto-mac v0.8.0
[INFO] [stderr]    Compiling cipher v0.3.0
[INFO] [stderr]    Compiling universal-hash v0.4.1
[INFO] [stderr]    Compiling aead v0.4.3
[INFO] [stderr]    Compiling pbkdf2 v0.4.0
[INFO] [stderr]    Compiling libsecp256k1-core v0.2.2
[INFO] [stderr]    Compiling hmac v0.8.1
[INFO] [stderr]    Compiling curve25519-dalek v3.2.1
[INFO] [stderr]    Compiling polyval v0.5.3
[INFO] [stderr]    Compiling sha2 v0.9.9
[INFO] [stderr]    Compiling sha3 v0.9.1
[INFO] [stderr]    Compiling digest v0.10.7
[INFO] [stderr]    Compiling proc-macro-crate v0.1.5
[INFO] [stderr]    Compiling ctr v0.8.0
[INFO] [stderr]    Compiling aes v0.7.5
[INFO] [stderr]    Compiling hmac-drbg v0.3.0
[INFO] [stderr]    Compiling sha2 v0.10.8
[INFO] [stderr]    Compiling ark-serialize v0.4.2
[INFO] [stderr]    Compiling sha3 v0.10.8
[INFO] [stderr]    Compiling hmac v0.12.1
[INFO] [stderr]    Compiling pbkdf2 v0.11.0
[INFO] [stderr]    Compiling borsh-derive v0.10.4
[INFO] [stderr]    Compiling borsh-derive v0.9.3
[INFO] [stderr]    Compiling ark-ff v0.4.2
[INFO] [stderr]    Compiling tiny-bip39 v0.8.2
[INFO] [stderr]    Compiling aes-gcm-siv v0.10.3
[INFO] [stderr]    Compiling anchor-syn v0.29.0
[INFO] [stderr]    Compiling spl-discriminator-syn v0.1.2
[INFO] [stderr]    Compiling ed25519-dalek v1.0.1
[INFO] [stderr]    Compiling spl-program-error-derive v0.3.2
[INFO] [stderr]    Compiling borsh v0.10.4
[INFO] [stderr]    Compiling borsh v0.9.3
[INFO] [stderr]    Compiling libsecp256k1-gen-genmult v0.2.1
[INFO] [stderr]    Compiling libsecp256k1-gen-ecmult v0.2.1
[INFO] [stderr]    Compiling spl-discriminator-derive v0.1.2
[INFO] [stderr]    Compiling ed25519-dalek-bip32 v0.2.0
[INFO] [stderr]    Compiling libsecp256k1 v0.6.0
[INFO] [stderr]    Compiling anchor-attribute-error v0.29.0
[INFO] [stderr]    Compiling anchor-derive-accounts v0.29.0
[INFO] [stderr]    Compiling anchor-attribute-event v0.29.0
[INFO] [stderr]    Compiling anchor-derive-serde v0.29.0
[INFO] [stderr]    Compiling anchor-attribute-program v0.29.0
[INFO] [stderr]    Compiling anchor-attribute-account v0.29.0
[INFO] [stderr]    Compiling anchor-attribute-access-control v0.29.0
[INFO] [stderr]    Compiling anchor-attribute-constant v0.29.0
[INFO] [stderr]    Compiling ark-poly v0.4.2
[INFO] [stderr]    Compiling ark-ec v0.4.2
[INFO] [stderr]    Compiling ark-bn254 v0.4.0
[INFO] [stderr]    Compiling light-poseidon v0.2.0
[INFO] [stderr]    Compiling spl-program-error v0.3.0
[INFO] [stderr]    Compiling spl-discriminator v0.1.0
[INFO] [stderr]    Compiling spl-memo v4.0.4
[INFO] [stderr]    Compiling spl-token v4.0.3
[INFO] [stderr]    Compiling anchor-lang v0.29.0
[INFO] [stderr]    Compiling mpl-token-metadata v3.2.3
[INFO] [stderr]    Compiling solana-zk-token-sdk v1.18.26
[INFO] [stderr]    Compiling spl-pod v0.1.0
[INFO] [stderr]    Compiling spl-type-length-value v0.3.0
[INFO] [stderr]    Compiling spl-token-group-interface v0.1.0
[INFO] [stderr]    Compiling spl-tlv-account-resolution v0.5.1
[INFO] [stderr]    Compiling spl-token-metadata-interface v0.2.0
[INFO] [stderr]    Compiling spl-transfer-hook-interface v0.4.1
[INFO] [stderr]    Compiling spl-token-2022 v1.0.0
[INFO] [stderr]    Compiling spl-associated-token-account v2.3.0
[INFO] [stderr]    Compiling spl-simplified v0.2.8 (/opt/rustwide/workdir)
[INFO] [stderr]     Finished `dev` profile [unoptimized + debuginfo] target(s) in 1m 03s
[INFO] running `Command { std: "docker" "inspect" "2ac0bbd54a7041994b91f53848b98d58cbff5332083395e886edc91b7db2d6c5", kill_on_drop: false }`
[INFO] running `Command { std: "docker" "rm" "-f" "2ac0bbd54a7041994b91f53848b98d58cbff5332083395e886edc91b7db2d6c5", kill_on_drop: false }`
[INFO] [stdout] 2ac0bbd54a7041994b91f53848b98d58cbff5332083395e886edc91b7db2d6c5
[INFO] running `Command { std: "docker" "create" "-v" "/var/lib/crater-agent-workspace/builds/worker-7-tc2/target:/opt/rustwide/target:rw,Z" "-v" "/var/lib/crater-agent-workspace/builds/worker-7-tc2/source:/opt/rustwide/workdir:ro,Z" "-v" "/var/lib/crater-agent-workspace/cargo-home:/opt/rustwide/cargo-home:ro,Z" "-v" "/var/lib/crater-agent-workspace/rustup-home:/opt/rustwide/rustup-home:ro,Z" "-e" "SOURCE_DIR=/opt/rustwide/workdir" "-e" "CARGO_TARGET_DIR=/opt/rustwide/target" "-e" "CARGO_INCREMENTAL=0" "-e" "RUST_BACKTRACE=full" "-e" "RUSTFLAGS=--cap-lints=forbid -Zrandomize-layout" "-e" "RUSTDOCFLAGS=--cap-lints=forbid" "-e" "CARGO_HOME=/opt/rustwide/cargo-home" "-e" "RUSTUP_HOME=/opt/rustwide/rustup-home" "-w" "/opt/rustwide/workdir" "-m" "1610612736" "--user" "0:0" "--network" "none" "ghcr.io/rust-lang/crates-build-env/linux@sha256:4a844ea9eb2546a2d2c7022eacef16ef2e8229c7fbb2c7d4d55a9ceca922f72d" "/opt/rustwide/cargo-home/bin/cargo" "+nightly-2024-10-28" "test" "--frozen" "--no-run" "--message-format=json", kill_on_drop: false }`
[INFO] [stdout] 237b74b6aa4842ee7c3615029bed4013b77880ab9e6bba53c0376ba7afb580d0
[INFO] running `Command { std: "docker" "start" "-a" "237b74b6aa4842ee7c3615029bed4013b77880ab9e6bba53c0376ba7afb580d0", kill_on_drop: false }`
[INFO] [stderr]    Compiling spl-simplified v0.2.8 (/opt/rustwide/workdir)
[INFO] [stderr]     Finished `test` profile [unoptimized + debuginfo] target(s) in 1.11s
[INFO] running `Command { std: "docker" "inspect" "237b74b6aa4842ee7c3615029bed4013b77880ab9e6bba53c0376ba7afb580d0", kill_on_drop: false }`
[INFO] running `Command { std: "docker" "rm" "-f" "237b74b6aa4842ee7c3615029bed4013b77880ab9e6bba53c0376ba7afb580d0", kill_on_drop: false }`
[INFO] [stdout] 237b74b6aa4842ee7c3615029bed4013b77880ab9e6bba53c0376ba7afb580d0
[INFO] running `Command { std: "docker" "create" "-v" "/var/lib/crater-agent-workspace/builds/worker-7-tc2/target:/opt/rustwide/target:rw,Z" "-v" "/var/lib/crater-agent-workspace/builds/worker-7-tc2/source:/opt/rustwide/workdir:ro,Z" "-v" "/var/lib/crater-agent-workspace/cargo-home:/opt/rustwide/cargo-home:ro,Z" "-v" "/var/lib/crater-agent-workspace/rustup-home:/opt/rustwide/rustup-home:ro,Z" "-e" "SOURCE_DIR=/opt/rustwide/workdir" "-e" "CARGO_TARGET_DIR=/opt/rustwide/target" "-e" "CARGO_INCREMENTAL=0" "-e" "RUST_BACKTRACE=full" "-e" "RUSTFLAGS=--cap-lints=forbid -Zrandomize-layout" "-e" "RUSTDOCFLAGS=--cap-lints=forbid" "-e" "CARGO_HOME=/opt/rustwide/cargo-home" "-e" "RUSTUP_HOME=/opt/rustwide/rustup-home" "-w" "/opt/rustwide/workdir" "-m" "1610612736" "--user" "0:0" "--network" "none" "ghcr.io/rust-lang/crates-build-env/linux@sha256:4a844ea9eb2546a2d2c7022eacef16ef2e8229c7fbb2c7d4d55a9ceca922f72d" "/opt/rustwide/cargo-home/bin/cargo" "+nightly-2024-10-28" "test" "--frozen", kill_on_drop: false }`
[INFO] [stdout] 872978be28b202f6af8a530044c2a1b191782446ed5fe79aa5c79a5b729f67e2
[INFO] running `Command { std: "docker" "start" "-a" "872978be28b202f6af8a530044c2a1b191782446ed5fe79aa5c79a5b729f67e2", kill_on_drop: false }`
[INFO] [stderr]     Finished `test` profile [unoptimized + debuginfo] target(s) in 0.21s
[INFO] [stderr]      Running unittests src/lib.rs (/opt/rustwide/target/debug/deps/spl_simplified-ae8287babfbdc6b3)
[INFO] [stdout] 
[INFO] [stdout] running 0 tests
[INFO] [stdout] 
[INFO] [stdout] test result: ok. 0 passed; 0 failed; 0 ignored; 0 measured; 0 filtered out; finished in 0.00s
[INFO] [stdout] 
[INFO] [stderr]    Doc-tests spl_simplified
[INFO] [stdout] 
[INFO] [stdout] running 4 tests
[INFO] [stdout] test src/simplespl.rs - simplespl::burn_simple (line 285) ... FAILED
[INFO] [stdout] test src/simplespl.rs - simplespl::mint_simple (line 39) ... FAILED
[INFO] [stdout] test src/simplespl.rs - simplespl::transfer_simple (line 229) ... FAILED
[INFO] [stdout] test src/simplespl.rs - simplespl::metadata_thing (line 139) ... FAILED
[INFO] [stdout] 
[INFO] [stdout] failures:
[INFO] [stdout] 
[INFO] [stdout] ---- src/simplespl.rs - simplespl::burn_simple (line 285) stdout ----
[INFO] [stdout] error[E0432]: unresolved import `simplespl`
[INFO] [stdout]  --> src/simplespl.rs:286:5
[INFO] [stdout]   |
[INFO] [stdout] 3 | use simplespl::burn_simple;
[INFO] [stdout]   |     ^^^^^^^^^ help: a similar path exists: `spl_simplified::simplespl`
[INFO] [stdout] 
[INFO] [stdout] error[E0425]: cannot find value `mint_account_info` in this scope
[INFO] [stdout]  --> src/simplespl.rs:290:5
[INFO] [stdout]   |
[INFO] [stdout] 7 |     mint_account_info,
[INFO] [stdout]   |     ^^^^^^^^^^^^^^^^^ not found in this scope
[INFO] [stdout] 
[INFO] [stdout] error[E0425]: cannot find value `token_program_id` in this scope
[INFO] [stdout]  --> src/simplespl.rs:291:5
[INFO] [stdout]   |
[INFO] [stdout] 8 |     token_program_id,
[INFO] [stdout]   |     ^^^^^^^^^^^^^^^^ not found in this scope
[INFO] [stdout] 
[INFO] [stdout] error[E0425]: cannot find value `source_account_info` in this scope
[INFO] [stdout]  --> src/simplespl.rs:292:5
[INFO] [stdout]   |
[INFO] [stdout] 9 |     source_account_info,
[INFO] [stdout]   |     ^^^^^^^^^^^^^^^^^^^ not found in this scope
[INFO] [stdout] 
[INFO] [stdout] error[E0425]: cannot find value `authority_account_info` in this scope
[INFO] [stdout]   --> src/simplespl.rs:293:5
[INFO] [stdout]    |
[INFO] [stdout] 10 |     authority_account_info,
[INFO] [stdout]    |     ^^^^^^^^^^^^^^^^^^^^^^ not found in this scope
[INFO] [stdout] 
[INFO] [stdout] error[E0425]: cannot find value `signer_seeds` in this scope
[INFO] [stdout]   --> src/simplespl.rs:295:8
[INFO] [stdout]    |
[INFO] [stdout] 12 |     &[&signer_seeds],
[INFO] [stdout]    |        ^^^^^^^^^^^^ not found in this scope
[INFO] [stdout] 
[INFO] [stdout] error: aborting due to 6 previous errors
[INFO] [stdout] 
[INFO] [stdout] Some errors have detailed explanations: E0425, E0432.
[INFO] [stdout] For more information about an error, try `rustc --explain E0425`.
[INFO] [stdout] Couldn't compile the test.
[INFO] [stdout] ---- src/simplespl.rs - simplespl::mint_simple (line 39) stdout ----
[INFO] [stdout] error[E0432]: unresolved import `simplespl`
[INFO] [stdout]  --> src/simplespl.rs:40:5
[INFO] [stdout]   |
[INFO] [stdout] 3 | use simplespl::mint_simple;
[INFO] [stdout]   |     ^^^^^^^^^ help: a similar path exists: `spl_simplified::simplespl`
[INFO] [stdout] 
[INFO] [stdout] error[E0425]: cannot find value `payer_account_info` in this scope
[INFO] [stdout]   --> src/simplespl.rs:48:5
[INFO] [stdout]    |
[INFO] [stdout] 11 |     payer_account_info,
[INFO] [stdout]    |     ^^^^^^^^^^^^^^^^^^ not found in this scope
[INFO] [stdout] 
[INFO] [stdout] error[E0425]: cannot find value `token_metadata_program_info` in this scope
[INFO] [stdout]   --> src/simplespl.rs:49:5
[INFO] [stdout]    |
[INFO] [stdout] 12 |     token_metadata_program_info,
[INFO] [stdout]    |     ^^^^^^^^^^^^^^^^^^^^^^^^^^^ not found in this scope
[INFO] [stdout] 
[INFO] [stdout] error[E0425]: cannot find value `update_authority_info` in this scope
[INFO] [stdout]   --> src/simplespl.rs:50:5
[INFO] [stdout]    |
[INFO] [stdout] 13 |     update_authority_info,
[INFO] [stdout]    |     ^^^^^^^^^^^^^^^^^^^^^ not found in this scope
[INFO] [stdout] 
[INFO] [stdout] error[E0425]: cannot find value `metadata_account_info` in this scope
[INFO] [stdout]   --> src/simplespl.rs:51:5
[INFO] [stdout]    |
[INFO] [stdout] 14 |     metadata_account_info,
[INFO] [stdout]    |     ^^^^^^^^^^^^^^^^^^^^^ not found in this scope
[INFO] [stdout] 
[INFO] [stdout] error[E0425]: cannot find value `mint_authority_info` in this scope
[INFO] [stdout]   --> src/simplespl.rs:52:5
[INFO] [stdout]    |
[INFO] [stdout] 15 |     mint_authority_info,
[INFO] [stdout]    |     ^^^^^^^^^^^^^^^^^^^ not found in this scope
[INFO] [stdout] 
[INFO] [stdout] error[E0425]: cannot find value `system_program_info` in this scope
[INFO] [stdout]   --> src/simplespl.rs:53:5
[INFO] [stdout]    |
[INFO] [stdout] 16 |     system_program_info,
[INFO] [stdout]    |     ^^^^^^^^^^^^^^^^^^^ not found in this scope
[INFO] [stdout] 
[INFO] [stdout] error[E0425]: cannot find value `rent_sysvar_info` in this scope
[INFO] [stdout]   --> src/simplespl.rs:54:5
[INFO] [stdout]    |
[INFO] [stdout] 17 |     rent_sysvar_info,
[INFO] [stdout]    |     ^^^^^^^^^^^^^^^^ not found in this scope
[INFO] [stdout] 
[INFO] [stdout] error[E0425]: cannot find value `token_program_info` in this scope
[INFO] [stdout]   --> src/simplespl.rs:55:5
[INFO] [stdout]    |
[INFO] [stdout] 18 |     token_program_info,
[INFO] [stdout]    |     ^^^^^^^^^^^^^^^^^^ not found in this scope
[INFO] [stdout] 
[INFO] [stdout] error[E0425]: cannot find value `mint_account_info` in this scope
[INFO] [stdout]   --> src/simplespl.rs:56:5
[INFO] [stdout]    |
[INFO] [stdout] 19 |     mint_account_info,
[INFO] [stdout]    |     ^^^^^^^^^^^^^^^^^ not found in this scope
[INFO] [stdout] 
[INFO] [stdout] error[E0425]: cannot find value `to_account_info` in this scope
[INFO] [stdout]   --> src/simplespl.rs:57:5
[INFO] [stdout]    |
[INFO] [stdout] 20 |     to_account_info,
[INFO] [stdout]    |     ^^^^^^^^^^^^^^^ not found in this scope
[INFO] [stdout] 
[INFO] [stdout] error[E0425]: cannot find value `owner_account_info` in this scope
[INFO] [stdout]   --> src/simplespl.rs:58:5
[INFO] [stdout]    |
[INFO] [stdout] 21 |     owner_account_info,
[INFO] [stdout]    |     ^^^^^^^^^^^^^^^^^^ not found in this scope
[INFO] [stdout] 
[INFO] [stdout] error[E0425]: cannot find value `signer_seeds` in this scope
[INFO] [stdout]   --> src/simplespl.rs:59:8
[INFO] [stdout]    |
[INFO] [stdout] 22 |     &[&signer_seeds],
[INFO] [stdout]    |        ^^^^^^^^^^^^ not found in this scope
[INFO] [stdout] 
[INFO] [stdout] error: aborting due to 13 previous errors
[INFO] [stdout] 
[INFO] [stdout] Some errors have detailed explanations: E0425, E0432.
[INFO] [stdout] For more information about an error, try `rustc --explain E0425`.
[INFO] [stdout] Couldn't compile the test.
[INFO] [stdout] ---- src/simplespl.rs - simplespl::transfer_simple (line 229) stdout ----
[INFO] [stdout] error[E0432]: unresolved import `simplespl`
[INFO] [stdout]  --> src/simplespl.rs:230:5
[INFO] [stdout]   |
[INFO] [stdout] 3 | use simplespl::transfer_simple;
[INFO] [stdout]   |     ^^^^^^^^^ help: a similar path exists: `spl_simplified::simplespl`
[INFO] [stdout] 
[INFO] [stdout] error[E0425]: cannot find value `mint_account_info` in this scope
[INFO] [stdout]  --> src/simplespl.rs:234:5
[INFO] [stdout]   |
[INFO] [stdout] 7 |     mint_account_info,
[INFO] [stdout]   |     ^^^^^^^^^^^^^^^^^ not found in this scope
[INFO] [stdout] 
[INFO] [stdout] error[E0425]: cannot find value `token_program_account_info` in this scope
[INFO] [stdout]  --> src/simplespl.rs:235:5
[INFO] [stdout]   |
[INFO] [stdout] 8 |     token_program_account_info,
[INFO] [stdout]   |     ^^^^^^^^^^^^^^^^^^^^^^^^^^ not found in this scope
[INFO] [stdout] 
[INFO] [stdout] error[E0425]: cannot find value `source_pubkey` in this scope
[INFO] [stdout]  --> src/simplespl.rs:236:5
[INFO] [stdout]   |
[INFO] [stdout] 9 |     source_pubkey,
[INFO] [stdout]   |     ^^^^^^^^^^^^^ not found in this scope
[INFO] [stdout] 
[INFO] [stdout] error[E0425]: cannot find value `destination_account_info` in this scope
[INFO] [stdout]   --> src/simplespl.rs:237:5
[INFO] [stdout]    |
[INFO] [stdout] 10 |     destination_account_info,
[INFO] [stdout]    |     ^^^^^^^^^^^^^^^^^^^^^^^^ not found in this scope
[INFO] [stdout] 
[INFO] [stdout] error[E0425]: cannot find value `authority_account_info` in this scope
[INFO] [stdout]   --> src/simplespl.rs:238:5
[INFO] [stdout]    |
[INFO] [stdout] 11 |     authority_account_info,
[INFO] [stdout]    |     ^^^^^^^^^^^^^^^^^^^^^^ not found in this scope
[INFO] [stdout] 
[INFO] [stdout] error[E0425]: cannot find value `signer_seeds` in this scope
[INFO] [stdout]   --> src/simplespl.rs:240:8
[INFO] [stdout]    |
[INFO] [stdout] 13 |     &[&signer_seeds],
[INFO] [stdout]    |        ^^^^^^^^^^^^ not found in this scope
[INFO] [stdout] 
[INFO] [stdout] error: aborting due to 7 previous errors
[INFO] [stdout] 
[INFO] [stdout] Some errors have detailed explanations: E0425, E0432.
[INFO] [stdout] For more information about an error, try `rustc --explain E0425`.
[INFO] [stdout] Couldn't compile the test.
[INFO] [stdout] ---- src/simplespl.rs - simplespl::metadata_thing (line 139) stdout ----
[INFO] [stdout] error[E0432]: unresolved import `simplespl`
[INFO] [stdout]  --> src/simplespl.rs:140:5
[INFO] [stdout]   |
[INFO] [stdout] 3 | use simplespl::metadata_thing;
[INFO] [stdout]   |     ^^^^^^^^^ help: a similar path exists: `spl_simplified::simplespl`
[INFO] [stdout] 
[INFO] [stdout] error[E0425]: cannot find value `payer_account_info` in this scope
[INFO] [stdout]   --> src/simplespl.rs:148:5
[INFO] [stdout]    |
[INFO] [stdout] 11 |     payer_account_info,
[INFO] [stdout]    |     ^^^^^^^^^^^^^^^^^^ not found in this scope
[INFO] [stdout] 
[INFO] [stdout] error[E0425]: cannot find value `token_metadata_program_info` in this scope
[INFO] [stdout]   --> src/simplespl.rs:149:5
[INFO] [stdout]    |
[INFO] [stdout] 12 |     token_metadata_program_info,
[INFO] [stdout]    |     ^^^^^^^^^^^^^^^^^^^^^^^^^^^ not found in this scope
[INFO] [stdout] 
[INFO] [stdout] error[E0425]: cannot find value `update_authority_info` in this scope
[INFO] [stdout]   --> src/simplespl.rs:150:5
[INFO] [stdout]    |
[INFO] [stdout] 13 |     update_authority_info,
[INFO] [stdout]    |     ^^^^^^^^^^^^^^^^^^^^^ not found in this scope
[INFO] [stdout] 
[INFO] [stdout] error[E0425]: cannot find value `mint_account_info` in this scope
[INFO] [stdout]   --> src/simplespl.rs:151:5
[INFO] [stdout]    |
[INFO] [stdout] 14 |     mint_account_info,
[INFO] [stdout]    |     ^^^^^^^^^^^^^^^^^ not found in this scope
[INFO] [stdout] 
[INFO] [stdout] error[E0425]: cannot find value `metadata_account_info` in this scope
[INFO] [stdout]   --> src/simplespl.rs:152:5
[INFO] [stdout]    |
[INFO] [stdout] 15 |     metadata_account_info,
[INFO] [stdout]    |     ^^^^^^^^^^^^^^^^^^^^^ not found in this scope
[INFO] [stdout] 
[INFO] [stdout] error[E0425]: cannot find value `mint_authority_info` in this scope
[INFO] [stdout]   --> src/simplespl.rs:153:5
[INFO] [stdout]    |
[INFO] [stdout] 16 |     mint_authority_info,
[INFO] [stdout]    |     ^^^^^^^^^^^^^^^^^^^ not found in this scope
[INFO] [stdout] 
[INFO] [stdout] error[E0425]: cannot find value `system_program_info` in this scope
[INFO] [stdout]   --> src/simplespl.rs:154:5
[INFO] [stdout]    |
[INFO] [stdout] 17 |     system_program_info,
[INFO] [stdout]    |     ^^^^^^^^^^^^^^^^^^^ not found in this scope
[INFO] [stdout] 
[INFO] [stdout] error[E0425]: cannot find value `rent_sysvar_info` in this scope
[INFO] [stdout]   --> src/simplespl.rs:155:5
[INFO] [stdout]    |
[INFO] [stdout] 18 |     rent_sysvar_info,
[INFO] [stdout]    |     ^^^^^^^^^^^^^^^^ not found in this scope
[INFO] [stdout] 
[INFO] [stdout] error[E0425]: cannot find value `signer_seed` in this scope
[INFO] [stdout]   --> src/simplespl.rs:156:8
[INFO] [stdout]    |
[INFO] [stdout] 19 |     &[&signer_seed],
[INFO] [stdout]    |        ^^^^^^^^^^^ not found in this scope
[INFO] [stdout] 
[INFO] [stdout] error: aborting due to 10 previous errors
[INFO] [stdout] 
[INFO] [stdout] Some errors have detailed explanations: E0425, E0432.
[INFO] [stdout] For more information about an error, try `rustc --explain E0425`.
[INFO] [stdout] Couldn't compile the test.
[INFO] [stdout] 
[INFO] [stdout] failures:
[INFO] [stdout]     src/simplespl.rs - simplespl::burn_simple (line 285)
[INFO] [stdout]     src/simplespl.rs - simplespl::metadata_thing (line 139)
[INFO] [stdout]     src/simplespl.rs - simplespl::mint_simple (line 39)
[INFO] [stdout]     src/simplespl.rs - simplespl::transfer_simple (line 229)
[INFO] [stdout] 
[INFO] [stdout] test result: FAILED. 0 passed; 4 failed; 0 ignored; 0 measured; 0 filtered out; finished in 0.13s
[INFO] [stdout] 
[INFO] [stderr] error: doctest failed, to rerun pass `--doc`
[INFO] running `Command { std: "docker" "inspect" "872978be28b202f6af8a530044c2a1b191782446ed5fe79aa5c79a5b729f67e2", kill_on_drop: false }`
[INFO] running `Command { std: "docker" "rm" "-f" "872978be28b202f6af8a530044c2a1b191782446ed5fe79aa5c79a5b729f67e2", kill_on_drop: false }`
[INFO] [stdout] 872978be28b202f6af8a530044c2a1b191782446ed5fe79aa5c79a5b729f67e2
