[INFO] fetching crate spirit 0.4.21...
[INFO] testing spirit-0.4.21 against nightly-2024-10-28 for randomize-layout
[INFO] extracting crate spirit 0.4.21 into /workspace/builds/worker-4-tc1/source
[INFO] validating manifest of crates.io crate spirit 0.4.21 on toolchain nightly-2024-10-28
[INFO] running `Command { std: CARGO_HOME="/workspace/cargo-home" RUSTUP_HOME="/workspace/rustup-home" "/workspace/cargo-home/bin/cargo" "+nightly-2024-10-28" "metadata" "--manifest-path" "Cargo.toml" "--no-deps", kill_on_drop: false }`
[INFO] started tweaking crates.io crate spirit 0.4.21
[INFO] finished tweaking crates.io crate spirit 0.4.21
[INFO] tweaked toml for crates.io crate spirit 0.4.21 written to /workspace/builds/worker-4-tc1/source/Cargo.toml
[INFO] crate crates.io crate spirit 0.4.21 already has a lockfile, it will not be regenerated
[INFO] running `Command { std: CARGO_HOME="/workspace/cargo-home" RUSTUP_HOME="/workspace/rustup-home" "/workspace/cargo-home/bin/cargo" "+nightly-2024-10-28" "fetch" "--manifest-path" "Cargo.toml", kill_on_drop: false }`
[INFO] [stderr]     Updating crates.io index
[INFO] [stderr]  Downloading crates ...
[INFO] [stderr]   Downloaded serde_ignored v0.1.2
[INFO] [stderr]   Downloaded serde_path_to_error v0.1.5
[INFO] [stderr]   Downloaded err-context v0.1.0
[INFO] [stderr]   Downloaded signal-hook v0.3.10
[INFO] [stderr]   Downloaded spirit-cfg-helpers v0.4.0
[INFO] [stderr]   Downloaded spirit-log v0.4.4
[INFO] [stderr]   Downloaded privdrop v0.3.4
[INFO] [stderr]   Downloaded log-panics v2.0.0
[INFO] [stderr]   Downloaded spirit-daemonize v0.5.0
[INFO] [stderr]   Downloaded nanorand v0.6.1
[INFO] [stderr]   Downloaded spirit-hyper v0.9.0
[INFO] [stderr]   Downloaded log-reroute v0.1.8
[INFO] [stderr]   Downloaded spin v0.9.2
[INFO] [stderr]   Downloaded flume v0.10.9
[INFO] [stderr]   Downloaded hyper v0.14.14
[INFO] [stderr]   Downloaded h2 v0.3.7
[INFO] [stderr]   Downloaded nix v0.16.1
[INFO] [stderr]   Downloaded fern v0.6.0
[INFO] [stderr]   Downloaded backtrace v0.3.62
[INFO] [stderr]   Downloaded arc-swap v1.4.0
[INFO] [stderr]   Downloaded structdoc-derive v0.1.4
[INFO] [stderr]   Downloaded spirit-tokio v0.9.1
[INFO] [stderr]   Downloaded spirit v0.4.20
[INFO] [stderr]   Downloaded structdoc v0.1.4
[INFO] running `Command { std: "docker" "create" "-v" "/var/lib/crater-agent-workspace/builds/worker-4-tc1/target:/opt/rustwide/target:rw,Z" "-v" "/var/lib/crater-agent-workspace/builds/worker-4-tc1/source:/opt/rustwide/workdir:ro,Z" "-v" "/var/lib/crater-agent-workspace/cargo-home:/opt/rustwide/cargo-home:ro,Z" "-v" "/var/lib/crater-agent-workspace/rustup-home:/opt/rustwide/rustup-home:ro,Z" "-e" "SOURCE_DIR=/opt/rustwide/workdir" "-e" "CARGO_TARGET_DIR=/opt/rustwide/target" "-e" "CARGO_HOME=/opt/rustwide/cargo-home" "-e" "RUSTUP_HOME=/opt/rustwide/rustup-home" "-w" "/opt/rustwide/workdir" "-m" "1610612736" "--user" "0:0" "--network" "none" "ghcr.io/rust-lang/crates-build-env/linux@sha256:4a844ea9eb2546a2d2c7022eacef16ef2e8229c7fbb2c7d4d55a9ceca922f72d" "/opt/rustwide/cargo-home/bin/cargo" "+nightly-2024-10-28" "metadata" "--no-deps" "--format-version=1", kill_on_drop: false }`
[INFO] [stdout] 86050dbdc3cc02cc5be8619e28ee8f0631e3d9039f5d544fe1dedb8bb11dee55
[INFO] running `Command { std: "docker" "start" "-a" "86050dbdc3cc02cc5be8619e28ee8f0631e3d9039f5d544fe1dedb8bb11dee55", kill_on_drop: false }`
[INFO] running `Command { std: "docker" "inspect" "86050dbdc3cc02cc5be8619e28ee8f0631e3d9039f5d544fe1dedb8bb11dee55", kill_on_drop: false }`
[INFO] running `Command { std: "docker" "rm" "-f" "86050dbdc3cc02cc5be8619e28ee8f0631e3d9039f5d544fe1dedb8bb11dee55", kill_on_drop: false }`
[INFO] [stdout] 86050dbdc3cc02cc5be8619e28ee8f0631e3d9039f5d544fe1dedb8bb11dee55
[INFO] running `Command { std: "docker" "create" "-v" "/var/lib/crater-agent-workspace/builds/worker-4-tc1/target:/opt/rustwide/target:rw,Z" "-v" "/var/lib/crater-agent-workspace/builds/worker-4-tc1/source:/opt/rustwide/workdir:ro,Z" "-v" "/var/lib/crater-agent-workspace/cargo-home:/opt/rustwide/cargo-home:ro,Z" "-v" "/var/lib/crater-agent-workspace/rustup-home:/opt/rustwide/rustup-home:ro,Z" "-e" "SOURCE_DIR=/opt/rustwide/workdir" "-e" "CARGO_TARGET_DIR=/opt/rustwide/target" "-e" "CARGO_INCREMENTAL=0" "-e" "RUST_BACKTRACE=full" "-e" "RUSTFLAGS=--cap-lints=forbid" "-e" "RUSTDOCFLAGS=--cap-lints=forbid" "-e" "CARGO_HOME=/opt/rustwide/cargo-home" "-e" "RUSTUP_HOME=/opt/rustwide/rustup-home" "-w" "/opt/rustwide/workdir" "-m" "1610612736" "--user" "0:0" "--network" "none" "ghcr.io/rust-lang/crates-build-env/linux@sha256:4a844ea9eb2546a2d2c7022eacef16ef2e8229c7fbb2c7d4d55a9ceca922f72d" "/opt/rustwide/cargo-home/bin/cargo" "+nightly-2024-10-28" "build" "--frozen" "--message-format=json", kill_on_drop: false }`
[INFO] [stdout] da7bc8dbe03a8c78c7740e0b2d3a827b3add79ad89e0de8c7f690758a19c72c2
[INFO] running `Command { std: "docker" "start" "-a" "da7bc8dbe03a8c78c7740e0b2d3a827b3add79ad89e0de8c7f690758a19c72c2", kill_on_drop: false }`
[INFO] [stderr]    Compiling proc-macro2 v1.0.30
[INFO] [stderr]    Compiling unicode-xid v0.2.2
[INFO] [stderr]    Compiling syn v1.0.80
[INFO] [stderr]    Compiling version_check v0.9.3
[INFO] [stderr]    Compiling serde_derive v1.0.130
[INFO] [stderr]    Compiling serde v1.0.130
[INFO] [stderr]    Compiling libc v0.2.105
[INFO] [stderr]    Compiling bitflags v1.3.2
[INFO] [stderr]    Compiling ryu v1.0.5
[INFO] [stderr]    Compiling unicode-segmentation v1.8.0
[INFO] [stderr]    Compiling lexical-core v0.7.6
[INFO] [stderr]    Compiling memchr v2.4.1
[INFO] [stderr]    Compiling cfg-if v1.0.0
[INFO] [stderr]    Compiling unicode-width v0.1.9
[INFO] [stderr]    Compiling serde_json v1.0.68
[INFO] [stderr]    Compiling cc v1.0.71
[INFO] [stderr]    Compiling either v1.6.1
[INFO] [stderr]    Compiling arrayvec v0.5.2
[INFO] [stderr]    Compiling static_assertions v1.1.0
[INFO] [stderr]    Compiling textwrap v0.11.0
[INFO] [stderr]    Compiling unindent v0.1.7
[INFO] [stderr]    Compiling itertools v0.8.2
[INFO] [stderr]    Compiling itoa v0.4.8
[INFO] [stderr]    Compiling ansi_term v0.11.0
[INFO] [stderr]    Compiling lazy_static v1.4.0
[INFO] [stderr]    Compiling linked-hash-map v0.5.4
[INFO] [stderr]    Compiling log v0.4.14
[INFO] [stderr]    Compiling strsim v0.8.0
[INFO] [stderr]    Compiling arc-swap v1.4.0
[INFO] [stderr]    Compiling heck v0.3.3
[INFO] [stderr]    Compiling fallible-iterator v0.2.0
[INFO] [stderr]    Compiling humantime v2.1.0
[INFO] [stderr]    Compiling proc-macro-error-attr v1.0.4
[INFO] [stderr]    Compiling proc-macro-error v1.0.4
[INFO] [stderr]    Compiling nom v5.1.2
[INFO] [stderr]    Compiling yaml-rust v0.4.5
[INFO] [stderr]    Compiling err-context v0.1.0
[INFO] [stderr]    Compiling quote v1.0.10
[INFO] [stderr]    Compiling signal-hook v0.3.10
[INFO] [stderr]    Compiling atty v0.2.14
[INFO] [stderr]    Compiling signal-hook-registry v1.4.0
[INFO] [stderr]    Compiling clap v2.33.3
[INFO] [stderr]    Compiling structopt-derive v0.4.18
[INFO] [stderr]    Compiling structdoc-derive v0.1.4
[INFO] [stderr]    Compiling structdoc v0.1.4
[INFO] [stderr]    Compiling structopt v0.3.25
[INFO] [stderr]    Compiling toml v0.5.8
[INFO] [stderr]    Compiling serde_path_to_error v0.1.5
[INFO] [stderr]    Compiling serde_ignored v0.1.2
[INFO] [stderr]    Compiling config v0.11.0
[INFO] [stderr]    Compiling spirit v0.4.21 (/opt/rustwide/workdir)
[INFO] [stdout] warning: elided lifetime has a name
[INFO] [stdout]    --> src/extension.rs:723:39
[INFO] [stdout]     |
[INFO] [stdout] 723 |     E: for<'a> Fn(&'a Ext::Config) -> &R + Send + 'static,
[INFO] [stdout]     |            --                         ^ this elided lifetime gets resolved as `'a`
[INFO] [stdout]     |            |
[INFO] [stdout]     |            lifetime `'a` declared here
[INFO] [stdout]     |
[INFO] [stdout]     = note: `#[warn(elided_named_lifetimes)]` on by default
[INFO] [stdout] 
[INFO] [stdout] 
[INFO] [stdout] warning: elided lifetime has a name
[INFO] [stdout]    --> src/extension.rs:781:39
[INFO] [stdout]     |
[INFO] [stdout] 781 |     E: for<'a> Fn(&'a Ext::Config) -> &R + Send + 'static,
[INFO] [stdout]     |            --                         ^ this elided lifetime gets resolved as `'a`
[INFO] [stdout]     |            |
[INFO] [stdout]     |            lifetime `'a` declared here
[INFO] [stdout] 
[INFO] [stdout] 
[INFO] [stderr]     Finished `dev` profile [unoptimized] target(s) in 14.12s
[INFO] [stderr] warning: the following packages contain code that will be rejected by a future version of Rust: nom v5.1.2
[INFO] [stderr] note: to see what the problems were, use the option `--future-incompat-report`, or run `cargo report future-incompatibilities --id 1`
[INFO] running `Command { std: "docker" "inspect" "da7bc8dbe03a8c78c7740e0b2d3a827b3add79ad89e0de8c7f690758a19c72c2", kill_on_drop: false }`
[INFO] running `Command { std: "docker" "rm" "-f" "da7bc8dbe03a8c78c7740e0b2d3a827b3add79ad89e0de8c7f690758a19c72c2", kill_on_drop: false }`
[INFO] [stdout] da7bc8dbe03a8c78c7740e0b2d3a827b3add79ad89e0de8c7f690758a19c72c2
[INFO] running `Command { std: "docker" "create" "-v" "/var/lib/crater-agent-workspace/builds/worker-4-tc1/target:/opt/rustwide/target:rw,Z" "-v" "/var/lib/crater-agent-workspace/builds/worker-4-tc1/source:/opt/rustwide/workdir:ro,Z" "-v" "/var/lib/crater-agent-workspace/cargo-home:/opt/rustwide/cargo-home:ro,Z" "-v" "/var/lib/crater-agent-workspace/rustup-home:/opt/rustwide/rustup-home:ro,Z" "-e" "SOURCE_DIR=/opt/rustwide/workdir" "-e" "CARGO_TARGET_DIR=/opt/rustwide/target" "-e" "CARGO_INCREMENTAL=0" "-e" "RUST_BACKTRACE=full" "-e" "RUSTFLAGS=--cap-lints=forbid" "-e" "RUSTDOCFLAGS=--cap-lints=forbid" "-e" "CARGO_HOME=/opt/rustwide/cargo-home" "-e" "RUSTUP_HOME=/opt/rustwide/rustup-home" "-w" "/opt/rustwide/workdir" "-m" "1610612736" "--user" "0:0" "--network" "none" "ghcr.io/rust-lang/crates-build-env/linux@sha256:4a844ea9eb2546a2d2c7022eacef16ef2e8229c7fbb2c7d4d55a9ceca922f72d" "/opt/rustwide/cargo-home/bin/cargo" "+nightly-2024-10-28" "test" "--frozen" "--no-run" "--message-format=json", kill_on_drop: false }`
[INFO] [stdout] 63b5f6e61ccd72b5755dbfdb39e8c55a66041152f52b90270887d5afe6dd66e4
[INFO] running `Command { std: "docker" "start" "-a" "63b5f6e61ccd72b5755dbfdb39e8c55a66041152f52b90270887d5afe6dd66e4", kill_on_drop: false }`
[INFO] [stderr]    Compiling autocfg v1.0.1
[INFO] [stderr]    Compiling futures-core v0.3.17
[INFO] [stderr]    Compiling pin-project-lite v0.2.7
[INFO] [stderr]    Compiling bytes v1.1.0
[INFO] [stderr]    Compiling mio v0.7.14
[INFO] [stderr]    Compiling tokio-macros v1.5.0
[INFO] [stderr]    Compiling num_cpus v1.13.0
[INFO] [stderr]    Compiling config v0.10.1
[INFO] [stderr]    Compiling futures-sink v0.3.17
[INFO] [stderr]    Compiling futures-task v0.3.17
[INFO] [stderr]    Compiling hashbrown v0.11.2
[INFO] [stderr]    Compiling pin-project-internal v1.0.8
[INFO] [stderr]    Compiling fnv v1.0.7
[INFO] [stderr]    Compiling backtrace v0.3.62
[INFO] [stderr]    Compiling tracing-core v0.1.21
[INFO] [stderr]    Compiling httparse v1.5.1
[INFO] [stderr]    Compiling nix v0.16.1
[INFO] [stderr]    Compiling gimli v0.25.0
[INFO] [stderr]    Compiling futures-channel v0.3.17
[INFO] [stderr]    Compiling pin-utils v0.1.0
[INFO] [stderr]    Compiling scopeguard v1.1.0
[INFO] [stderr]    Compiling adler v1.0.2
[INFO] [stderr]    Compiling cfg-if v0.1.10
[INFO] [stderr]    Compiling lock_api v0.4.5
[INFO] [stderr]    Compiling object v0.27.1
[INFO] [stderr]    Compiling getrandom v0.2.3
[INFO] [stderr]    Compiling rustc-demangle v0.1.21
[INFO] [stderr]    Compiling slab v0.4.5
[INFO] [stderr]    Compiling try-lock v0.2.3
[INFO] [stderr]    Compiling nix v0.18.0
[INFO] [stderr]    Compiling tokio v1.12.0
[INFO] [stderr]    Compiling indexmap v1.7.0
[INFO] [stderr]    Compiling miniz_oxide v0.4.4
[INFO] [stderr]    Compiling num-traits v0.2.14
[INFO] [stderr]    Compiling futures-util v0.3.17
[INFO] [stderr]    Compiling num-integer v0.1.44
[INFO] [stderr]    Compiling tracing v0.1.29
[INFO] [stderr]    Compiling spirit v0.4.20
[INFO] [stderr]    Compiling http v0.2.5
[INFO] [stderr]    Compiling void v1.0.2
[INFO] [stderr]    Compiling nanorand v0.6.1
[INFO] [stderr]    Compiling want v0.3.0
[INFO] [stderr]    Compiling spin v0.9.2
[INFO] [stderr]    Compiling socket2 v0.3.19
[INFO] [stderr]    Compiling time v0.1.43
[INFO] [stderr]    Compiling socket2 v0.4.2
[INFO] [stderr]    Compiling dtoa v0.4.8
[INFO] [stderr]    Compiling once_cell v1.8.0
[INFO] [stderr]    Compiling httpdate v1.0.1
[INFO] [stderr]    Compiling tower-service v0.3.1
[INFO] [stderr]    Compiling log-reroute v0.1.8
[INFO] [stderr]    Compiling serde_yaml v0.8.21
[INFO] [stderr]    Compiling fern v0.6.0
[INFO] [stderr]    Compiling itertools v0.10.1
[INFO] [stderr]    Compiling maplit v1.0.2
[INFO] [stdout] warning: elided lifetime has a name
[INFO] [stdout]    --> src/extension.rs:723:39
[INFO] [stdout]     |
[INFO] [stdout] 723 |     E: for<'a> Fn(&'a Ext::Config) -> &R + Send + 'static,
[INFO] [stdout]     |            --                         ^ this elided lifetime gets resolved as `'a`
[INFO] [stdout]     |            |
[INFO] [stdout]     |            lifetime `'a` declared here
[INFO] [stdout]     |
[INFO] [stdout]     = note: `#[warn(elided_named_lifetimes)]` on by default
[INFO] [stdout] 
[INFO] [stdout] 
[INFO] [stdout] warning: elided lifetime has a name
[INFO] [stdout]    --> src/extension.rs:781:39
[INFO] [stdout]     |
[INFO] [stdout] 781 |     E: for<'a> Fn(&'a Ext::Config) -> &R + Send + 'static,
[INFO] [stdout]     |            --                         ^ this elided lifetime gets resolved as `'a`
[INFO] [stdout]     |            |
[INFO] [stdout]     |            lifetime `'a` declared here
[INFO] [stdout] 
[INFO] [stdout] 
[INFO] [stderr]    Compiling pin-project v1.0.8
[INFO] [stderr]    Compiling flume v0.10.9
[INFO] [stderr]    Compiling chrono v0.4.19
[INFO] [stderr]    Compiling addr2line v0.16.0
[INFO] [stderr]    Compiling spirit-cfg-helpers v0.4.0
[INFO] [stderr]    Compiling http-body v0.4.4
[INFO] [stderr]    Compiling privdrop v0.3.4
[INFO] [stderr]    Compiling log-panics v2.0.0
[INFO] [stderr]    Compiling spirit-log v0.4.4
[INFO] [stderr]    Compiling spirit-daemonize v0.5.0
[INFO] [stderr]    Compiling tokio-util v0.6.8
[INFO] [stderr]    Compiling tokio-stream v0.1.7
[INFO] [stderr]    Compiling spirit-tokio v0.9.1
[INFO] [stderr]    Compiling h2 v0.3.7
[INFO] [stderr]    Compiling hyper v0.14.14
[INFO] [stderr]    Compiling spirit-hyper v0.9.0
[INFO] [stderr]    Compiling spirit v0.4.21 (/opt/rustwide/workdir)
[INFO] [stdout] warning: elided lifetime has a name
[INFO] [stdout]    --> src/extension.rs:723:39
[INFO] [stdout]     |
[INFO] [stdout] 723 |     E: for<'a> Fn(&'a Ext::Config) -> &R + Send + 'static,
[INFO] [stdout]     |            --                         ^ this elided lifetime gets resolved as `'a`
[INFO] [stdout]     |            |
[INFO] [stdout]     |            lifetime `'a` declared here
[INFO] [stdout]     |
[INFO] [stdout]     = note: `#[warn(elided_named_lifetimes)]` on by default
[INFO] [stdout] 
[INFO] [stdout] 
[INFO] [stdout] warning: elided lifetime has a name
[INFO] [stdout]    --> src/extension.rs:781:39
[INFO] [stdout]     |
[INFO] [stdout] 781 |     E: for<'a> Fn(&'a Ext::Config) -> &R + Send + 'static,
[INFO] [stdout]     |            --                         ^ this elided lifetime gets resolved as `'a`
[INFO] [stdout]     |            |
[INFO] [stdout]     |            lifetime `'a` declared here
[INFO] [stdout] 
[INFO] [stdout] 
[INFO] [stderr]     Finished `test` profile [unoptimized] target(s) in 20.67s
[INFO] [stderr] warning: the following packages contain code that will be rejected by a future version of Rust: nom v5.1.2
[INFO] [stderr] note: to see what the problems were, use the option `--future-incompat-report`, or run `cargo report future-incompatibilities --id 1`
[INFO] running `Command { std: "docker" "inspect" "63b5f6e61ccd72b5755dbfdb39e8c55a66041152f52b90270887d5afe6dd66e4", kill_on_drop: false }`
[INFO] running `Command { std: "docker" "rm" "-f" "63b5f6e61ccd72b5755dbfdb39e8c55a66041152f52b90270887d5afe6dd66e4", kill_on_drop: false }`
[INFO] [stdout] 63b5f6e61ccd72b5755dbfdb39e8c55a66041152f52b90270887d5afe6dd66e4
[INFO] running `Command { std: "docker" "create" "-v" "/var/lib/crater-agent-workspace/builds/worker-4-tc1/target:/opt/rustwide/target:rw,Z" "-v" "/var/lib/crater-agent-workspace/builds/worker-4-tc1/source:/opt/rustwide/workdir:ro,Z" "-v" "/var/lib/crater-agent-workspace/cargo-home:/opt/rustwide/cargo-home:ro,Z" "-v" "/var/lib/crater-agent-workspace/rustup-home:/opt/rustwide/rustup-home:ro,Z" "-e" "SOURCE_DIR=/opt/rustwide/workdir" "-e" "CARGO_TARGET_DIR=/opt/rustwide/target" "-e" "CARGO_INCREMENTAL=0" "-e" "RUST_BACKTRACE=full" "-e" "RUSTFLAGS=--cap-lints=forbid" "-e" "RUSTDOCFLAGS=--cap-lints=forbid" "-e" "CARGO_HOME=/opt/rustwide/cargo-home" "-e" "RUSTUP_HOME=/opt/rustwide/rustup-home" "-w" "/opt/rustwide/workdir" "-m" "1610612736" "--user" "0:0" "--network" "none" "ghcr.io/rust-lang/crates-build-env/linux@sha256:4a844ea9eb2546a2d2c7022eacef16ef2e8229c7fbb2c7d4d55a9ceca922f72d" "/opt/rustwide/cargo-home/bin/cargo" "+nightly-2024-10-28" "test" "--frozen", kill_on_drop: false }`
[INFO] [stdout] 7a536eb04e2d075b64310365e02c1641e978162ed824c9a25329201695d51570
[INFO] running `Command { std: "docker" "start" "-a" "7a536eb04e2d075b64310365e02c1641e978162ed824c9a25329201695d51570", kill_on_drop: false }`
[INFO] [stderr] warning: elided lifetime has a name
[INFO] [stderr]    --> src/extension.rs:723:39
[INFO] [stderr]     |
[INFO] [stderr] 723 |     E: for<'a> Fn(&'a Ext::Config) -> &R + Send + 'static,
[INFO] [stderr]     |            --                         ^ this elided lifetime gets resolved as `'a`
[INFO] [stderr]     |            |
[INFO] [stderr]     |            lifetime `'a` declared here
[INFO] [stderr]     |
[INFO] [stderr]     = note: `#[warn(elided_named_lifetimes)]` on by default
[INFO] [stderr] 
[INFO] [stderr] warning: elided lifetime has a name
[INFO] [stderr]    --> src/extension.rs:781:39
[INFO] [stderr]     |
[INFO] [stderr] 781 |     E: for<'a> Fn(&'a Ext::Config) -> &R + Send + 'static,
[INFO] [stderr]     |            --                         ^ this elided lifetime gets resolved as `'a`
[INFO] [stderr]     |            |
[INFO] [stderr]     |            lifetime `'a` declared here
[INFO] [stderr] 
[INFO] [stderr] warning: `spirit` (lib) generated 2 warnings
[INFO] [stderr] warning: `spirit` (lib test) generated 2 warnings (2 duplicates)
[INFO] [stderr]     Finished `test` profile [unoptimized] target(s) in 2.18s
[INFO] [stderr] warning: the following packages contain code that will be rejected by a future version of Rust: nom v5.1.2
[INFO] [stderr] note: to see what the problems were, use the option `--future-incompat-report`, or run `cargo report future-incompatibilities --id 1`
[INFO] [stderr]      Running unittests src/lib.rs (/opt/rustwide/target/debug/deps/spirit-40594124b5598b00)
[INFO] [stdout] 
[INFO] [stdout] running 12 tests
[INFO] [stdout] test cfg_loader::tests::enum_keys ... ok
[INFO] [stdout] test cfg_loader::tests::cmd_overrides ... ok
[INFO] [stdout] test error::tests::log_error_macro ... ok
[INFO] [stdout] test cfg_loader::tests::str_to_int ... ok
[INFO] [stdout] test utils::tests::key_val_extra_equals ... ok
[INFO] [stdout] test utils::tests::abs ... ok
[INFO] [stdout] test spirit::tests::on_terminate_after_terminate ... ok
[INFO] [stdout] test cfg_loader::tests::usize_key ... ok
[INFO] [stdout] test utils::tests::key_val_parse_fail ... ok
[INFO] [stdout] test utils::tests::key_val_missing_eq ... ok
[INFO] [stdout] test utils::tests::key_val_success ... ok
[INFO] [stdout] test cfg_loader::tests::combine_dir ... FAILED
[INFO] [stdout] 
[INFO] [stdout] failures:
[INFO] [stdout] 
[INFO] [stdout] ---- cfg_loader::tests::combine_dir stdout ----
[INFO] [stdout] thread 'cfg_loader::tests::combine_dir' panicked at src/cfg_loader.rs:807:38:
[INFO] [stdout] called `Result::unwrap()` on an `Err` value: MissingFile("/opt/rustwide/workdir/tests/data")
[INFO] [stdout] stack backtrace:
[INFO] [stdout]    0:     0x5c07337322da - <std::sys::backtrace::BacktraceLock::print::DisplayBacktrace as core::fmt::Display>::fmt::ha0a4c9b8ce3802e6
[INFO] [stdout]    1:     0x5c073375cc53 - core::fmt::write::h522cc39e5b36ae9f
[INFO] [stdout]    2:     0x5c073372da23 - std::io::Write::write_fmt::h7d3c26752da97734
[INFO] [stdout]    3:     0x5c0733732122 - std::sys::backtrace::BacktraceLock::print::h4b9e00b29e9c0942
[INFO] [stdout]    4:     0x5c073373376a - std::panicking::default_hook::{{closure}}::hb59b88280d0324d9
[INFO] [stdout]    5:     0x5c0733733574 - std::panicking::default_hook::he1dd496665be4a29
[INFO] [stdout]    6:     0x5c073354f7f9 - test::test_main::{{closure}}::hcf7c055ce117aa81
[INFO] [stdout]    7:     0x5c0733733e68 - std::panicking::rust_panic_with_hook::h2ff17fe8f26dfcf8
[INFO] [stdout]    8:     0x5c0733733c2a - std::panicking::begin_panic_handler::{{closure}}::h4fad77951c07e101
[INFO] [stdout]    9:     0x5c07337327b9 - std::sys::backtrace::__rust_end_short_backtrace::hb1a25b3da5d0ea08
[INFO] [stdout]   10:     0x5c07337338bc - rust_begin_unwind
[INFO] [stdout]   11:     0x5c073375b0a0 - core::panicking::panic_fmt::ha9db07b529f9b256
[INFO] [stdout]   12:     0x5c073375b526 - core::result::unwrap_failed::h5e8218e4d4338b8a
[INFO] [stdout]   13:     0x5c0733510ec6 - spirit::cfg_loader::tests::combine_dir::hb8d42f4ce7278499
[INFO] [stdout]   14:     0x5c0733510bb3 - spirit::cfg_loader::tests::combine_dir::{{closure}}::hc15c725e7d43b283
[INFO] [stdout]   15:     0x5c07334ff036 - core::ops::function::FnOnce::call_once::h1886dde03fb0e9d4
[INFO] [stdout]   16:     0x5c07335540cb - test::__rust_begin_short_backtrace::h8e82d8113d0da17f
[INFO] [stdout]   17:     0x5c0733553a47 - test::run_test::{{closure}}::h708eb8872708115d
[INFO] [stdout]   18:     0x5c0733517164 - std::sys::backtrace::__rust_begin_short_backtrace::h2f40290710935a8b
[INFO] [stdout]   19:     0x5c073351a90e - core::ops::function::FnOnce::call_once{{vtable.shim}}::h90d312fedd7b8ea8
[INFO] [stdout]   20:     0x5c073373837b - std::sys::pal::unix::thread::Thread::new::thread_start::h6cd80a1b4be5158d
[INFO] [stdout]   21:     0x7b62b002dac3 - <unknown>
[INFO] [stdout]   22:     0x7b62b00bea04 - clone
[INFO] [stdout]   23:                0x0 - <unknown>
[INFO] [stdout] 
[INFO] [stdout] 
[INFO] [stdout] failures:
[INFO] [stdout]     cfg_loader::tests::combine_dir
[INFO] [stdout] 
[INFO] [stdout] test result: FAILED. 11 passed; 1 failed; 0 ignored; 0 measured; 0 filtered out; finished in 0.01s
[INFO] [stdout] 
[INFO] [stderr] error: test failed, to rerun pass `--lib`
[INFO] running `Command { std: "docker" "inspect" "7a536eb04e2d075b64310365e02c1641e978162ed824c9a25329201695d51570", kill_on_drop: false }`
[INFO] running `Command { std: "docker" "rm" "-f" "7a536eb04e2d075b64310365e02c1641e978162ed824c9a25329201695d51570", kill_on_drop: false }`
[INFO] [stdout] 7a536eb04e2d075b64310365e02c1641e978162ed824c9a25329201695d51570
