[INFO] fetching crate spidermeme 0.1.0...
[INFO] testing spidermeme-0.1.0 against nightly-2024-10-28+rustflags=-Zrandomize-layout for randomize-layout
[INFO] extracting crate spidermeme 0.1.0 into /workspace/builds/worker-6-tc2/source
[INFO] validating manifest of crates.io crate spidermeme 0.1.0 on toolchain nightly-2024-10-28
[INFO] running `Command { std: CARGO_HOME="/workspace/cargo-home" RUSTUP_HOME="/workspace/rustup-home" "/workspace/cargo-home/bin/cargo" "+nightly-2024-10-28" "metadata" "--manifest-path" "Cargo.toml" "--no-deps", kill_on_drop: false }`
[INFO] removed /workspace/builds/worker-6-tc2/source/rust-toolchain
[INFO] started tweaking crates.io crate spidermeme 0.1.0
[INFO] finished tweaking crates.io crate spidermeme 0.1.0
[INFO] tweaked toml for crates.io crate spidermeme 0.1.0 written to /workspace/builds/worker-6-tc2/source/Cargo.toml
[INFO] running `Command { std: CARGO_HOME="/workspace/cargo-home" RUSTUP_HOME="/workspace/rustup-home" "/workspace/cargo-home/bin/cargo" "+nightly-2024-10-28" "generate-lockfile" "--manifest-path" "Cargo.toml", kill_on_drop: false }`
[INFO] [stderr]     Updating crates.io index
[INFO] [stderr]      Locking 1 package to latest compatible version
[INFO] running `Command { std: CARGO_HOME="/workspace/cargo-home" RUSTUP_HOME="/workspace/rustup-home" "/workspace/cargo-home/bin/cargo" "+nightly-2024-10-28" "fetch" "--manifest-path" "Cargo.toml", kill_on_drop: false }`
[INFO] running `Command { std: "docker" "create" "-v" "/var/lib/crater-agent-workspace/builds/worker-6-tc2/target:/opt/rustwide/target:rw,Z" "-v" "/var/lib/crater-agent-workspace/builds/worker-6-tc2/source:/opt/rustwide/workdir:ro,Z" "-v" "/var/lib/crater-agent-workspace/cargo-home:/opt/rustwide/cargo-home:ro,Z" "-v" "/var/lib/crater-agent-workspace/rustup-home:/opt/rustwide/rustup-home:ro,Z" "-e" "SOURCE_DIR=/opt/rustwide/workdir" "-e" "CARGO_TARGET_DIR=/opt/rustwide/target" "-e" "CARGO_HOME=/opt/rustwide/cargo-home" "-e" "RUSTUP_HOME=/opt/rustwide/rustup-home" "-w" "/opt/rustwide/workdir" "-m" "1610612736" "--user" "0:0" "--network" "none" "ghcr.io/rust-lang/crates-build-env/linux@sha256:4a844ea9eb2546a2d2c7022eacef16ef2e8229c7fbb2c7d4d55a9ceca922f72d" "/opt/rustwide/cargo-home/bin/cargo" "+nightly-2024-10-28" "metadata" "--no-deps" "--format-version=1", kill_on_drop: false }`
[INFO] [stdout] 0a277ebca8e7443e941667ff2f8e1ab24c579d4c8c01c75924d099eb9d82fd47
[INFO] running `Command { std: "docker" "start" "-a" "0a277ebca8e7443e941667ff2f8e1ab24c579d4c8c01c75924d099eb9d82fd47", kill_on_drop: false }`
[INFO] running `Command { std: "docker" "inspect" "0a277ebca8e7443e941667ff2f8e1ab24c579d4c8c01c75924d099eb9d82fd47", kill_on_drop: false }`
[INFO] running `Command { std: "docker" "rm" "-f" "0a277ebca8e7443e941667ff2f8e1ab24c579d4c8c01c75924d099eb9d82fd47", kill_on_drop: false }`
[INFO] [stdout] 0a277ebca8e7443e941667ff2f8e1ab24c579d4c8c01c75924d099eb9d82fd47
[INFO] running `Command { std: "docker" "create" "-v" "/var/lib/crater-agent-workspace/builds/worker-6-tc2/target:/opt/rustwide/target:rw,Z" "-v" "/var/lib/crater-agent-workspace/builds/worker-6-tc2/source:/opt/rustwide/workdir:ro,Z" "-v" "/var/lib/crater-agent-workspace/cargo-home:/opt/rustwide/cargo-home:ro,Z" "-v" "/var/lib/crater-agent-workspace/rustup-home:/opt/rustwide/rustup-home:ro,Z" "-e" "SOURCE_DIR=/opt/rustwide/workdir" "-e" "CARGO_TARGET_DIR=/opt/rustwide/target" "-e" "CARGO_INCREMENTAL=0" "-e" "RUST_BACKTRACE=full" "-e" "RUSTFLAGS=--cap-lints=forbid -Zrandomize-layout" "-e" "RUSTDOCFLAGS=--cap-lints=forbid" "-e" "CARGO_HOME=/opt/rustwide/cargo-home" "-e" "RUSTUP_HOME=/opt/rustwide/rustup-home" "-w" "/opt/rustwide/workdir" "-m" "1610612736" "--user" "0:0" "--network" "none" "ghcr.io/rust-lang/crates-build-env/linux@sha256:4a844ea9eb2546a2d2c7022eacef16ef2e8229c7fbb2c7d4d55a9ceca922f72d" "/opt/rustwide/cargo-home/bin/cargo" "+nightly-2024-10-28" "build" "--frozen" "--message-format=json", kill_on_drop: false }`
[INFO] [stdout] e5f483b2de66fb8cd680584a403870d4261f73020c827b35721324e195aa0377
[INFO] running `Command { std: "docker" "start" "-a" "e5f483b2de66fb8cd680584a403870d4261f73020c827b35721324e195aa0377", kill_on_drop: false }`
[INFO] [stderr]    Compiling spidermeme v0.1.0 (/opt/rustwide/workdir)
[INFO] [stdout] warning: the feature `extended_key_value_attributes` has been stable since 1.54.0 and no longer requires an attribute to enable
[INFO] [stdout]  --> src/lib.rs:3:12
[INFO] [stdout]   |
[INFO] [stdout] 3 | #![feature(extended_key_value_attributes)]
[INFO] [stdout]   |            ^^^^^^^^^^^^^^^^^^^^^^^^^^^^^
[INFO] [stdout]   |
[INFO] [stdout]   = note: `#[warn(stable_features)]` on by default
[INFO] [stdout] 
[INFO] [stdout] 
[INFO] [stderr]     Finished `dev` profile [unoptimized + debuginfo] target(s) in 0.07s
[INFO] running `Command { std: "docker" "inspect" "e5f483b2de66fb8cd680584a403870d4261f73020c827b35721324e195aa0377", kill_on_drop: false }`
[INFO] running `Command { std: "docker" "rm" "-f" "e5f483b2de66fb8cd680584a403870d4261f73020c827b35721324e195aa0377", kill_on_drop: false }`
[INFO] [stdout] e5f483b2de66fb8cd680584a403870d4261f73020c827b35721324e195aa0377
[INFO] running `Command { std: "docker" "create" "-v" "/var/lib/crater-agent-workspace/builds/worker-6-tc2/target:/opt/rustwide/target:rw,Z" "-v" "/var/lib/crater-agent-workspace/builds/worker-6-tc2/source:/opt/rustwide/workdir:ro,Z" "-v" "/var/lib/crater-agent-workspace/cargo-home:/opt/rustwide/cargo-home:ro,Z" "-v" "/var/lib/crater-agent-workspace/rustup-home:/opt/rustwide/rustup-home:ro,Z" "-e" "SOURCE_DIR=/opt/rustwide/workdir" "-e" "CARGO_TARGET_DIR=/opt/rustwide/target" "-e" "CARGO_INCREMENTAL=0" "-e" "RUST_BACKTRACE=full" "-e" "RUSTFLAGS=--cap-lints=forbid -Zrandomize-layout" "-e" "RUSTDOCFLAGS=--cap-lints=forbid" "-e" "CARGO_HOME=/opt/rustwide/cargo-home" "-e" "RUSTUP_HOME=/opt/rustwide/rustup-home" "-w" "/opt/rustwide/workdir" "-m" "1610612736" "--user" "0:0" "--network" "none" "ghcr.io/rust-lang/crates-build-env/linux@sha256:4a844ea9eb2546a2d2c7022eacef16ef2e8229c7fbb2c7d4d55a9ceca922f72d" "/opt/rustwide/cargo-home/bin/cargo" "+nightly-2024-10-28" "test" "--frozen" "--no-run" "--message-format=json", kill_on_drop: false }`
[INFO] [stdout] 0568f5707dd11758c73347e48b1b1ed17dbe7c4de1bcbb5ff6a32536d00217d2
[INFO] running `Command { std: "docker" "start" "-a" "0568f5707dd11758c73347e48b1b1ed17dbe7c4de1bcbb5ff6a32536d00217d2", kill_on_drop: false }`
[INFO] [stderr]    Compiling static_assertions v1.1.0
[INFO] [stdout] warning: the feature `extended_key_value_attributes` has been stable since 1.54.0 and no longer requires an attribute to enable
[INFO] [stdout]  --> src/lib.rs:3:12
[INFO] [stdout]   |
[INFO] [stdout] 3 | #![feature(extended_key_value_attributes)]
[INFO] [stdout]   |            ^^^^^^^^^^^^^^^^^^^^^^^^^^^^^
[INFO] [stdout]   |
[INFO] [stdout]   = note: `#[warn(stable_features)]` on by default
[INFO] [stdout] 
[INFO] [stdout] 
[INFO] [stderr]    Compiling spidermeme v0.1.0 (/opt/rustwide/workdir)
[INFO] [stdout] warning: the feature `extended_key_value_attributes` has been stable since 1.54.0 and no longer requires an attribute to enable
[INFO] [stdout]  --> src/lib.rs:3:12
[INFO] [stdout]   |
[INFO] [stdout] 3 | #![feature(extended_key_value_attributes)]
[INFO] [stdout]   |            ^^^^^^^^^^^^^^^^^^^^^^^^^^^^^
[INFO] [stdout]   |
[INFO] [stdout]   = note: `#[warn(stable_features)]` on by default
[INFO] [stdout] 
[INFO] [stdout] 
[INFO] [stderr]     Finished `test` profile [unoptimized + debuginfo] target(s) in 0.30s
[INFO] running `Command { std: "docker" "inspect" "0568f5707dd11758c73347e48b1b1ed17dbe7c4de1bcbb5ff6a32536d00217d2", kill_on_drop: false }`
[INFO] running `Command { std: "docker" "rm" "-f" "0568f5707dd11758c73347e48b1b1ed17dbe7c4de1bcbb5ff6a32536d00217d2", kill_on_drop: false }`
[INFO] [stdout] 0568f5707dd11758c73347e48b1b1ed17dbe7c4de1bcbb5ff6a32536d00217d2
[INFO] running `Command { std: "docker" "create" "-v" "/var/lib/crater-agent-workspace/builds/worker-6-tc2/target:/opt/rustwide/target:rw,Z" "-v" "/var/lib/crater-agent-workspace/builds/worker-6-tc2/source:/opt/rustwide/workdir:ro,Z" "-v" "/var/lib/crater-agent-workspace/cargo-home:/opt/rustwide/cargo-home:ro,Z" "-v" "/var/lib/crater-agent-workspace/rustup-home:/opt/rustwide/rustup-home:ro,Z" "-e" "SOURCE_DIR=/opt/rustwide/workdir" "-e" "CARGO_TARGET_DIR=/opt/rustwide/target" "-e" "CARGO_INCREMENTAL=0" "-e" "RUST_BACKTRACE=full" "-e" "RUSTFLAGS=--cap-lints=forbid -Zrandomize-layout" "-e" "RUSTDOCFLAGS=--cap-lints=forbid" "-e" "CARGO_HOME=/opt/rustwide/cargo-home" "-e" "RUSTUP_HOME=/opt/rustwide/rustup-home" "-w" "/opt/rustwide/workdir" "-m" "1610612736" "--user" "0:0" "--network" "none" "ghcr.io/rust-lang/crates-build-env/linux@sha256:4a844ea9eb2546a2d2c7022eacef16ef2e8229c7fbb2c7d4d55a9ceca922f72d" "/opt/rustwide/cargo-home/bin/cargo" "+nightly-2024-10-28" "test" "--frozen", kill_on_drop: false }`
[INFO] [stdout] e7fcd08aef4960a5adbbd3ae5b7d072a0124f317de457769f6fe20de555dddbd
[INFO] running `Command { std: "docker" "start" "-a" "e7fcd08aef4960a5adbbd3ae5b7d072a0124f317de457769f6fe20de555dddbd", kill_on_drop: false }`
[INFO] [stderr] warning: the feature `extended_key_value_attributes` has been stable since 1.54.0 and no longer requires an attribute to enable
[INFO] [stderr]  --> src/lib.rs:3:12
[INFO] [stderr]   |
[INFO] [stderr] 3 | #![feature(extended_key_value_attributes)]
[INFO] [stderr]   |            ^^^^^^^^^^^^^^^^^^^^^^^^^^^^^
[INFO] [stderr]   |
[INFO] [stderr]   = note: `#[warn(stable_features)]` on by default
[INFO] [stderr] 
[INFO] [stderr] warning: `spidermeme` (lib) generated 1 warning
[INFO] [stderr] warning: `spidermeme` (lib test) generated 1 warning (1 duplicate)
[INFO] [stderr]     Finished `test` profile [unoptimized + debuginfo] target(s) in 0.01s
[INFO] [stderr]      Running unittests src/lib.rs (/opt/rustwide/target/debug/deps/spidermeme-65370b3367c02402)
[INFO] [stdout] 
[INFO] [stdout] running 1 test
[INFO] [stdout] test private::test::different_types_trait_should_work_with_nested_pairs ... ok
[INFO] [stdout] 
[INFO] [stdout] test result: ok. 1 passed; 0 failed; 0 ignored; 0 measured; 0 filtered out; finished in 0.00s
[INFO] [stdout] 
[INFO] [stderr]    Doc-tests spidermeme
[INFO] [stdout] 
[INFO] [stdout] running 23 tests
[INFO] [stdout] test src/lib.rs - NotSameTypeAs (line 125) - compile fail ... ok
[INFO] [stdout] test src/../README.markdown - (line 135) - compile fail ... ok
[INFO] [stdout] test src/lib.rs - NotSameTypeAs (line 61) ... FAILED
[INFO] [stdout] test src/lib.rs - NotSameTypeAs (line 135) - compile fail ... ok
[INFO] [stdout] test src/lib.rs - NotSameTypeAs (line 51) ... FAILED
[INFO] [stdout] test src/lib.rs - NotSameTypeAs (line 74) ... FAILED
[INFO] [stdout] test src/lib.rs - NotSameTypeAs (line 147) ... FAILED
[INFO] [stdout] test src/../README.markdown - (line 115) ... ok
[INFO] [stdout] test src/lib.rs - NotSameTypeAs (line 86) ... FAILED
[INFO] [stdout] test src/../README.markdown - (line 55) ... FAILED
[INFO] [stdout] test src/lib.rs - NotSameTypeAs (line 99) ... FAILED
[INFO] [stdout] test src/../README.markdown - (line 152) ... ok
[INFO] [stdout] test src/lib.rs - SameTypeAs (line 198) ... ok
[INFO] [stdout] test src/../README.markdown - (line 126) ... ok
[INFO] [stdout] test src/lib.rs - SameTypeAs (line 188) ... ok
[INFO] [stdout] test src/lib.rs - SameTypeAs (line 211) ... ok
[INFO] [stdout] test src/lib.rs - SameTypeAs (line 262) ... ok
[INFO] [stdout] test src/lib.rs - SameTypeAs (line 236) ... ok
[INFO] [stdout] test src/lib.rs - SameTypeAs (line 223) ... ok
[INFO] [stdout] test src/lib.rs - NotSameTypeAs (line 157) ... FAILED
[INFO] [stdout] test src/lib.rs - SameTypeAs (line 284) ... ok
[INFO] [stdout] test src/lib.rs - SameTypeAs (line 272) ... ok
[INFO] [stdout] test src/lib.rs - SameTypeAs (line 294) ... ok
[INFO] [stdout] 
[INFO] [stdout] failures:
[INFO] [stdout] 
[INFO] [stdout] ---- src/lib.rs - NotSameTypeAs (line 61) stdout ----
[INFO] [stdout] error[E0277]: the trait bound `spidermeme::private::TypePair<B, A>: spidermeme::private::DifferentTypes` is not satisfied
[INFO] [stdout]   --> src/lib.rs:69:18
[INFO] [stdout]    |
[INFO] [stdout] 11 | assert_impl_all!(A: NotSameTypeAs<B>);
[INFO] [stdout]    |                  ^ the trait `spidermeme::private::DifferentTypes` is not implemented for `spidermeme::private::TypePair<B, A>`, which is required by `A: NotSameTypeAs<B>`
[INFO] [stdout]    |
[INFO] [stdout]    = note: required for `A` to implement `NotSameTypeAs<B>`
[INFO] [stdout] note: required by a bound in `assert_impl_all`
[INFO] [stdout]   --> src/lib.rs:69:1
[INFO] [stdout]    |
[INFO] [stdout] 11 | assert_impl_all!(A: NotSameTypeAs<B>);
[INFO] [stdout]    | ^^^^^^^^^^^^^^^^^^^^^^^^^^^^^^^^^^^^^ required by this bound in `assert_impl_all`
[INFO] [stdout]    = note: this error originates in the macro `assert_impl_all` (in Nightly builds, run with -Z macro-backtrace for more info)
[INFO] [stdout] 
[INFO] [stdout] error: aborting due to 1 previous error
[INFO] [stdout] 
[INFO] [stdout] For more information about this error, try `rustc --explain E0277`.
[INFO] [stdout] Couldn't compile the test.
[INFO] [stdout] ---- src/lib.rs - NotSameTypeAs (line 51) stdout ----
[INFO] [stdout] error[E0277]: the trait bound `spidermeme::private::TypePair<i64, i32>: spidermeme::private::DifferentTypes` is not satisfied
[INFO] [stdout]  --> src/lib.rs:56:18
[INFO] [stdout]   |
[INFO] [stdout] 8 | assert_impl_all!(i32: NotSameTypeAs<i64>);
[INFO] [stdout]   |                  ^^^ the trait `spidermeme::private::DifferentTypes` is not implemented for `spidermeme::private::TypePair<i64, i32>`, which is required by `i32: NotSameTypeAs<i64>`
[INFO] [stdout]   |
[INFO] [stdout]   = note: required for `i32` to implement `NotSameTypeAs<i64>`
[INFO] [stdout] note: required by a bound in `assert_impl_all`
[INFO] [stdout]  --> src/lib.rs:56:1
[INFO] [stdout]   |
[INFO] [stdout] 8 | assert_impl_all!(i32: NotSameTypeAs<i64>);
[INFO] [stdout]   | ^^^^^^^^^^^^^^^^^^^^^^^^^^^^^^^^^^^^^^^^^ required by this bound in `assert_impl_all`
[INFO] [stdout]   = note: this error originates in the macro `assert_impl_all` (in Nightly builds, run with -Z macro-backtrace for more info)
[INFO] [stdout] 
[INFO] [stdout] error: aborting due to 1 previous error
[INFO] [stdout] 
[INFO] [stdout] For more information about this error, try `rustc --explain E0277`.
[INFO] [stdout] Couldn't compile the test.
[INFO] [stdout] ---- src/lib.rs - NotSameTypeAs (line 74) stdout ----
[INFO] [stdout] error[E0277]: the trait bound `spidermeme::private::TypePair<i64, i32>: spidermeme::private::DifferentTypes` is not satisfied
[INFO] [stdout]   --> src/lib.rs:81:18
[INFO] [stdout]    |
[INFO] [stdout] 10 | assert_impl_all!(AliasOfI32: NotSameTypeAs<i64>);
[INFO] [stdout]    |                  ^^^^^^^^^^ the trait `spidermeme::private::DifferentTypes` is not implemented for `spidermeme::private::TypePair<i64, i32>`, which is required by `i32: NotSameTypeAs<i64>`
[INFO] [stdout]    |
[INFO] [stdout]    = note: required for `i32` to implement `NotSameTypeAs<i64>`
[INFO] [stdout] note: required by a bound in `assert_impl_all`
[INFO] [stdout]   --> src/lib.rs:81:1
[INFO] [stdout]    |
[INFO] [stdout] 10 | assert_impl_all!(AliasOfI32: NotSameTypeAs<i64>);
[INFO] [stdout]    | ^^^^^^^^^^^^^^^^^^^^^^^^^^^^^^^^^^^^^^^^^^^^^^^^ required by this bound in `assert_impl_all`
[INFO] [stdout]    = note: this error originates in the macro `assert_impl_all` (in Nightly builds, run with -Z macro-backtrace for more info)
[INFO] [stdout] 
[INFO] [stdout] error: aborting due to 1 previous error
[INFO] [stdout] 
[INFO] [stdout] For more information about this error, try `rustc --explain E0277`.
[INFO] [stdout] Couldn't compile the test.
[INFO] [stdout] ---- src/lib.rs - NotSameTypeAs (line 147) stdout ----
[INFO] [stdout] error[E0277]: the trait bound `spidermeme::private::TypePair<fn(i32) -> i64, fn(i32) -> i32>: spidermeme::private::DifferentTypes` is not satisfied
[INFO] [stdout]  --> src/lib.rs:152:18
[INFO] [stdout]   |
[INFO] [stdout] 8 | assert_impl_all!(fn(i32) -> i32: NotSameTypeAs<fn(i32) -> i64>);
[INFO] [stdout]   |                  ^^^^^^^^^^^^^^ the trait `spidermeme::private::DifferentTypes` is not implemented for `spidermeme::private::TypePair<fn(i32) -> i64, fn(i32) -> i32>`, which is required by `fn(i32) -> i32: NotSameTypeAs<fn(i32) -> i64>`
[INFO] [stdout]   |
[INFO] [stdout]   = note: required for `fn(i32) -> i32` to implement `NotSameTypeAs<fn(i32) -> i64>`
[INFO] [stdout] note: required by a bound in `assert_impl_all`
[INFO] [stdout]  --> src/lib.rs:152:1
[INFO] [stdout]   |
[INFO] [stdout] 8 | assert_impl_all!(fn(i32) -> i32: NotSameTypeAs<fn(i32) -> i64>);
[INFO] [stdout]   | ^^^^^^^^^^^^^^^^^^^^^^^^^^^^^^^^^^^^^^^^^^^^^^^^^^^^^^^^^^^^^^^ required by this bound in `assert_impl_all`
[INFO] [stdout]   = note: this error originates in the macro `assert_impl_all` (in Nightly builds, run with -Z macro-backtrace for more info)
[INFO] [stdout] 
[INFO] [stdout] error: aborting due to 1 previous error
[INFO] [stdout] 
[INFO] [stdout] For more information about this error, try `rustc --explain E0277`.
[INFO] [stdout] Couldn't compile the test.
[INFO] [stdout] ---- src/lib.rs - NotSameTypeAs (line 86) stdout ----
[INFO] [stdout] error[E0277]: the trait bound `spidermeme::private::TypePair<Generic<f64>, Generic<i32>>: spidermeme::private::DifferentTypes` is not satisfied
[INFO] [stdout]   --> src/lib.rs:94:18
[INFO] [stdout]    |
[INFO] [stdout] 11 | assert_impl_all!(Generic<i32>: NotSameTypeAs<Generic<f64>>);
[INFO] [stdout]    |                  ^^^^^^^^^^^^ the trait `spidermeme::private::DifferentTypes` is not implemented for `spidermeme::private::TypePair<Generic<f64>, Generic<i32>>`, which is required by `Generic<i32>: NotSameTypeAs<Generic<f64>>`
[INFO] [stdout]    |
[INFO] [stdout]    = note: required for `Generic<i32>` to implement `NotSameTypeAs<Generic<f64>>`
[INFO] [stdout] note: required by a bound in `assert_impl_all`
[INFO] [stdout]   --> src/lib.rs:94:1
[INFO] [stdout]    |
[INFO] [stdout] 11 | assert_impl_all!(Generic<i32>: NotSameTypeAs<Generic<f64>>);
[INFO] [stdout]    | ^^^^^^^^^^^^^^^^^^^^^^^^^^^^^^^^^^^^^^^^^^^^^^^^^^^^^^^^^^^ required by this bound in `assert_impl_all`
[INFO] [stdout]    = note: this error originates in the macro `assert_impl_all` (in Nightly builds, run with -Z macro-backtrace for more info)
[INFO] [stdout] 
[INFO] [stdout] error: aborting due to 1 previous error
[INFO] [stdout] 
[INFO] [stdout] For more information about this error, try `rustc --explain E0277`.
[INFO] [stdout] Couldn't compile the test.
[INFO] [stdout] ---- src/../README.markdown - (line 55) stdout ----
[INFO] [stdout] error[E0599]: the function or associated item `new` exists for struct `UniquePair<i32, f64>`, but its trait bounds were not satisfied
[INFO] [stdout]   --> src/../README.markdown:105:37
[INFO] [stdout]    |
[INFO] [stdout] 27 | struct UniquePair<T1, T2>
[INFO] [stdout]    | ------------------------- function or associated item `new` not found for this struct
[INFO] [stdout] ...
[INFO] [stdout] 52 |     let x = UniquePair::<i32, f64>::new(1, 2.0);
[INFO] [stdout]    |                                     ^^^ function or associated item cannot be called on `UniquePair<i32, f64>` due to unsatisfied trait bounds
[INFO] [stdout]    |
[INFO] [stdout]   ::: /opt/rustwide/workdir/src/lib.rs:12:5
[INFO] [stdout]    |
[INFO] [stdout] 12 |     pub struct TypePair<A, B>(A, B);
[INFO] [stdout]    |     ------------------------- doesn't satisfy `_: DifferentTypes`
[INFO] [stdout]    |
[INFO] [stdout]    = note: the following trait bounds were not satisfied:
[INFO] [stdout]            `spidermeme::private::TypePair<f64, i32>: spidermeme::private::DifferentTypes`
[INFO] [stdout]            which is required by `i32: NotSameTypeAs<f64>`
[INFO] [stdout] 
[INFO] [stdout] error[E0277]: the trait bound `spidermeme::private::TypePair<f64, i32>: spidermeme::private::DifferentTypes` is not satisfied
[INFO] [stdout]   --> src/../README.markdown:105:13
[INFO] [stdout]    |
[INFO] [stdout] 52 |     let x = UniquePair::<i32, f64>::new(1, 2.0);
[INFO] [stdout]    |             ^^^^^^^^^^^^^^^^^^^^^^ the trait `spidermeme::private::DifferentTypes` is not implemented for `spidermeme::private::TypePair<f64, i32>`, which is required by `i32: NotSameTypeAs<f64>`
[INFO] [stdout]    |
[INFO] [stdout]    = note: required for `i32` to implement `NotSameTypeAs<f64>`
[INFO] [stdout] note: required by a bound in `UniquePair`
[INFO] [stdout]   --> src/../README.markdown:82:9
[INFO] [stdout]    |
[INFO] [stdout] 27 | struct UniquePair<T1, T2>
[INFO] [stdout]    |        ---------- required by a bound in this struct
[INFO] [stdout] 28 | where
[INFO] [stdout] 29 |     T1: NotSameTypeAs<T2>,
[INFO] [stdout]    |         ^^^^^^^^^^^^^^^^^ required by this bound in `UniquePair`
[INFO] [stdout] 
[INFO] [stdout] error: aborting due to 2 previous errors
[INFO] [stdout] 
[INFO] [stdout] Some errors have detailed explanations: E0277, E0599.
[INFO] [stdout] For more information about an error, try `rustc --explain E0277`.
[INFO] [stdout] Couldn't compile the test.
[INFO] [stdout] ---- src/lib.rs - NotSameTypeAs (line 99) stdout ----
[INFO] [stdout] Test executable failed (exit status: 101).
[INFO] [stdout] 
[INFO] [stdout] stderr:
[INFO] [stdout] thread 'main' panicked at src/lib.rs:25:1:
[INFO] [stdout] assertion failed: !different.is_same()
[INFO] [stdout] stack backtrace:
[INFO] [stdout]    0:     0x58805e64756a - std::backtrace_rs::backtrace::libunwind::trace::h207520d6e9873551
[INFO] [stdout]                                at /rustc/df4ca44d3fbc9301ee17f30f4d474e6ae4b05252/library/std/src/../../backtrace/src/backtrace/libunwind.rs:116:5
[INFO] [stdout]    1:     0x58805e64756a - std::backtrace_rs::backtrace::trace_unsynchronized::h2ed7433f370e3eca
[INFO] [stdout]                                at /rustc/df4ca44d3fbc9301ee17f30f4d474e6ae4b05252/library/std/src/../../backtrace/src/backtrace/mod.rs:66:5
[INFO] [stdout]    2:     0x58805e64756a - std::sys::backtrace::_print_fmt::h916fac51166b18d7
[INFO] [stdout]                                at /rustc/df4ca44d3fbc9301ee17f30f4d474e6ae4b05252/library/std/src/sys/backtrace.rs:66:9
[INFO] [stdout]    3:     0x58805e64756a - <std::sys::backtrace::BacktraceLock::print::DisplayBacktrace as core::fmt::Display>::fmt::ha0a4c9b8ce3802e6
[INFO] [stdout]                                at /rustc/df4ca44d3fbc9301ee17f30f4d474e6ae4b05252/library/std/src/sys/backtrace.rs:39:26
[INFO] [stdout]    4:     0x58805e663543 - core::fmt::rt::Argument::fmt::h4cfc8587d52b3eb5
[INFO] [stdout]                                at /rustc/df4ca44d3fbc9301ee17f30f4d474e6ae4b05252/library/core/src/fmt/rt.rs:177:76
[INFO] [stdout]    5:     0x58805e663543 - core::fmt::write::h522cc39e5b36ae9f
[INFO] [stdout]                                at /rustc/df4ca44d3fbc9301ee17f30f4d474e6ae4b05252/library/core/src/fmt/mod.rs:1190:21
[INFO] [stdout]    6:     0x58805e644fd3 - std::io::Write::write_fmt::hf1c1dcc8cc1287f0
[INFO] [stdout]                                at /rustc/df4ca44d3fbc9301ee17f30f4d474e6ae4b05252/library/std/src/io/mod.rs:1839:15
[INFO] [stdout]    7:     0x58805e6473b2 - std::sys::backtrace::BacktraceLock::print::h4b9e00b29e9c0942
[INFO] [stdout]                                at /rustc/df4ca44d3fbc9301ee17f30f4d474e6ae4b05252/library/std/src/sys/backtrace.rs:42:9
[INFO] [stdout]    8:     0x58805e64837c - std::panicking::default_hook::{{closure}}::hb59b88280d0324d9
[INFO] [stdout]                                at /rustc/df4ca44d3fbc9301ee17f30f4d474e6ae4b05252/library/std/src/panicking.rs:268:22
[INFO] [stdout]    9:     0x58805e6481c2 - std::panicking::default_hook::he1dd496665be4a29
[INFO] [stdout]                                at /rustc/df4ca44d3fbc9301ee17f30f4d474e6ae4b05252/library/std/src/panicking.rs:295:9
[INFO] [stdout]   10:     0x58805e648977 - std::panicking::rust_panic_with_hook::h2ff17fe8f26dfcf8
[INFO] [stdout]                                at /rustc/df4ca44d3fbc9301ee17f30f4d474e6ae4b05252/library/std/src/panicking.rs:801:13
[INFO] [stdout]   11:     0x58805e6487d6 - std::panicking::begin_panic_handler::{{closure}}::h4fad77951c07e101
[INFO] [stdout]                                at /rustc/df4ca44d3fbc9301ee17f30f4d474e6ae4b05252/library/std/src/panicking.rs:667:13
[INFO] [stdout]   12:     0x58805e647a49 - std::sys::backtrace::__rust_end_short_backtrace::hb1a25b3da5d0ea08
[INFO] [stdout]                                at /rustc/df4ca44d3fbc9301ee17f30f4d474e6ae4b05252/library/std/src/sys/backtrace.rs:170:18
[INFO] [stdout]   13:     0x58805e64849c - rust_begin_unwind
[INFO] [stdout]                                at /rustc/df4ca44d3fbc9301ee17f30f4d474e6ae4b05252/library/std/src/panicking.rs:665:5
[INFO] [stdout]   14:     0x58805e662880 - core::panicking::panic_fmt::ha9db07b529f9b256
[INFO] [stdout]                                at /rustc/df4ca44d3fbc9301ee17f30f4d474e6ae4b05252/library/core/src/panicking.rs:75:14
[INFO] [stdout]   15:     0x58805e66290c - core::panicking::panic::h993086813d94accc
[INFO] [stdout]                                at /rustc/df4ca44d3fbc9301ee17f30f4d474e6ae4b05252/library/core/src/panicking.rs:152:5
[INFO] [stdout]   16:     0x58805e6285be - rust_out::main::_doctest_main_src_lib_rs_99_0::h96b95293e141e8c5
[INFO] [stdout]   17:     0x58805e628526 - rust_out::main::ha213a30daa5df4da
[INFO] [stdout]   18:     0x58805e628503 - core::ops::function::FnOnce::call_once::hf7edf7132571051c
[INFO] [stdout]   19:     0x58805e6284a6 - std::sys::backtrace::__rust_begin_short_backtrace::h32fd822fd2ba4079
[INFO] [stdout]   20:     0x58805e628489 - std::rt::lang_start::{{closure}}::h4039a1c394ed4f7c
[INFO] [stdout]   21:     0x58805e6434b7 - core::ops::function::impls::<impl core::ops::function::FnOnce<A> for &F>::call_once::hd87d66b906e0ccaf
[INFO] [stdout]                                at /rustc/df4ca44d3fbc9301ee17f30f4d474e6ae4b05252/library/core/src/ops/function.rs:284:13
[INFO] [stdout]   22:     0x58805e6434b7 - std::panicking::try::do_call::hae3703de71fc9e3a
[INFO] [stdout]                                at /rustc/df4ca44d3fbc9301ee17f30f4d474e6ae4b05252/library/std/src/panicking.rs:557:40
[INFO] [stdout]   23:     0x58805e6434b7 - std::panicking::try::h1178330e9a2b2645
[INFO] [stdout]                                at /rustc/df4ca44d3fbc9301ee17f30f4d474e6ae4b05252/library/std/src/panicking.rs:520:19
[INFO] [stdout]   24:     0x58805e6434b7 - std::panic::catch_unwind::h0acf49d2305d32ad
[INFO] [stdout]                                at /rustc/df4ca44d3fbc9301ee17f30f4d474e6ae4b05252/library/std/src/panic.rs:358:14
[INFO] [stdout]   25:     0x58805e6434b7 - std::rt::lang_start_internal::{{closure}}::h2d95182d798177be
[INFO] [stdout]                                at /rustc/df4ca44d3fbc9301ee17f30f4d474e6ae4b05252/library/std/src/rt.rs:174:48
[INFO] [stdout]   26:     0x58805e6434b7 - std::panicking::try::do_call::hb506f5bfe11fd30c
[INFO] [stdout]                                at /rustc/df4ca44d3fbc9301ee17f30f4d474e6ae4b05252/library/std/src/panicking.rs:557:40
[INFO] [stdout]   27:     0x58805e6434b7 - std::panicking::try::h54d825c46bd0fa95
[INFO] [stdout]                                at /rustc/df4ca44d3fbc9301ee17f30f4d474e6ae4b05252/library/std/src/panicking.rs:520:19
[INFO] [stdout]   28:     0x58805e6434b7 - std::panic::catch_unwind::hffbb0ad20c4e9fac
[INFO] [stdout]                                at /rustc/df4ca44d3fbc9301ee17f30f4d474e6ae4b05252/library/std/src/panic.rs:358:14
[INFO] [stdout]   29:     0x58805e6434b7 - std::rt::lang_start_internal::h52c291ef1962c925
[INFO] [stdout]                                at /rustc/df4ca44d3fbc9301ee17f30f4d474e6ae4b05252/library/std/src/rt.rs:174:20
[INFO] [stdout]   30:     0x58805e628467 - std::rt::lang_start::h8c6075cd6f225ba1
[INFO] [stdout]   31:     0x58805e6285f5 - main
[INFO] [stdout]   32:     0x747753a6fd90 - <unknown>
[INFO] [stdout]   33:     0x747753a6fe40 - __libc_start_main
[INFO] [stdout]   34:     0x58805e628375 - _start
[INFO] [stdout]   35:                0x0 - <unknown>
[INFO] [stdout] 
[INFO] [stdout] 
[INFO] [stdout] ---- src/lib.rs - NotSameTypeAs (line 157) stdout ----
[INFO] [stdout] Test executable failed (exit status: 101).
[INFO] [stdout] 
[INFO] [stdout] stderr:
[INFO] [stdout] thread 'main' panicked at src/lib.rs:25:1:
[INFO] [stdout] assertion failed: !different.is_same()
[INFO] [stdout] stack backtrace:
[INFO] [stdout]    0:     0x58ecda66153a - std::backtrace_rs::backtrace::libunwind::trace::h207520d6e9873551
[INFO] [stdout]                                at /rustc/df4ca44d3fbc9301ee17f30f4d474e6ae4b05252/library/std/src/../../backtrace/src/backtrace/libunwind.rs:116:5
[INFO] [stdout]    1:     0x58ecda66153a - std::backtrace_rs::backtrace::trace_unsynchronized::h2ed7433f370e3eca
[INFO] [stdout]                                at /rustc/df4ca44d3fbc9301ee17f30f4d474e6ae4b05252/library/std/src/../../backtrace/src/backtrace/mod.rs:66:5
[INFO] [stdout]    2:     0x58ecda66153a - std::sys::backtrace::_print_fmt::h916fac51166b18d7
[INFO] [stdout]                                at /rustc/df4ca44d3fbc9301ee17f30f4d474e6ae4b05252/library/std/src/sys/backtrace.rs:66:9
[INFO] [stdout]    3:     0x58ecda66153a - <std::sys::backtrace::BacktraceLock::print::DisplayBacktrace as core::fmt::Display>::fmt::ha0a4c9b8ce3802e6
[INFO] [stdout]                                at /rustc/df4ca44d3fbc9301ee17f30f4d474e6ae4b05252/library/std/src/sys/backtrace.rs:39:26
[INFO] [stdout]    4:     0x58ecda67d513 - core::fmt::rt::Argument::fmt::h4cfc8587d52b3eb5
[INFO] [stdout]                                at /rustc/df4ca44d3fbc9301ee17f30f4d474e6ae4b05252/library/core/src/fmt/rt.rs:177:76
[INFO] [stdout]    5:     0x58ecda67d513 - core::fmt::write::h522cc39e5b36ae9f
[INFO] [stdout]                                at /rustc/df4ca44d3fbc9301ee17f30f4d474e6ae4b05252/library/core/src/fmt/mod.rs:1190:21
[INFO] [stdout]    6:     0x58ecda65efa3 - std::io::Write::write_fmt::hf1c1dcc8cc1287f0
[INFO] [stdout]                                at /rustc/df4ca44d3fbc9301ee17f30f4d474e6ae4b05252/library/std/src/io/mod.rs:1839:15
[INFO] [stdout]    7:     0x58ecda661382 - std::sys::backtrace::BacktraceLock::print::h4b9e00b29e9c0942
[INFO] [stdout]                                at /rustc/df4ca44d3fbc9301ee17f30f4d474e6ae4b05252/library/std/src/sys/backtrace.rs:42:9
[INFO] [stdout]    8:     0x58ecda66234c - std::panicking::default_hook::{{closure}}::hb59b88280d0324d9
[INFO] [stdout]                                at /rustc/df4ca44d3fbc9301ee17f30f4d474e6ae4b05252/library/std/src/panicking.rs:268:22
[INFO] [stdout]    9:     0x58ecda662192 - std::panicking::default_hook::he1dd496665be4a29
[INFO] [stdout]                                at /rustc/df4ca44d3fbc9301ee17f30f4d474e6ae4b05252/library/std/src/panicking.rs:295:9
[INFO] [stdout]   10:     0x58ecda662947 - std::panicking::rust_panic_with_hook::h2ff17fe8f26dfcf8
[INFO] [stdout]                                at /rustc/df4ca44d3fbc9301ee17f30f4d474e6ae4b05252/library/std/src/panicking.rs:801:13
[INFO] [stdout]   11:     0x58ecda6627a6 - std::panicking::begin_panic_handler::{{closure}}::h4fad77951c07e101
[INFO] [stdout]                                at /rustc/df4ca44d3fbc9301ee17f30f4d474e6ae4b05252/library/std/src/panicking.rs:667:13
[INFO] [stdout]   12:     0x58ecda661a19 - std::sys::backtrace::__rust_end_short_backtrace::hb1a25b3da5d0ea08
[INFO] [stdout]                                at /rustc/df4ca44d3fbc9301ee17f30f4d474e6ae4b05252/library/std/src/sys/backtrace.rs:170:18
[INFO] [stdout]   13:     0x58ecda66246c - rust_begin_unwind
[INFO] [stdout]                                at /rustc/df4ca44d3fbc9301ee17f30f4d474e6ae4b05252/library/std/src/panicking.rs:665:5
[INFO] [stdout]   14:     0x58ecda67c850 - core::panicking::panic_fmt::ha9db07b529f9b256
[INFO] [stdout]                                at /rustc/df4ca44d3fbc9301ee17f30f4d474e6ae4b05252/library/core/src/panicking.rs:75:14
[INFO] [stdout]   15:     0x58ecda67c8dc - core::panicking::panic::h993086813d94accc
[INFO] [stdout]                                at /rustc/df4ca44d3fbc9301ee17f30f4d474e6ae4b05252/library/core/src/panicking.rs:152:5
[INFO] [stdout]   16:     0x58ecda642587 - rust_out::main::_doctest_main_src_lib_rs_157_0::h9a5647741593944b
[INFO] [stdout]   17:     0x58ecda642526 - rust_out::main::ha213a30daa5df4da
[INFO] [stdout]   18:     0x58ecda642503 - core::ops::function::FnOnce::call_once::hf7edf7132571051c
[INFO] [stdout]   19:     0x58ecda6424a6 - std::sys::backtrace::__rust_begin_short_backtrace::h32fd822fd2ba4079
[INFO] [stdout]   20:     0x58ecda642489 - std::rt::lang_start::{{closure}}::h4039a1c394ed4f7c
[INFO] [stdout]   21:     0x58ecda65d487 - core::ops::function::impls::<impl core::ops::function::FnOnce<A> for &F>::call_once::hd87d66b906e0ccaf
[INFO] [stdout]                                at /rustc/df4ca44d3fbc9301ee17f30f4d474e6ae4b05252/library/core/src/ops/function.rs:284:13
[INFO] [stdout]   22:     0x58ecda65d487 - std::panicking::try::do_call::hae3703de71fc9e3a
[INFO] [stdout]                                at /rustc/df4ca44d3fbc9301ee17f30f4d474e6ae4b05252/library/std/src/panicking.rs:557:40
[INFO] [stdout]   23:     0x58ecda65d487 - std::panicking::try::h1178330e9a2b2645
[INFO] [stdout]                                at /rustc/df4ca44d3fbc9301ee17f30f4d474e6ae4b05252/library/std/src/panicking.rs:520:19
[INFO] [stdout]   24:     0x58ecda65d487 - std::panic::catch_unwind::h0acf49d2305d32ad
[INFO] [stdout]                                at /rustc/df4ca44d3fbc9301ee17f30f4d474e6ae4b05252/library/std/src/panic.rs:358:14
[INFO] [stdout]   25:     0x58ecda65d487 - std::rt::lang_start_internal::{{closure}}::h2d95182d798177be
[INFO] [stdout]                                at /rustc/df4ca44d3fbc9301ee17f30f4d474e6ae4b05252/library/std/src/rt.rs:174:48
[INFO] [stdout]   26:     0x58ecda65d487 - std::panicking::try::do_call::hb506f5bfe11fd30c
[INFO] [stdout]                                at /rustc/df4ca44d3fbc9301ee17f30f4d474e6ae4b05252/library/std/src/panicking.rs:557:40
[INFO] [stdout]   27:     0x58ecda65d487 - std::panicking::try::h54d825c46bd0fa95
[INFO] [stdout]                                at /rustc/df4ca44d3fbc9301ee17f30f4d474e6ae4b05252/library/std/src/panicking.rs:520:19
[INFO] [stdout]   28:     0x58ecda65d487 - std::panic::catch_unwind::hffbb0ad20c4e9fac
[INFO] [stdout]                                at /rustc/df4ca44d3fbc9301ee17f30f4d474e6ae4b05252/library/std/src/panic.rs:358:14
[INFO] [stdout]   29:     0x58ecda65d487 - std::rt::lang_start_internal::h52c291ef1962c925
[INFO] [stdout]                                at /rustc/df4ca44d3fbc9301ee17f30f4d474e6ae4b05252/library/std/src/rt.rs:174:20
[INFO] [stdout]   30:     0x58ecda642467 - std::rt::lang_start::h8c6075cd6f225ba1
[INFO] [stdout]   31:     0x58ecda6425c5 - main
[INFO] [stdout]   32:     0x7f4e16946d90 - <unknown>
[INFO] [stdout]   33:     0x7f4e16946e40 - __libc_start_main
[INFO] [stdout]   34:     0x58ecda642375 - _start
[INFO] [stdout]   35:                0x0 - <unknown>
[INFO] [stdout] 
[INFO] [stdout] 
[INFO] [stdout] 
[INFO] [stdout] failures:
[INFO] [stdout]     src/../README.markdown - (line 55)
[INFO] [stdout]     src/lib.rs - NotSameTypeAs (line 147)
[INFO] [stdout]     src/lib.rs - NotSameTypeAs (line 157)
[INFO] [stdout]     src/lib.rs - NotSameTypeAs (line 51)
[INFO] [stdout]     src/lib.rs - NotSameTypeAs (line 61)
[INFO] [stdout]     src/lib.rs - NotSameTypeAs (line 74)
[INFO] [stdout]     src/lib.rs - NotSameTypeAs (line 86)
[INFO] [stdout]     src/lib.rs - NotSameTypeAs (line 99)
[INFO] [stdout] 
[INFO] [stdout] test result: FAILED. 15 passed; 8 failed; 0 ignored; 0 measured; 0 filtered out; finished in 0.69s
[INFO] [stdout] 
[INFO] [stderr] error: doctest failed, to rerun pass `--doc`
[INFO] running `Command { std: "docker" "inspect" "e7fcd08aef4960a5adbbd3ae5b7d072a0124f317de457769f6fe20de555dddbd", kill_on_drop: false }`
[INFO] running `Command { std: "docker" "rm" "-f" "e7fcd08aef4960a5adbbd3ae5b7d072a0124f317de457769f6fe20de555dddbd", kill_on_drop: false }`
[INFO] [stdout] e7fcd08aef4960a5adbbd3ae5b7d072a0124f317de457769f6fe20de555dddbd
