[INFO] fetching crate spectral 0.6.0...
[INFO] testing spectral-0.6.0 against nightly-2024-10-28+rustflags=-Zrandomize-layout for randomize-layout
[INFO] extracting crate spectral 0.6.0 into /workspace/builds/worker-6-tc2/source
[INFO] validating manifest of crates.io crate spectral 0.6.0 on toolchain nightly-2024-10-28
[INFO] running `Command { std: CARGO_HOME="/workspace/cargo-home" RUSTUP_HOME="/workspace/rustup-home" "/workspace/cargo-home/bin/cargo" "+nightly-2024-10-28" "metadata" "--manifest-path" "Cargo.toml" "--no-deps", kill_on_drop: false }`
[INFO] started tweaking crates.io crate spectral 0.6.0
[INFO] finished tweaking crates.io crate spectral 0.6.0
[INFO] tweaked toml for crates.io crate spectral 0.6.0 written to /workspace/builds/worker-6-tc2/source/Cargo.toml
[INFO] running `Command { std: CARGO_HOME="/workspace/cargo-home" RUSTUP_HOME="/workspace/rustup-home" "/workspace/cargo-home/bin/cargo" "+nightly-2024-10-28" "generate-lockfile" "--manifest-path" "Cargo.toml", kill_on_drop: false }`
[INFO] [stderr]     Updating crates.io index
[INFO] [stderr]      Locking 18 packages to latest compatible versions
[INFO] [stderr]       Adding num v0.1.42 (available: v0.4.3)
[INFO] running `Command { std: CARGO_HOME="/workspace/cargo-home" RUSTUP_HOME="/workspace/rustup-home" "/workspace/cargo-home/bin/cargo" "+nightly-2024-10-28" "fetch" "--manifest-path" "Cargo.toml", kill_on_drop: false }`
[INFO] [stderr] warning: no edition set: defaulting to the 2015 edition while the latest is 2021
[INFO] running `Command { std: "docker" "create" "-v" "/var/lib/crater-agent-workspace/builds/worker-6-tc2/target:/opt/rustwide/target:rw,Z" "-v" "/var/lib/crater-agent-workspace/builds/worker-6-tc2/source:/opt/rustwide/workdir:ro,Z" "-v" "/var/lib/crater-agent-workspace/cargo-home:/opt/rustwide/cargo-home:ro,Z" "-v" "/var/lib/crater-agent-workspace/rustup-home:/opt/rustwide/rustup-home:ro,Z" "-e" "SOURCE_DIR=/opt/rustwide/workdir" "-e" "CARGO_TARGET_DIR=/opt/rustwide/target" "-e" "CARGO_HOME=/opt/rustwide/cargo-home" "-e" "RUSTUP_HOME=/opt/rustwide/rustup-home" "-w" "/opt/rustwide/workdir" "-m" "1610612736" "--user" "0:0" "--network" "none" "ghcr.io/rust-lang/crates-build-env/linux@sha256:4a844ea9eb2546a2d2c7022eacef16ef2e8229c7fbb2c7d4d55a9ceca922f72d" "/opt/rustwide/cargo-home/bin/cargo" "+nightly-2024-10-28" "metadata" "--no-deps" "--format-version=1", kill_on_drop: false }`
[INFO] [stdout] d106870a2c4f064ed1e0f2fe241b83bbb2a3daa78010cecf2a9fa72b878563b3
[INFO] running `Command { std: "docker" "start" "-a" "d106870a2c4f064ed1e0f2fe241b83bbb2a3daa78010cecf2a9fa72b878563b3", kill_on_drop: false }`
[INFO] running `Command { std: "docker" "inspect" "d106870a2c4f064ed1e0f2fe241b83bbb2a3daa78010cecf2a9fa72b878563b3", kill_on_drop: false }`
[INFO] running `Command { std: "docker" "rm" "-f" "d106870a2c4f064ed1e0f2fe241b83bbb2a3daa78010cecf2a9fa72b878563b3", kill_on_drop: false }`
[INFO] [stdout] d106870a2c4f064ed1e0f2fe241b83bbb2a3daa78010cecf2a9fa72b878563b3
[INFO] running `Command { std: "docker" "create" "-v" "/var/lib/crater-agent-workspace/builds/worker-6-tc2/target:/opt/rustwide/target:rw,Z" "-v" "/var/lib/crater-agent-workspace/builds/worker-6-tc2/source:/opt/rustwide/workdir:ro,Z" "-v" "/var/lib/crater-agent-workspace/cargo-home:/opt/rustwide/cargo-home:ro,Z" "-v" "/var/lib/crater-agent-workspace/rustup-home:/opt/rustwide/rustup-home:ro,Z" "-e" "SOURCE_DIR=/opt/rustwide/workdir" "-e" "CARGO_TARGET_DIR=/opt/rustwide/target" "-e" "CARGO_INCREMENTAL=0" "-e" "RUST_BACKTRACE=full" "-e" "RUSTFLAGS=--cap-lints=forbid -Zrandomize-layout" "-e" "RUSTDOCFLAGS=--cap-lints=forbid" "-e" "CARGO_HOME=/opt/rustwide/cargo-home" "-e" "RUSTUP_HOME=/opt/rustwide/rustup-home" "-w" "/opt/rustwide/workdir" "-m" "1610612736" "--user" "0:0" "--network" "none" "ghcr.io/rust-lang/crates-build-env/linux@sha256:4a844ea9eb2546a2d2c7022eacef16ef2e8229c7fbb2c7d4d55a9ceca922f72d" "/opt/rustwide/cargo-home/bin/cargo" "+nightly-2024-10-28" "build" "--frozen" "--message-format=json", kill_on_drop: false }`
[INFO] [stdout] 97d389bf3be1f7a91d0069ef43c9aa5405dec27b452f8fe01d8a4f118c63fade
[INFO] running `Command { std: "docker" "start" "-a" "97d389bf3be1f7a91d0069ef43c9aa5405dec27b452f8fe01d8a4f118c63fade", kill_on_drop: false }`
[INFO] [stderr] warning: no edition set: defaulting to the 2015 edition while the latest is 2021
[INFO] [stderr]    Compiling autocfg v1.4.0
[INFO] [stderr]    Compiling libc v0.2.161
[INFO] [stderr]    Compiling rustc-serialize v0.3.25
[INFO] [stderr]    Compiling num-traits v0.2.19
[INFO] [stderr]    Compiling rand v0.4.6
[INFO] [stderr]    Compiling num-integer v0.1.46
[INFO] [stderr]    Compiling num-complex v0.1.43
[INFO] [stderr]    Compiling num-bigint v0.1.44
[INFO] [stderr]    Compiling num-iter v0.1.45
[INFO] [stderr]    Compiling num-rational v0.1.42
[INFO] [stderr]    Compiling num v0.1.42
[INFO] [stderr]    Compiling spectral v0.6.0 (/opt/rustwide/workdir)
[INFO] [stdout] warning: variable does not need to be mutable
[INFO] [stdout]    --> src/lib.rs:318:13
[INFO] [stdout]     |
[INFO] [stdout] 318 |         let mut assertion = self;
[INFO] [stdout]     |             ----^^^^^^^^^
[INFO] [stdout]     |             |
[INFO] [stdout]     |             help: remove this `mut`
[INFO] [stdout]     |
[INFO] [stdout]     = note: `#[warn(unused_mut)]` on by default
[INFO] [stdout] 
[INFO] [stdout] 
[INFO] [stdout] warning: variable does not need to be mutable
[INFO] [stdout]    --> src/lib.rs:326:13
[INFO] [stdout]     |
[INFO] [stdout] 326 |         let mut assertion = self;
[INFO] [stdout]     |             ----^^^^^^^^^
[INFO] [stdout]     |             |
[INFO] [stdout]     |             help: remove this `mut`
[INFO] [stdout] 
[INFO] [stdout] 
[INFO] [stdout] warning: panic message is not a string literal
[INFO] [stdout]    --> src/lib.rs:343:16
[INFO] [stdout]     |
[INFO] [stdout] 343 |           panic!(format!("{}{}\n\t{}expected: {}\n\t but was: {}{}\n{}",
[INFO] [stdout]     |  ________________^
[INFO] [stdout] 344 | |                        description,
[INFO] [stdout] 345 | |                        subject_name,
[INFO] [stdout] 346 | |                        TERM_RED,
[INFO] [stdout] ...   |
[INFO] [stdout] 349 | |                        TERM_RESET,
[INFO] [stdout] 350 | |                        location))
[INFO] [stdout]     | |________________________________^
[INFO] [stdout]     |
[INFO] [stdout]     = note: this usage of `panic!()` is deprecated; it will be a hard error in Rust 2021
[INFO] [stdout]     = note: for more information, see <https://doc.rust-lang.org/nightly/edition-guide/rust-2021/panic-macro-consistency.html>
[INFO] [stdout]     = note: the `panic!()` macro supports formatting, so there's no need for the `format!()` macro here
[INFO] [stdout]     = note: `#[warn(non_fmt_panics)]` on by default
[INFO] [stdout] help: remove the `format!(..)` macro call
[INFO] [stdout]     |
[INFO] [stdout] 343 ~         panic!("{}{}\n\t{}expected: {}\n\t but was: {}{}\n{}",
[INFO] [stdout] 344 |                        description,
[INFO] [stdout] ...
[INFO] [stdout] 349 |                        TERM_RESET,
[INFO] [stdout] 350 ~                        location)
[INFO] [stdout]     |
[INFO] [stdout] 
[INFO] [stdout] 
[INFO] [stdout] warning: panic message is not a string literal
[INFO] [stdout]    --> src/lib.rs:360:16
[INFO] [stdout]     |
[INFO] [stdout] 360 |           panic!(format!("{}{}\n\t{}{}{}\n{}",
[INFO] [stdout]     |  ________________^
[INFO] [stdout] 361 | |                        description,
[INFO] [stdout] 362 | |                        subject_name,
[INFO] [stdout] 363 | |                        TERM_RED,
[INFO] [stdout] 364 | |                        message,
[INFO] [stdout] 365 | |                        TERM_RESET,
[INFO] [stdout] 366 | |                        location))
[INFO] [stdout]     | |________________________________^
[INFO] [stdout]     |
[INFO] [stdout]     = note: this usage of `panic!()` is deprecated; it will be a hard error in Rust 2021
[INFO] [stdout]     = note: for more information, see <https://doc.rust-lang.org/nightly/edition-guide/rust-2021/panic-macro-consistency.html>
[INFO] [stdout]     = note: the `panic!()` macro supports formatting, so there's no need for the `format!()` macro here
[INFO] [stdout] help: remove the `format!(..)` macro call
[INFO] [stdout]     |
[INFO] [stdout] 360 ~         panic!("{}{}\n\t{}{}{}\n{}",
[INFO] [stdout] 361 |                        description,
[INFO] [stdout] ...
[INFO] [stdout] 365 |                        TERM_RESET,
[INFO] [stdout] 366 ~                        location)
[INFO] [stdout]     |
[INFO] [stdout] 
[INFO] [stdout] 
[INFO] [stderr]     Finished `dev` profile [unoptimized + debuginfo] target(s) in 2.32s
[INFO] [stderr] warning: the following packages contain code that will be rejected by a future version of Rust: num-bigint v0.1.44, num-complex v0.1.43, num-rational v0.1.42
[INFO] [stderr] note: to see what the problems were, use the option `--future-incompat-report`, or run `cargo report future-incompatibilities --id 1`
[INFO] running `Command { std: "docker" "inspect" "97d389bf3be1f7a91d0069ef43c9aa5405dec27b452f8fe01d8a4f118c63fade", kill_on_drop: false }`
[INFO] running `Command { std: "docker" "rm" "-f" "97d389bf3be1f7a91d0069ef43c9aa5405dec27b452f8fe01d8a4f118c63fade", kill_on_drop: false }`
[INFO] [stdout] 97d389bf3be1f7a91d0069ef43c9aa5405dec27b452f8fe01d8a4f118c63fade
[INFO] running `Command { std: "docker" "create" "-v" "/var/lib/crater-agent-workspace/builds/worker-6-tc2/target:/opt/rustwide/target:rw,Z" "-v" "/var/lib/crater-agent-workspace/builds/worker-6-tc2/source:/opt/rustwide/workdir:ro,Z" "-v" "/var/lib/crater-agent-workspace/cargo-home:/opt/rustwide/cargo-home:ro,Z" "-v" "/var/lib/crater-agent-workspace/rustup-home:/opt/rustwide/rustup-home:ro,Z" "-e" "SOURCE_DIR=/opt/rustwide/workdir" "-e" "CARGO_TARGET_DIR=/opt/rustwide/target" "-e" "CARGO_INCREMENTAL=0" "-e" "RUST_BACKTRACE=full" "-e" "RUSTFLAGS=--cap-lints=forbid -Zrandomize-layout" "-e" "RUSTDOCFLAGS=--cap-lints=forbid" "-e" "CARGO_HOME=/opt/rustwide/cargo-home" "-e" "RUSTUP_HOME=/opt/rustwide/rustup-home" "-w" "/opt/rustwide/workdir" "-m" "1610612736" "--user" "0:0" "--network" "none" "ghcr.io/rust-lang/crates-build-env/linux@sha256:4a844ea9eb2546a2d2c7022eacef16ef2e8229c7fbb2c7d4d55a9ceca922f72d" "/opt/rustwide/cargo-home/bin/cargo" "+nightly-2024-10-28" "test" "--frozen" "--no-run" "--message-format=json", kill_on_drop: false }`
[INFO] [stdout] 53c15a7f5a01863b8a8477fd421d1ad569f561ac3c1dfcbb79d58963fb7a9631
[INFO] running `Command { std: "docker" "start" "-a" "53c15a7f5a01863b8a8477fd421d1ad569f561ac3c1dfcbb79d58963fb7a9631", kill_on_drop: false }`
[INFO] [stderr] warning: no edition set: defaulting to the 2015 edition while the latest is 2021
[INFO] [stdout] warning: variable does not need to be mutable
[INFO] [stdout]    --> src/lib.rs:318:13
[INFO] [stdout]     |
[INFO] [stdout] 318 |         let mut assertion = self;
[INFO] [stdout]     |             ----^^^^^^^^^
[INFO] [stdout]     |             |
[INFO] [stdout]     |             help: remove this `mut`
[INFO] [stdout]     |
[INFO] [stdout]     = note: `#[warn(unused_mut)]` on by default
[INFO] [stdout] 
[INFO] [stdout] 
[INFO] [stdout] warning: variable does not need to be mutable
[INFO] [stdout]    --> src/lib.rs:326:13
[INFO] [stdout]     |
[INFO] [stdout] 326 |         let mut assertion = self;
[INFO] [stdout]     |             ----^^^^^^^^^
[INFO] [stdout]     |             |
[INFO] [stdout]     |             help: remove this `mut`
[INFO] [stdout] 
[INFO] [stdout] 
[INFO] [stdout] warning: panic message is not a string literal
[INFO] [stdout]    --> src/lib.rs:343:16
[INFO] [stdout]     |
[INFO] [stdout] 343 |           panic!(format!("{}{}\n\t{}expected: {}\n\t but was: {}{}\n{}",
[INFO] [stdout]     |  ________________^
[INFO] [stdout] 344 | |                        description,
[INFO] [stdout] 345 | |                        subject_name,
[INFO] [stdout] 346 | |                        TERM_RED,
[INFO] [stdout] ...   |
[INFO] [stdout] 349 | |                        TERM_RESET,
[INFO] [stdout] 350 | |                        location))
[INFO] [stdout]     | |________________________________^
[INFO] [stdout]     |
[INFO] [stdout]     = note: this usage of `panic!()` is deprecated; it will be a hard error in Rust 2021
[INFO] [stdout]     = note: for more information, see <https://doc.rust-lang.org/nightly/edition-guide/rust-2021/panic-macro-consistency.html>
[INFO] [stdout]     = note: the `panic!()` macro supports formatting, so there's no need for the `format!()` macro here
[INFO] [stdout]     = note: `#[warn(non_fmt_panics)]` on by default
[INFO] [stdout] help: remove the `format!(..)` macro call
[INFO] [stdout]     |
[INFO] [stdout] 343 ~         panic!("{}{}\n\t{}expected: {}\n\t but was: {}{}\n{}",
[INFO] [stdout] 344 |                        description,
[INFO] [stdout] ...
[INFO] [stdout] 349 |                        TERM_RESET,
[INFO] [stdout] 350 ~                        location)
[INFO] [stdout]     |
[INFO] [stdout] 
[INFO] [stdout] 
[INFO] [stderr]    Compiling spectral v0.6.0 (/opt/rustwide/workdir)
[INFO] [stdout] warning: panic message is not a string literal
[INFO] [stdout]    --> src/lib.rs:360:16
[INFO] [stdout]     |
[INFO] [stdout] 360 |           panic!(format!("{}{}\n\t{}{}{}\n{}",
[INFO] [stdout]     |  ________________^
[INFO] [stdout] 361 | |                        description,
[INFO] [stdout] 362 | |                        subject_name,
[INFO] [stdout] 363 | |                        TERM_RED,
[INFO] [stdout] 364 | |                        message,
[INFO] [stdout] 365 | |                        TERM_RESET,
[INFO] [stdout] 366 | |                        location))
[INFO] [stdout]     | |________________________________^
[INFO] [stdout]     |
[INFO] [stdout]     = note: this usage of `panic!()` is deprecated; it will be a hard error in Rust 2021
[INFO] [stdout]     = note: for more information, see <https://doc.rust-lang.org/nightly/edition-guide/rust-2021/panic-macro-consistency.html>
[INFO] [stdout]     = note: the `panic!()` macro supports formatting, so there's no need for the `format!()` macro here
[INFO] [stdout] help: remove the `format!(..)` macro call
[INFO] [stdout]     |
[INFO] [stdout] 360 ~         panic!("{}{}\n\t{}{}{}\n{}",
[INFO] [stdout] 361 |                        description,
[INFO] [stdout] ...
[INFO] [stdout] 365 |                        TERM_RESET,
[INFO] [stdout] 366 ~                        location)
[INFO] [stdout]     |
[INFO] [stdout] 
[INFO] [stdout] 
[INFO] [stdout] warning: variable does not need to be mutable
[INFO] [stdout]    --> src/lib.rs:318:13
[INFO] [stdout]     |
[INFO] [stdout] 318 |         let mut assertion = self;
[INFO] [stdout]     |             ----^^^^^^^^^
[INFO] [stdout]     |             |
[INFO] [stdout]     |             help: remove this `mut`
[INFO] [stdout]     |
[INFO] [stdout]     = note: `#[warn(unused_mut)]` on by default
[INFO] [stdout] 
[INFO] [stdout] 
[INFO] [stdout] warning: variable does not need to be mutable
[INFO] [stdout]    --> src/lib.rs:326:13
[INFO] [stdout]     |
[INFO] [stdout] 326 |         let mut assertion = self;
[INFO] [stdout]     |             ----^^^^^^^^^
[INFO] [stdout]     |             |
[INFO] [stdout]     |             help: remove this `mut`
[INFO] [stdout] 
[INFO] [stdout] 
[INFO] [stdout] warning: panic message is not a string literal
[INFO] [stdout]    --> src/lib.rs:343:16
[INFO] [stdout]     |
[INFO] [stdout] 343 |           panic!(format!("{}{}\n\t{}expected: {}\n\t but was: {}{}\n{}",
[INFO] [stdout]     |  ________________^
[INFO] [stdout] 344 | |                        description,
[INFO] [stdout] 345 | |                        subject_name,
[INFO] [stdout] 346 | |                        TERM_RED,
[INFO] [stdout] ...   |
[INFO] [stdout] 349 | |                        TERM_RESET,
[INFO] [stdout] 350 | |                        location))
[INFO] [stdout]     | |________________________________^
[INFO] [stdout]     |
[INFO] [stdout]     = note: this usage of `panic!()` is deprecated; it will be a hard error in Rust 2021
[INFO] [stdout]     = note: for more information, see <https://doc.rust-lang.org/nightly/edition-guide/rust-2021/panic-macro-consistency.html>
[INFO] [stdout]     = note: the `panic!()` macro supports formatting, so there's no need for the `format!()` macro here
[INFO] [stdout]     = note: `#[warn(non_fmt_panics)]` on by default
[INFO] [stdout] help: remove the `format!(..)` macro call
[INFO] [stdout]     |
[INFO] [stdout] 343 ~         panic!("{}{}\n\t{}expected: {}\n\t but was: {}{}\n{}",
[INFO] [stdout] 344 |                        description,
[INFO] [stdout] ...
[INFO] [stdout] 349 |                        TERM_RESET,
[INFO] [stdout] 350 ~                        location)
[INFO] [stdout]     |
[INFO] [stdout] 
[INFO] [stdout] 
[INFO] [stdout] warning: panic message is not a string literal
[INFO] [stdout]    --> src/lib.rs:360:16
[INFO] [stdout]     |
[INFO] [stdout] 360 |           panic!(format!("{}{}\n\t{}{}{}\n{}",
[INFO] [stdout]     |  ________________^
[INFO] [stdout] 361 | |                        description,
[INFO] [stdout] 362 | |                        subject_name,
[INFO] [stdout] 363 | |                        TERM_RED,
[INFO] [stdout] 364 | |                        message,
[INFO] [stdout] 365 | |                        TERM_RESET,
[INFO] [stdout] 366 | |                        location))
[INFO] [stdout]     | |________________________________^
[INFO] [stdout]     |
[INFO] [stdout]     = note: this usage of `panic!()` is deprecated; it will be a hard error in Rust 2021
[INFO] [stdout]     = note: for more information, see <https://doc.rust-lang.org/nightly/edition-guide/rust-2021/panic-macro-consistency.html>
[INFO] [stdout]     = note: the `panic!()` macro supports formatting, so there's no need for the `format!()` macro here
[INFO] [stdout] help: remove the `format!(..)` macro call
[INFO] [stdout]     |
[INFO] [stdout] 360 ~         panic!("{}{}\n\t{}{}{}\n{}",
[INFO] [stdout] 361 |                        description,
[INFO] [stdout] ...
[INFO] [stdout] 365 |                        TERM_RESET,
[INFO] [stdout] 366 ~                        location)
[INFO] [stdout]     |
[INFO] [stdout] 
[INFO] [stdout] 
[INFO] [stderr]     Finished `test` profile [unoptimized + debuginfo] target(s) in 0.77s
[INFO] [stderr] warning: the following packages contain code that will be rejected by a future version of Rust: num-bigint v0.1.44, num-complex v0.1.43, num-rational v0.1.42
[INFO] [stderr] note: to see what the problems were, use the option `--future-incompat-report`, or run `cargo report future-incompatibilities --id 1`
[INFO] running `Command { std: "docker" "inspect" "53c15a7f5a01863b8a8477fd421d1ad569f561ac3c1dfcbb79d58963fb7a9631", kill_on_drop: false }`
[INFO] running `Command { std: "docker" "rm" "-f" "53c15a7f5a01863b8a8477fd421d1ad569f561ac3c1dfcbb79d58963fb7a9631", kill_on_drop: false }`
[INFO] [stdout] 53c15a7f5a01863b8a8477fd421d1ad569f561ac3c1dfcbb79d58963fb7a9631
[INFO] running `Command { std: "docker" "create" "-v" "/var/lib/crater-agent-workspace/builds/worker-6-tc2/target:/opt/rustwide/target:rw,Z" "-v" "/var/lib/crater-agent-workspace/builds/worker-6-tc2/source:/opt/rustwide/workdir:ro,Z" "-v" "/var/lib/crater-agent-workspace/cargo-home:/opt/rustwide/cargo-home:ro,Z" "-v" "/var/lib/crater-agent-workspace/rustup-home:/opt/rustwide/rustup-home:ro,Z" "-e" "SOURCE_DIR=/opt/rustwide/workdir" "-e" "CARGO_TARGET_DIR=/opt/rustwide/target" "-e" "CARGO_INCREMENTAL=0" "-e" "RUST_BACKTRACE=full" "-e" "RUSTFLAGS=--cap-lints=forbid -Zrandomize-layout" "-e" "RUSTDOCFLAGS=--cap-lints=forbid" "-e" "CARGO_HOME=/opt/rustwide/cargo-home" "-e" "RUSTUP_HOME=/opt/rustwide/rustup-home" "-w" "/opt/rustwide/workdir" "-m" "1610612736" "--user" "0:0" "--network" "none" "ghcr.io/rust-lang/crates-build-env/linux@sha256:4a844ea9eb2546a2d2c7022eacef16ef2e8229c7fbb2c7d4d55a9ceca922f72d" "/opt/rustwide/cargo-home/bin/cargo" "+nightly-2024-10-28" "test" "--frozen", kill_on_drop: false }`
[INFO] [stdout] 265d161ddbc31e02ac8025fa9929e6629625fb633a37d931d84121fbea9f15d3
[INFO] running `Command { std: "docker" "start" "-a" "265d161ddbc31e02ac8025fa9929e6629625fb633a37d931d84121fbea9f15d3", kill_on_drop: false }`
[INFO] [stderr] warning: no edition set: defaulting to the 2015 edition while the latest is 2021
[INFO] [stderr] warning: variable does not need to be mutable
[INFO] [stderr]    --> src/lib.rs:318:13
[INFO] [stderr]     |
[INFO] [stderr] 318 |         let mut assertion = self;
[INFO] [stderr]     |             ----^^^^^^^^^
[INFO] [stderr]     |             |
[INFO] [stderr]     |             help: remove this `mut`
[INFO] [stderr]     |
[INFO] [stderr]     = note: `#[warn(unused_mut)]` on by default
[INFO] [stderr] 
[INFO] [stderr] warning: variable does not need to be mutable
[INFO] [stderr]    --> src/lib.rs:326:13
[INFO] [stderr]     |
[INFO] [stderr] 326 |         let mut assertion = self;
[INFO] [stderr]     |             ----^^^^^^^^^
[INFO] [stderr]     |             |
[INFO] [stderr]     |             help: remove this `mut`
[INFO] [stderr] 
[INFO] [stderr] warning: panic message is not a string literal
[INFO] [stderr]    --> src/lib.rs:343:16
[INFO] [stderr]     |
[INFO] [stderr] 343 |           panic!(format!("{}{}\n\t{}expected: {}\n\t but was: {}{}\n{}",
[INFO] [stderr]     |  ________________^
[INFO] [stderr] 344 | |                        description,
[INFO] [stderr] 345 | |                        subject_name,
[INFO] [stderr] 346 | |                        TERM_RED,
[INFO] [stderr] ...   |
[INFO] [stderr] 349 | |                        TERM_RESET,
[INFO] [stderr] 350 | |                        location))
[INFO] [stderr]     | |________________________________^
[INFO] [stderr]     |
[INFO] [stderr]     = note: this usage of `panic!()` is deprecated; it will be a hard error in Rust 2021
[INFO] [stderr]     = note: for more information, see <https://doc.rust-lang.org/nightly/edition-guide/rust-2021/panic-macro-consistency.html>
[INFO] [stderr]     = note: the `panic!()` macro supports formatting, so there's no need for the `format!()` macro here
[INFO] [stderr]     = note: `#[warn(non_fmt_panics)]` on by default
[INFO] [stderr] help: remove the `format!(..)` macro call
[INFO] [stderr]     |
[INFO] [stderr] 343 ~         panic!("{}{}\n\t{}expected: {}\n\t but was: {}{}\n{}",
[INFO] [stderr] 344 |                        description,
[INFO] [stderr] ...
[INFO] [stderr] 349 |                        TERM_RESET,
[INFO] [stderr] 350 ~                        location)
[INFO] [stderr]     |
[INFO] [stderr] 
[INFO] [stderr] warning: panic message is not a string literal
[INFO] [stderr]    --> src/lib.rs:360:16
[INFO] [stderr]     |
[INFO] [stderr] 360 |           panic!(format!("{}{}\n\t{}{}{}\n{}",
[INFO] [stderr]     |  ________________^
[INFO] [stderr] 361 | |                        description,
[INFO] [stderr] 362 | |                        subject_name,
[INFO] [stderr] 363 | |                        TERM_RED,
[INFO] [stderr] 364 | |                        message,
[INFO] [stderr] 365 | |                        TERM_RESET,
[INFO] [stderr] 366 | |                        location))
[INFO] [stderr]     | |________________________________^
[INFO] [stderr]     |
[INFO] [stderr]     = note: this usage of `panic!()` is deprecated; it will be a hard error in Rust 2021
[INFO] [stderr]     = note: for more information, see <https://doc.rust-lang.org/nightly/edition-guide/rust-2021/panic-macro-consistency.html>
[INFO] [stderr]     = note: the `panic!()` macro supports formatting, so there's no need for the `format!()` macro here
[INFO] [stderr] help: remove the `format!(..)` macro call
[INFO] [stderr]     |
[INFO] [stderr] 360 ~         panic!("{}{}\n\t{}{}{}\n{}",
[INFO] [stderr] 361 |                        description,
[INFO] [stderr] ...
[INFO] [stderr] 365 |                        TERM_RESET,
[INFO] [stderr] 366 ~                        location)
[INFO] [stderr]     |
[INFO] [stderr] 
[INFO] [stderr] warning: `spectral` (lib) generated 4 warnings (run `cargo fix --lib -p spectral` to apply 4 suggestions)
[INFO] [stderr] warning: `spectral` (lib test) generated 4 warnings (4 duplicates)
[INFO] [stderr]     Finished `test` profile [unoptimized + debuginfo] target(s) in 0.02s
[INFO] [stderr] warning: the following packages contain code that will be rejected by a future version of Rust: num-bigint v0.1.44, num-complex v0.1.43, num-rational v0.1.42
[INFO] [stderr] note: to see what the problems were, use the option `--future-incompat-report`, or run `cargo report future-incompatibilities --id 1`
[INFO] [stderr]      Running unittests src/lib.rs (/opt/rustwide/target/debug/deps/spectral-1da96e6e7d8b262c)
[INFO] [stdout] 
[INFO] [stdout] running 153 tests
[INFO] [stdout] test boolean::tests::should_not_panic_if_value_is_expected_to_be_false_and_is ... ok
[INFO] [stdout] test boolean::tests::should_not_panic_if_value_is_expected_to_be_true_and_is ... ok
[INFO] [stdout] test hashmap::tests::contains_entry_should_allow_multiple_borrow_forms ... ok
[INFO] [stdout] test hashmap::tests::contains_key_should_allow_multiple_borrow_forms ... ok
[INFO] [stdout] test hashmap::tests::should_be_able_to_chain_value_from_contains_key ... ok
[INFO] [stdout] test hashmap::tests::does_not_contain_key_should_allow_multiple_borrow_forms ... ok
[INFO] [stdout] test hashmap::tests::should_not_panic_if_hashmap_contains_entry ... ok
[INFO] [stdout] test hashmap::tests::should_not_panic_if_hashmap_contains_entry_with_different_value_if_expected ... ok
[INFO] [stdout] test hashmap::tests::should_not_panic_if_hashmap_contains_key ... ok
[INFO] [stdout] test hashmap::tests::should_not_panic_if_hashmap_does_not_contain_entry_if_expected ... ok
[INFO] [stdout] test hashmap::tests::should_not_panic_if_hashmap_does_not_contain_key_when_expected ... ok
[INFO] [stdout] test hashmap::tests::should_not_panic_if_hashmap_length_matches_expected ... ok
[INFO] [stdout] test hashmap::tests::should_not_panic_if_hashmap_was_expected_to_be_empty_and_is ... ok
[INFO] [stdout] test iter::tests::should_not_panic_if_iterator_contains_all_expected_values ... ok
[INFO] [stdout] test iter::tests::should_not_panic_if_iterator_contains_value ... ok
[INFO] [stdout] test iter::tests::contains_should_allow_for_multiple_borrow_types_for_iterators ... ok
[INFO] [stdout] test iter::tests::should_not_panic_if_iterable_contains_all_expected_values ... ok
[INFO] [stdout] test iter::tests::should_not_panic_if_iteratable_equals_expected_iterator ... ok
[INFO] [stdout] test iter::tests::contains_should_allow_for_multiple_borrow_types_for_intoiter ... ok
[INFO] [stdout] test iter::tests::should_not_panic_if_iterator_does_not_contain_value_if_expected ... ok
[INFO] [stdout] test iter::tests::should_not_panic_if_iterable_contains_value ... ok
[INFO] [stdout] test iter::tests::should_not_panic_if_iterator_equals_expected_iterator ... ok
[INFO] [stdout] test iter::tests::should_not_panic_if_iterator_matches_on_value ... ok
[INFO] [stdout] test iter::tests::should_not_panic_if_vec_contains_mapped_value ... ok
[INFO] [stdout] test iter::tests::should_not_panic_if_vec_contains_value ... ok
[INFO] [stdout] test iter::tests::should_not_panic_if_vec_does_not_contain_value_if_expected ... ok
[INFO] [stdout] test boolean::tests::should_panic_if_value_is_expected_to_be_false_and_is_not - should panic ... ok
[INFO] [stdout] test boolean::tests::should_panic_if_value_is_expected_to_be_true_and_is_not - should panic ... ok
[INFO] [stdout] test hashmap::tests::should_not_panic_if_hashmap_does_not_contain_key - should panic ... ok
[INFO] [stdout] test hashmap::tests::should_panic_if_hashmap_contains_entry_if_not_expected - should panic ... ok
[INFO] [stdout] test iter::tests::should_panic_if_vec_does_contain_value_and_expected_not_to - should panic ... ok
[INFO] [stdout] test iter::tests::should_panic_if_vec_does_not_contain_mapped_value - should panic ... ok
[INFO] [stdout] test numeric::tests::is_close_to_should_allow_multiple_borrow_forms ... ok
[INFO] [stdout] test hashmap::tests::should_panic_if_hashmap_contains_entry_without_key - should panic ... ok
[INFO] [stdout] test numeric::tests::is_greater_than_or_equal_to_should_allow_multiple_borrow_forms ... ok
[INFO] [stdout] test numeric::tests::is_greater_than_should_allow_multiple_borrow_forms ... ok
[INFO] [stdout] test hashmap::tests::should_panic_if_hashmap_was_expected_to_be_empty_and_is_not - should panic ... ok
[INFO] [stdout] test numeric::tests::is_less_than_or_equal_to_should_allow_multiple_borrow_forms ... ok
[INFO] [stdout] test numeric::tests::is_less_than_should_allow_multiple_borrow_forms ... ok
[INFO] [stdout] test numeric::tests::should_not_panic_if_float_exactly_matches ... ok
[INFO] [stdout] test numeric::tests::should_not_panic_if_float_is_close_to ... ok
[INFO] [stdout] test numeric::tests::should_not_panic_if_value_is_greater_than_expected ... ok
[INFO] [stdout] test numeric::tests::should_not_panic_if_value_is_greater_than_or_equal_to_expected ... ok
[INFO] [stdout] test numeric::tests::should_not_panic_if_value_is_less_than_expected ... ok
[INFO] [stdout] test numeric::tests::should_not_panic_if_value_is_less_than_or_equal_to_than_expected ... ok
[INFO] [stdout] test hashmap::tests::should_panic_if_hashmap_does_contain_key_when_not_expected - should panic ... ok
[INFO] [stdout] test hashmap::tests::should_panic_if_hashmap_length_does_not_match_expected - should panic ... ok
[INFO] [stdout] test iter::tests::should_panic_if_iterable_does_not_contain_all_expected_values - should panic ... ok
[INFO] [stdout] test iter::tests::should_panic_if_iterable_does_not_contain_value - should panic ... ok
[INFO] [stdout] test iter::tests::should_panic_if_iteratable_does_not_equal_expected_iterator - should panic ... ok
[INFO] [stdout] test iter::tests::should_panic_if_iterator_does_contain_value_but_expected_not_to - should panic ... ok
[INFO] [stdout] test option::tests::contains_value_should_allow_multiple_borrow_types ... ok
[INFO] [stdout] test iter::tests::should_panic_if_iterator_does_not_contain_all_expected_values - should panic ... ok
[INFO] [stdout] test option::tests::should_be_able_to_unwrap_option_if_some ... ok
[INFO] [stdout] test option::tests::should_not_panic_if_option_contains_expected_value ... ok
[INFO] [stdout] test iter::tests::should_panic_if_iterator_does_not_contain_value - should panic ... ok
[INFO] [stdout] test option::tests::should_not_panic_if_option_is_empty ... ok
[INFO] [stdout] test option::tests::should_not_panic_if_option_is_expected_to_contain_value_and_does ... ok
[INFO] [stdout] test iter::tests::should_panic_if_iterator_does_not_contain_all_expected_values_exactly - should panic ... ok
[INFO] [stdout] test option::tests::should_panic_if_option_does_not_contain_expected_value - should panic ... ok
[INFO] [stdout] test path::tests::has_file_name_should_allow_multiple_borrow_forms_for_path ... ok
[INFO] [stdout] test iter::tests::should_panic_if_iterator_does_not_equal_expected_iterator - should panic ... ok
[INFO] [stdout] test path::tests::has_file_name_should_allow_multiple_borrow_forms_for_pathbuf ... ok
[INFO] [stdout] test hashmap::tests::should_panic_if_hashmap_contains_entry_with_different_value - should panic ... ok
[INFO] [stdout] test path::tests::should_not_panic_if_path_does_not_exist_when_expected ... ok
[INFO] [stdout] test path::tests::should_not_panic_if_path_exists ... ok
[INFO] [stdout] test iter::tests::should_panic_if_vec_does_not_contain_value - should panic ... ok
[INFO] [stdout] test path::tests::should_not_panic_if_path_has_correct_file_name ... ok
[INFO] [stdout] test path::tests::should_not_panic_if_path_represents_a_directory ... ok
[INFO] [stdout] test path::tests::should_not_panic_if_path_represents_a_file ... ok
[INFO] [stdout] test path::tests::should_not_panic_if_pathbuf_does_not_exist_when_expected ... ok
[INFO] [stdout] test path::tests::should_not_panic_if_pathbuf_exists ... ok
[INFO] [stdout] test numeric::tests::should_panic_if_float_is_infinity - should panic ... FAILED
[INFO] [stdout] test path::tests::should_not_panic_if_pathbuf_has_correct_file_name ... ok
[INFO] [stdout] test numeric::tests::should_panic_if_float_is_nan - should panic ... FAILED
[INFO] [stdout] test path::tests::should_not_panic_if_pathbuf_represents_a_directory ... ok
[INFO] [stdout] test numeric::tests::should_panic_if_float_is_negative_infinity - should panic ... FAILED
[INFO] [stdout] test path::tests::should_not_panic_if_pathbuf_represents_a_file ... ok
[INFO] [stdout] test numeric::tests::should_panic_if_float_is_not_close_to - should panic ... FAILED
[INFO] [stdout] test path::tests::should_panic_if_path_does_not_exist - should panic ... ok
[INFO] [stdout] test numeric::tests::should_panic_if_value_is_greater_than_or_not_equal_to_expected - should panic ... ok
[INFO] [stdout] test numeric::tests::should_panic_if_value_is_less_than_expected - should panic ... ok
[INFO] [stdout] test numeric::tests::should_panic_if_value_is_less_than_or_not_equal_to_expected - should panic ... ok
[INFO] [stdout] test iter::tests::should_panic_if_iterator_does_not_match_on_value - should panic ... ok
[INFO] [stdout] test result::tests::is_error_containing_should_allow_multiple_borrow_forms ... ok
[INFO] [stdout] test option::tests::should_panic_if_option_is_none_but_expected_value - should panic ... ok
[INFO] [stdout] test result::tests::is_ok_containing_should_allow_multiple_borrow_forms ... ok
[INFO] [stdout] test result::tests::should_not_panic_if_result_is_err_with_expected_value ... ok
[INFO] [stdout] test option::tests::should_panic_if_option_is_expected_to_contain_value_and_does_not - should panic ... ok
[INFO] [stdout] test result::tests::should_not_panic_if_result_is_err_with_uncomparable_ok ... ok
[INFO] [stdout] test option::tests::should_panic_if_option_is_not_empty_but_was_expected_as_empty - should panic ... ok
[INFO] [stdout] test result::tests::should_not_panic_if_result_is_expected_to_be_error_and_is ... ok
[INFO] [stdout] test numeric::tests::should_panic_if_value_is_greater_than_expected - should panic ... ok
[INFO] [stdout] test result::tests::should_not_panic_if_result_is_expected_to_be_ok_and_is ... ok
[INFO] [stdout] test result::tests::should_not_panic_if_result_is_ok_with_expected_value ... ok
[INFO] [stdout] test result::tests::should_not_panic_if_result_is_ok_with_uncomparable_ok ... ok
[INFO] [stdout] test path::tests::should_panic_if_path_does_not_have_a_file_name - should panic ... ok
[INFO] [stdout] test path::tests::should_panic_if_path_does_not_have_correct_file_name - should panic ... ok
[INFO] [stdout] test result::tests::should_panic_if_result_is_err_without_expected_value - should panic ... ok
[INFO] [stdout] test path::tests::should_panic_if_path_does_not_represent_a_file - should panic ... ok
[INFO] [stdout] test path::tests::should_panic_if_path_exists_when_not_expected - should panic ... ok
[INFO] [stdout] test result::tests::should_return_unwrapped_value_if_subject_is_err ... ok
[INFO] [stdout] test result::tests::should_return_unwrapped_value_if_subject_is_ok ... ok
[INFO] [stdout] test result::tests::should_panic_if_result_is_ok_without_expected_value - should panic ... ok
[INFO] [stdout] test string::tests::should_allow_multiple_borrow_forms_for_str ... ok
[INFO] [stdout] test path::tests::should_panic_if_pathbuf_does_not_have_a_file_name - should panic ... ok
[INFO] [stdout] test string::tests::should_allow_multiple_borrow_forms_for_string ... ok
[INFO] [stdout] test string::tests::should_not_panic_if_str_contains_value ... ok
[INFO] [stdout] test path::tests::should_panic_if_pathbuf_does_not_have_correct_file_name - should panic ... ok
[INFO] [stdout] test string::tests::should_not_panic_if_str_ends_with_value ... ok
[INFO] [stdout] test path::tests::should_panic_if_pathbuf_does_not_represent_a_directory - should panic ... ok
[INFO] [stdout] test string::tests::should_not_panic_if_str_starts_with_value ... ok
[INFO] [stdout] test string::tests::should_not_panic_if_string_contains_value ... ok
[INFO] [stdout] test string::tests::should_not_panic_if_string_ends_with_value ... ok
[INFO] [stdout] test path::tests::should_panic_if_pathbuf_does_not_represent_a_file - should panic ... ok
[INFO] [stdout] test string::tests::should_not_panic_if_string_starts_with_value ... ok
[INFO] [stdout] test path::tests::should_panic_if_pathbuf_exists_when_not_expected - should panic ... ok
[INFO] [stdout] test result::tests::should_panic_if_result_is_err_if_ok_with_value_expected - should panic ... ok
[INFO] [stdout] test string::tests::should_panic_if_string_does_not_contain_value - should panic ... ok
[INFO] [stdout] test result::tests::should_panic_if_result_is_expected_to_be_ok_and_is_not - should panic ... ok
[INFO] [stdout] test result::tests::should_panic_if_result_is_expected_to_be_error_and_is_not - should panic ... ok
[INFO] [stdout] test tests::is_equal_to_should_support_multiple_borrow_forms ... ok
[INFO] [stdout] test tests::is_not_equal_to_should_support_multiple_borrow_forms ... ok
[INFO] [stdout] test result::tests::should_panic_if_result_is_ok_if_err_with_value_expected - should panic ... ok
[INFO] [stdout] test path::tests::should_panic_if_pathbuf_does_not_exist - should panic ... ok
[INFO] [stdout] test tests::should_be_able_to_map_to_inner_field_of_struct_when_matching ... ok
[INFO] [stdout] test tests::should_be_able_to_use_function_call_with_macro ... ok
[INFO] [stdout] test string::tests::should_panic_if_str_does_not_contain_value - should panic ... ok
[INFO] [stdout] test tests::should_be_able_to_use_macro_form_with_deliberate_reference ... ok
[INFO] [stdout] test tests::should_be_able_to_use_macro_form_without_deliberate_reference ... ok
[INFO] [stdout] test string::tests::should_panic_if_str_does_not_end_with_value - should panic ... ok
[INFO] [stdout] test path::tests::should_panic_if_path_does_not_represent_a_directory - should panic ... ok
[INFO] [stdout] test tests::should_not_panic_if_value_matches ... ok
[INFO] [stdout] test tests::should_not_panic_on_equal_subjects ... ok
[INFO] [stdout] test string::tests::should_panic_if_string_does_not_end_with_value - should panic ... ok
[INFO] [stdout] test tests::should_not_panic_on_unequal_subjects_if_expected ... ok
[INFO] [stdout] test string::tests::should_panic_if_str_does_not_start_with_value - should panic ... ok
[INFO] [stdout] test vec::tests::should_not_panic_if_vec_length_matches_expected ... ok
[INFO] [stdout] test tests::should_panic_on_equal_subjects_if_expected_unequal - should panic ... ok
[INFO] [stdout] test vec::tests::should_not_panic_if_vec_was_expected_to_be_empty_and_is ... ok
[INFO] [stdout] test vec::tests::should_panic_if_vec_length_does_not_match_expected - should panic ... ok
[INFO] [stdout] test tests::should_contain_assertion_description_in_panic - should panic ... ok
[INFO] [stdout] test tests::should_contain_file_and_line_for_assertions_if_message_is_provided - should panic ... ok
[INFO] [stdout] test tests::should_contain_file_and_line_for_descriptive_assertions_if_message_is_provided - should panic ... ok
[INFO] [stdout] test tests::should_contain_file_and_line_in_panic_for_assertions - should panic ... ok
[INFO] [stdout] test tests::should_contain_file_and_line_in_panic_for_descriptive_assertions - should panic ... ok
[INFO] [stdout] test tests::should_contain_subject_name_in_panic_for_assertions - should panic ... ok
[INFO] [stdout] test tests::should_contain_subject_name_in_panic_for_assertions_if_message_is_provided - should panic ... ok
[INFO] [stdout] test tests::should_panic_if_value_does_not_match - should panic ... ok
[INFO] [stdout] test string::tests::should_panic_if_string_does_not_start_with_value - should panic ... ok
[INFO] [stdout] test vec::tests::should_panic_if_vec_was_expected_to_be_empty_and_is_not - should panic ... ok
[INFO] [stdout] test tests::should_contain_assertion_description_if_message_is_provided - should panic ... ok
[INFO] [stdout] test tests::should_panic_on_unequal_subjects - should panic ... ok
[INFO] [stdout] 
[INFO] [stdout] failures:
[INFO] [stdout] 
[INFO] [stdout] ---- numeric::tests::should_panic_if_float_is_infinity stdout ----
[INFO] [stdout] thread 'numeric::tests::should_panic_if_float_is_infinity' panicked at src/lib.rs:343:9:
[INFO] [stdout] 
[INFO] [stdout] 	expected: float close to <1.0> (tolerance of <0.01>)
[INFO] [stdout] 	 but was: <inf>
[INFO] [stdout] 
[INFO] [stdout] stack backtrace:
[INFO] [stdout]    0:     0x62bb166db5ba - std::backtrace_rs::backtrace::libunwind::trace::h207520d6e9873551
[INFO] [stdout]                                at /rustc/df4ca44d3fbc9301ee17f30f4d474e6ae4b05252/library/std/src/../../backtrace/src/backtrace/libunwind.rs:116:5
[INFO] [stdout]    1:     0x62bb166db5ba - std::backtrace_rs::backtrace::trace_unsynchronized::h2ed7433f370e3eca
[INFO] [stdout]                                at /rustc/df4ca44d3fbc9301ee17f30f4d474e6ae4b05252/library/std/src/../../backtrace/src/backtrace/mod.rs:66:5
[INFO] [stdout]    2:     0x62bb166db5ba - std::sys::backtrace::_print_fmt::h916fac51166b18d7
[INFO] [stdout]                                at /rustc/df4ca44d3fbc9301ee17f30f4d474e6ae4b05252/library/std/src/sys/backtrace.rs:66:9
[INFO] [stdout]    3:     0x62bb166db5ba - <std::sys::backtrace::BacktraceLock::print::DisplayBacktrace as core::fmt::Display>::fmt::ha0a4c9b8ce3802e6
[INFO] [stdout]                                at /rustc/df4ca44d3fbc9301ee17f30f4d474e6ae4b05252/library/std/src/sys/backtrace.rs:39:26
[INFO] [stdout]    4:     0x62bb16702803 - core::fmt::rt::Argument::fmt::h4cfc8587d52b3eb5
[INFO] [stdout]                                at /rustc/df4ca44d3fbc9301ee17f30f4d474e6ae4b05252/library/core/src/fmt/rt.rs:177:76
[INFO] [stdout]    5:     0x62bb16702803 - core::fmt::write::h522cc39e5b36ae9f
[INFO] [stdout]                                at /rustc/df4ca44d3fbc9301ee17f30f4d474e6ae4b05252/library/core/src/fmt/mod.rs:1190:21
[INFO] [stdout]    6:     0x62bb166d81c3 - std::io::Write::write_fmt::h7d3c26752da97734
[INFO] [stdout]                                at /rustc/df4ca44d3fbc9301ee17f30f4d474e6ae4b05252/library/std/src/io/mod.rs:1839:15
[INFO] [stdout]    7:     0x62bb166db402 - std::sys::backtrace::BacktraceLock::print::h4b9e00b29e9c0942
[INFO] [stdout]                                at /rustc/df4ca44d3fbc9301ee17f30f4d474e6ae4b05252/library/std/src/sys/backtrace.rs:42:9
[INFO] [stdout]    8:     0x62bb166dca4a - std::panicking::default_hook::{{closure}}::hb59b88280d0324d9
[INFO] [stdout]                                at /rustc/df4ca44d3fbc9301ee17f30f4d474e6ae4b05252/library/std/src/panicking.rs:268:22
[INFO] [stdout]    9:     0x62bb166dc854 - std::panicking::default_hook::he1dd496665be4a29
[INFO] [stdout]                                at /rustc/df4ca44d3fbc9301ee17f30f4d474e6ae4b05252/library/std/src/panicking.rs:292:9
[INFO] [stdout]   10:     0x62bb166a0ea9 - <alloc::boxed::Box<F,A> as core::ops::function::Fn<Args>>::call::h4ff71de18744e1dc
[INFO] [stdout]                                at /rustc/df4ca44d3fbc9301ee17f30f4d474e6ae4b05252/library/alloc/src/boxed.rs:2468:9
[INFO] [stdout]   11:     0x62bb166a0ea9 - test::test_main::{{closure}}::hcf7c055ce117aa81
[INFO] [stdout]                                at /rustc/df4ca44d3fbc9301ee17f30f4d474e6ae4b05252/library/test/src/lib.rs:133:21
[INFO] [stdout]   12:     0x62bb166dd148 - <alloc::boxed::Box<F,A> as core::ops::function::Fn<Args>>::call::h1d66c6bbd60c9692
[INFO] [stdout]                                at /rustc/df4ca44d3fbc9301ee17f30f4d474e6ae4b05252/library/alloc/src/boxed.rs:2468:9
[INFO] [stdout]   13:     0x62bb166dd148 - std::panicking::rust_panic_with_hook::h2ff17fe8f26dfcf8
[INFO] [stdout]                                at /rustc/df4ca44d3fbc9301ee17f30f4d474e6ae4b05252/library/std/src/panicking.rs:809:13
[INFO] [stdout]   14:     0x62bb1664732b - std::panicking::begin_panic::{{closure}}::h99c9de8714470e51
[INFO] [stdout]                                at /rustc/df4ca44d3fbc9301ee17f30f4d474e6ae4b05252/library/std/src/panicking.rs:738:9
[INFO] [stdout]   15:     0x62bb166524a6 - std::sys::backtrace::__rust_end_short_backtrace::h1e0baa13a368aee1
[INFO] [stdout]                                at /rustc/df4ca44d3fbc9301ee17f30f4d474e6ae4b05252/library/std/src/sys/backtrace.rs:170:18
[INFO] [stdout]   16:     0x62bb166472ca - std::panicking::begin_panic::h73b23499108e9139
[INFO] [stdout]                                at /rustc/df4ca44d3fbc9301ee17f30f4d474e6ae4b05252/library/std/src/panicking.rs:737:5
[INFO] [stdout]   17:     0x62bb166277f3 - spectral::AssertionFailure<T>::fail::h7e4df694dc5d8e5f
[INFO] [stdout]                                at /opt/rustwide/workdir/src/lib.rs:343:9
[INFO] [stdout]   18:     0x62bb1661a0eb - <spectral::Spec<T> as spectral::numeric::FloatAssertions<T>>::is_close_to::h7d67a58f2da9914a
[INFO] [stdout]                                at /opt/rustwide/workdir/src/numeric.rs:116:13
[INFO] [stdout]   19:     0x62bb1665774d - spectral::numeric::tests::should_panic_if_float_is_infinity::hadf390e17bee229d
[INFO] [stdout]                                at /opt/rustwide/workdir/src/numeric.rs:243:9
[INFO] [stdout]   20:     0x62bb166576f7 - spectral::numeric::tests::should_panic_if_float_is_infinity::{{closure}}::hc2068311e7d895f0
[INFO] [stdout]                                at /opt/rustwide/workdir/src/numeric.rs:242:43
[INFO] [stdout]   21:     0x62bb16652876 - core::ops::function::FnOnce::call_once::h03976a4d51b92cc1
[INFO] [stdout]                                at /rustc/df4ca44d3fbc9301ee17f30f4d474e6ae4b05252/library/core/src/ops/function.rs:250:5
[INFO] [stdout]   22:     0x62bb166a577b - core::ops::function::FnOnce::call_once::h22c3ba5715e93f05
[INFO] [stdout]                                at /rustc/df4ca44d3fbc9301ee17f30f4d474e6ae4b05252/library/core/src/ops/function.rs:250:5
[INFO] [stdout]   23:     0x62bb166a577b - test::__rust_begin_short_backtrace::h8e82d8113d0da17f
[INFO] [stdout]                                at /rustc/df4ca44d3fbc9301ee17f30f4d474e6ae4b05252/library/test/src/lib.rs:621:18
[INFO] [stdout]   24:     0x62bb166a50f7 - test::run_test_in_process::{{closure}}::h33235f4f20b7b7c7
[INFO] [stdout]                                at /rustc/df4ca44d3fbc9301ee17f30f4d474e6ae4b05252/library/test/src/lib.rs:644:60
[INFO] [stdout]   25:     0x62bb166a50f7 - <core::panic::unwind_safe::AssertUnwindSafe<F> as core::ops::function::FnOnce<()>>::call_once::hb5043206310c586f
[INFO] [stdout]                                at /rustc/df4ca44d3fbc9301ee17f30f4d474e6ae4b05252/library/core/src/panic/unwind_safe.rs:272:9
[INFO] [stdout]   26:     0x62bb166a50f7 - std::panicking::try::do_call::h9ad4731a60ab23e2
[INFO] [stdout]                                at /rustc/df4ca44d3fbc9301ee17f30f4d474e6ae4b05252/library/std/src/panicking.rs:557:40
[INFO] [stdout]   27:     0x62bb166a50f7 - std::panicking::try::h3824d23db772a716
[INFO] [stdout]                                at /rustc/df4ca44d3fbc9301ee17f30f4d474e6ae4b05252/library/std/src/panicking.rs:520:19
[INFO] [stdout]   28:     0x62bb166a50f7 - std::panic::catch_unwind::h5afd514605fde46b
[INFO] [stdout]                                at /rustc/df4ca44d3fbc9301ee17f30f4d474e6ae4b05252/library/std/src/panic.rs:358:14
[INFO] [stdout]   29:     0x62bb166a50f7 - test::run_test_in_process::h0d5cbfa7067d1720
[INFO] [stdout]                                at /rustc/df4ca44d3fbc9301ee17f30f4d474e6ae4b05252/library/test/src/lib.rs:644:27
[INFO] [stdout]   30:     0x62bb166a50f7 - test::run_test::{{closure}}::h708eb8872708115d
[INFO] [stdout]                                at /rustc/df4ca44d3fbc9301ee17f30f4d474e6ae4b05252/library/test/src/lib.rs:565:43
[INFO] [stdout]   31:     0x62bb16668814 - test::run_test::{{closure}}::h392c51cee94713ab
[INFO] [stdout]                                at /rustc/df4ca44d3fbc9301ee17f30f4d474e6ae4b05252/library/test/src/lib.rs:595:41
[INFO] [stdout]   32:     0x62bb16668814 - std::sys::backtrace::__rust_begin_short_backtrace::h2f40290710935a8b
[INFO] [stdout]                                at /rustc/df4ca44d3fbc9301ee17f30f4d474e6ae4b05252/library/std/src/sys/backtrace.rs:154:18
[INFO] [stdout]   33:     0x62bb1666bfbe - std::thread::Builder::spawn_unchecked_::{{closure}}::{{closure}}::h3fd968d89053a903
[INFO] [stdout]                                at /rustc/df4ca44d3fbc9301ee17f30f4d474e6ae4b05252/library/std/src/thread/mod.rs:541:17
[INFO] [stdout]   34:     0x62bb1666bfbe - <core::panic::unwind_safe::AssertUnwindSafe<F> as core::ops::function::FnOnce<()>>::call_once::h743f637ba4229880
[INFO] [stdout]                                at /rustc/df4ca44d3fbc9301ee17f30f4d474e6ae4b05252/library/core/src/panic/unwind_safe.rs:272:9
[INFO] [stdout]   35:     0x62bb1666bfbe - std::panicking::try::do_call::h07440897322525a6
[INFO] [stdout]                                at /rustc/df4ca44d3fbc9301ee17f30f4d474e6ae4b05252/library/std/src/panicking.rs:557:40
[INFO] [stdout]   36:     0x62bb1666bfbe - std::panicking::try::he5a2e00188156637
[INFO] [stdout]                                at /rustc/df4ca44d3fbc9301ee17f30f4d474e6ae4b05252/library/std/src/panicking.rs:520:19
[INFO] [stdout]   37:     0x62bb1666bfbe - std::panic::catch_unwind::hbaf3cae49b3c6433
[INFO] [stdout]                                at /rustc/df4ca44d3fbc9301ee17f30f4d474e6ae4b05252/library/std/src/panic.rs:358:14
[INFO] [stdout]   38:     0x62bb1666bfbe - std::thread::Builder::spawn_unchecked_::{{closure}}::h8e141ea224820bce
[INFO] [stdout]                                at /rustc/df4ca44d3fbc9301ee17f30f4d474e6ae4b05252/library/std/src/thread/mod.rs:540:30
[INFO] [stdout]   39:     0x62bb1666bfbe - core::ops::function::FnOnce::call_once{{vtable.shim}}::h90d312fedd7b8ea8
[INFO] [stdout]                                at /rustc/df4ca44d3fbc9301ee17f30f4d474e6ae4b05252/library/core/src/ops/function.rs:250:5
[INFO] [stdout]   40:     0x62bb166e0f3b - <alloc::boxed::Box<F,A> as core::ops::function::FnOnce<Args>>::call_once::h69aa08ddb6adb8b6
[INFO] [stdout]                                at /rustc/df4ca44d3fbc9301ee17f30f4d474e6ae4b05252/library/alloc/src/boxed.rs:2454:9
[INFO] [stdout]   41:     0x62bb166e0f3b - <alloc::boxed::Box<F,A> as core::ops::function::FnOnce<Args>>::call_once::h5aa36efdb79c806f
[INFO] [stdout]                                at /rustc/df4ca44d3fbc9301ee17f30f4d474e6ae4b05252/library/alloc/src/boxed.rs:2454:9
[INFO] [stdout]   42:     0x62bb166e0f3b - std::sys::pal::unix::thread::Thread::new::thread_start::h6cd80a1b4be5158d
[INFO] [stdout]                                at /rustc/df4ca44d3fbc9301ee17f30f4d474e6ae4b05252/library/std/src/sys/pal/unix/thread.rs:105:17
[INFO] [stdout]   43:     0x760d6fa67ac3 - <unknown>
[INFO] [stdout]   44:     0x760d6faf8a04 - clone
[INFO] [stdout]   45:                0x0 - <unknown>
[INFO] [stdout] note: panic did not contain expected string
[INFO] [stdout]       panic message: `"\n\texpected: float close to <1.0> (tolerance of <0.01>)\n\t but was: <inf>\n"`,
[INFO] [stdout]  expected substring: `"\n\texpected: float close to <1> (tolerance of <0.01>)\n\t but was: <inf>"`
[INFO] [stdout] ---- numeric::tests::should_panic_if_float_is_nan stdout ----
[INFO] [stdout] thread 'numeric::tests::should_panic_if_float_is_nan' panicked at src/lib.rs:343:9:
[INFO] [stdout] 
[INFO] [stdout] 	expected: float close to <1.0> (tolerance of <0.01>)
[INFO] [stdout] 	 but was: <NaN>
[INFO] [stdout] 
[INFO] [stdout] stack backtrace:
[INFO] [stdout]    0:     0x62bb166db5ba - std::backtrace_rs::backtrace::libunwind::trace::h207520d6e9873551
[INFO] [stdout]                                at /rustc/df4ca44d3fbc9301ee17f30f4d474e6ae4b05252/library/std/src/../../backtrace/src/backtrace/libunwind.rs:116:5
[INFO] [stdout]    1:     0x62bb166db5ba - std::backtrace_rs::backtrace::trace_unsynchronized::h2ed7433f370e3eca
[INFO] [stdout]                                at /rustc/df4ca44d3fbc9301ee17f30f4d474e6ae4b05252/library/std/src/../../backtrace/src/backtrace/mod.rs:66:5
[INFO] [stdout]    2:     0x62bb166db5ba - std::sys::backtrace::_print_fmt::h916fac51166b18d7
[INFO] [stdout]                                at /rustc/df4ca44d3fbc9301ee17f30f4d474e6ae4b05252/library/std/src/sys/backtrace.rs:66:9
[INFO] [stdout]    3:     0x62bb166db5ba - <std::sys::backtrace::BacktraceLock::print::DisplayBacktrace as core::fmt::Display>::fmt::ha0a4c9b8ce3802e6
[INFO] [stdout]                                at /rustc/df4ca44d3fbc9301ee17f30f4d474e6ae4b05252/library/std/src/sys/backtrace.rs:39:26
[INFO] [stdout]    4:     0x62bb16702803 - core::fmt::rt::Argument::fmt::h4cfc8587d52b3eb5
[INFO] [stdout]                                at /rustc/df4ca44d3fbc9301ee17f30f4d474e6ae4b05252/library/core/src/fmt/rt.rs:177:76
[INFO] [stdout]    5:     0x62bb16702803 - core::fmt::write::h522cc39e5b36ae9f
[INFO] [stdout]                                at /rustc/df4ca44d3fbc9301ee17f30f4d474e6ae4b05252/library/core/src/fmt/mod.rs:1190:21
[INFO] [stdout]    6:     0x62bb166d81c3 - std::io::Write::write_fmt::h7d3c26752da97734
[INFO] [stdout]                                at /rustc/df4ca44d3fbc9301ee17f30f4d474e6ae4b05252/library/std/src/io/mod.rs:1839:15
[INFO] [stdout]    7:     0x62bb166db402 - std::sys::backtrace::BacktraceLock::print::h4b9e00b29e9c0942
[INFO] [stdout]                                at /rustc/df4ca44d3fbc9301ee17f30f4d474e6ae4b05252/library/std/src/sys/backtrace.rs:42:9
[INFO] [stdout]    8:     0x62bb166dca4a - std::panicking::default_hook::{{closure}}::hb59b88280d0324d9
[INFO] [stdout]                                at /rustc/df4ca44d3fbc9301ee17f30f4d474e6ae4b05252/library/std/src/panicking.rs:268:22
[INFO] [stdout]    9:     0x62bb166dc854 - std::panicking::default_hook::he1dd496665be4a29
[INFO] [stdout]                                at /rustc/df4ca44d3fbc9301ee17f30f4d474e6ae4b05252/library/std/src/panicking.rs:292:9
[INFO] [stdout]   10:     0x62bb166a0ea9 - <alloc::boxed::Box<F,A> as core::ops::function::Fn<Args>>::call::h4ff71de18744e1dc
[INFO] [stdout]                                at /rustc/df4ca44d3fbc9301ee17f30f4d474e6ae4b05252/library/alloc/src/boxed.rs:2468:9
[INFO] [stdout]   11:     0x62bb166a0ea9 - test::test_main::{{closure}}::hcf7c055ce117aa81
[INFO] [stdout]                                at /rustc/df4ca44d3fbc9301ee17f30f4d474e6ae4b05252/library/test/src/lib.rs:133:21
[INFO] [stdout]   12:     0x62bb166dd148 - <alloc::boxed::Box<F,A> as core::ops::function::Fn<Args>>::call::h1d66c6bbd60c9692
[INFO] [stdout]                                at /rustc/df4ca44d3fbc9301ee17f30f4d474e6ae4b05252/library/alloc/src/boxed.rs:2468:9
[INFO] [stdout]   13:     0x62bb166dd148 - std::panicking::rust_panic_with_hook::h2ff17fe8f26dfcf8
[INFO] [stdout]                                at /rustc/df4ca44d3fbc9301ee17f30f4d474e6ae4b05252/library/std/src/panicking.rs:809:13
[INFO] [stdout]   14:     0x62bb1664732b - std::panicking::begin_panic::{{closure}}::h99c9de8714470e51
[INFO] [stdout]                                at /rustc/df4ca44d3fbc9301ee17f30f4d474e6ae4b05252/library/std/src/panicking.rs:738:9
[INFO] [stdout]   15:     0x62bb166524a6 - std::sys::backtrace::__rust_end_short_backtrace::h1e0baa13a368aee1
[INFO] [stdout]                                at /rustc/df4ca44d3fbc9301ee17f30f4d474e6ae4b05252/library/std/src/sys/backtrace.rs:170:18
[INFO] [stdout]   16:     0x62bb166472ca - std::panicking::begin_panic::h73b23499108e9139
[INFO] [stdout]                                at /rustc/df4ca44d3fbc9301ee17f30f4d474e6ae4b05252/library/std/src/panicking.rs:737:5
[INFO] [stdout]   17:     0x62bb166277f3 - spectral::AssertionFailure<T>::fail::h7e4df694dc5d8e5f
[INFO] [stdout]                                at /opt/rustwide/workdir/src/lib.rs:343:9
[INFO] [stdout]   18:     0x62bb1661a0eb - <spectral::Spec<T> as spectral::numeric::FloatAssertions<T>>::is_close_to::h7d67a58f2da9914a
[INFO] [stdout]                                at /opt/rustwide/workdir/src/numeric.rs:116:13
[INFO] [stdout]   19:     0x62bb1665769d - spectral::numeric::tests::should_panic_if_float_is_nan::h6449bbdae6d928a7
[INFO] [stdout]                                at /opt/rustwide/workdir/src/numeric.rs:236:9
[INFO] [stdout]   20:     0x62bb16657647 - spectral::numeric::tests::should_panic_if_float_is_nan::{{closure}}::h225553cf65cbd472
[INFO] [stdout]                                at /opt/rustwide/workdir/src/numeric.rs:235:38
[INFO] [stdout]   21:     0x62bb16654766 - core::ops::function::FnOnce::call_once::hd21a5ab435126792
[INFO] [stdout]                                at /rustc/df4ca44d3fbc9301ee17f30f4d474e6ae4b05252/library/core/src/ops/function.rs:250:5
[INFO] [stdout]   22:     0x62bb166a577b - core::ops::function::FnOnce::call_once::h22c3ba5715e93f05
[INFO] [stdout]                                at /rustc/df4ca44d3fbc9301ee17f30f4d474e6ae4b05252/library/core/src/ops/function.rs:250:5
[INFO] [stdout]   23:     0x62bb166a577b - test::__rust_begin_short_backtrace::h8e82d8113d0da17f
[INFO] [stdout]                                at /rustc/df4ca44d3fbc9301ee17f30f4d474e6ae4b05252/library/test/src/lib.rs:621:18
[INFO] [stdout]   24:     0x62bb166a50f7 - test::run_test_in_process::{{closure}}::h33235f4f20b7b7c7
[INFO] [stdout]                                at /rustc/df4ca44d3fbc9301ee17f30f4d474e6ae4b05252/library/test/src/lib.rs:644:60
[INFO] [stdout]   25:     0x62bb166a50f7 - <core::panic::unwind_safe::AssertUnwindSafe<F> as core::ops::function::FnOnce<()>>::call_once::hb5043206310c586f
[INFO] [stdout]                                at /rustc/df4ca44d3fbc9301ee17f30f4d474e6ae4b05252/library/core/src/panic/unwind_safe.rs:272:9
[INFO] [stdout]   26:     0x62bb166a50f7 - std::panicking::try::do_call::h9ad4731a60ab23e2
[INFO] [stdout]                                at /rustc/df4ca44d3fbc9301ee17f30f4d474e6ae4b05252/library/std/src/panicking.rs:557:40
[INFO] [stdout]   27:     0x62bb166a50f7 - std::panicking::try::h3824d23db772a716
[INFO] [stdout]                                at /rustc/df4ca44d3fbc9301ee17f30f4d474e6ae4b05252/library/std/src/panicking.rs:520:19
[INFO] [stdout]   28:     0x62bb166a50f7 - std::panic::catch_unwind::h5afd514605fde46b
[INFO] [stdout]                                at /rustc/df4ca44d3fbc9301ee17f30f4d474e6ae4b05252/library/std/src/panic.rs:358:14
[INFO] [stdout]   29:     0x62bb166a50f7 - test::run_test_in_process::h0d5cbfa7067d1720
[INFO] [stdout]                                at /rustc/df4ca44d3fbc9301ee17f30f4d474e6ae4b05252/library/test/src/lib.rs:644:27
[INFO] [stdout]   30:     0x62bb166a50f7 - test::run_test::{{closure}}::h708eb8872708115d
[INFO] [stdout]                                at /rustc/df4ca44d3fbc9301ee17f30f4d474e6ae4b05252/library/test/src/lib.rs:565:43
[INFO] [stdout]   31:     0x62bb16668814 - test::run_test::{{closure}}::h392c51cee94713ab
[INFO] [stdout]                                at /rustc/df4ca44d3fbc9301ee17f30f4d474e6ae4b05252/library/test/src/lib.rs:595:41
[INFO] [stdout]   32:     0x62bb16668814 - std::sys::backtrace::__rust_begin_short_backtrace::h2f40290710935a8b
[INFO] [stdout]                                at /rustc/df4ca44d3fbc9301ee17f30f4d474e6ae4b05252/library/std/src/sys/backtrace.rs:154:18
[INFO] [stdout]   33:     0x62bb1666bfbe - std::thread::Builder::spawn_unchecked_::{{closure}}::{{closure}}::h3fd968d89053a903
[INFO] [stdout]                                at /rustc/df4ca44d3fbc9301ee17f30f4d474e6ae4b05252/library/std/src/thread/mod.rs:541:17
[INFO] [stdout]   34:     0x62bb1666bfbe - <core::panic::unwind_safe::AssertUnwindSafe<F> as core::ops::function::FnOnce<()>>::call_once::h743f637ba4229880
[INFO] [stdout]                                at /rustc/df4ca44d3fbc9301ee17f30f4d474e6ae4b05252/library/core/src/panic/unwind_safe.rs:272:9
[INFO] [stdout]   35:     0x62bb1666bfbe - std::panicking::try::do_call::h07440897322525a6
[INFO] [stdout]                                at /rustc/df4ca44d3fbc9301ee17f30f4d474e6ae4b05252/library/std/src/panicking.rs:557:40
[INFO] [stdout]   36:     0x62bb1666bfbe - std::panicking::try::he5a2e00188156637
[INFO] [stdout]                                at /rustc/df4ca44d3fbc9301ee17f30f4d474e6ae4b05252/library/std/src/panicking.rs:520:19
[INFO] [stdout]   37:     0x62bb1666bfbe - std::panic::catch_unwind::hbaf3cae49b3c6433
[INFO] [stdout]                                at /rustc/df4ca44d3fbc9301ee17f30f4d474e6ae4b05252/library/std/src/panic.rs:358:14
[INFO] [stdout]   38:     0x62bb1666bfbe - std::thread::Builder::spawn_unchecked_::{{closure}}::h8e141ea224820bce
[INFO] [stdout]                                at /rustc/df4ca44d3fbc9301ee17f30f4d474e6ae4b05252/library/std/src/thread/mod.rs:540:30
[INFO] [stdout]   39:     0x62bb1666bfbe - core::ops::function::FnOnce::call_once{{vtable.shim}}::h90d312fedd7b8ea8
[INFO] [stdout]                                at /rustc/df4ca44d3fbc9301ee17f30f4d474e6ae4b05252/library/core/src/ops/function.rs:250:5
[INFO] [stdout]   40:     0x62bb166e0f3b - <alloc::boxed::Box<F,A> as core::ops::function::FnOnce<Args>>::call_once::h69aa08ddb6adb8b6
[INFO] [stdout]                                at /rustc/df4ca44d3fbc9301ee17f30f4d474e6ae4b05252/library/alloc/src/boxed.rs:2454:9
[INFO] [stdout]   41:     0x62bb166e0f3b - <alloc::boxed::Box<F,A> as core::ops::function::FnOnce<Args>>::call_once::h5aa36efdb79c806f
[INFO] [stdout]                                at /rustc/df4ca44d3fbc9301ee17f30f4d474e6ae4b05252/library/alloc/src/boxed.rs:2454:9
[INFO] [stdout]   42:     0x62bb166e0f3b - std::sys::pal::unix::thread::Thread::new::thread_start::h6cd80a1b4be5158d
[INFO] [stdout]                                at /rustc/df4ca44d3fbc9301ee17f30f4d474e6ae4b05252/library/std/src/sys/pal/unix/thread.rs:105:17
[INFO] [stdout]   43:     0x760d6fa67ac3 - <unknown>
[INFO] [stdout]   44:     0x760d6faf8a04 - clone
[INFO] [stdout]   45:                0x0 - <unknown>
[INFO] [stdout] note: panic did not contain expected string
[INFO] [stdout]       panic message: `"\n\texpected: float close to <1.0> (tolerance of <0.01>)\n\t but was: <NaN>\n"`,
[INFO] [stdout]  expected substring: `"\n\texpected: float close to <1> (tolerance of <0.01>)\n\t but was: <NaN>"`
[INFO] [stdout] ---- numeric::tests::should_panic_if_float_is_negative_infinity stdout ----
[INFO] [stdout] thread 'numeric::tests::should_panic_if_float_is_negative_infinity' panicked at src/lib.rs:343:9:
[INFO] [stdout] 
[INFO] [stdout] 	expected: float close to <1.0> (tolerance of <0.01>)
[INFO] [stdout] 	 but was: <-inf>
[INFO] [stdout] 
[INFO] [stdout] stack backtrace:
[INFO] [stdout]    0:     0x62bb166db5ba - std::backtrace_rs::backtrace::libunwind::trace::h207520d6e9873551
[INFO] [stdout]                                at /rustc/df4ca44d3fbc9301ee17f30f4d474e6ae4b05252/library/std/src/../../backtrace/src/backtrace/libunwind.rs:116:5
[INFO] [stdout]    1:     0x62bb166db5ba - std::backtrace_rs::backtrace::trace_unsynchronized::h2ed7433f370e3eca
[INFO] [stdout]                                at /rustc/df4ca44d3fbc9301ee17f30f4d474e6ae4b05252/library/std/src/../../backtrace/src/backtrace/mod.rs:66:5
[INFO] [stdout]    2:     0x62bb166db5ba - std::sys::backtrace::_print_fmt::h916fac51166b18d7
[INFO] [stdout]                                at /rustc/df4ca44d3fbc9301ee17f30f4d474e6ae4b05252/library/std/src/sys/backtrace.rs:66:9
[INFO] [stdout]    3:     0x62bb166db5ba - <std::sys::backtrace::BacktraceLock::print::DisplayBacktrace as core::fmt::Display>::fmt::ha0a4c9b8ce3802e6
[INFO] [stdout]                                at /rustc/df4ca44d3fbc9301ee17f30f4d474e6ae4b05252/library/std/src/sys/backtrace.rs:39:26
[INFO] [stdout]    4:     0x62bb16702803 - core::fmt::rt::Argument::fmt::h4cfc8587d52b3eb5
[INFO] [stdout]                                at /rustc/df4ca44d3fbc9301ee17f30f4d474e6ae4b05252/library/core/src/fmt/rt.rs:177:76
[INFO] [stdout]    5:     0x62bb16702803 - core::fmt::write::h522cc39e5b36ae9f
[INFO] [stdout]                                at /rustc/df4ca44d3fbc9301ee17f30f4d474e6ae4b05252/library/core/src/fmt/mod.rs:1190:21
[INFO] [stdout]    6:     0x62bb166d81c3 - std::io::Write::write_fmt::h7d3c26752da97734
[INFO] [stdout]                                at /rustc/df4ca44d3fbc9301ee17f30f4d474e6ae4b05252/library/std/src/io/mod.rs:1839:15
[INFO] [stdout]    7:     0x62bb166db402 - std::sys::backtrace::BacktraceLock::print::h4b9e00b29e9c0942
[INFO] [stdout]                                at /rustc/df4ca44d3fbc9301ee17f30f4d474e6ae4b05252/library/std/src/sys/backtrace.rs:42:9
[INFO] [stdout]    8:     0x62bb166dca4a - std::panicking::default_hook::{{closure}}::hb59b88280d0324d9
[INFO] [stdout]                                at /rustc/df4ca44d3fbc9301ee17f30f4d474e6ae4b05252/library/std/src/panicking.rs:268:22
[INFO] [stdout]    9:     0x62bb166dc854 - std::panicking::default_hook::he1dd496665be4a29
[INFO] [stdout]                                at /rustc/df4ca44d3fbc9301ee17f30f4d474e6ae4b05252/library/std/src/panicking.rs:292:9
[INFO] [stdout]   10:     0x62bb166a0ea9 - <alloc::boxed::Box<F,A> as core::ops::function::Fn<Args>>::call::h4ff71de18744e1dc
[INFO] [stdout]                                at /rustc/df4ca44d3fbc9301ee17f30f4d474e6ae4b05252/library/alloc/src/boxed.rs:2468:9
[INFO] [stdout]   11:     0x62bb166a0ea9 - test::test_main::{{closure}}::hcf7c055ce117aa81
[INFO] [stdout]                                at /rustc/df4ca44d3fbc9301ee17f30f4d474e6ae4b05252/library/test/src/lib.rs:133:21
[INFO] [stdout]   12:     0x62bb166dd148 - <alloc::boxed::Box<F,A> as core::ops::function::Fn<Args>>::call::h1d66c6bbd60c9692
[INFO] [stdout]                                at /rustc/df4ca44d3fbc9301ee17f30f4d474e6ae4b05252/library/alloc/src/boxed.rs:2468:9
[INFO] [stdout]   13:     0x62bb166dd148 - std::panicking::rust_panic_with_hook::h2ff17fe8f26dfcf8
[INFO] [stdout]                                at /rustc/df4ca44d3fbc9301ee17f30f4d474e6ae4b05252/library/std/src/panicking.rs:809:13
[INFO] [stdout]   14:     0x62bb1664732b - std::panicking::begin_panic::{{closure}}::h99c9de8714470e51
[INFO] [stdout]                                at /rustc/df4ca44d3fbc9301ee17f30f4d474e6ae4b05252/library/std/src/panicking.rs:738:9
[INFO] [stdout]   15:     0x62bb166524a6 - std::sys::backtrace::__rust_end_short_backtrace::h1e0baa13a368aee1
[INFO] [stdout]                                at /rustc/df4ca44d3fbc9301ee17f30f4d474e6ae4b05252/library/std/src/sys/backtrace.rs:170:18
[INFO] [stdout]   16:     0x62bb166472ca - std::panicking::begin_panic::h73b23499108e9139
[INFO] [stdout]                                at /rustc/df4ca44d3fbc9301ee17f30f4d474e6ae4b05252/library/std/src/panicking.rs:737:5
[INFO] [stdout]   17:     0x62bb166277f3 - spectral::AssertionFailure<T>::fail::h7e4df694dc5d8e5f
[INFO] [stdout]                                at /opt/rustwide/workdir/src/lib.rs:343:9
[INFO] [stdout]   18:     0x62bb1661a0eb - <spectral::Spec<T> as spectral::numeric::FloatAssertions<T>>::is_close_to::h7d67a58f2da9914a
[INFO] [stdout]                                at /opt/rustwide/workdir/src/numeric.rs:116:13
[INFO] [stdout]   19:     0x62bb166577fd - spectral::numeric::tests::should_panic_if_float_is_negative_infinity::h34e2e8b4432af221
[INFO] [stdout]                                at /opt/rustwide/workdir/src/numeric.rs:250:9
[INFO] [stdout]   20:     0x62bb166577a7 - spectral::numeric::tests::should_panic_if_float_is_negative_infinity::{{closure}}::h3125e60248dbe578
[INFO] [stdout]                                at /opt/rustwide/workdir/src/numeric.rs:249:52
[INFO] [stdout]   21:     0x62bb16653176 - core::ops::function::FnOnce::call_once::h5024dc1e50688005
[INFO] [stdout]                                at /rustc/df4ca44d3fbc9301ee17f30f4d474e6ae4b05252/library/core/src/ops/function.rs:250:5
[INFO] [stdout]   22:     0x62bb166a577b - core::ops::function::FnOnce::call_once::h22c3ba5715e93f05
[INFO] [stdout]                                at /rustc/df4ca44d3fbc9301ee17f30f4d474e6ae4b05252/library/core/src/ops/function.rs:250:5
[INFO] [stdout]   23:     0x62bb166a577b - test::__rust_begin_short_backtrace::h8e82d8113d0da17f
[INFO] [stdout]                                at /rustc/df4ca44d3fbc9301ee17f30f4d474e6ae4b05252/library/test/src/lib.rs:621:18
[INFO] [stdout]   24:     0x62bb166a50f7 - test::run_test_in_process::{{closure}}::h33235f4f20b7b7c7
[INFO] [stdout]                                at /rustc/df4ca44d3fbc9301ee17f30f4d474e6ae4b05252/library/test/src/lib.rs:644:60
[INFO] [stdout]   25:     0x62bb166a50f7 - <core::panic::unwind_safe::AssertUnwindSafe<F> as core::ops::function::FnOnce<()>>::call_once::hb5043206310c586f
[INFO] [stdout]                                at /rustc/df4ca44d3fbc9301ee17f30f4d474e6ae4b05252/library/core/src/panic/unwind_safe.rs:272:9
[INFO] [stdout]   26:     0x62bb166a50f7 - std::panicking::try::do_call::h9ad4731a60ab23e2
[INFO] [stdout]                                at /rustc/df4ca44d3fbc9301ee17f30f4d474e6ae4b05252/library/std/src/panicking.rs:557:40
[INFO] [stdout]   27:     0x62bb166a50f7 - std::panicking::try::h3824d23db772a716
[INFO] [stdout]                                at /rustc/df4ca44d3fbc9301ee17f30f4d474e6ae4b05252/library/std/src/panicking.rs:520:19
[INFO] [stdout]   28:     0x62bb166a50f7 - std::panic::catch_unwind::h5afd514605fde46b
[INFO] [stdout]                                at /rustc/df4ca44d3fbc9301ee17f30f4d474e6ae4b05252/library/std/src/panic.rs:358:14
[INFO] [stdout]   29:     0x62bb166a50f7 - test::run_test_in_process::h0d5cbfa7067d1720
[INFO] [stdout]                                at /rustc/df4ca44d3fbc9301ee17f30f4d474e6ae4b05252/library/test/src/lib.rs:644:27
[INFO] [stdout]   30:     0x62bb166a50f7 - test::run_test::{{closure}}::h708eb8872708115d
[INFO] [stdout]                                at /rustc/df4ca44d3fbc9301ee17f30f4d474e6ae4b05252/library/test/src/lib.rs:565:43
[INFO] [stdout]   31:     0x62bb16668814 - test::run_test::{{closure}}::h392c51cee94713ab
[INFO] [stdout]                                at /rustc/df4ca44d3fbc9301ee17f30f4d474e6ae4b05252/library/test/src/lib.rs:595:41
[INFO] [stdout]   32:     0x62bb16668814 - std::sys::backtrace::__rust_begin_short_backtrace::h2f40290710935a8b
[INFO] [stdout]                                at /rustc/df4ca44d3fbc9301ee17f30f4d474e6ae4b05252/library/std/src/sys/backtrace.rs:154:18
[INFO] [stdout]   33:     0x62bb1666bfbe - std::thread::Builder::spawn_unchecked_::{{closure}}::{{closure}}::h3fd968d89053a903
[INFO] [stdout]                                at /rustc/df4ca44d3fbc9301ee17f30f4d474e6ae4b05252/library/std/src/thread/mod.rs:541:17
[INFO] [stdout]   34:     0x62bb1666bfbe - <core::panic::unwind_safe::AssertUnwindSafe<F> as core::ops::function::FnOnce<()>>::call_once::h743f637ba4229880
[INFO] [stdout]                                at /rustc/df4ca44d3fbc9301ee17f30f4d474e6ae4b05252/library/core/src/panic/unwind_safe.rs:272:9
[INFO] [stdout]   35:     0x62bb1666bfbe - std::panicking::try::do_call::h07440897322525a6
[INFO] [stdout]                                at /rustc/df4ca44d3fbc9301ee17f30f4d474e6ae4b05252/library/std/src/panicking.rs:557:40
[INFO] [stdout]   36:     0x62bb1666bfbe - std::panicking::try::he5a2e00188156637
[INFO] [stdout]                                at /rustc/df4ca44d3fbc9301ee17f30f4d474e6ae4b05252/library/std/src/panicking.rs:520:19
[INFO] [stdout]   37:     0x62bb1666bfbe - std::panic::catch_unwind::hbaf3cae49b3c6433
[INFO] [stdout]                                at /rustc/df4ca44d3fbc9301ee17f30f4d474e6ae4b05252/library/std/src/panic.rs:358:14
[INFO] [stdout]   38:     0x62bb1666bfbe - std::thread::Builder::spawn_unchecked_::{{closure}}::h8e141ea224820bce
[INFO] [stdout]                                at /rustc/df4ca44d3fbc9301ee17f30f4d474e6ae4b05252/library/std/src/thread/mod.rs:540:30
[INFO] [stdout]   39:     0x62bb1666bfbe - core::ops::function::FnOnce::call_once{{vtable.shim}}::h90d312fedd7b8ea8
[INFO] [stdout]                                at /rustc/df4ca44d3fbc9301ee17f30f4d474e6ae4b05252/library/core/src/ops/function.rs:250:5
[INFO] [stdout]   40:     0x62bb166e0f3b - <alloc::boxed::Box<F,A> as core::ops::function::FnOnce<Args>>::call_once::h69aa08ddb6adb8b6
[INFO] [stdout]                                at /rustc/df4ca44d3fbc9301ee17f30f4d474e6ae4b05252/library/alloc/src/boxed.rs:2454:9
[INFO] [stdout]   41:     0x62bb166e0f3b - <alloc::boxed::Box<F,A> as core::ops::function::FnOnce<Args>>::call_once::h5aa36efdb79c806f
[INFO] [stdout]                                at /rustc/df4ca44d3fbc9301ee17f30f4d474e6ae4b05252/library/alloc/src/boxed.rs:2454:9
[INFO] [stdout]   42:     0x62bb166e0f3b - std::sys::pal::unix::thread::Thread::new::thread_start::h6cd80a1b4be5158d
[INFO] [stdout]                                at /rustc/df4ca44d3fbc9301ee17f30f4d474e6ae4b05252/library/std/src/sys/pal/unix/thread.rs:105:17
[INFO] [stdout]   43:     0x760d6fa67ac3 - <unknown>
[INFO] [stdout]   44:     0x760d6faf8a04 - clone
[INFO] [stdout]   45:                0x0 - <unknown>
[INFO] [stdout] note: panic did not contain expected string
[INFO] [stdout]       panic message: `"\n\texpected: float close to <1.0> (tolerance of <0.01>)\n\t but was: <-inf>\n"`,
[INFO] [stdout]  expected substring: `"\n\texpected: float close to <1> (tolerance of <0.01>)\n\t but was: <-inf>"`
[INFO] [stdout] ---- numeric::tests::should_panic_if_float_is_not_close_to stdout ----
[INFO] [stdout] thread 'numeric::tests::should_panic_if_float_is_not_close_to' panicked at src/lib.rs:343:9:
[INFO] [stdout] 
[INFO] [stdout] 	expected: float close to <1.0> (tolerance of <0.01>)
[INFO] [stdout] 	 but was: <2.0>
[INFO] [stdout] 
[INFO] [stdout] stack backtrace:
[INFO] [stdout]    0:     0x62bb166db5ba - std::backtrace_rs::backtrace::libunwind::trace::h207520d6e9873551
[INFO] [stdout]                                at /rustc/df4ca44d3fbc9301ee17f30f4d474e6ae4b05252/library/std/src/../../backtrace/src/backtrace/libunwind.rs:116:5
[INFO] [stdout]    1:     0x62bb166db5ba - std::backtrace_rs::backtrace::trace_unsynchronized::h2ed7433f370e3eca
[INFO] [stdout]                                at /rustc/df4ca44d3fbc9301ee17f30f4d474e6ae4b05252/library/std/src/../../backtrace/src/backtrace/mod.rs:66:5
[INFO] [stdout]    2:     0x62bb166db5ba - std::sys::backtrace::_print_fmt::h916fac51166b18d7
[INFO] [stdout]                                at /rustc/df4ca44d3fbc9301ee17f30f4d474e6ae4b05252/library/std/src/sys/backtrace.rs:66:9
[INFO] [stdout]    3:     0x62bb166db5ba - <std::sys::backtrace::BacktraceLock::print::DisplayBacktrace as core::fmt::Display>::fmt::ha0a4c9b8ce3802e6
[INFO] [stdout]                                at /rustc/df4ca44d3fbc9301ee17f30f4d474e6ae4b05252/library/std/src/sys/backtrace.rs:39:26
[INFO] [stdout]    4:     0x62bb16702803 - core::fmt::rt::Argument::fmt::h4cfc8587d52b3eb5
[INFO] [stdout]                                at /rustc/df4ca44d3fbc9301ee17f30f4d474e6ae4b05252/library/core/src/fmt/rt.rs:177:76
[INFO] [stdout]    5:     0x62bb16702803 - core::fmt::write::h522cc39e5b36ae9f
[INFO] [stdout]                                at /rustc/df4ca44d3fbc9301ee17f30f4d474e6ae4b05252/library/core/src/fmt/mod.rs:1190:21
[INFO] [stdout]    6:     0x62bb166d81c3 - std::io::Write::write_fmt::h7d3c26752da97734
[INFO] [stdout]                                at /rustc/df4ca44d3fbc9301ee17f30f4d474e6ae4b05252/library/std/src/io/mod.rs:1839:15
[INFO] [stdout]    7:     0x62bb166db402 - std::sys::backtrace::BacktraceLock::print::h4b9e00b29e9c0942
[INFO] [stdout]                                at /rustc/df4ca44d3fbc9301ee17f30f4d474e6ae4b05252/library/std/src/sys/backtrace.rs:42:9
[INFO] [stdout]    8:     0x62bb166dca4a - std::panicking::default_hook::{{closure}}::hb59b88280d0324d9
[INFO] [stdout]                                at /rustc/df4ca44d3fbc9301ee17f30f4d474e6ae4b05252/library/std/src/panicking.rs:268:22
[INFO] [stdout]    9:     0x62bb166dc854 - std::panicking::default_hook::he1dd496665be4a29
[INFO] [stdout]                                at /rustc/df4ca44d3fbc9301ee17f30f4d474e6ae4b05252/library/std/src/panicking.rs:292:9
[INFO] [stdout]   10:     0x62bb166a0ea9 - <alloc::boxed::Box<F,A> as core::ops::function::Fn<Args>>::call::h4ff71de18744e1dc
[INFO] [stdout]                                at /rustc/df4ca44d3fbc9301ee17f30f4d474e6ae4b05252/library/alloc/src/boxed.rs:2468:9
[INFO] [stdout]   11:     0x62bb166a0ea9 - test::test_main::{{closure}}::hcf7c055ce117aa81
[INFO] [stdout]                                at /rustc/df4ca44d3fbc9301ee17f30f4d474e6ae4b05252/library/test/src/lib.rs:133:21
[INFO] [stdout]   12:     0x62bb166dd148 - <alloc::boxed::Box<F,A> as core::ops::function::Fn<Args>>::call::h1d66c6bbd60c9692
[INFO] [stdout]                                at /rustc/df4ca44d3fbc9301ee17f30f4d474e6ae4b05252/library/alloc/src/boxed.rs:2468:9
[INFO] [stdout]   13:     0x62bb166dd148 - std::panicking::rust_panic_with_hook::h2ff17fe8f26dfcf8
[INFO] [stdout]                                at /rustc/df4ca44d3fbc9301ee17f30f4d474e6ae4b05252/library/std/src/panicking.rs:809:13
[INFO] [stdout]   14:     0x62bb1664732b - std::panicking::begin_panic::{{closure}}::h99c9de8714470e51
[INFO] [stdout]                                at /rustc/df4ca44d3fbc9301ee17f30f4d474e6ae4b05252/library/std/src/panicking.rs:738:9
[INFO] [stdout]   15:     0x62bb166524a6 - std::sys::backtrace::__rust_end_short_backtrace::h1e0baa13a368aee1
[INFO] [stdout]                                at /rustc/df4ca44d3fbc9301ee17f30f4d474e6ae4b05252/library/std/src/sys/backtrace.rs:170:18
[INFO] [stdout]   16:     0x62bb166472ca - std::panicking::begin_panic::h73b23499108e9139
[INFO] [stdout]                                at /rustc/df4ca44d3fbc9301ee17f30f4d474e6ae4b05252/library/std/src/panicking.rs:737:5
[INFO] [stdout]   17:     0x62bb166277f3 - spectral::AssertionFailure<T>::fail::h7e4df694dc5d8e5f
[INFO] [stdout]                                at /opt/rustwide/workdir/src/lib.rs:343:9
[INFO] [stdout]   18:     0x62bb1661a0eb - <spectral::Spec<T> as spectral::numeric::FloatAssertions<T>>::is_close_to::h7d67a58f2da9914a
[INFO] [stdout]                                at /opt/rustwide/workdir/src/numeric.rs:116:13
[INFO] [stdout]   19:     0x62bb166575e2 - spectral::numeric::tests::should_panic_if_float_is_not_close_to::h620f7ef8f3d15233
[INFO] [stdout]                                at /opt/rustwide/workdir/src/numeric.rs:229:9
[INFO] [stdout]   20:     0x62bb16657597 - spectral::numeric::tests::should_panic_if_float_is_not_close_to::{{closure}}::h24f6edb41b8779aa
[INFO] [stdout]                                at /opt/rustwide/workdir/src/numeric.rs:228:47
[INFO] [stdout]   21:     0x62bb16653336 - core::ops::function::FnOnce::call_once::h567fc4bd755308d6
[INFO] [stdout]                                at /rustc/df4ca44d3fbc9301ee17f30f4d474e6ae4b05252/library/core/src/ops/function.rs:250:5
[INFO] [stdout]   22:     0x62bb166a577b - core::ops::function::FnOnce::call_once::h22c3ba5715e93f05
[INFO] [stdout]                                at /rustc/df4ca44d3fbc9301ee17f30f4d474e6ae4b05252/library/core/src/ops/function.rs:250:5
[INFO] [stdout]   23:     0x62bb166a577b - test::__rust_begin_short_backtrace::h8e82d8113d0da17f
[INFO] [stdout]                                at /rustc/df4ca44d3fbc9301ee17f30f4d474e6ae4b05252/library/test/src/lib.rs:621:18
[INFO] [stdout]   24:     0x62bb166a50f7 - test::run_test_in_process::{{closure}}::h33235f4f20b7b7c7
[INFO] [stdout]                                at /rustc/df4ca44d3fbc9301ee17f30f4d474e6ae4b05252/library/test/src/lib.rs:644:60
[INFO] [stdout]   25:     0x62bb166a50f7 - <core::panic::unwind_safe::AssertUnwindSafe<F> as core::ops::function::FnOnce<()>>::call_once::hb5043206310c586f
[INFO] [stdout]                                at /rustc/df4ca44d3fbc9301ee17f30f4d474e6ae4b05252/library/core/src/panic/unwind_safe.rs:272:9
[INFO] [stdout]   26:     0x62bb166a50f7 - std::panicking::try::do_call::h9ad4731a60ab23e2
[INFO] [stdout]                                at /rustc/df4ca44d3fbc9301ee17f30f4d474e6ae4b05252/library/std/src/panicking.rs:557:40
[INFO] [stdout]   27:     0x62bb166a50f7 - std::panicking::try::h3824d23db772a716
[INFO] [stdout]                                at /rustc/df4ca44d3fbc9301ee17f30f4d474e6ae4b05252/library/std/src/panicking.rs:520:19
[INFO] [stdout]   28:     0x62bb166a50f7 - std::panic::catch_unwind::h5afd514605fde46b
[INFO] [stdout]                                at /rustc/df4ca44d3fbc9301ee17f30f4d474e6ae4b05252/library/std/src/panic.rs:358:14
[INFO] [stdout]   29:     0x62bb166a50f7 - test::run_test_in_process::h0d5cbfa7067d1720
[INFO] [stdout]                                at /rustc/df4ca44d3fbc9301ee17f30f4d474e6ae4b05252/library/test/src/lib.rs:644:27
[INFO] [stdout]   30:     0x62bb166a50f7 - test::run_test::{{closure}}::h708eb8872708115d
[INFO] [stdout]                                at /rustc/df4ca44d3fbc9301ee17f30f4d474e6ae4b05252/library/test/src/lib.rs:565:43
[INFO] [stdout]   31:     0x62bb16668814 - test::run_test::{{closure}}::h392c51cee94713ab
[INFO] [stdout]                                at /rustc/df4ca44d3fbc9301ee17f30f4d474e6ae4b05252/library/test/src/lib.rs:595:41
[INFO] [stdout]   32:     0x62bb16668814 - std::sys::backtrace::__rust_begin_short_backtrace::h2f40290710935a8b
[INFO] [stdout]                                at /rustc/df4ca44d3fbc9301ee17f30f4d474e6ae4b05252/library/std/src/sys/backtrace.rs:154:18
[INFO] [stdout]   33:     0x62bb1666bfbe - std::thread::Builder::spawn_unchecked_::{{closure}}::{{closure}}::h3fd968d89053a903
[INFO] [stdout]                                at /rustc/df4ca44d3fbc9301ee17f30f4d474e6ae4b05252/library/std/src/thread/mod.rs:541:17
[INFO] [stdout]   34:     0x62bb1666bfbe - <core::panic::unwind_safe::AssertUnwindSafe<F> as core::ops::function::FnOnce<()>>::call_once::h743f637ba4229880
[INFO] [stdout]                                at /rustc/df4ca44d3fbc9301ee17f30f4d474e6ae4b05252/library/core/src/panic/unwind_safe.rs:272:9
[INFO] [stdout]   35:     0x62bb1666bfbe - std::panicking::try::do_call::h07440897322525a6
[INFO] [stdout]                                at /rustc/df4ca44d3fbc9301ee17f30f4d474e6ae4b05252/library/std/src/panicking.rs:557:40
[INFO] [stdout]   36:     0x62bb1666bfbe - std::panicking::try::he5a2e00188156637
[INFO] [stdout]                                at /rustc/df4ca44d3fbc9301ee17f30f4d474e6ae4b05252/library/std/src/panicking.rs:520:19
[INFO] [stdout]   37:     0x62bb1666bfbe - std::panic::catch_unwind::hbaf3cae49b3c6433
[INFO] [stdout]                                at /rustc/df4ca44d3fbc9301ee17f30f4d474e6ae4b05252/library/std/src/panic.rs:358:14
[INFO] [stdout]   38:     0x62bb1666bfbe - std::thread::Builder::spawn_unchecked_::{{closure}}::h8e141ea224820bce
[INFO] [stdout]                                at /rustc/df4ca44d3fbc9301ee17f30f4d474e6ae4b05252/library/std/src/thread/mod.rs:540:30
[INFO] [stdout]   39:     0x62bb1666bfbe - core::ops::function::FnOnce::call_once{{vtable.shim}}::h90d312fedd7b8ea8
[INFO] [stdout]                                at /rustc/df4ca44d3fbc9301ee17f30f4d474e6ae4b05252/library/core/src/ops/function.rs:250:5
[INFO] [stdout]   40:     0x62bb166e0f3b - <alloc::boxed::Box<F,A> as core::ops::function::FnOnce<Args>>::call_once::h69aa08ddb6adb8b6
[INFO] [stdout]                                at /rustc/df4ca44d3fbc9301ee17f30f4d474e6ae4b05252/library/alloc/src/boxed.rs:2454:9
[INFO] [stdout]   41:     0x62bb166e0f3b - <alloc::boxed::Box<F,A> as core::ops::function::FnOnce<Args>>::call_once::h5aa36efdb79c806f
[INFO] [stdout]                                at /rustc/df4ca44d3fbc9301ee17f30f4d474e6ae4b05252/library/alloc/src/boxed.rs:2454:9
[INFO] [stdout]   42:     0x62bb166e0f3b - std::sys::pal::unix::thread::Thread::new::thread_start::h6cd80a1b4be5158d
[INFO] [stdout]                                at /rustc/df4ca44d3fbc9301ee17f30f4d474e6ae4b05252/library/std/src/sys/pal/unix/thread.rs:105:17
[INFO] [stdout]   43:     0x760d6fa67ac3 - <unknown>
[INFO] [stdout]   44:     0x760d6faf8a04 - clone
[INFO] [stdout]   45:                0x0 - <unknown>
[INFO] [stdout] note: panic did not contain expected string
[INFO] [stdout]       panic message: `"\n\texpected: float close to <1.0> (tolerance of <0.01>)\n\t but was: <2.0>\n"`,
[INFO] [stdout]  expected substring: `"\n\texpected: float close to <1> (tolerance of <0.01>)\n\t but was: <2>"`
[INFO] [stdout] 
[INFO] [stdout] failures:
[INFO] [stdout]     numeric::tests::should_panic_if_float_is_infinity
[INFO] [stdout]     numeric::tests::should_panic_if_float_is_nan
[INFO] [stdout]     numeric::tests::should_panic_if_float_is_negative_infinity
[INFO] [stdout]     numeric::tests::should_panic_if_float_is_not_close_to
[INFO] [stdout] 
[INFO] [stdout] test result: FAILED. 149 passed; 4 failed; 0 ignored; 0 measured; 0 filtered out; finished in 0.03s
[INFO] [stdout] 
[INFO] [stderr] error: test failed, to rerun pass `--lib`
[INFO] running `Command { std: "docker" "inspect" "265d161ddbc31e02ac8025fa9929e6629625fb633a37d931d84121fbea9f15d3", kill_on_drop: false }`
[INFO] running `Command { std: "docker" "rm" "-f" "265d161ddbc31e02ac8025fa9929e6629625fb633a37d931d84121fbea9f15d3", kill_on_drop: false }`
[INFO] [stdout] 265d161ddbc31e02ac8025fa9929e6629625fb633a37d931d84121fbea9f15d3
