[INFO] fetching crate spectacles-gateway 0.3.0...
[INFO] testing spectacles-gateway-0.3.0 against nightly-2024-10-28 for randomize-layout
[INFO] extracting crate spectacles-gateway 0.3.0 into /workspace/builds/worker-5-tc1/source
[INFO] validating manifest of crates.io crate spectacles-gateway 0.3.0 on toolchain nightly-2024-10-28
[INFO] running `Command { std: CARGO_HOME="/workspace/cargo-home" RUSTUP_HOME="/workspace/rustup-home" "/workspace/cargo-home/bin/cargo" "+nightly-2024-10-28" "metadata" "--manifest-path" "Cargo.toml" "--no-deps", kill_on_drop: false }`
[INFO] started tweaking crates.io crate spectacles-gateway 0.3.0
[INFO] finished tweaking crates.io crate spectacles-gateway 0.3.0
[INFO] tweaked toml for crates.io crate spectacles-gateway 0.3.0 written to /workspace/builds/worker-5-tc1/source/Cargo.toml
[INFO] running `Command { std: CARGO_HOME="/workspace/cargo-home" RUSTUP_HOME="/workspace/rustup-home" "/workspace/cargo-home/bin/cargo" "+nightly-2024-10-28" "generate-lockfile" "--manifest-path" "Cargo.toml", kill_on_drop: false }`
[INFO] [stderr]     Updating crates.io index
[INFO] [stderr]      Locking 212 packages to latest compatible versions
[INFO] [stderr]       Adding futures v0.1.31 (available: v0.3.31)
[INFO] [stderr]       Adding hashbrown v0.1.8 (available: v0.15.0)
[INFO] [stderr]       Adding parking_lot v0.7.1 (available: v0.12.3)
[INFO] [stderr]       Adding reqwest v0.9.24 (available: v0.12.9)
[INFO] [stderr]       Adding tokio v0.1.22 (available: v1.41.0)
[INFO] [stderr]       Adding tokio-tls v0.2.1 (available: v0.3.1)
[INFO] [stderr]       Adding tokio-tungstenite v0.6.0 (available: v0.24.0)
[INFO] [stderr]       Adding url v1.7.2 (available: v2.5.2)
[INFO] [stderr]       Adding wasi v0.10.0+wasi-snapshot-preview1 (available: v0.10.2+wasi-snapshot-preview1)
[INFO] running `Command { std: CARGO_HOME="/workspace/cargo-home" RUSTUP_HOME="/workspace/rustup-home" "/workspace/cargo-home/bin/cargo" "+nightly-2024-10-28" "fetch" "--manifest-path" "Cargo.toml", kill_on_drop: false }`
[INFO] [stderr]  Downloading crates ...
[INFO] [stderr]   Downloaded tokio-tungstenite v0.6.0
[INFO] [stderr]   Downloaded tungstenite v0.6.1
[INFO] [stderr]   Downloaded spectacles-model v0.2.0
[INFO] [stderr]   Downloaded tokio-dns-unofficial v0.3.1
[INFO] running `Command { std: "docker" "create" "-v" "/var/lib/crater-agent-workspace/builds/worker-5-tc1/target:/opt/rustwide/target:rw,Z" "-v" "/var/lib/crater-agent-workspace/builds/worker-5-tc1/source:/opt/rustwide/workdir:ro,Z" "-v" "/var/lib/crater-agent-workspace/cargo-home:/opt/rustwide/cargo-home:ro,Z" "-v" "/var/lib/crater-agent-workspace/rustup-home:/opt/rustwide/rustup-home:ro,Z" "-e" "SOURCE_DIR=/opt/rustwide/workdir" "-e" "CARGO_TARGET_DIR=/opt/rustwide/target" "-e" "CARGO_HOME=/opt/rustwide/cargo-home" "-e" "RUSTUP_HOME=/opt/rustwide/rustup-home" "-w" "/opt/rustwide/workdir" "-m" "1610612736" "--user" "0:0" "--network" "none" "ghcr.io/rust-lang/crates-build-env/linux@sha256:4a844ea9eb2546a2d2c7022eacef16ef2e8229c7fbb2c7d4d55a9ceca922f72d" "/opt/rustwide/cargo-home/bin/cargo" "+nightly-2024-10-28" "metadata" "--no-deps" "--format-version=1", kill_on_drop: false }`
[INFO] [stdout] be865b3ae346b513ebf726a4f1a70aace68ea25d173b3196821a88aeb6213d71
[INFO] running `Command { std: "docker" "start" "-a" "be865b3ae346b513ebf726a4f1a70aace68ea25d173b3196821a88aeb6213d71", kill_on_drop: false }`
[INFO] running `Command { std: "docker" "inspect" "be865b3ae346b513ebf726a4f1a70aace68ea25d173b3196821a88aeb6213d71", kill_on_drop: false }`
[INFO] running `Command { std: "docker" "rm" "-f" "be865b3ae346b513ebf726a4f1a70aace68ea25d173b3196821a88aeb6213d71", kill_on_drop: false }`
[INFO] [stdout] be865b3ae346b513ebf726a4f1a70aace68ea25d173b3196821a88aeb6213d71
[INFO] running `Command { std: "docker" "create" "-v" "/var/lib/crater-agent-workspace/builds/worker-5-tc1/target:/opt/rustwide/target:rw,Z" "-v" "/var/lib/crater-agent-workspace/builds/worker-5-tc1/source:/opt/rustwide/workdir:ro,Z" "-v" "/var/lib/crater-agent-workspace/cargo-home:/opt/rustwide/cargo-home:ro,Z" "-v" "/var/lib/crater-agent-workspace/rustup-home:/opt/rustwide/rustup-home:ro,Z" "-e" "SOURCE_DIR=/opt/rustwide/workdir" "-e" "CARGO_TARGET_DIR=/opt/rustwide/target" "-e" "CARGO_INCREMENTAL=0" "-e" "RUST_BACKTRACE=full" "-e" "RUSTFLAGS=--cap-lints=forbid" "-e" "RUSTDOCFLAGS=--cap-lints=forbid" "-e" "CARGO_HOME=/opt/rustwide/cargo-home" "-e" "RUSTUP_HOME=/opt/rustwide/rustup-home" "-w" "/opt/rustwide/workdir" "-m" "1610612736" "--user" "0:0" "--network" "none" "ghcr.io/rust-lang/crates-build-env/linux@sha256:4a844ea9eb2546a2d2c7022eacef16ef2e8229c7fbb2c7d4d55a9ceca922f72d" "/opt/rustwide/cargo-home/bin/cargo" "+nightly-2024-10-28" "build" "--frozen" "--message-format=json", kill_on_drop: false }`
[INFO] [stdout] 158a5cc1b796547a60cab3ddae06ba23e5e504727b7166951c7686acef69c03a
[INFO] running `Command { std: "docker" "start" "-a" "158a5cc1b796547a60cab3ddae06ba23e5e504727b7166951c7686acef69c03a", kill_on_drop: false }`
[INFO] [stderr]    Compiling autocfg v1.4.0
[INFO] [stderr]    Compiling libc v0.2.161
[INFO] [stderr]    Compiling cfg-if v0.1.10
[INFO] [stderr]    Compiling byteorder v1.5.0
[INFO] [stderr]    Compiling futures v0.1.31
[INFO] [stderr]    Compiling semver-parser v0.7.0
[INFO] [stderr]    Compiling proc-macro2 v1.0.89
[INFO] [stderr]    Compiling log v0.4.22
[INFO] [stderr]    Compiling maybe-uninit v2.0.0
[INFO] [stderr]    Compiling either v1.13.0
[INFO] [stderr]    Compiling unicode-ident v1.0.13
[INFO] [stderr]    Compiling lazy_static v1.5.0
[INFO] [stderr]    Compiling scopeguard v1.2.0
[INFO] [stderr]    Compiling rand_core v0.4.2
[INFO] [stderr]    Compiling fnv v1.0.7
[INFO] [stderr]    Compiling tinyvec_macros v0.1.1
[INFO] [stderr]    Compiling cfg-if v1.0.0
[INFO] [stderr]    Compiling shlex v1.3.0
[INFO] [stderr]    Compiling tinyvec v1.8.0
[INFO] [stderr]    Compiling unicode-bidi v0.3.17
[INFO] [stderr]    Compiling vcpkg v0.2.15
[INFO] [stderr]    Compiling lock_api v0.3.4
[INFO] [stderr]    Compiling pkg-config v0.3.31
[INFO] [stderr]    Compiling semver v0.9.0
[INFO] [stderr]    Compiling autocfg v0.1.8
[INFO] [stderr]    Compiling cc v1.1.31
[INFO] [stderr]    Compiling rand_core v0.3.1
[INFO] [stderr]    Compiling matches v0.1.10
[INFO] [stderr]    Compiling typenum v1.17.0
[INFO] [stderr]    Compiling serde v1.0.214
[INFO] [stderr]    Compiling openssl v0.10.68
[INFO] [stderr]    Compiling foreign-types-shared v0.1.1
[INFO] [stderr]    Compiling httparse v1.9.5
[INFO] [stderr]    Compiling smallvec v0.6.14
[INFO] [stderr]    Compiling foreign-types v0.3.2
[INFO] [stderr]    Compiling once_cell v1.20.2
[INFO] [stderr]    Compiling syn v1.0.109
[INFO] [stderr]    Compiling crossbeam-utils v0.7.2
[INFO] [stderr]    Compiling slab v0.4.9
[INFO] [stderr]    Compiling rustc_version v0.2.3
[INFO] [stderr]    Compiling memoffset v0.5.6
[INFO] [stderr]    Compiling crossbeam-epoch v0.8.2
[INFO] [stderr]    Compiling rand_chacha v0.1.1
[INFO] [stderr]    Compiling rand_pcg v0.1.2
[INFO] [stderr]    Compiling bitflags v2.6.0
[INFO] [stderr]    Compiling memchr v2.7.4
[INFO] [stderr]    Compiling parking_lot_core v0.6.3
[INFO] [stderr]    Compiling parking_lot v0.9.0
[INFO] [stderr]    Compiling quote v1.0.37
[INFO] [stderr]    Compiling itoa v0.4.8
[INFO] [stderr]    Compiling native-tls v0.2.12
[INFO] [stderr]    Compiling percent-encoding v1.0.1
[INFO] [stderr]    Compiling unicode-normalization v0.1.24
[INFO] [stderr]    Compiling rand v0.6.5
[INFO] [stderr]    Compiling indexmap v1.9.3
[INFO] [stderr]    Compiling openssl-probe v0.1.5
[INFO] [stderr]    Compiling adler2 v2.0.0
[INFO] [stderr]    Compiling syn v2.0.86
[INFO] [stderr]    Compiling miniz_oxide v0.8.0
[INFO] [stderr]    Compiling rand_isaac v0.1.1
[INFO] [stderr]    Compiling rand_hc v0.1.0
[INFO] [stderr]    Compiling rand_xorshift v0.1.1
[INFO] [stderr]    Compiling rand_jitter v0.1.4
[INFO] [stderr]    Compiling unicode-xid v0.2.6
[INFO] [stderr]    Compiling tokio-sync v0.1.8
[INFO] [stderr]    Compiling tokio-executor v0.1.10
[INFO] [stderr]    Compiling crossbeam-queue v0.2.3
[INFO] [stderr]    Compiling idna v0.1.5
[INFO] [stderr]    Compiling tokio-current-thread v0.1.7
[INFO] [stderr]    Compiling tokio-timer v0.2.13
[INFO] [stderr]    Compiling failure_derive v0.1.8
[INFO] [stderr]    Compiling generic-array v0.12.4
[INFO] [stderr]    Compiling crossbeam-deque v0.7.4
[INFO] [stderr]    Compiling gimli v0.31.1
[INFO] [stderr]    Compiling hashbrown v0.12.3
[INFO] [stderr]    Compiling openssl-sys v0.9.104
[INFO] [stderr]    Compiling serde_json v1.0.132
[INFO] [stderr]    Compiling percent-encoding v2.3.1
[INFO] [stderr]    Compiling byte-tools v0.3.1
[INFO] [stderr]    Compiling block-padding v0.1.5
[INFO] [stderr]    Compiling idna v0.5.0
[INFO] [stderr]    Compiling object v0.36.5
[INFO] [stderr]    Compiling form_urlencoded v1.2.1
[INFO] [stderr]    Compiling hyper v0.12.36
[INFO] [stderr]    Compiling num-traits v0.2.19
[INFO] [stderr]    Compiling try-lock v0.2.5
[INFO] [stderr]    Compiling url v1.7.2
[INFO] [stderr]    Compiling unicase v2.8.0
[INFO] [stderr]    Compiling ryu v1.0.18
[INFO] [stderr]    Compiling rustc-demangle v0.1.24
[INFO] [stderr]    Compiling iovec v0.1.4
[INFO] [stderr]    Compiling num_cpus v1.16.0
[INFO] [stderr]    Compiling net2 v0.2.39
[INFO] [stderr]    Compiling bytes v0.4.12
[INFO] [stderr]    Compiling tokio-threadpool v0.1.18
[INFO] [stderr]    Compiling mio v0.6.23
[INFO] [stderr]    Compiling futures-cpupool v0.1.8
[INFO] [stderr]    Compiling time v0.1.45
[INFO] [stderr]    Compiling tokio-io v0.1.13
[INFO] [stderr]    Compiling http v0.1.21
[INFO] [stderr]    Compiling rand_os v0.1.3
[INFO] [stderr]    Compiling string v0.2.1
[INFO] [stderr]    Compiling mio-uds v0.6.8
[INFO] [stderr]    Compiling tokio-buf v0.1.1
[INFO] [stderr]    Compiling tokio-reactor v0.1.12
[INFO] [stderr]    Compiling tokio-codec v0.1.2
[INFO] [stderr]    Compiling tokio-fs v0.1.7
[INFO] [stderr]    Compiling itoa v1.0.11
[INFO] [stderr]    Compiling url v2.5.2
[INFO] [stderr]    Compiling mime_guess v2.0.5
[INFO] [stderr]    Compiling want v0.2.0
[INFO] [stderr]    Compiling block-buffer v0.7.3
[INFO] [stderr]    Compiling tokio-tcp v0.1.4
[INFO] [stderr]    Compiling tokio-udp v0.1.6
[INFO] [stderr]    Compiling tokio-uds v0.2.7
[INFO] [stderr]    Compiling digest v0.8.1
[INFO] [stderr]    Compiling idna v0.2.3
[INFO] [stderr]    Compiling parking_lot_core v0.4.0
[INFO] [stderr]    Compiling base64 v0.10.1
[INFO] [stderr]    Compiling fake-simd v0.1.2
[INFO] [stderr]    Compiling synstructure v0.12.6
[INFO] [stderr]    Compiling scopeguard v0.3.3
[INFO] [stderr]    Compiling opaque-debug v0.2.3
[INFO] [stderr]    Compiling stable_deref_trait v1.2.0
[INFO] [stderr]    Compiling sha-1 v0.8.2
[INFO] [stderr]    Compiling cookie v0.12.0
[INFO] [stderr]    Compiling owning_ref v0.4.1
[INFO] [stderr]    Compiling tokio v0.1.22
[INFO] [stderr]    Compiling input_buffer v0.2.0
[INFO] [stderr]    Compiling rand v0.5.6
[INFO] [stderr]    Compiling publicsuffix v1.5.6
[INFO] [stderr]    Compiling crc32fast v1.4.2
[INFO] [stderr]    Compiling try_from v0.3.2
[INFO] [stderr]    Compiling mime v0.3.17
[INFO] [stderr]    Compiling dtoa v0.4.8
[INFO] [stderr]    Compiling utf-8 v0.7.6
[INFO] [stderr]    Compiling iana-time-zone v0.1.61
[INFO] [stderr]    Compiling tokio-dns-unofficial v0.3.1
[INFO] [stderr]    Compiling addr2line v0.24.2
[INFO] [stderr]    Compiling flate2 v1.0.34
[INFO] [stderr]    Compiling lock_api v0.1.5
[INFO] [stderr]    Compiling uuid v0.7.4
[INFO] [stderr]    Compiling encoding_rs v0.8.35
[INFO] [stderr]    Compiling tokio-dns-unofficial v0.4.0
[INFO] [stderr]    Compiling hashbrown v0.1.8
[INFO] [stderr]    Compiling h2 v0.1.26
[INFO] [stderr]    Compiling http-body v0.1.0
[INFO] [stderr]    Compiling parking_lot v0.7.1
[INFO] [stderr]    Compiling openssl-macros v0.1.1
[INFO] [stderr]    Compiling serde_derive v1.0.214
[INFO] [stderr]    Compiling serde_repr v0.1.19
[INFO] [stderr]    Compiling backtrace v0.3.74
[INFO] [stderr]    Compiling failure v0.1.8
[INFO] [stderr]    Compiling tokio-tls v0.2.1
[INFO] [stderr]    Compiling tungstenite v0.6.1
[INFO] [stderr]    Compiling hyper-tls v0.3.2
[INFO] [stderr]    Compiling tokio-tungstenite v0.6.0
[INFO] [stderr]    Compiling serde_urlencoded v0.5.5
[INFO] [stderr]    Compiling chrono v0.4.38
[INFO] [stderr]    Compiling cookie_store v0.7.0
[INFO] [stderr]    Compiling reqwest v0.9.24
[INFO] [stderr]    Compiling spectacles-model v0.2.0
[INFO] [stderr]    Compiling spectacles-gateway v0.3.0 (/opt/rustwide/workdir)
[INFO] [stdout] warning: trait objects without an explicit `dyn` are deprecated
[INFO] [stdout]    --> src/shard.rs:191:44
[INFO] [stdout]     |
[INFO] [stdout] 191 |     pub fn autoreconnect(&mut self) -> Box<Future<Item = (), Error = Error> + Send>{
[INFO] [stdout]     |                                            ^^^^^^^^^^^^^^^^^^^^^^^^^^^^^^^^^^^^^^^
[INFO] [stdout]     |
[INFO] [stdout]     = warning: this is accepted in the current edition (Rust 2018) but is a hard error in Rust 2021!
[INFO] [stdout]     = note: for more information, see <https://doc.rust-lang.org/nightly/edition-guide/rust-2021/warnings-promoted-to-error.html>
[INFO] [stdout]     = note: `#[warn(bare_trait_objects)]` on by default
[INFO] [stdout] help: if this is a dyn-compatible trait, use `dyn`
[INFO] [stdout]     |
[INFO] [stdout] 191 |     pub fn autoreconnect(&mut self) -> Box<dyn Future<Item = (), Error = Error> + Send>{
[INFO] [stdout]     |                                            +++
[INFO] [stdout] 
[INFO] [stdout] 
[INFO] [stdout] warning: trait objects without an explicit `dyn` are deprecated
[INFO] [stdout]   --> src/queue.rs:69:53
[INFO] [stdout]    |
[INFO] [stdout] 69 |     fn push_back(&mut self, shard_id: usize) -> Box<Future<Item = (), Error = Self::Error> + Send>;
[INFO] [stdout]    |                                                     ^^^^^^^^^^^^^^^^^^^^^^^^^^^^^^^^^^^^^^^^^^^^^
[INFO] [stdout]    |
[INFO] [stdout]    = warning: this is accepted in the current edition (Rust 2018) but is a hard error in Rust 2021!
[INFO] [stdout]    = note: for more information, see <https://doc.rust-lang.org/nightly/edition-guide/rust-2021/warnings-promoted-to-error.html>
[INFO] [stdout] help: if this is a dyn-compatible trait, use `dyn`
[INFO] [stdout]    |
[INFO] [stdout] 69 |     fn push_back(&mut self, shard_id: usize) -> Box<dyn Future<Item = (), Error = Self::Error> + Send>;
[INFO] [stdout]    |                                                     +++
[INFO] [stdout] 
[INFO] [stdout] 
[INFO] [stdout] warning: trait objects without an explicit `dyn` are deprecated
[INFO] [stdout]   --> src/queue.rs:70:36
[INFO] [stdout]    |
[INFO] [stdout] 70 |     fn pop_front(&mut self) -> Box<Future<Item = Option<usize>, Error = Self::Error> + Send>;
[INFO] [stdout]    |                                    ^^^^^^^^^^^^^^^^^^^^^^^^^^^^^^^^^^^^^^^^^^^^^^^^^^^^^^^^
[INFO] [stdout]    |
[INFO] [stdout]    = warning: this is accepted in the current edition (Rust 2018) but is a hard error in Rust 2021!
[INFO] [stdout]    = note: for more information, see <https://doc.rust-lang.org/nightly/edition-guide/rust-2021/warnings-promoted-to-error.html>
[INFO] [stdout] help: if this is a dyn-compatible trait, use `dyn`
[INFO] [stdout]    |
[INFO] [stdout] 70 |     fn pop_front(&mut self) -> Box<dyn Future<Item = Option<usize>, Error = Self::Error> + Send>;
[INFO] [stdout]    |                                    +++
[INFO] [stdout] 
[INFO] [stdout] 
[INFO] [stdout] warning: use of deprecated method `std::error::Error::description`: use the Display impl or to_string()
[INFO] [stdout]   --> src/errors.rs:34:26
[INFO] [stdout]    |
[INFO] [stdout] 34 |         f.write_str(self.description())
[INFO] [stdout]    |                          ^^^^^^^^^^^
[INFO] [stdout]    |
[INFO] [stdout]    = note: `#[warn(deprecated)]` on by default
[INFO] [stdout] 
[INFO] [stdout] 
[INFO] [stdout] warning: use of deprecated method `std::error::Error::description`: use the Display impl or to_string()
[INFO] [stdout]   --> src/errors.rs:41:36
[INFO] [stdout]    |
[INFO] [stdout] 41 |             Error::Reqwest(e) => e.description(),
[INFO] [stdout]    |                                    ^^^^^^^^^^^
[INFO] [stdout] 
[INFO] [stdout] 
[INFO] [stdout] warning: use of deprecated method `std::error::Error::description`: use the Display impl or to_string()
[INFO] [stdout]   --> src/errors.rs:42:34
[INFO] [stdout]    |
[INFO] [stdout] 42 |             Error::Timer(e) => e.description(),
[INFO] [stdout]    |                                  ^^^^^^^^^^^
[INFO] [stdout] 
[INFO] [stdout] 
[INFO] [stdout] warning: use of deprecated method `std::error::Error::description`: use the Display impl or to_string()
[INFO] [stdout]   --> src/errors.rs:43:40
[INFO] [stdout]    |
[INFO] [stdout] 43 |             Error::Tungstenite(e) => e.description(),
[INFO] [stdout]    |                                        ^^^^^^^^^^^
[INFO] [stdout] 
[INFO] [stdout] 
[INFO] [stdout] warning: use of deprecated method `std::error::Error::description`: use the Display impl or to_string()
[INFO] [stdout]   --> src/errors.rs:44:31
[INFO] [stdout]    |
[INFO] [stdout] 44 |             Error::Io(e) => e.description(),
[INFO] [stdout]    |                               ^^^^^^^^^^^
[INFO] [stdout] 
[INFO] [stdout] 
[INFO] [stdout] warning: use of deprecated method `std::error::Error::description`: use the Display impl or to_string()
[INFO] [stdout]   --> src/errors.rs:45:44
[INFO] [stdout]    |
[INFO] [stdout] 45 |             Error::TungsteniteSend(e) => e.description(),
[INFO] [stdout]    |                                            ^^^^^^^^^^^
[INFO] [stdout] 
[INFO] [stdout] 
[INFO] [stdout] warning: use of deprecated method `std::error::Error::description`: use the Display impl or to_string()
[INFO] [stdout]   --> src/errors.rs:46:33
[INFO] [stdout]    |
[INFO] [stdout] 46 |             Error::Json(e) => e.description(),
[INFO] [stdout]    |                                 ^^^^^^^^^^^
[INFO] [stdout] 
[INFO] [stdout] 
[INFO] [stdout] warning: use of deprecated method `std::error::Error::description`: use the Display impl or to_string()
[INFO] [stdout]   --> src/queue.rs:61:56
[INFO] [stdout]    |
[INFO] [stdout] 61 |             MessageSinkError::MpscSend(ref err) => err.description(),
[INFO] [stdout]    |                                                        ^^^^^^^^^^^
[INFO] [stdout] 
[INFO] [stdout] 
[INFO] [stdout] warning: use of deprecated method `std::error::Error::description`: use the Display impl or to_string()
[INFO] [stdout]   --> src/queue.rs:62:59
[INFO] [stdout]    |
[INFO] [stdout] 62 |             MessageSinkError::Tungstenite(ref err) => err.description(),
[INFO] [stdout]    |                                                           ^^^^^^^^^^^
[INFO] [stdout] 
[INFO] [stdout] 
[INFO] [stdout] warning: trait `ReconnectQueue` is never used
[INFO] [stdout]   --> src/queue.rs:67:11
[INFO] [stdout]    |
[INFO] [stdout] 67 | pub trait ReconnectQueue {
[INFO] [stdout]    |           ^^^^^^^^^^^^^^
[INFO] [stdout]    |
[INFO] [stdout]    = note: `#[warn(dead_code)]` on by default
[INFO] [stdout] 
[INFO] [stdout] 
[INFO] [stderr]     Finished `dev` profile [unoptimized + debuginfo] target(s) in 20.14s
[INFO] running `Command { std: "docker" "inspect" "158a5cc1b796547a60cab3ddae06ba23e5e504727b7166951c7686acef69c03a", kill_on_drop: false }`
[INFO] running `Command { std: "docker" "rm" "-f" "158a5cc1b796547a60cab3ddae06ba23e5e504727b7166951c7686acef69c03a", kill_on_drop: false }`
[INFO] [stdout] 158a5cc1b796547a60cab3ddae06ba23e5e504727b7166951c7686acef69c03a
[INFO] running `Command { std: "docker" "create" "-v" "/var/lib/crater-agent-workspace/builds/worker-5-tc1/target:/opt/rustwide/target:rw,Z" "-v" "/var/lib/crater-agent-workspace/builds/worker-5-tc1/source:/opt/rustwide/workdir:ro,Z" "-v" "/var/lib/crater-agent-workspace/cargo-home:/opt/rustwide/cargo-home:ro,Z" "-v" "/var/lib/crater-agent-workspace/rustup-home:/opt/rustwide/rustup-home:ro,Z" "-e" "SOURCE_DIR=/opt/rustwide/workdir" "-e" "CARGO_TARGET_DIR=/opt/rustwide/target" "-e" "CARGO_INCREMENTAL=0" "-e" "RUST_BACKTRACE=full" "-e" "RUSTFLAGS=--cap-lints=forbid" "-e" "RUSTDOCFLAGS=--cap-lints=forbid" "-e" "CARGO_HOME=/opt/rustwide/cargo-home" "-e" "RUSTUP_HOME=/opt/rustwide/rustup-home" "-w" "/opt/rustwide/workdir" "-m" "1610612736" "--user" "0:0" "--network" "none" "ghcr.io/rust-lang/crates-build-env/linux@sha256:4a844ea9eb2546a2d2c7022eacef16ef2e8229c7fbb2c7d4d55a9ceca922f72d" "/opt/rustwide/cargo-home/bin/cargo" "+nightly-2024-10-28" "test" "--frozen" "--no-run" "--message-format=json", kill_on_drop: false }`
[INFO] [stdout] 5ca6b17c34cd96124513cfc0809f0ab0d5166d54c87ff6c856e0aa68e7c152f6
[INFO] running `Command { std: "docker" "start" "-a" "5ca6b17c34cd96124513cfc0809f0ab0d5166d54c87ff6c856e0aa68e7c152f6", kill_on_drop: false }`
[INFO] [stdout] warning: trait objects without an explicit `dyn` are deprecated
[INFO] [stdout]    --> src/shard.rs:191:44
[INFO] [stdout]     |
[INFO] [stdout] 191 |     pub fn autoreconnect(&mut self) -> Box<Future<Item = (), Error = Error> + Send>{
[INFO] [stdout]     |                                            ^^^^^^^^^^^^^^^^^^^^^^^^^^^^^^^^^^^^^^^
[INFO] [stdout]     |
[INFO] [stdout]     = warning: this is accepted in the current edition (Rust 2018) but is a hard error in Rust 2021!
[INFO] [stdout]     = note: for more information, see <https://doc.rust-lang.org/nightly/edition-guide/rust-2021/warnings-promoted-to-error.html>
[INFO] [stdout]     = note: `#[warn(bare_trait_objects)]` on by default
[INFO] [stdout] help: if this is a dyn-compatible trait, use `dyn`
[INFO] [stdout]     |
[INFO] [stdout] 191 |     pub fn autoreconnect(&mut self) -> Box<dyn Future<Item = (), Error = Error> + Send>{
[INFO] [stdout]     |                                            +++
[INFO] [stdout] 
[INFO] [stdout] 
[INFO] [stdout] warning: trait objects without an explicit `dyn` are deprecated
[INFO] [stdout]   --> src/queue.rs:69:53
[INFO] [stdout]    |
[INFO] [stdout] 69 |     fn push_back(&mut self, shard_id: usize) -> Box<Future<Item = (), Error = Self::Error> + Send>;
[INFO] [stdout]    |                                                     ^^^^^^^^^^^^^^^^^^^^^^^^^^^^^^^^^^^^^^^^^^^^^
[INFO] [stdout]    |
[INFO] [stdout]    = warning: this is accepted in the current edition (Rust 2018) but is a hard error in Rust 2021!
[INFO] [stdout]    = note: for more information, see <https://doc.rust-lang.org/nightly/edition-guide/rust-2021/warnings-promoted-to-error.html>
[INFO] [stdout] help: if this is a dyn-compatible trait, use `dyn`
[INFO] [stdout]    |
[INFO] [stdout] 69 |     fn push_back(&mut self, shard_id: usize) -> Box<dyn Future<Item = (), Error = Self::Error> + Send>;
[INFO] [stdout]    |                                                     +++
[INFO] [stdout] 
[INFO] [stdout] 
[INFO] [stdout] warning: trait objects without an explicit `dyn` are deprecated
[INFO] [stdout]   --> src/queue.rs:70:36
[INFO] [stdout]    |
[INFO] [stdout] 70 |     fn pop_front(&mut self) -> Box<Future<Item = Option<usize>, Error = Self::Error> + Send>;
[INFO] [stdout]    |                                    ^^^^^^^^^^^^^^^^^^^^^^^^^^^^^^^^^^^^^^^^^^^^^^^^^^^^^^^^
[INFO] [stdout]    |
[INFO] [stdout]    = warning: this is accepted in the current edition (Rust 2018) but is a hard error in Rust 2021!
[INFO] [stdout]    = note: for more information, see <https://doc.rust-lang.org/nightly/edition-guide/rust-2021/warnings-promoted-to-error.html>
[INFO] [stdout] help: if this is a dyn-compatible trait, use `dyn`
[INFO] [stdout]    |
[INFO] [stdout] 70 |     fn pop_front(&mut self) -> Box<dyn Future<Item = Option<usize>, Error = Self::Error> + Send>;
[INFO] [stdout]    |                                    +++
[INFO] [stdout] 
[INFO] [stdout] 
[INFO] [stdout] warning: use of deprecated method `std::error::Error::description`: use the Display impl or to_string()
[INFO] [stdout]   --> src/errors.rs:34:26
[INFO] [stdout]    |
[INFO] [stdout] 34 |         f.write_str(self.description())
[INFO] [stdout]    |                          ^^^^^^^^^^^
[INFO] [stdout]    |
[INFO] [stdout]    = note: `#[warn(deprecated)]` on by default
[INFO] [stdout] 
[INFO] [stdout] 
[INFO] [stdout] warning: use of deprecated method `std::error::Error::description`: use the Display impl or to_string()
[INFO] [stdout]   --> src/errors.rs:41:36
[INFO] [stdout]    |
[INFO] [stdout] 41 |             Error::Reqwest(e) => e.description(),
[INFO] [stdout]    |                                    ^^^^^^^^^^^
[INFO] [stdout] 
[INFO] [stdout] 
[INFO] [stdout] warning: use of deprecated method `std::error::Error::description`: use the Display impl or to_string()
[INFO] [stdout]   --> src/errors.rs:42:34
[INFO] [stdout]    |
[INFO] [stdout] 42 |             Error::Timer(e) => e.description(),
[INFO] [stdout]    |                                  ^^^^^^^^^^^
[INFO] [stdout] 
[INFO] [stdout] 
[INFO] [stdout] warning: use of deprecated method `std::error::Error::description`: use the Display impl or to_string()
[INFO] [stdout]   --> src/errors.rs:43:40
[INFO] [stdout]    |
[INFO] [stdout] 43 |             Error::Tungstenite(e) => e.description(),
[INFO] [stdout]    |                                        ^^^^^^^^^^^
[INFO] [stdout] 
[INFO] [stdout] 
[INFO] [stdout] warning: use of deprecated method `std::error::Error::description`: use the Display impl or to_string()
[INFO] [stdout]   --> src/errors.rs:44:31
[INFO] [stdout]    |
[INFO] [stdout] 44 |             Error::Io(e) => e.description(),
[INFO] [stdout]    |                               ^^^^^^^^^^^
[INFO] [stdout] 
[INFO] [stdout] 
[INFO] [stdout] warning: use of deprecated method `std::error::Error::description`: use the Display impl or to_string()
[INFO] [stdout]   --> src/errors.rs:45:44
[INFO] [stdout]    |
[INFO] [stdout] 45 |             Error::TungsteniteSend(e) => e.description(),
[INFO] [stdout]    |                                            ^^^^^^^^^^^
[INFO] [stdout] 
[INFO] [stdout] 
[INFO] [stderr]    Compiling spectacles-gateway v0.3.0 (/opt/rustwide/workdir)
[INFO] [stdout] warning: use of deprecated method `std::error::Error::description`: use the Display impl or to_string()
[INFO] [stdout]   --> src/errors.rs:46:33
[INFO] [stdout]    |
[INFO] [stdout] 46 |             Error::Json(e) => e.description(),
[INFO] [stdout]    |                                 ^^^^^^^^^^^
[INFO] [stdout] 
[INFO] [stdout] 
[INFO] [stdout] warning: use of deprecated method `std::error::Error::description`: use the Display impl or to_string()
[INFO] [stdout]   --> src/queue.rs:61:56
[INFO] [stdout]    |
[INFO] [stdout] 61 |             MessageSinkError::MpscSend(ref err) => err.description(),
[INFO] [stdout]    |                                                        ^^^^^^^^^^^
[INFO] [stdout] 
[INFO] [stdout] 
[INFO] [stdout] warning: use of deprecated method `std::error::Error::description`: use the Display impl or to_string()
[INFO] [stdout]   --> src/queue.rs:62:59
[INFO] [stdout]    |
[INFO] [stdout] 62 |             MessageSinkError::Tungstenite(ref err) => err.description(),
[INFO] [stdout]    |                                                           ^^^^^^^^^^^
[INFO] [stdout] 
[INFO] [stdout] 
[INFO] [stdout] warning: trait `ReconnectQueue` is never used
[INFO] [stdout]   --> src/queue.rs:67:11
[INFO] [stdout]    |
[INFO] [stdout] 67 | pub trait ReconnectQueue {
[INFO] [stdout]    |           ^^^^^^^^^^^^^^
[INFO] [stdout]    |
[INFO] [stdout]    = note: `#[warn(dead_code)]` on by default
[INFO] [stdout] 
[INFO] [stdout] 
[INFO] [stdout] warning: trait objects without an explicit `dyn` are deprecated
[INFO] [stdout]    --> src/shard.rs:191:44
[INFO] [stdout]     |
[INFO] [stdout] 191 |     pub fn autoreconnect(&mut self) -> Box<Future<Item = (), Error = Error> + Send>{
[INFO] [stdout]     |                                            ^^^^^^^^^^^^^^^^^^^^^^^^^^^^^^^^^^^^^^^
[INFO] [stdout]     |
[INFO] [stdout]     = warning: this is accepted in the current edition (Rust 2018) but is a hard error in Rust 2021!
[INFO] [stdout]     = note: for more information, see <https://doc.rust-lang.org/nightly/edition-guide/rust-2021/warnings-promoted-to-error.html>
[INFO] [stdout]     = note: `#[warn(bare_trait_objects)]` on by default
[INFO] [stdout] help: if this is a dyn-compatible trait, use `dyn`
[INFO] [stdout]     |
[INFO] [stdout] 191 |     pub fn autoreconnect(&mut self) -> Box<dyn Future<Item = (), Error = Error> + Send>{
[INFO] [stdout]     |                                            +++
[INFO] [stdout] 
[INFO] [stdout] 
[INFO] [stdout] warning: trait objects without an explicit `dyn` are deprecated
[INFO] [stdout]   --> src/queue.rs:69:53
[INFO] [stdout]    |
[INFO] [stdout] 69 |     fn push_back(&mut self, shard_id: usize) -> Box<Future<Item = (), Error = Self::Error> + Send>;
[INFO] [stdout]    |                                                     ^^^^^^^^^^^^^^^^^^^^^^^^^^^^^^^^^^^^^^^^^^^^^
[INFO] [stdout]    |
[INFO] [stdout]    = warning: this is accepted in the current edition (Rust 2018) but is a hard error in Rust 2021!
[INFO] [stdout]    = note: for more information, see <https://doc.rust-lang.org/nightly/edition-guide/rust-2021/warnings-promoted-to-error.html>
[INFO] [stdout] help: if this is a dyn-compatible trait, use `dyn`
[INFO] [stdout]    |
[INFO] [stdout] 69 |     fn push_back(&mut self, shard_id: usize) -> Box<dyn Future<Item = (), Error = Self::Error> + Send>;
[INFO] [stdout]    |                                                     +++
[INFO] [stdout] 
[INFO] [stdout] 
[INFO] [stdout] warning: trait objects without an explicit `dyn` are deprecated
[INFO] [stdout]   --> src/queue.rs:70:36
[INFO] [stdout]    |
[INFO] [stdout] 70 |     fn pop_front(&mut self) -> Box<Future<Item = Option<usize>, Error = Self::Error> + Send>;
[INFO] [stdout]    |                                    ^^^^^^^^^^^^^^^^^^^^^^^^^^^^^^^^^^^^^^^^^^^^^^^^^^^^^^^^
[INFO] [stdout]    |
[INFO] [stdout]    = warning: this is accepted in the current edition (Rust 2018) but is a hard error in Rust 2021!
[INFO] [stdout]    = note: for more information, see <https://doc.rust-lang.org/nightly/edition-guide/rust-2021/warnings-promoted-to-error.html>
[INFO] [stdout] help: if this is a dyn-compatible trait, use `dyn`
[INFO] [stdout]    |
[INFO] [stdout] 70 |     fn pop_front(&mut self) -> Box<dyn Future<Item = Option<usize>, Error = Self::Error> + Send>;
[INFO] [stdout]    |                                    +++
[INFO] [stdout] 
[INFO] [stdout] 
[INFO] [stdout] warning: use of deprecated method `std::error::Error::description`: use the Display impl or to_string()
[INFO] [stdout]   --> src/errors.rs:34:26
[INFO] [stdout]    |
[INFO] [stdout] 34 |         f.write_str(self.description())
[INFO] [stdout]    |                          ^^^^^^^^^^^
[INFO] [stdout]    |
[INFO] [stdout]    = note: `#[warn(deprecated)]` on by default
[INFO] [stdout] 
[INFO] [stdout] 
[INFO] [stdout] warning: use of deprecated method `std::error::Error::description`: use the Display impl or to_string()
[INFO] [stdout]   --> src/errors.rs:41:36
[INFO] [stdout]    |
[INFO] [stdout] 41 |             Error::Reqwest(e) => e.description(),
[INFO] [stdout]    |                                    ^^^^^^^^^^^
[INFO] [stdout] 
[INFO] [stdout] 
[INFO] [stdout] warning: use of deprecated method `std::error::Error::description`: use the Display impl or to_string()
[INFO] [stdout]   --> src/errors.rs:42:34
[INFO] [stdout]    |
[INFO] [stdout] 42 |             Error::Timer(e) => e.description(),
[INFO] [stdout]    |                                  ^^^^^^^^^^^
[INFO] [stdout] 
[INFO] [stdout] 
[INFO] [stdout] warning: use of deprecated method `std::error::Error::description`: use the Display impl or to_string()
[INFO] [stdout]   --> src/errors.rs:43:40
[INFO] [stdout]    |
[INFO] [stdout] 43 |             Error::Tungstenite(e) => e.description(),
[INFO] [stdout]    |                                        ^^^^^^^^^^^
[INFO] [stdout] 
[INFO] [stdout] 
[INFO] [stdout] warning: use of deprecated method `std::error::Error::description`: use the Display impl or to_string()
[INFO] [stdout]   --> src/errors.rs:44:31
[INFO] [stdout]    |
[INFO] [stdout] 44 |             Error::Io(e) => e.description(),
[INFO] [stdout]    |                               ^^^^^^^^^^^
[INFO] [stdout] 
[INFO] [stdout] 
[INFO] [stdout] warning: use of deprecated method `std::error::Error::description`: use the Display impl or to_string()
[INFO] [stdout]   --> src/errors.rs:45:44
[INFO] [stdout]    |
[INFO] [stdout] 45 |             Error::TungsteniteSend(e) => e.description(),
[INFO] [stdout]    |                                            ^^^^^^^^^^^
[INFO] [stdout] 
[INFO] [stdout] 
[INFO] [stdout] warning: use of deprecated method `std::error::Error::description`: use the Display impl or to_string()
[INFO] [stdout]   --> src/errors.rs:46:33
[INFO] [stdout]    |
[INFO] [stdout] 46 |             Error::Json(e) => e.description(),
[INFO] [stdout]    |                                 ^^^^^^^^^^^
[INFO] [stdout] 
[INFO] [stdout] 
[INFO] [stdout] warning: use of deprecated method `std::error::Error::description`: use the Display impl or to_string()
[INFO] [stdout]   --> src/queue.rs:61:56
[INFO] [stdout]    |
[INFO] [stdout] 61 |             MessageSinkError::MpscSend(ref err) => err.description(),
[INFO] [stdout]    |                                                        ^^^^^^^^^^^
[INFO] [stdout] 
[INFO] [stdout] 
[INFO] [stdout] warning: use of deprecated method `std::error::Error::description`: use the Display impl or to_string()
[INFO] [stdout]   --> src/queue.rs:62:59
[INFO] [stdout]    |
[INFO] [stdout] 62 |             MessageSinkError::Tungstenite(ref err) => err.description(),
[INFO] [stdout]    |                                                           ^^^^^^^^^^^
[INFO] [stdout] 
[INFO] [stdout] 
[INFO] [stdout] warning: trait `ReconnectQueue` is never used
[INFO] [stdout]   --> src/queue.rs:67:11
[INFO] [stdout]    |
[INFO] [stdout] 67 | pub trait ReconnectQueue {
[INFO] [stdout]    |           ^^^^^^^^^^^^^^
[INFO] [stdout]    |
[INFO] [stdout]    = note: `#[warn(dead_code)]` on by default
[INFO] [stdout] 
[INFO] [stdout] 
[INFO] [stderr]     Finished `test` profile [unoptimized + debuginfo] target(s) in 0.75s
[INFO] running `Command { std: "docker" "inspect" "5ca6b17c34cd96124513cfc0809f0ab0d5166d54c87ff6c856e0aa68e7c152f6", kill_on_drop: false }`
[INFO] running `Command { std: "docker" "rm" "-f" "5ca6b17c34cd96124513cfc0809f0ab0d5166d54c87ff6c856e0aa68e7c152f6", kill_on_drop: false }`
[INFO] [stdout] 5ca6b17c34cd96124513cfc0809f0ab0d5166d54c87ff6c856e0aa68e7c152f6
[INFO] running `Command { std: "docker" "create" "-v" "/var/lib/crater-agent-workspace/builds/worker-5-tc1/target:/opt/rustwide/target:rw,Z" "-v" "/var/lib/crater-agent-workspace/builds/worker-5-tc1/source:/opt/rustwide/workdir:ro,Z" "-v" "/var/lib/crater-agent-workspace/cargo-home:/opt/rustwide/cargo-home:ro,Z" "-v" "/var/lib/crater-agent-workspace/rustup-home:/opt/rustwide/rustup-home:ro,Z" "-e" "SOURCE_DIR=/opt/rustwide/workdir" "-e" "CARGO_TARGET_DIR=/opt/rustwide/target" "-e" "CARGO_INCREMENTAL=0" "-e" "RUST_BACKTRACE=full" "-e" "RUSTFLAGS=--cap-lints=forbid" "-e" "RUSTDOCFLAGS=--cap-lints=forbid" "-e" "CARGO_HOME=/opt/rustwide/cargo-home" "-e" "RUSTUP_HOME=/opt/rustwide/rustup-home" "-w" "/opt/rustwide/workdir" "-m" "1610612736" "--user" "0:0" "--network" "none" "ghcr.io/rust-lang/crates-build-env/linux@sha256:4a844ea9eb2546a2d2c7022eacef16ef2e8229c7fbb2c7d4d55a9ceca922f72d" "/opt/rustwide/cargo-home/bin/cargo" "+nightly-2024-10-28" "test" "--frozen", kill_on_drop: false }`
[INFO] [stdout] ada3f12f13e2e5df709c121f5250f234829c1585d87cc01bd8a9393bd954d919
[INFO] running `Command { std: "docker" "start" "-a" "ada3f12f13e2e5df709c121f5250f234829c1585d87cc01bd8a9393bd954d919", kill_on_drop: false }`
[INFO] [stderr] warning: trait objects without an explicit `dyn` are deprecated
[INFO] [stderr]    --> src/shard.rs:191:44
[INFO] [stderr]     |
[INFO] [stderr] 191 |     pub fn autoreconnect(&mut self) -> Box<Future<Item = (), Error = Error> + Send>{
[INFO] [stderr]     |                                            ^^^^^^^^^^^^^^^^^^^^^^^^^^^^^^^^^^^^^^^
[INFO] [stderr]     |
[INFO] [stderr]     = warning: this is accepted in the current edition (Rust 2018) but is a hard error in Rust 2021!
[INFO] [stderr]     = note: for more information, see <https://doc.rust-lang.org/nightly/edition-guide/rust-2021/warnings-promoted-to-error.html>
[INFO] [stderr]     = note: `#[warn(bare_trait_objects)]` on by default
[INFO] [stderr] help: if this is a dyn-compatible trait, use `dyn`
[INFO] [stderr]     |
[INFO] [stderr] 191 |     pub fn autoreconnect(&mut self) -> Box<dyn Future<Item = (), Error = Error> + Send>{
[INFO] [stderr]     |                                            +++
[INFO] [stderr] 
[INFO] [stderr] warning: trait objects without an explicit `dyn` are deprecated
[INFO] [stderr]   --> src/queue.rs:69:53
[INFO] [stderr]    |
[INFO] [stderr] 69 |     fn push_back(&mut self, shard_id: usize) -> Box<Future<Item = (), Error = Self::Error> + Send>;
[INFO] [stderr]    |                                                     ^^^^^^^^^^^^^^^^^^^^^^^^^^^^^^^^^^^^^^^^^^^^^
[INFO] [stderr]    |
[INFO] [stderr]    = warning: this is accepted in the current edition (Rust 2018) but is a hard error in Rust 2021!
[INFO] [stderr]    = note: for more information, see <https://doc.rust-lang.org/nightly/edition-guide/rust-2021/warnings-promoted-to-error.html>
[INFO] [stderr] help: if this is a dyn-compatible trait, use `dyn`
[INFO] [stderr]    |
[INFO] [stderr] 69 |     fn push_back(&mut self, shard_id: usize) -> Box<dyn Future<Item = (), Error = Self::Error> + Send>;
[INFO] [stderr]    |                                                     +++
[INFO] [stderr] 
[INFO] [stderr] warning: trait objects without an explicit `dyn` are deprecated
[INFO] [stderr]   --> src/queue.rs:70:36
[INFO] [stderr]    |
[INFO] [stderr] 70 |     fn pop_front(&mut self) -> Box<Future<Item = Option<usize>, Error = Self::Error> + Send>;
[INFO] [stderr]    |                                    ^^^^^^^^^^^^^^^^^^^^^^^^^^^^^^^^^^^^^^^^^^^^^^^^^^^^^^^^
[INFO] [stderr]    |
[INFO] [stderr]    = warning: this is accepted in the current edition (Rust 2018) but is a hard error in Rust 2021!
[INFO] [stderr]    = note: for more information, see <https://doc.rust-lang.org/nightly/edition-guide/rust-2021/warnings-promoted-to-error.html>
[INFO] [stderr] help: if this is a dyn-compatible trait, use `dyn`
[INFO] [stderr]    |
[INFO] [stderr] 70 |     fn pop_front(&mut self) -> Box<dyn Future<Item = Option<usize>, Error = Self::Error> + Send>;
[INFO] [stderr]    |                                    +++
[INFO] [stderr] 
[INFO] [stderr] warning: use of deprecated method `std::error::Error::description`: use the Display impl or to_string()
[INFO] [stderr]   --> src/errors.rs:34:26
[INFO] [stderr]    |
[INFO] [stderr] 34 |         f.write_str(self.description())
[INFO] [stderr]    |                          ^^^^^^^^^^^
[INFO] [stderr]    |
[INFO] [stderr]    = note: `#[warn(deprecated)]` on by default
[INFO] [stderr] 
[INFO] [stderr] warning: use of deprecated method `std::error::Error::description`: use the Display impl or to_string()
[INFO] [stderr]   --> src/errors.rs:41:36
[INFO] [stderr]    |
[INFO] [stderr] 41 |             Error::Reqwest(e) => e.description(),
[INFO] [stderr]    |                                    ^^^^^^^^^^^
[INFO] [stderr] 
[INFO] [stderr] warning: use of deprecated method `std::error::Error::description`: use the Display impl or to_string()
[INFO] [stderr]   --> src/errors.rs:42:34
[INFO] [stderr]    |
[INFO] [stderr] 42 |             Error::Timer(e) => e.description(),
[INFO] [stderr]    |                                  ^^^^^^^^^^^
[INFO] [stderr] 
[INFO] [stderr] warning: use of deprecated method `std::error::Error::description`: use the Display impl or to_string()
[INFO] [stderr]   --> src/errors.rs:43:40
[INFO] [stderr]    |
[INFO] [stderr] 43 |             Error::Tungstenite(e) => e.description(),
[INFO] [stderr]    |                                        ^^^^^^^^^^^
[INFO] [stderr] 
[INFO] [stderr] warning: use of deprecated method `std::error::Error::description`: use the Display impl or to_string()
[INFO] [stderr]   --> src/errors.rs:44:31
[INFO] [stderr]    |
[INFO] [stderr] 44 |             Error::Io(e) => e.description(),
[INFO] [stderr]    |                               ^^^^^^^^^^^
[INFO] [stderr] 
[INFO] [stderr] warning: use of deprecated method `std::error::Error::description`: use the Display impl or to_string()
[INFO] [stderr]   --> src/errors.rs:45:44
[INFO] [stderr]    |
[INFO] [stderr] 45 |             Error::TungsteniteSend(e) => e.description(),
[INFO] [stderr]    |                                            ^^^^^^^^^^^
[INFO] [stderr] 
[INFO] [stderr] warning: use of deprecated method `std::error::Error::description`: use the Display impl or to_string()
[INFO] [stderr]   --> src/errors.rs:46:33
[INFO] [stderr]    |
[INFO] [stderr] 46 |             Error::Json(e) => e.description(),
[INFO] [stderr]    |                                 ^^^^^^^^^^^
[INFO] [stderr] 
[INFO] [stderr] warning: use of deprecated method `std::error::Error::description`: use the Display impl or to_string()
[INFO] [stderr]   --> src/queue.rs:61:56
[INFO] [stderr]    |
[INFO] [stderr] 61 |             MessageSinkError::MpscSend(ref err) => err.description(),
[INFO] [stderr]    |                                                        ^^^^^^^^^^^
[INFO] [stderr] 
[INFO] [stderr] warning: use of deprecated method `std::error::Error::description`: use the Display impl or to_string()
[INFO] [stderr]   --> src/queue.rs:62:59
[INFO] [stderr]    |
[INFO] [stderr] 62 |             MessageSinkError::Tungstenite(ref err) => err.description(),
[INFO] [stderr]    |                                                           ^^^^^^^^^^^
[INFO] [stderr] 
[INFO] [stderr] warning: trait `ReconnectQueue` is never used
[INFO] [stderr]   --> src/queue.rs:67:11
[INFO] [stderr]    |
[INFO] [stderr] 67 | pub trait ReconnectQueue {
[INFO] [stderr]    |           ^^^^^^^^^^^^^^
[INFO] [stderr]    |
[INFO] [stderr]    = note: `#[warn(dead_code)]` on by default
[INFO] [stderr] 
[INFO] [stderr] warning: `spectacles-gateway` (lib) generated 13 warnings (run `cargo fix --lib -p spectacles-gateway` to apply 3 suggestions)
[INFO] [stderr] warning: `spectacles-gateway` (lib test) generated 13 warnings (13 duplicates)
[INFO] [stderr]     Finished `test` profile [unoptimized + debuginfo] target(s) in 0.19s
[INFO] [stderr]      Running unittests src/lib.rs (/opt/rustwide/target/debug/deps/spectacles_gateway-eb026b5a59a5021c)
[INFO] [stdout] 
[INFO] [stdout] running 0 tests
[INFO] [stdout] 
[INFO] [stdout] test result: ok. 0 passed; 0 failed; 0 ignored; 0 measured; 0 filtered out; finished in 0.00s
[INFO] [stdout] 
[INFO] [stderr]    Doc-tests spectacles_gateway
[INFO] [stderr] warning: unknown attribute `norun`
[INFO] [stderr]   --> src/lib.rs:1:1
[INFO] [stderr]    |
[INFO] [stderr] 1  | / //! # Spectacles Gateway
[INFO] [stderr] 2  | | //! This library provides an interface for spawning Discord shards with the Discord Gateway.
[INFO] [stderr] 3  | | //! ## Getting Started
[INFO] [stderr] 4  | | //! This crate uses non-blocking, asynchronous I/O provided with the tokio runtime.
[INFO] [stderr] ...  |
[INFO] [stderr] 41 | | //! [`ShardStrategy`]: struct.ShardStrategy.html
[INFO] [stderr] 42 | | //!
[INFO] [stderr]    | |___^
[INFO] [stderr]    |
[INFO] [stderr]    = help: use `no_run` to compile, but not run, the code sample during testing
[INFO] [stderr]    = help: this code block may be skipped during testing, because unknown attributes are treated as markers for code samples written in other programming languages, unless it is also explicitly marked as `rust`
[INFO] [stderr]    = note: `#[warn(rustdoc::invalid_codeblock_attributes)]` on by default
[INFO] [stderr] 
[INFO] [stderr] warning: 1 warning emitted
[INFO] [stderr] 
[INFO] [stdout] 
[INFO] [stdout] running 1 test
[INFO] [stdout] test src/lib.rs - (line 7) ... FAILED
[INFO] [stdout] 
[INFO] [stdout] failures:
[INFO] [stdout] 
[INFO] [stdout] ---- src/lib.rs - (line 7) stdout ----
[INFO] [stdout] Test executable failed (exit status: 101).
[INFO] [stdout] 
[INFO] [stdout] stderr:
[INFO] [stdout] thread 'main' panicked at src/lib.rs:9:38:
[INFO] [stdout] Failed to parse Discord token: NotPresent
[INFO] [stdout] stack backtrace:
[INFO] [stdout]    0:     0x5834391afaba - std::backtrace_rs::backtrace::libunwind::trace::h207520d6e9873551
[INFO] [stdout]                                at /rustc/df4ca44d3fbc9301ee17f30f4d474e6ae4b05252/library/std/src/../../backtrace/src/backtrace/libunwind.rs:116:5
[INFO] [stdout]    1:     0x5834391afaba - std::backtrace_rs::backtrace::trace_unsynchronized::h2ed7433f370e3eca
[INFO] [stdout]                                at /rustc/df4ca44d3fbc9301ee17f30f4d474e6ae4b05252/library/std/src/../../backtrace/src/backtrace/mod.rs:66:5
[INFO] [stdout]    2:     0x5834391afaba - std::sys::backtrace::_print_fmt::h916fac51166b18d7
[INFO] [stdout]                                at /rustc/df4ca44d3fbc9301ee17f30f4d474e6ae4b05252/library/std/src/sys/backtrace.rs:66:9
[INFO] [stdout]    3:     0x5834391afaba - <std::sys::backtrace::BacktraceLock::print::DisplayBacktrace as core::fmt::Display>::fmt::ha0a4c9b8ce3802e6
[INFO] [stdout]                                at /rustc/df4ca44d3fbc9301ee17f30f4d474e6ae4b05252/library/std/src/sys/backtrace.rs:39:26
[INFO] [stdout]    4:     0x5834391d6393 - core::fmt::rt::Argument::fmt::h4cfc8587d52b3eb5
[INFO] [stdout]                                at /rustc/df4ca44d3fbc9301ee17f30f4d474e6ae4b05252/library/core/src/fmt/rt.rs:177:76
[INFO] [stdout]    5:     0x5834391d6393 - core::fmt::write::h522cc39e5b36ae9f
[INFO] [stdout]                                at /rustc/df4ca44d3fbc9301ee17f30f4d474e6ae4b05252/library/core/src/fmt/mod.rs:1190:21
[INFO] [stdout]    6:     0x5834391ac2f3 - std::io::Write::write_fmt::hf1c1dcc8cc1287f0
[INFO] [stdout]                                at /rustc/df4ca44d3fbc9301ee17f30f4d474e6ae4b05252/library/std/src/io/mod.rs:1839:15
[INFO] [stdout]    7:     0x5834391af902 - std::sys::backtrace::BacktraceLock::print::h4b9e00b29e9c0942
[INFO] [stdout]                                at /rustc/df4ca44d3fbc9301ee17f30f4d474e6ae4b05252/library/std/src/sys/backtrace.rs:42:9
[INFO] [stdout]    8:     0x5834391b08cc - std::panicking::default_hook::{{closure}}::hb59b88280d0324d9
[INFO] [stdout]                                at /rustc/df4ca44d3fbc9301ee17f30f4d474e6ae4b05252/library/std/src/panicking.rs:268:22
[INFO] [stdout]    9:     0x5834391b0712 - std::panicking::default_hook::he1dd496665be4a29
[INFO] [stdout]                                at /rustc/df4ca44d3fbc9301ee17f30f4d474e6ae4b05252/library/std/src/panicking.rs:295:9
[INFO] [stdout]   10:     0x5834391b0f07 - std::panicking::rust_panic_with_hook::h2ff17fe8f26dfcf8
[INFO] [stdout]                                at /rustc/df4ca44d3fbc9301ee17f30f4d474e6ae4b05252/library/std/src/panicking.rs:801:13
[INFO] [stdout]   11:     0x5834391b0d9a - std::panicking::begin_panic_handler::{{closure}}::h4fad77951c07e101
[INFO] [stdout]                                at /rustc/df4ca44d3fbc9301ee17f30f4d474e6ae4b05252/library/std/src/panicking.rs:674:13
[INFO] [stdout]   12:     0x5834391aff99 - std::sys::backtrace::__rust_end_short_backtrace::hb1a25b3da5d0ea08
[INFO] [stdout]                                at /rustc/df4ca44d3fbc9301ee17f30f4d474e6ae4b05252/library/std/src/sys/backtrace.rs:170:18
[INFO] [stdout]   13:     0x5834391b0a2c - rust_begin_unwind
[INFO] [stdout]                                at /rustc/df4ca44d3fbc9301ee17f30f4d474e6ae4b05252/library/std/src/panicking.rs:665:5
[INFO] [stdout]   14:     0x5834391d4910 - core::panicking::panic_fmt::ha9db07b529f9b256
[INFO] [stdout]                                at /rustc/df4ca44d3fbc9301ee17f30f4d474e6ae4b05252/library/core/src/panicking.rs:75:14
[INFO] [stdout]   15:     0x5834391d4d96 - core::result::unwrap_failed::h5e8218e4d4338b8a
[INFO] [stdout]                                at /rustc/df4ca44d3fbc9301ee17f30f4d474e6ae4b05252/library/core/src/result.rs:1698:5
[INFO] [stdout]   16:     0x583438cc1f0c - core::result::Result<T,E>::expect::hb7f131f2a455904a
[INFO] [stdout]   17:     0x583438cc7a60 - rust_out::main::ha213a30daa5df4da
[INFO] [stdout]   18:     0x583438cc1293 - core::ops::function::FnOnce::call_once::hf7edf7132571051c
[INFO] [stdout]   19:     0x583438cc1126 - std::sys::backtrace::__rust_begin_short_backtrace::h32fd822fd2ba4079
[INFO] [stdout]   20:     0x583438cc1109 - std::rt::lang_start::{{closure}}::h4039a1c394ed4f7c
[INFO] [stdout]   21:     0x5834391a8977 - core::ops::function::impls::<impl core::ops::function::FnOnce<A> for &F>::call_once::hd87d66b906e0ccaf
[INFO] [stdout]                                at /rustc/df4ca44d3fbc9301ee17f30f4d474e6ae4b05252/library/core/src/ops/function.rs:284:13
[INFO] [stdout]   22:     0x5834391a8977 - std::panicking::try::do_call::hae3703de71fc9e3a
[INFO] [stdout]                                at /rustc/df4ca44d3fbc9301ee17f30f4d474e6ae4b05252/library/std/src/panicking.rs:557:40
[INFO] [stdout]   23:     0x5834391a8977 - std::panicking::try::h1178330e9a2b2645
[INFO] [stdout]                                at /rustc/df4ca44d3fbc9301ee17f30f4d474e6ae4b05252/library/std/src/panicking.rs:520:19
[INFO] [stdout]   24:     0x5834391a8977 - std::panic::catch_unwind::h0acf49d2305d32ad
[INFO] [stdout]                                at /rustc/df4ca44d3fbc9301ee17f30f4d474e6ae4b05252/library/std/src/panic.rs:358:14
[INFO] [stdout]   25:     0x5834391a8977 - std::rt::lang_start_internal::{{closure}}::h2d95182d798177be
[INFO] [stdout]                                at /rustc/df4ca44d3fbc9301ee17f30f4d474e6ae4b05252/library/std/src/rt.rs:174:48
[INFO] [stdout]   26:     0x5834391a8977 - std::panicking::try::do_call::hb506f5bfe11fd30c
[INFO] [stdout]                                at /rustc/df4ca44d3fbc9301ee17f30f4d474e6ae4b05252/library/std/src/panicking.rs:557:40
[INFO] [stdout]   27:     0x5834391a8977 - std::panicking::try::h54d825c46bd0fa95
[INFO] [stdout]                                at /rustc/df4ca44d3fbc9301ee17f30f4d474e6ae4b05252/library/std/src/panicking.rs:520:19
[INFO] [stdout]   28:     0x5834391a8977 - std::panic::catch_unwind::hffbb0ad20c4e9fac
[INFO] [stdout]                                at /rustc/df4ca44d3fbc9301ee17f30f4d474e6ae4b05252/library/std/src/panic.rs:358:14
[INFO] [stdout]   29:     0x5834391a8977 - std::rt::lang_start_internal::h52c291ef1962c925
[INFO] [stdout]                                at /rustc/df4ca44d3fbc9301ee17f30f4d474e6ae4b05252/library/std/src/rt.rs:174:20
[INFO] [stdout]   30:     0x583438cc10e7 - std::rt::lang_start::h8c6075cd6f225ba1
[INFO] [stdout]   31:     0x583438cc8025 - main
[INFO] [stdout]   32:     0x77b419800d90 - <unknown>
[INFO] [stdout]   33:     0x77b419800e40 - __libc_start_main
[INFO] [stdout]   34:     0x583438cbe285 - _start
[INFO] [stdout]   35:                0x0 - <unknown>
[INFO] [stdout] 
[INFO] [stdout] 
[INFO] [stdout] 
[INFO] [stdout] failures:
[INFO] [stdout]     src/lib.rs - (line 7)
[INFO] [stdout] 
[INFO] [stdout] test result: FAILED. 0 passed; 1 failed; 0 ignored; 0 measured; 0 filtered out; finished in 0.99s
[INFO] [stdout] 
[INFO] [stderr] error: doctest failed, to rerun pass `--doc`
[INFO] running `Command { std: "docker" "inspect" "ada3f12f13e2e5df709c121f5250f234829c1585d87cc01bd8a9393bd954d919", kill_on_drop: false }`
[INFO] running `Command { std: "docker" "rm" "-f" "ada3f12f13e2e5df709c121f5250f234829c1585d87cc01bd8a9393bd954d919", kill_on_drop: false }`
[INFO] [stdout] ada3f12f13e2e5df709c121f5250f234829c1585d87cc01bd8a9393bd954d919
