[INFO] fetching crate specta 2.0.0-rc.20...
[INFO] testing specta-2.0.0-rc.20 against nightly-2024-10-28+rustflags=-Zrandomize-layout for randomize-layout
[INFO] extracting crate specta 2.0.0-rc.20 into /workspace/builds/worker-3-tc2/source
[INFO] validating manifest of crates.io crate specta 2.0.0-rc.20 on toolchain nightly-2024-10-28
[INFO] running `Command { std: CARGO_HOME="/workspace/cargo-home" RUSTUP_HOME="/workspace/rustup-home" "/workspace/cargo-home/bin/cargo" "+nightly-2024-10-28" "metadata" "--manifest-path" "Cargo.toml" "--no-deps", kill_on_drop: false }`
[INFO] started tweaking crates.io crate specta 2.0.0-rc.20
[INFO] finished tweaking crates.io crate specta 2.0.0-rc.20
[INFO] tweaked toml for crates.io crate specta 2.0.0-rc.20 written to /workspace/builds/worker-3-tc2/source/Cargo.toml
[INFO] running `Command { std: CARGO_HOME="/workspace/cargo-home" RUSTUP_HOME="/workspace/rustup-home" "/workspace/cargo-home/bin/cargo" "+nightly-2024-10-28" "generate-lockfile" "--manifest-path" "Cargo.toml", kill_on_drop: false }`
[INFO] [stderr]     Blocking waiting for file lock on package cache
[INFO] [stderr]     Updating crates.io index
[INFO] [stderr]     Blocking waiting for file lock on package cache
[INFO] [stderr]      Locking 168 packages to latest compatible versions
[INFO] [stderr]       Adding bit-vec v0.7.0 (available: v0.8.0)
[INFO] [stderr]       Adding glam v0.28.0 (available: v0.29.1)
[INFO] running `Command { std: CARGO_HOME="/workspace/cargo-home" RUSTUP_HOME="/workspace/rustup-home" "/workspace/cargo-home/bin/cargo" "+nightly-2024-10-28" "fetch" "--manifest-path" "Cargo.toml", kill_on_drop: false }`
[INFO] [stderr]     Blocking waiting for file lock on package cache
[INFO] [stderr]     Blocking waiting for file lock on package cache
[INFO] running `Command { std: "docker" "create" "-v" "/var/lib/crater-agent-workspace/builds/worker-3-tc2/target:/opt/rustwide/target:rw,Z" "-v" "/var/lib/crater-agent-workspace/builds/worker-3-tc2/source:/opt/rustwide/workdir:ro,Z" "-v" "/var/lib/crater-agent-workspace/cargo-home:/opt/rustwide/cargo-home:ro,Z" "-v" "/var/lib/crater-agent-workspace/rustup-home:/opt/rustwide/rustup-home:ro,Z" "-e" "SOURCE_DIR=/opt/rustwide/workdir" "-e" "CARGO_TARGET_DIR=/opt/rustwide/target" "-e" "CARGO_HOME=/opt/rustwide/cargo-home" "-e" "RUSTUP_HOME=/opt/rustwide/rustup-home" "-w" "/opt/rustwide/workdir" "-m" "1610612736" "--user" "0:0" "--network" "none" "ghcr.io/rust-lang/crates-build-env/linux@sha256:4a844ea9eb2546a2d2c7022eacef16ef2e8229c7fbb2c7d4d55a9ceca922f72d" "/opt/rustwide/cargo-home/bin/cargo" "+nightly-2024-10-28" "metadata" "--no-deps" "--format-version=1", kill_on_drop: false }`
[INFO] [stdout] f14d32e4b75ceb271099ddd2c68f4dec44cf29c37408ed7da986d2700dfd29e6
[INFO] running `Command { std: "docker" "start" "-a" "f14d32e4b75ceb271099ddd2c68f4dec44cf29c37408ed7da986d2700dfd29e6", kill_on_drop: false }`
[INFO] running `Command { std: "docker" "inspect" "f14d32e4b75ceb271099ddd2c68f4dec44cf29c37408ed7da986d2700dfd29e6", kill_on_drop: false }`
[INFO] running `Command { std: "docker" "rm" "-f" "f14d32e4b75ceb271099ddd2c68f4dec44cf29c37408ed7da986d2700dfd29e6", kill_on_drop: false }`
[INFO] [stdout] f14d32e4b75ceb271099ddd2c68f4dec44cf29c37408ed7da986d2700dfd29e6
[INFO] running `Command { std: "docker" "create" "-v" "/var/lib/crater-agent-workspace/builds/worker-3-tc2/target:/opt/rustwide/target:rw,Z" "-v" "/var/lib/crater-agent-workspace/builds/worker-3-tc2/source:/opt/rustwide/workdir:ro,Z" "-v" "/var/lib/crater-agent-workspace/cargo-home:/opt/rustwide/cargo-home:ro,Z" "-v" "/var/lib/crater-agent-workspace/rustup-home:/opt/rustwide/rustup-home:ro,Z" "-e" "SOURCE_DIR=/opt/rustwide/workdir" "-e" "CARGO_TARGET_DIR=/opt/rustwide/target" "-e" "CARGO_INCREMENTAL=0" "-e" "RUST_BACKTRACE=full" "-e" "RUSTFLAGS=--cap-lints=forbid -Zrandomize-layout" "-e" "RUSTDOCFLAGS=--cap-lints=forbid" "-e" "CARGO_HOME=/opt/rustwide/cargo-home" "-e" "RUSTUP_HOME=/opt/rustwide/rustup-home" "-w" "/opt/rustwide/workdir" "-m" "1610612736" "--user" "0:0" "--network" "none" "ghcr.io/rust-lang/crates-build-env/linux@sha256:4a844ea9eb2546a2d2c7022eacef16ef2e8229c7fbb2c7d4d55a9ceca922f72d" "/opt/rustwide/cargo-home/bin/cargo" "+nightly-2024-10-28" "build" "--frozen" "--message-format=json", kill_on_drop: false }`
[INFO] [stdout] 261c4ba1ee113943c8c4d6b0ccad88da9f0d061160e805790e369a83e456fd0e
[INFO] running `Command { std: "docker" "start" "-a" "261c4ba1ee113943c8c4d6b0ccad88da9f0d061160e805790e369a83e456fd0e", kill_on_drop: false }`
[INFO] [stderr]    Compiling thiserror v1.0.66
[INFO] [stderr]    Compiling syn v2.0.86
[INFO] [stderr]    Compiling thiserror-impl v1.0.66
[INFO] [stderr]    Compiling specta v2.0.0-rc.20 (/opt/rustwide/workdir)
[INFO] [stderr]     Finished `dev` profile [unoptimized + debuginfo] target(s) in 5.90s
[INFO] running `Command { std: "docker" "inspect" "261c4ba1ee113943c8c4d6b0ccad88da9f0d061160e805790e369a83e456fd0e", kill_on_drop: false }`
[INFO] running `Command { std: "docker" "rm" "-f" "261c4ba1ee113943c8c4d6b0ccad88da9f0d061160e805790e369a83e456fd0e", kill_on_drop: false }`
[INFO] [stdout] 261c4ba1ee113943c8c4d6b0ccad88da9f0d061160e805790e369a83e456fd0e
[INFO] running `Command { std: "docker" "create" "-v" "/var/lib/crater-agent-workspace/builds/worker-3-tc2/target:/opt/rustwide/target:rw,Z" "-v" "/var/lib/crater-agent-workspace/builds/worker-3-tc2/source:/opt/rustwide/workdir:ro,Z" "-v" "/var/lib/crater-agent-workspace/cargo-home:/opt/rustwide/cargo-home:ro,Z" "-v" "/var/lib/crater-agent-workspace/rustup-home:/opt/rustwide/rustup-home:ro,Z" "-e" "SOURCE_DIR=/opt/rustwide/workdir" "-e" "CARGO_TARGET_DIR=/opt/rustwide/target" "-e" "CARGO_INCREMENTAL=0" "-e" "RUST_BACKTRACE=full" "-e" "RUSTFLAGS=--cap-lints=forbid -Zrandomize-layout" "-e" "RUSTDOCFLAGS=--cap-lints=forbid" "-e" "CARGO_HOME=/opt/rustwide/cargo-home" "-e" "RUSTUP_HOME=/opt/rustwide/rustup-home" "-w" "/opt/rustwide/workdir" "-m" "1610612736" "--user" "0:0" "--network" "none" "ghcr.io/rust-lang/crates-build-env/linux@sha256:4a844ea9eb2546a2d2c7022eacef16ef2e8229c7fbb2c7d4d55a9ceca922f72d" "/opt/rustwide/cargo-home/bin/cargo" "+nightly-2024-10-28" "test" "--frozen" "--no-run" "--message-format=json", kill_on_drop: false }`
[INFO] [stdout] 55ff109e56fc4a0f7800e3469e7e04cb3624c08eecbca110a167686ba3814585
[INFO] running `Command { std: "docker" "start" "-a" "55ff109e56fc4a0f7800e3469e7e04cb3624c08eecbca110a167686ba3814585", kill_on_drop: false }`
[INFO] [stderr]    Compiling serde_derive v1.0.214
[INFO] [stderr]    Compiling serde v1.0.214
[INFO] [stderr]    Compiling specta v2.0.0-rc.20 (/opt/rustwide/workdir)
[INFO] [stderr]     Finished `test` profile [unoptimized + debuginfo] target(s) in 9.36s
[INFO] running `Command { std: "docker" "inspect" "55ff109e56fc4a0f7800e3469e7e04cb3624c08eecbca110a167686ba3814585", kill_on_drop: false }`
[INFO] running `Command { std: "docker" "rm" "-f" "55ff109e56fc4a0f7800e3469e7e04cb3624c08eecbca110a167686ba3814585", kill_on_drop: false }`
[INFO] [stdout] 55ff109e56fc4a0f7800e3469e7e04cb3624c08eecbca110a167686ba3814585
[INFO] running `Command { std: "docker" "create" "-v" "/var/lib/crater-agent-workspace/builds/worker-3-tc2/target:/opt/rustwide/target:rw,Z" "-v" "/var/lib/crater-agent-workspace/builds/worker-3-tc2/source:/opt/rustwide/workdir:ro,Z" "-v" "/var/lib/crater-agent-workspace/cargo-home:/opt/rustwide/cargo-home:ro,Z" "-v" "/var/lib/crater-agent-workspace/rustup-home:/opt/rustwide/rustup-home:ro,Z" "-e" "SOURCE_DIR=/opt/rustwide/workdir" "-e" "CARGO_TARGET_DIR=/opt/rustwide/target" "-e" "CARGO_INCREMENTAL=0" "-e" "RUST_BACKTRACE=full" "-e" "RUSTFLAGS=--cap-lints=forbid -Zrandomize-layout" "-e" "RUSTDOCFLAGS=--cap-lints=forbid" "-e" "CARGO_HOME=/opt/rustwide/cargo-home" "-e" "RUSTUP_HOME=/opt/rustwide/rustup-home" "-w" "/opt/rustwide/workdir" "-m" "1610612736" "--user" "0:0" "--network" "none" "ghcr.io/rust-lang/crates-build-env/linux@sha256:4a844ea9eb2546a2d2c7022eacef16ef2e8229c7fbb2c7d4d55a9ceca922f72d" "/opt/rustwide/cargo-home/bin/cargo" "+nightly-2024-10-28" "test" "--frozen", kill_on_drop: false }`
[INFO] [stdout] 4a3d1dfd1b0ab79a4f77d9a8c7d6d507313115364ee5c61bd0392cf295d74116
[INFO] running `Command { std: "docker" "start" "-a" "4a3d1dfd1b0ab79a4f77d9a8c7d6d507313115364ee5c61bd0392cf295d74116", kill_on_drop: false }`
[INFO] [stderr]     Finished `test` profile [unoptimized + debuginfo] target(s) in 0.10s
[INFO] [stderr]      Running unittests src/lib.rs (/opt/rustwide/target/debug/deps/specta-724a98e3380a26b7)
[INFO] [stdout] 
[INFO] [stdout] running 0 tests
[INFO] [stdout] 
[INFO] [stdout] test result: ok. 0 passed; 0 failed; 0 ignored; 0 measured; 0 filtered out; finished in 0.00s
[INFO] [stdout] 
[INFO] [stderr]    Doc-tests specta
[INFO] [stdout] 
[INFO] [stdout] running 2 tests
[INFO] [stdout] test src/datatype/fields.rs - datatype::fields::NamedFields (line 61) ... ok
[INFO] [stdout] test src/./docs.md - (line 21) ... FAILED
[INFO] [stdout] 
[INFO] [stdout] failures:
[INFO] [stdout] 
[INFO] [stdout] ---- src/./docs.md - (line 21) stdout ----
[INFO] [stdout] error[E0432]: unresolved import `specta::ts`
[INFO] [stdout]  --> src/./docs.md:23:17
[INFO] [stdout]   |
[INFO] [stdout] 4 | use specta::{*, ts::*};
[INFO] [stdout]   |                 ^^ could not find `ts` in `specta`
[INFO] [stdout] 
[INFO] [stdout] error: cannot find derive macro `Type` in this scope
[INFO] [stdout]  --> src/./docs.md:25:10
[INFO] [stdout]   |
[INFO] [stdout] 6 | #[derive(Type)]
[INFO] [stdout]   |          ^^^^
[INFO] [stdout]   |
[INFO] [stdout] note: `Type` is imported here, but it is only a trait, without a derive macro
[INFO] [stdout]  --> src/./docs.md:23:14
[INFO] [stdout]   |
[INFO] [stdout] 4 | use specta::{*, ts::*};
[INFO] [stdout]   |              ^
[INFO] [stdout] 
[INFO] [stdout] error: aborting due to 2 previous errors
[INFO] [stdout] 
[INFO] [stdout] For more information about this error, try `rustc --explain E0432`.
[INFO] [stdout] Couldn't compile the test.
[INFO] [stdout] 
[INFO] [stdout] failures:
[INFO] [stdout]     src/./docs.md - (line 21)
[INFO] [stdout] 
[INFO] [stdout] test result: FAILED. 1 passed; 1 failed; 0 ignored; 0 measured; 0 filtered out; finished in 0.30s
[INFO] [stdout] 
[INFO] [stderr] error: doctest failed, to rerun pass `--doc`
[INFO] running `Command { std: "docker" "inspect" "4a3d1dfd1b0ab79a4f77d9a8c7d6d507313115364ee5c61bd0392cf295d74116", kill_on_drop: false }`
[INFO] running `Command { std: "docker" "rm" "-f" "4a3d1dfd1b0ab79a4f77d9a8c7d6d507313115364ee5c61bd0392cf295d74116", kill_on_drop: false }`
[INFO] [stdout] 4a3d1dfd1b0ab79a4f77d9a8c7d6d507313115364ee5c61bd0392cf295d74116
