[INFO] fetching crate spatial-hasher 0.1.7...
[INFO] testing spatial-hasher-0.1.7 against nightly-2024-10-28+rustflags=-Zrandomize-layout for randomize-layout
[INFO] extracting crate spatial-hasher 0.1.7 into /workspace/builds/worker-5-tc2/source
[INFO] validating manifest of crates.io crate spatial-hasher 0.1.7 on toolchain nightly-2024-10-28
[INFO] running `Command { std: CARGO_HOME="/workspace/cargo-home" RUSTUP_HOME="/workspace/rustup-home" "/workspace/cargo-home/bin/cargo" "+nightly-2024-10-28" "metadata" "--manifest-path" "Cargo.toml" "--no-deps", kill_on_drop: false }`
[INFO] removed /workspace/builds/worker-5-tc2/source/rust-toolchain.toml
[INFO] started tweaking crates.io crate spatial-hasher 0.1.7
[INFO] removed 0 missing examples
[INFO] removed 0 missing tests
[INFO] finished tweaking crates.io crate spatial-hasher 0.1.7
[INFO] tweaked toml for crates.io crate spatial-hasher 0.1.7 written to /workspace/builds/worker-5-tc2/source/Cargo.toml
[INFO] crate crates.io crate spatial-hasher 0.1.7 already has a lockfile, it will not be regenerated
[INFO] running `Command { std: CARGO_HOME="/workspace/cargo-home" RUSTUP_HOME="/workspace/rustup-home" "/workspace/cargo-home/bin/cargo" "+nightly-2024-10-28" "fetch" "--manifest-path" "Cargo.toml", kill_on_drop: false }`
[INFO] running `Command { std: "docker" "create" "-v" "/var/lib/crater-agent-workspace/builds/worker-5-tc2/target:/opt/rustwide/target:rw,Z" "-v" "/var/lib/crater-agent-workspace/builds/worker-5-tc2/source:/opt/rustwide/workdir:ro,Z" "-v" "/var/lib/crater-agent-workspace/cargo-home:/opt/rustwide/cargo-home:ro,Z" "-v" "/var/lib/crater-agent-workspace/rustup-home:/opt/rustwide/rustup-home:ro,Z" "-e" "SOURCE_DIR=/opt/rustwide/workdir" "-e" "CARGO_TARGET_DIR=/opt/rustwide/target" "-e" "CARGO_HOME=/opt/rustwide/cargo-home" "-e" "RUSTUP_HOME=/opt/rustwide/rustup-home" "-w" "/opt/rustwide/workdir" "-m" "1610612736" "--user" "0:0" "--network" "none" "ghcr.io/rust-lang/crates-build-env/linux@sha256:4a844ea9eb2546a2d2c7022eacef16ef2e8229c7fbb2c7d4d55a9ceca922f72d" "/opt/rustwide/cargo-home/bin/cargo" "+nightly-2024-10-28" "metadata" "--no-deps" "--format-version=1", kill_on_drop: false }`
[INFO] [stdout] d21e434299bf270d8e8343c409d96e26f7de7c8403d4bc09c5a8489172a76314
[INFO] running `Command { std: "docker" "start" "-a" "d21e434299bf270d8e8343c409d96e26f7de7c8403d4bc09c5a8489172a76314", kill_on_drop: false }`
[INFO] running `Command { std: "docker" "inspect" "d21e434299bf270d8e8343c409d96e26f7de7c8403d4bc09c5a8489172a76314", kill_on_drop: false }`
[INFO] running `Command { std: "docker" "rm" "-f" "d21e434299bf270d8e8343c409d96e26f7de7c8403d4bc09c5a8489172a76314", kill_on_drop: false }`
[INFO] [stdout] d21e434299bf270d8e8343c409d96e26f7de7c8403d4bc09c5a8489172a76314
[INFO] running `Command { std: "docker" "create" "-v" "/var/lib/crater-agent-workspace/builds/worker-5-tc2/target:/opt/rustwide/target:rw,Z" "-v" "/var/lib/crater-agent-workspace/builds/worker-5-tc2/source:/opt/rustwide/workdir:ro,Z" "-v" "/var/lib/crater-agent-workspace/cargo-home:/opt/rustwide/cargo-home:ro,Z" "-v" "/var/lib/crater-agent-workspace/rustup-home:/opt/rustwide/rustup-home:ro,Z" "-e" "SOURCE_DIR=/opt/rustwide/workdir" "-e" "CARGO_TARGET_DIR=/opt/rustwide/target" "-e" "CARGO_INCREMENTAL=0" "-e" "RUST_BACKTRACE=full" "-e" "RUSTFLAGS=--cap-lints=forbid -Zrandomize-layout" "-e" "RUSTDOCFLAGS=--cap-lints=forbid" "-e" "CARGO_HOME=/opt/rustwide/cargo-home" "-e" "RUSTUP_HOME=/opt/rustwide/rustup-home" "-w" "/opt/rustwide/workdir" "-m" "1610612736" "--user" "0:0" "--network" "none" "ghcr.io/rust-lang/crates-build-env/linux@sha256:4a844ea9eb2546a2d2c7022eacef16ef2e8229c7fbb2c7d4d55a9ceca922f72d" "/opt/rustwide/cargo-home/bin/cargo" "+nightly-2024-10-28" "build" "--frozen" "--message-format=json", kill_on_drop: false }`
[INFO] [stdout] 3e86642a529529137f957826e736312593e4a2276cde159b77ff7ad04cc27900
[INFO] running `Command { std: "docker" "start" "-a" "3e86642a529529137f957826e736312593e4a2276cde159b77ff7ad04cc27900", kill_on_drop: false }`
[INFO] [stderr]    Compiling libc v0.2.158
[INFO] [stderr]    Compiling proc-macro2 v1.0.86
[INFO] [stderr]    Compiling byteorder v1.5.0
[INFO] [stderr]    Compiling zeroize v1.8.1
[INFO] [stderr]    Compiling subtle v2.6.1
[INFO] [stderr]    Compiling opaque-debug v0.3.1
[INFO] [stderr]    Compiling serde v1.0.210
[INFO] [stderr]    Compiling generic-array v0.14.7
[INFO] [stderr]    Compiling inout v0.1.3
[INFO] [stderr]    Compiling block-buffer v0.10.4
[INFO] [stderr]    Compiling quote v1.0.37
[INFO] [stderr]    Compiling getrandom v0.2.15
[INFO] [stderr]    Compiling syn v2.0.77
[INFO] [stderr]    Compiling rand_core v0.6.4
[INFO] [stderr]    Compiling crypto-common v0.1.6
[INFO] [stderr]    Compiling universal-hash v0.5.1
[INFO] [stderr]    Compiling cipher v0.4.4
[INFO] [stderr]    Compiling aead v0.5.2
[INFO] [stderr]    Compiling digest v0.10.7
[INFO] [stderr]    Compiling poly1305 v0.8.0
[INFO] [stderr]    Compiling sha2 v0.10.8
[INFO] [stderr]    Compiling chacha20 v0.9.1
[INFO] [stderr]    Compiling chacha20poly1305 v0.10.1
[INFO] [stderr]    Compiling zerocopy-derive v0.7.35
[INFO] [stderr]    Compiling serde_derive v1.0.210
[INFO] [stderr]    Compiling zerocopy v0.7.35
[INFO] [stderr]    Compiling ppv-lite86 v0.2.20
[INFO] [stderr]    Compiling rand_chacha v0.3.1
[INFO] [stderr]    Compiling rand v0.8.5
[INFO] [stderr]    Compiling spatial-hasher v0.1.7 (/opt/rustwide/workdir)
[INFO] [stderr]     Finished `dev` profile [unoptimized + debuginfo] target(s) in 6.66s
[INFO] running `Command { std: "docker" "inspect" "3e86642a529529137f957826e736312593e4a2276cde159b77ff7ad04cc27900", kill_on_drop: false }`
[INFO] running `Command { std: "docker" "rm" "-f" "3e86642a529529137f957826e736312593e4a2276cde159b77ff7ad04cc27900", kill_on_drop: false }`
[INFO] [stdout] 3e86642a529529137f957826e736312593e4a2276cde159b77ff7ad04cc27900
[INFO] running `Command { std: "docker" "create" "-v" "/var/lib/crater-agent-workspace/builds/worker-5-tc2/target:/opt/rustwide/target:rw,Z" "-v" "/var/lib/crater-agent-workspace/builds/worker-5-tc2/source:/opt/rustwide/workdir:ro,Z" "-v" "/var/lib/crater-agent-workspace/cargo-home:/opt/rustwide/cargo-home:ro,Z" "-v" "/var/lib/crater-agent-workspace/rustup-home:/opt/rustwide/rustup-home:ro,Z" "-e" "SOURCE_DIR=/opt/rustwide/workdir" "-e" "CARGO_TARGET_DIR=/opt/rustwide/target" "-e" "CARGO_INCREMENTAL=0" "-e" "RUST_BACKTRACE=full" "-e" "RUSTFLAGS=--cap-lints=forbid -Zrandomize-layout" "-e" "RUSTDOCFLAGS=--cap-lints=forbid" "-e" "CARGO_HOME=/opt/rustwide/cargo-home" "-e" "RUSTUP_HOME=/opt/rustwide/rustup-home" "-w" "/opt/rustwide/workdir" "-m" "1610612736" "--user" "0:0" "--network" "none" "ghcr.io/rust-lang/crates-build-env/linux@sha256:4a844ea9eb2546a2d2c7022eacef16ef2e8229c7fbb2c7d4d55a9ceca922f72d" "/opt/rustwide/cargo-home/bin/cargo" "+nightly-2024-10-28" "test" "--frozen" "--no-run" "--message-format=json", kill_on_drop: false }`
[INFO] [stdout] 7d1934ac47be83cd7241bc257f51eecca67590859a4fe4cbc5ce9cce0e1edeff
[INFO] running `Command { std: "docker" "start" "-a" "7d1934ac47be83cd7241bc257f51eecca67590859a4fe4cbc5ce9cce0e1edeff", kill_on_drop: false }`
[INFO] [stderr]    Compiling spatial-hasher v0.1.7 (/opt/rustwide/workdir)
[INFO] [stderr]     Finished `test` profile [unoptimized + debuginfo] target(s) in 0.23s
[INFO] running `Command { std: "docker" "inspect" "7d1934ac47be83cd7241bc257f51eecca67590859a4fe4cbc5ce9cce0e1edeff", kill_on_drop: false }`
[INFO] running `Command { std: "docker" "rm" "-f" "7d1934ac47be83cd7241bc257f51eecca67590859a4fe4cbc5ce9cce0e1edeff", kill_on_drop: false }`
[INFO] [stdout] 7d1934ac47be83cd7241bc257f51eecca67590859a4fe4cbc5ce9cce0e1edeff
[INFO] running `Command { std: "docker" "create" "-v" "/var/lib/crater-agent-workspace/builds/worker-5-tc2/target:/opt/rustwide/target:rw,Z" "-v" "/var/lib/crater-agent-workspace/builds/worker-5-tc2/source:/opt/rustwide/workdir:ro,Z" "-v" "/var/lib/crater-agent-workspace/cargo-home:/opt/rustwide/cargo-home:ro,Z" "-v" "/var/lib/crater-agent-workspace/rustup-home:/opt/rustwide/rustup-home:ro,Z" "-e" "SOURCE_DIR=/opt/rustwide/workdir" "-e" "CARGO_TARGET_DIR=/opt/rustwide/target" "-e" "CARGO_INCREMENTAL=0" "-e" "RUST_BACKTRACE=full" "-e" "RUSTFLAGS=--cap-lints=forbid -Zrandomize-layout" "-e" "RUSTDOCFLAGS=--cap-lints=forbid" "-e" "CARGO_HOME=/opt/rustwide/cargo-home" "-e" "RUSTUP_HOME=/opt/rustwide/rustup-home" "-w" "/opt/rustwide/workdir" "-m" "1610612736" "--user" "0:0" "--network" "none" "ghcr.io/rust-lang/crates-build-env/linux@sha256:4a844ea9eb2546a2d2c7022eacef16ef2e8229c7fbb2c7d4d55a9ceca922f72d" "/opt/rustwide/cargo-home/bin/cargo" "+nightly-2024-10-28" "test" "--frozen", kill_on_drop: false }`
[INFO] [stdout] 3f93000d1aadbfd3f08cc7b356a4761e48085c4bd2d940ea968aee8e84127df8
[INFO] running `Command { std: "docker" "start" "-a" "3f93000d1aadbfd3f08cc7b356a4761e48085c4bd2d940ea968aee8e84127df8", kill_on_drop: false }`
[INFO] [stderr]     Finished `test` profile [unoptimized + debuginfo] target(s) in 0.03s
[INFO] [stderr]      Running unittests src/lib.rs (/opt/rustwide/target/debug/deps/spatial_hasher-3c474124f5afe5e4)
[INFO] [stdout] 
[INFO] [stdout] running 0 tests
[INFO] [stdout] 
[INFO] [stdout] test result: ok. 0 passed; 0 failed; 0 ignored; 0 measured; 0 filtered out; finished in 0.00s
[INFO] [stdout] 
[INFO] [stderr]      Running tests/integration_tests.rs (/opt/rustwide/target/debug/deps/integration_tests-0886fee780321369)
[INFO] [stdout] 
[INFO] [stdout] running 1 test
[INFO] [stdout] test test_encryption_decryption ... ok
[INFO] [stdout] 
[INFO] [stdout] test result: ok. 1 passed; 0 failed; 0 ignored; 0 measured; 0 filtered out; finished in 0.00s
[INFO] [stdout] 
[INFO] [stderr]    Doc-tests spatial_hasher
[INFO] [stdout] 
[INFO] [stdout] running 9 tests
[INFO] [stdout] test src/lib.rs - (line 73) ... FAILED
[INFO] [stdout] test src/lib.rs - (line 66) ... FAILED
[INFO] [stdout] test src/point3d.rs - point3d::Point3D (line 16) ... ok
[INFO] [stdout] test src/rotation_axis.rs - rotation_axis::RotationAxis (line 15) ... ok
[INFO] [stdout] test src/lib.rs - (line 53) ... ok
[INFO] [stdout] test src/spatial_hasher.rs - spatial_hasher::Spha256::encrypt (line 126) ... ok
[INFO] [stdout] test src/spatial_hasher.rs - spatial_hasher::Spha256::new (line 66) ... ok
[INFO] [stdout] test src/spatial_hasher.rs - spatial_hasher::Spha256 (line 32) ... ok
[INFO] [stdout] test src/spatial_hasher.rs - spatial_hasher::Spha256::decrypt (line 174) ... ok
[INFO] [stdout] 
[INFO] [stdout] failures:
[INFO] [stdout] 
[INFO] [stdout] ---- src/lib.rs - (line 73) stdout ----
[INFO] [stdout] error[E0425]: cannot find value `hasher` in this scope
[INFO] [stdout]  --> src/lib.rs:74:22
[INFO] [stdout]   |
[INFO] [stdout] 3 | let decrypted_data = hasher.decrypt(&encrypted_data).expect("Decryption failed");
[INFO] [stdout]   |                      ^^^^^^ not found in this scope
[INFO] [stdout] 
[INFO] [stdout] error[E0425]: cannot find value `encrypted_data` in this scope
[INFO] [stdout]  --> src/lib.rs:74:38
[INFO] [stdout]   |
[INFO] [stdout] 3 | let decrypted_data = hasher.decrypt(&encrypted_data).expect("Decryption failed");
[INFO] [stdout]   |                                      ^^^^^^^^^^^^^^ not found in this scope
[INFO] [stdout] 
[INFO] [stdout] error[E0425]: cannot find value `data` in this scope
[INFO] [stdout]  --> src/lib.rs:75:12
[INFO] [stdout]   |
[INFO] [stdout] 4 | assert_eq!(data, &decrypted_data[..]);
[INFO] [stdout]   |            ^^^^ not found in this scope
[INFO] [stdout] 
[INFO] [stdout] error: aborting due to 3 previous errors
[INFO] [stdout] 
[INFO] [stdout] For more information about this error, try `rustc --explain E0425`.
[INFO] [stdout] Couldn't compile the test.
[INFO] [stdout] ---- src/lib.rs - (line 66) stdout ----
[INFO] [stdout] error[E0425]: cannot find value `hasher` in this scope
[INFO] [stdout]  --> src/lib.rs:68:22
[INFO] [stdout]   |
[INFO] [stdout] 4 | let encrypted_data = hasher.encrypt(data);
[INFO] [stdout]   |                      ^^^^^^ not found in this scope
[INFO] [stdout] 
[INFO] [stdout] error: aborting due to 1 previous error
[INFO] [stdout] 
[INFO] [stdout] For more information about this error, try `rustc --explain E0425`.
[INFO] [stdout] Couldn't compile the test.
[INFO] [stdout] 
[INFO] [stdout] failures:
[INFO] [stdout]     src/lib.rs - (line 66)
[INFO] [stdout]     src/lib.rs - (line 73)
[INFO] [stdout] 
[INFO] [stdout] test result: FAILED. 7 passed; 2 failed; 0 ignored; 0 measured; 0 filtered out; finished in 0.13s
[INFO] [stdout] 
[INFO] [stderr] error: doctest failed, to rerun pass `--doc`
[INFO] running `Command { std: "docker" "inspect" "3f93000d1aadbfd3f08cc7b356a4761e48085c4bd2d940ea968aee8e84127df8", kill_on_drop: false }`
[INFO] running `Command { std: "docker" "rm" "-f" "3f93000d1aadbfd3f08cc7b356a4761e48085c4bd2d940ea968aee8e84127df8", kill_on_drop: false }`
[INFO] [stdout] 3f93000d1aadbfd3f08cc7b356a4761e48085c4bd2d940ea968aee8e84127df8
