[INFO] fetching crate sparkles-macro 0.1.4...
[INFO] testing sparkles-macro-0.1.4 against nightly-2024-10-28 for randomize-layout
[INFO] extracting crate sparkles-macro 0.1.4 into /workspace/builds/worker-2-tc1/source
[INFO] validating manifest of crates.io crate sparkles-macro 0.1.4 on toolchain nightly-2024-10-28
[INFO] running `Command { std: CARGO_HOME="/workspace/cargo-home" RUSTUP_HOME="/workspace/rustup-home" "/workspace/cargo-home/bin/cargo" "+nightly-2024-10-28" "metadata" "--manifest-path" "Cargo.toml" "--no-deps", kill_on_drop: false }`
[INFO] started tweaking crates.io crate sparkles-macro 0.1.4
[INFO] finished tweaking crates.io crate sparkles-macro 0.1.4
[INFO] tweaked toml for crates.io crate sparkles-macro 0.1.4 written to /workspace/builds/worker-2-tc1/source/Cargo.toml
[INFO] running `Command { std: CARGO_HOME="/workspace/cargo-home" RUSTUP_HOME="/workspace/rustup-home" "/workspace/cargo-home/bin/cargo" "+nightly-2024-10-28" "generate-lockfile" "--manifest-path" "Cargo.toml", kill_on_drop: false }`
[INFO] [stderr]     Updating crates.io index
[INFO] [stderr]      Locking 4 packages to latest compatible versions
[INFO] running `Command { std: CARGO_HOME="/workspace/cargo-home" RUSTUP_HOME="/workspace/rustup-home" "/workspace/cargo-home/bin/cargo" "+nightly-2024-10-28" "fetch" "--manifest-path" "Cargo.toml", kill_on_drop: false }`
[INFO] running `Command { std: "docker" "create" "-v" "/var/lib/crater-agent-workspace/builds/worker-2-tc1/target:/opt/rustwide/target:rw,Z" "-v" "/var/lib/crater-agent-workspace/builds/worker-2-tc1/source:/opt/rustwide/workdir:ro,Z" "-v" "/var/lib/crater-agent-workspace/cargo-home:/opt/rustwide/cargo-home:ro,Z" "-v" "/var/lib/crater-agent-workspace/rustup-home:/opt/rustwide/rustup-home:ro,Z" "-e" "SOURCE_DIR=/opt/rustwide/workdir" "-e" "CARGO_TARGET_DIR=/opt/rustwide/target" "-e" "CARGO_HOME=/opt/rustwide/cargo-home" "-e" "RUSTUP_HOME=/opt/rustwide/rustup-home" "-w" "/opt/rustwide/workdir" "-m" "1610612736" "--user" "0:0" "--network" "none" "ghcr.io/rust-lang/crates-build-env/linux@sha256:4a844ea9eb2546a2d2c7022eacef16ef2e8229c7fbb2c7d4d55a9ceca922f72d" "/opt/rustwide/cargo-home/bin/cargo" "+nightly-2024-10-28" "metadata" "--no-deps" "--format-version=1", kill_on_drop: false }`
[INFO] [stdout] da4a818fbcdaad2f2621942d98f201137fe4f7d27797b801b1868adedb7adcab
[INFO] running `Command { std: "docker" "start" "-a" "da4a818fbcdaad2f2621942d98f201137fe4f7d27797b801b1868adedb7adcab", kill_on_drop: false }`
[INFO] running `Command { std: "docker" "inspect" "da4a818fbcdaad2f2621942d98f201137fe4f7d27797b801b1868adedb7adcab", kill_on_drop: false }`
[INFO] running `Command { std: "docker" "rm" "-f" "da4a818fbcdaad2f2621942d98f201137fe4f7d27797b801b1868adedb7adcab", kill_on_drop: false }`
[INFO] [stdout] da4a818fbcdaad2f2621942d98f201137fe4f7d27797b801b1868adedb7adcab
[INFO] running `Command { std: "docker" "create" "-v" "/var/lib/crater-agent-workspace/builds/worker-2-tc1/target:/opt/rustwide/target:rw,Z" "-v" "/var/lib/crater-agent-workspace/builds/worker-2-tc1/source:/opt/rustwide/workdir:ro,Z" "-v" "/var/lib/crater-agent-workspace/cargo-home:/opt/rustwide/cargo-home:ro,Z" "-v" "/var/lib/crater-agent-workspace/rustup-home:/opt/rustwide/rustup-home:ro,Z" "-e" "SOURCE_DIR=/opt/rustwide/workdir" "-e" "CARGO_TARGET_DIR=/opt/rustwide/target" "-e" "CARGO_INCREMENTAL=0" "-e" "RUST_BACKTRACE=full" "-e" "RUSTFLAGS=--cap-lints=forbid" "-e" "RUSTDOCFLAGS=--cap-lints=forbid" "-e" "CARGO_HOME=/opt/rustwide/cargo-home" "-e" "RUSTUP_HOME=/opt/rustwide/rustup-home" "-w" "/opt/rustwide/workdir" "-m" "1610612736" "--user" "0:0" "--network" "none" "ghcr.io/rust-lang/crates-build-env/linux@sha256:4a844ea9eb2546a2d2c7022eacef16ef2e8229c7fbb2c7d4d55a9ceca922f72d" "/opt/rustwide/cargo-home/bin/cargo" "+nightly-2024-10-28" "build" "--frozen" "--message-format=json", kill_on_drop: false }`
[INFO] [stdout] 5d7f91146ba1d238162419fc73f3963a5edca849adfb178312bde615e966d825
[INFO] running `Command { std: "docker" "start" "-a" "5d7f91146ba1d238162419fc73f3963a5edca849adfb178312bde615e966d825", kill_on_drop: false }`
[INFO] [stderr]    Compiling proc-macro2 v1.0.89
[INFO] [stderr]    Compiling unicode-ident v1.0.13
[INFO] [stderr]    Compiling quote v1.0.37
[INFO] [stderr]    Compiling syn v2.0.86
[INFO] [stderr]    Compiling sparkles-macro v0.1.4 (/opt/rustwide/workdir)
[INFO] [stderr]     Finished `dev` profile [unoptimized + debuginfo] target(s) in 4.89s
[INFO] running `Command { std: "docker" "inspect" "5d7f91146ba1d238162419fc73f3963a5edca849adfb178312bde615e966d825", kill_on_drop: false }`
[INFO] running `Command { std: "docker" "rm" "-f" "5d7f91146ba1d238162419fc73f3963a5edca849adfb178312bde615e966d825", kill_on_drop: false }`
[INFO] [stdout] 5d7f91146ba1d238162419fc73f3963a5edca849adfb178312bde615e966d825
[INFO] running `Command { std: "docker" "create" "-v" "/var/lib/crater-agent-workspace/builds/worker-2-tc1/target:/opt/rustwide/target:rw,Z" "-v" "/var/lib/crater-agent-workspace/builds/worker-2-tc1/source:/opt/rustwide/workdir:ro,Z" "-v" "/var/lib/crater-agent-workspace/cargo-home:/opt/rustwide/cargo-home:ro,Z" "-v" "/var/lib/crater-agent-workspace/rustup-home:/opt/rustwide/rustup-home:ro,Z" "-e" "SOURCE_DIR=/opt/rustwide/workdir" "-e" "CARGO_TARGET_DIR=/opt/rustwide/target" "-e" "CARGO_INCREMENTAL=0" "-e" "RUST_BACKTRACE=full" "-e" "RUSTFLAGS=--cap-lints=forbid" "-e" "RUSTDOCFLAGS=--cap-lints=forbid" "-e" "CARGO_HOME=/opt/rustwide/cargo-home" "-e" "RUSTUP_HOME=/opt/rustwide/rustup-home" "-w" "/opt/rustwide/workdir" "-m" "1610612736" "--user" "0:0" "--network" "none" "ghcr.io/rust-lang/crates-build-env/linux@sha256:4a844ea9eb2546a2d2c7022eacef16ef2e8229c7fbb2c7d4d55a9ceca922f72d" "/opt/rustwide/cargo-home/bin/cargo" "+nightly-2024-10-28" "test" "--frozen" "--no-run" "--message-format=json", kill_on_drop: false }`
[INFO] [stdout] ffc26da78742a506582251ce78392a0bd9fc708436ec44d1458324cc0c142563
[INFO] running `Command { std: "docker" "start" "-a" "ffc26da78742a506582251ce78392a0bd9fc708436ec44d1458324cc0c142563", kill_on_drop: false }`
[INFO] [stderr]    Compiling sparkles-macro v0.1.4 (/opt/rustwide/workdir)
[INFO] [stderr]     Finished `test` profile [unoptimized + debuginfo] target(s) in 0.50s
[INFO] running `Command { std: "docker" "inspect" "ffc26da78742a506582251ce78392a0bd9fc708436ec44d1458324cc0c142563", kill_on_drop: false }`
[INFO] running `Command { std: "docker" "rm" "-f" "ffc26da78742a506582251ce78392a0bd9fc708436ec44d1458324cc0c142563", kill_on_drop: false }`
[INFO] [stdout] ffc26da78742a506582251ce78392a0bd9fc708436ec44d1458324cc0c142563
[INFO] running `Command { std: "docker" "create" "-v" "/var/lib/crater-agent-workspace/builds/worker-2-tc1/target:/opt/rustwide/target:rw,Z" "-v" "/var/lib/crater-agent-workspace/builds/worker-2-tc1/source:/opt/rustwide/workdir:ro,Z" "-v" "/var/lib/crater-agent-workspace/cargo-home:/opt/rustwide/cargo-home:ro,Z" "-v" "/var/lib/crater-agent-workspace/rustup-home:/opt/rustwide/rustup-home:ro,Z" "-e" "SOURCE_DIR=/opt/rustwide/workdir" "-e" "CARGO_TARGET_DIR=/opt/rustwide/target" "-e" "CARGO_INCREMENTAL=0" "-e" "RUST_BACKTRACE=full" "-e" "RUSTFLAGS=--cap-lints=forbid" "-e" "RUSTDOCFLAGS=--cap-lints=forbid" "-e" "CARGO_HOME=/opt/rustwide/cargo-home" "-e" "RUSTUP_HOME=/opt/rustwide/rustup-home" "-w" "/opt/rustwide/workdir" "-m" "1610612736" "--user" "0:0" "--network" "none" "ghcr.io/rust-lang/crates-build-env/linux@sha256:4a844ea9eb2546a2d2c7022eacef16ef2e8229c7fbb2c7d4d55a9ceca922f72d" "/opt/rustwide/cargo-home/bin/cargo" "+nightly-2024-10-28" "test" "--frozen", kill_on_drop: false }`
[INFO] [stdout] 1c574e0694e2af88afc1ce881f268f7bbc5dd681149cc5f570d8f6c0ecca7a61
[INFO] running `Command { std: "docker" "start" "-a" "1c574e0694e2af88afc1ce881f268f7bbc5dd681149cc5f570d8f6c0ecca7a61", kill_on_drop: false }`
[INFO] [stderr]     Finished `test` profile [unoptimized + debuginfo] target(s) in 0.01s
[INFO] [stderr]      Running unittests src/lib.rs (/opt/rustwide/target/debug/deps/sparkles_macro-a1a044524c3b6b6c)
[INFO] [stdout] 
[INFO] [stdout] running 0 tests
[INFO] [stdout] 
[INFO] [stdout] test result: ok. 0 passed; 0 failed; 0 ignored; 0 measured; 0 filtered out; finished in 0.00s
[INFO] [stdout] 
[INFO] [stderr]    Doc-tests sparkles_macro
[INFO] [stdout] 
[INFO] [stdout] running 3 tests
[INFO] [stdout] test src/lib.rs - instant_event (line 9) ... FAILED
[INFO] [stdout] test src/lib.rs - range_event_end (line 73) ... FAILED
[INFO] [stdout] test src/lib.rs - range_event_start (line 32) ... FAILED
[INFO] [stdout] 
[INFO] [stdout] failures:
[INFO] [stdout] 
[INFO] [stdout] ---- src/lib.rs - instant_event (line 9) stdout ----
[INFO] [stdout] error[E0433]: failed to resolve: use of undeclared crate or module `sparkles`
[INFO] [stdout]  --> src/lib.rs:11:1
[INFO] [stdout]   |
[INFO] [stdout] 5 | sparkles_macro::instant_event!("Packet received");
[INFO] [stdout]   | ^^^^^^^^^^^^^^^^^^^^^^^^^^^^^^^^^^^^^^^^^^^^^^^^^ use of undeclared crate or module `sparkles`
[INFO] [stdout]   |
[INFO] [stdout]   = note: this error originates in the macro `sparkles_macro::instant_event` (in Nightly builds, run with -Z macro-backtrace for more info)
[INFO] [stdout] 
[INFO] [stdout] error: aborting due to 1 previous error
[INFO] [stdout] 
[INFO] [stdout] For more information about this error, try `rustc --explain E0433`.
[INFO] [stdout] Couldn't compile the test.
[INFO] [stdout] ---- src/lib.rs - range_event_end (line 73) stdout ----
[INFO] [stdout] error[E0425]: cannot find value `packet` in this scope
[INFO] [stdout]  --> src/lib.rs:77:30
[INFO] [stdout]   |
[INFO] [stdout] 7 | let Ok(data) = parse_packet(&packet) else {
[INFO] [stdout]   |                              ^^^^^^ not found in this scope
[INFO] [stdout] 
[INFO] [stdout] error[E0433]: failed to resolve: use of undeclared crate or module `sparkles`
[INFO] [stdout]  --> src/lib.rs:75:19
[INFO] [stdout]   |
[INFO] [stdout] 5 | let packet_proc = sparkles_macro::range_event_start!("Packet parsing");
[INFO] [stdout]   |                   ^^^^^^^^^^^^^^^^^^^^^^^^^^^^^^^^^^^^^^^^^^^^^^^^^^^^ use of undeclared crate or module `sparkles`
[INFO] [stdout]   |
[INFO] [stdout]   = note: this error originates in the macro `sparkles_macro::range_event_start` (in Nightly builds, run with -Z macro-backtrace for more info)
[INFO] [stdout] 
[INFO] [stdout] error[E0425]: cannot find function `parse_packet` in this scope
[INFO] [stdout]  --> src/lib.rs:77:16
[INFO] [stdout]   |
[INFO] [stdout] 7 | let Ok(data) = parse_packet(&packet) else {
[INFO] [stdout]   |                ^^^^^^^^^^^^ not found in this scope
[INFO] [stdout] 
[INFO] [stdout] error[E0308]: `else` clause of `let...else` does not diverge
[INFO] [stdout]  --> src/lib.rs:77:43
[INFO] [stdout]   |
[INFO] [stdout] 7 |   let Ok(data) = parse_packet(&packet) else {
[INFO] [stdout]   |  ___________________________________________^
[INFO] [stdout] 8 | |    sparkles_macro::range_event_end!(packet_proc, "Failed");
[INFO] [stdout] 9 | | };
[INFO] [stdout]   | |_^ expected `!`, found `()`
[INFO] [stdout]   |
[INFO] [stdout]   = note:   expected type `!`
[INFO] [stdout]           found unit type `()`
[INFO] [stdout]   = help: try adding a diverging expression, such as `return` or `panic!(..)`
[INFO] [stdout]   = help: ...or use `match` instead of `let...else`
[INFO] [stdout] 
[INFO] [stdout] error: aborting due to 4 previous errors
[INFO] [stdout] 
[INFO] [stdout] Some errors have detailed explanations: E0308, E0425, E0433.
[INFO] [stdout] For more information about an error, try `rustc --explain E0308`.
[INFO] [stdout] Couldn't compile the test.
[INFO] [stdout] ---- src/lib.rs - range_event_start (line 32) stdout ----
[INFO] [stdout] error[E0425]: cannot find value `packet` in this scope
[INFO] [stdout]  --> src/lib.rs:36:30
[INFO] [stdout]   |
[INFO] [stdout] 7 | let Ok(data) = parse_packet(&packet) else {
[INFO] [stdout]   |                              ^^^^^^ not found in this scope
[INFO] [stdout] 
[INFO] [stdout] error[E0433]: failed to resolve: use of undeclared crate or module `sparkles`
[INFO] [stdout]  --> src/lib.rs:34:19
[INFO] [stdout]   |
[INFO] [stdout] 5 | let packet_proc = sparkles_macro::range_event_start!("Packet parsing");
[INFO] [stdout]   |                   ^^^^^^^^^^^^^^^^^^^^^^^^^^^^^^^^^^^^^^^^^^^^^^^^^^^^ use of undeclared crate or module `sparkles`
[INFO] [stdout]   |
[INFO] [stdout]   = note: this error originates in the macro `sparkles_macro::range_event_start` (in Nightly builds, run with -Z macro-backtrace for more info)
[INFO] [stdout] 
[INFO] [stdout] error[E0425]: cannot find function `parse_packet` in this scope
[INFO] [stdout]  --> src/lib.rs:36:16
[INFO] [stdout]   |
[INFO] [stdout] 7 | let Ok(data) = parse_packet(&packet) else {
[INFO] [stdout]   |                ^^^^^^^^^^^^ not found in this scope
[INFO] [stdout] 
[INFO] [stdout] error[E0308]: `else` clause of `let...else` does not diverge
[INFO] [stdout]  --> src/lib.rs:36:43
[INFO] [stdout]   |
[INFO] [stdout] 7 |   let Ok(data) = parse_packet(&packet) else {
[INFO] [stdout]   |  ___________________________________________^
[INFO] [stdout] 8 | |    sparkles_macro::range_event_end!(packet_proc, "Failed");
[INFO] [stdout] 9 | | };
[INFO] [stdout]   | |_^ expected `!`, found `()`
[INFO] [stdout]   |
[INFO] [stdout]   = note:   expected type `!`
[INFO] [stdout]           found unit type `()`
[INFO] [stdout]   = help: try adding a diverging expression, such as `return` or `panic!(..)`
[INFO] [stdout]   = help: ...or use `match` instead of `let...else`
[INFO] [stdout] 
[INFO] [stdout] error: aborting due to 4 previous errors
[INFO] [stdout] 
[INFO] [stdout] Some errors have detailed explanations: E0308, E0425, E0433.
[INFO] [stdout] For more information about an error, try `rustc --explain E0308`.
[INFO] [stdout] Couldn't compile the test.
[INFO] [stdout] 
[INFO] [stdout] failures:
[INFO] [stdout]     src/lib.rs - instant_event (line 9)
[INFO] [stdout]     src/lib.rs - range_event_end (line 73)
[INFO] [stdout]     src/lib.rs - range_event_start (line 32)
[INFO] [stdout] 
[INFO] [stdout] test result: FAILED. 0 passed; 3 failed; 0 ignored; 0 measured; 0 filtered out; finished in 0.15s
[INFO] [stdout] 
[INFO] [stderr] error: doctest failed, to rerun pass `--doc`
[INFO] running `Command { std: "docker" "inspect" "1c574e0694e2af88afc1ce881f268f7bbc5dd681149cc5f570d8f6c0ecca7a61", kill_on_drop: false }`
[INFO] running `Command { std: "docker" "rm" "-f" "1c574e0694e2af88afc1ce881f268f7bbc5dd681149cc5f570d8f6c0ecca7a61", kill_on_drop: false }`
[INFO] [stdout] 1c574e0694e2af88afc1ce881f268f7bbc5dd681149cc5f570d8f6c0ecca7a61
