[INFO] fetching crate spark-orm 0.3.1...
[INFO] testing spark-orm-0.3.1 against nightly-2024-10-28+rustflags=-Zrandomize-layout for randomize-layout
[INFO] extracting crate spark-orm 0.3.1 into /workspace/builds/worker-2-tc2/source
[INFO] validating manifest of crates.io crate spark-orm 0.3.1 on toolchain nightly-2024-10-28
[INFO] running `Command { std: CARGO_HOME="/workspace/cargo-home" RUSTUP_HOME="/workspace/rustup-home" "/workspace/cargo-home/bin/cargo" "+nightly-2024-10-28" "metadata" "--manifest-path" "Cargo.toml" "--no-deps", kill_on_drop: false }`
[INFO] started tweaking crates.io crate spark-orm 0.3.1
[INFO] finished tweaking crates.io crate spark-orm 0.3.1
[INFO] tweaked toml for crates.io crate spark-orm 0.3.1 written to /workspace/builds/worker-2-tc2/source/Cargo.toml
[INFO] running `Command { std: CARGO_HOME="/workspace/cargo-home" RUSTUP_HOME="/workspace/rustup-home" "/workspace/cargo-home/bin/cargo" "+nightly-2024-10-28" "generate-lockfile" "--manifest-path" "Cargo.toml", kill_on_drop: false }`
[INFO] [stderr]     Updating crates.io index
[INFO] [stderr]      Locking 215 packages to latest compatible versions
[INFO] [stderr]       Adding mongodb v2.8.2 (available: v3.1.0)
[INFO] running `Command { std: CARGO_HOME="/workspace/cargo-home" RUSTUP_HOME="/workspace/rustup-home" "/workspace/cargo-home/bin/cargo" "+nightly-2024-10-28" "fetch" "--manifest-path" "Cargo.toml", kill_on_drop: false }`
[INFO] running `Command { std: "docker" "create" "-v" "/var/lib/crater-agent-workspace/builds/worker-2-tc2/target:/opt/rustwide/target:rw,Z" "-v" "/var/lib/crater-agent-workspace/builds/worker-2-tc2/source:/opt/rustwide/workdir:ro,Z" "-v" "/var/lib/crater-agent-workspace/cargo-home:/opt/rustwide/cargo-home:ro,Z" "-v" "/var/lib/crater-agent-workspace/rustup-home:/opt/rustwide/rustup-home:ro,Z" "-e" "SOURCE_DIR=/opt/rustwide/workdir" "-e" "CARGO_TARGET_DIR=/opt/rustwide/target" "-e" "CARGO_HOME=/opt/rustwide/cargo-home" "-e" "RUSTUP_HOME=/opt/rustwide/rustup-home" "-w" "/opt/rustwide/workdir" "-m" "1610612736" "--user" "0:0" "--network" "none" "ghcr.io/rust-lang/crates-build-env/linux@sha256:4a844ea9eb2546a2d2c7022eacef16ef2e8229c7fbb2c7d4d55a9ceca922f72d" "/opt/rustwide/cargo-home/bin/cargo" "+nightly-2024-10-28" "metadata" "--no-deps" "--format-version=1", kill_on_drop: false }`
[INFO] [stdout] 5732173a40b1b21d4992e70926f9297275c199b6b45ab53b611dd083eedfa05f
[INFO] running `Command { std: "docker" "start" "-a" "5732173a40b1b21d4992e70926f9297275c199b6b45ab53b611dd083eedfa05f", kill_on_drop: false }`
[INFO] running `Command { std: "docker" "inspect" "5732173a40b1b21d4992e70926f9297275c199b6b45ab53b611dd083eedfa05f", kill_on_drop: false }`
[INFO] running `Command { std: "docker" "rm" "-f" "5732173a40b1b21d4992e70926f9297275c199b6b45ab53b611dd083eedfa05f", kill_on_drop: false }`
[INFO] [stdout] 5732173a40b1b21d4992e70926f9297275c199b6b45ab53b611dd083eedfa05f
[INFO] running `Command { std: "docker" "create" "-v" "/var/lib/crater-agent-workspace/builds/worker-2-tc2/target:/opt/rustwide/target:rw,Z" "-v" "/var/lib/crater-agent-workspace/builds/worker-2-tc2/source:/opt/rustwide/workdir:ro,Z" "-v" "/var/lib/crater-agent-workspace/cargo-home:/opt/rustwide/cargo-home:ro,Z" "-v" "/var/lib/crater-agent-workspace/rustup-home:/opt/rustwide/rustup-home:ro,Z" "-e" "SOURCE_DIR=/opt/rustwide/workdir" "-e" "CARGO_TARGET_DIR=/opt/rustwide/target" "-e" "CARGO_INCREMENTAL=0" "-e" "RUST_BACKTRACE=full" "-e" "RUSTFLAGS=--cap-lints=forbid -Zrandomize-layout" "-e" "RUSTDOCFLAGS=--cap-lints=forbid" "-e" "CARGO_HOME=/opt/rustwide/cargo-home" "-e" "RUSTUP_HOME=/opt/rustwide/rustup-home" "-w" "/opt/rustwide/workdir" "-m" "1610612736" "--user" "0:0" "--network" "none" "ghcr.io/rust-lang/crates-build-env/linux@sha256:4a844ea9eb2546a2d2c7022eacef16ef2e8229c7fbb2c7d4d55a9ceca922f72d" "/opt/rustwide/cargo-home/bin/cargo" "+nightly-2024-10-28" "build" "--frozen" "--message-format=json", kill_on_drop: false }`
[INFO] [stdout] 330029d7e6372ca8f5b14c77ebf07f7a3f1bb282d7dd2293edda0ad53f3a48ce
[INFO] running `Command { std: "docker" "start" "-a" "330029d7e6372ca8f5b14c77ebf07f7a3f1bb282d7dd2293edda0ad53f3a48ce", kill_on_drop: false }`
[INFO] [stderr]    Compiling ident_case v1.0.1
[INFO] [stderr]    Compiling fnv v1.0.7
[INFO] [stderr]    Compiling proc-macro2 v1.0.89
[INFO] [stderr]    Compiling getrandom v0.2.15
[INFO] [stderr]    Compiling ring v0.17.8
[INFO] [stderr]    Compiling unicode-normalization v0.1.24
[INFO] [stderr]    Compiling unicode-bidi v0.3.17
[INFO] [stderr]    Compiling log v0.4.22
[INFO] [stderr]    Compiling subtle v2.6.1
[INFO] [stderr]    Compiling futures-channel v0.3.31
[INFO] [stderr]    Compiling digest v0.10.7
[INFO] [stderr]    Compiling rand_core v0.6.4
[INFO] [stderr]    Compiling signal-hook-registry v1.4.2
[INFO] [stderr]    Compiling quote v1.0.37
[INFO] [stderr]    Compiling syn v2.0.86
[INFO] [stderr]    Compiling syn v1.0.109
[INFO] [stderr]    Compiling untrusted v0.9.0
[INFO] [stderr]    Compiling spin v0.9.8
[INFO] [stderr]    Compiling semver-parser v0.7.0
[INFO] [stderr]    Compiling strsim v0.10.0
[INFO] [stderr]    Compiling radium v0.7.0
[INFO] [stderr]    Compiling idna v0.5.0
[INFO] [stderr]    Compiling semver v0.9.0
[INFO] [stderr]    Compiling ahash v0.8.11
[INFO] [stderr]    Compiling regex-syntax v0.8.5
[INFO] [stderr]    Compiling serde_json v1.0.132
[INFO] [stderr]    Compiling rustc_version v0.2.3
[INFO] [stderr]    Compiling match_cfg v0.1.0
[INFO] [stderr]    Compiling rustls v0.21.12
[INFO] [stderr]    Compiling strsim v0.11.1
[INFO] [stderr]    Compiling tap v1.0.1
[INFO] [stderr]    Compiling matches v0.1.10
[INFO] [stderr]    Compiling time-macros v0.2.18
[INFO] [stderr]    Compiling rustc_version_runtime v0.2.1
[INFO] [stderr]    Compiling idna v0.2.3
[INFO] [stderr]    Compiling wyz v0.5.1
[INFO] [stderr]    Compiling hostname v0.3.1
[INFO] [stderr]    Compiling url v2.5.2
[INFO] [stderr]    Compiling parking_lot_core v0.9.10
[INFO] [stderr]    Compiling regex-automata v0.4.8
[INFO] [stderr]    Compiling linked-hash-map v0.5.6
[INFO] [stderr]    Compiling quick-error v1.2.3
[INFO] [stderr]    Compiling utf8parse v0.2.2
[INFO] [stderr]    Compiling funty v2.0.0
[INFO] [stderr]    Compiling anstyle-parse v0.2.6
[INFO] [stderr]    Compiling time v0.3.36
[INFO] [stderr]    Compiling darling_core v0.20.10
[INFO] [stderr]    Compiling bitvec v1.0.1
[INFO] [stderr]    Compiling darling_core v0.13.4
[INFO] [stderr]    Compiling sct v0.7.1
[INFO] [stderr]    Compiling zerocopy-derive v0.7.35
[INFO] [stderr]    Compiling serde_derive v1.0.214
[INFO] [stderr]    Compiling futures-macro v0.3.31
[INFO] [stderr]    Compiling tokio-macros v2.4.0
[INFO] [stderr]    Compiling zerocopy v0.7.35
[INFO] [stderr]    Compiling thiserror-impl v1.0.66
[INFO] [stderr]    Compiling ppv-lite86 v0.2.20
[INFO] [stderr]    Compiling futures-util v0.3.31
[INFO] [stderr]    Compiling tokio v1.41.0
[INFO] [stderr]    Compiling enum-as-inner v0.4.0
[INFO] [stderr]    Compiling rand_chacha v0.3.1
[INFO] [stderr]    Compiling async-trait v0.1.83
[INFO] [stderr]    Compiling darling_macro v0.13.4
[INFO] [stderr]    Compiling thiserror v1.0.66
[INFO] [stderr]    Compiling rand v0.8.5
[INFO] [stderr]    Compiling rustls-webpki v0.101.7
[INFO] [stderr]    Compiling darling v0.13.4
[INFO] [stderr]    Compiling serde_with_macros v1.5.2
[INFO] [stderr]    Compiling darling_macro v0.20.10
[INFO] [stderr]    Compiling regex v1.11.1
[INFO] [stderr]    Compiling lru-cache v0.1.2
[INFO] [stderr]    Compiling resolv-conf v0.7.0
[INFO] [stderr]    Compiling parking_lot v0.12.3
[INFO] [stderr]    Compiling unicode-properties v0.1.3
[INFO] [stderr]    Compiling anstyle-query v1.1.2
[INFO] [stderr]    Compiling colorchoice v1.0.3
[INFO] [stderr]    Compiling convert_case v0.4.0
[INFO] [stderr]    Compiling base64 v0.13.1
[INFO] [stderr]    Compiling is_terminal_polyfill v1.70.1
[INFO] [stderr]    Compiling chrono v0.4.38
[INFO] [stderr]    Compiling anstream v0.6.17
[INFO] [stderr]    Compiling stringprep v0.1.5
[INFO] [stderr]    Compiling derive_more v0.99.18
[INFO] [stderr]    Compiling futures-executor v0.3.31
[INFO] [stderr]    Compiling serde v1.0.214
[INFO] [stderr]    Compiling darling v0.20.10
[INFO] [stderr]    Compiling env_filter v0.1.2
[INFO] [stderr]    Compiling trust-dns-proto v0.21.2
[INFO] [stderr]    Compiling tokio-util v0.7.12
[INFO] [stderr]    Compiling tokio-rustls v0.24.1
[INFO] [stderr]    Compiling derivative v2.2.0
[INFO] [stderr]    Compiling typed-builder v0.10.0
[INFO] [stderr]    Compiling sha-1 v0.10.1
[INFO] [stderr]    Compiling sha2 v0.10.8
[INFO] [stderr]    Compiling uuid v1.11.0
[INFO] [stderr]    Compiling serde_bytes v0.11.15
[INFO] [stderr]    Compiling trust-dns-resolver v0.21.2
[INFO] [stderr]    Compiling serde_with v1.14.0
[INFO] [stderr]    Compiling bson v2.13.0
[INFO] [stderr]    Compiling hmac v0.12.1
[INFO] [stderr]    Compiling pbkdf2 v0.11.0
[INFO] [stderr]    Compiling md-5 v0.10.6
[INFO] [stderr]    Compiling socket2 v0.4.10
[INFO] [stderr]    Compiling take_mut v0.2.2
[INFO] [stderr]    Compiling webpki-roots v0.25.4
[INFO] [stderr]    Compiling humantime v2.1.0
[INFO] [stderr]    Compiling bitflags v1.3.2
[INFO] [stderr]    Compiling env_logger v0.11.5
[INFO] [stderr]    Compiling spark-orm-derive v0.2.1
[INFO] [stderr]    Compiling futures v0.3.31
[INFO] [stderr]    Compiling mongodb v2.8.2
[INFO] [stderr]    Compiling spark-orm v0.3.1 (/opt/rustwide/workdir)
[INFO] [stdout] warning: unexpected `cfg` condition name: `debug`
[INFO] [stdout]    --> src/macros.rs:8:17
[INFO] [stdout]     |
[INFO] [stdout] 8   |         if cfg!(debug) {
[INFO] [stdout]     |                 ^^^^^ help: found config with similar value: `feature = "debug"`
[INFO] [stdout]     |
[INFO] [stdout]    ::: src/model.rs:253:9
[INFO] [stdout]     |
[INFO] [stdout] 253 |         trace!("Spawn task to register indexes");
[INFO] [stdout]     |         ---------------------------------------- in this macro invocation
[INFO] [stdout]     |
[INFO] [stdout]     = help: expected names are: `clippy`, `debug_assertions`, `doc`, `docsrs`, `doctest`, `feature`, `fmt_debug`, `miri`, `overflow_checks`, `panic`, `proc_macro`, `relocation_model`, `rustfmt`, `sanitize`, `sanitizer_cfi_generalize_pointers`, `sanitizer_cfi_normalize_integers`, `target_abi`, `target_arch`, `target_endian`, `target_env`, `target_family`, `target_feature`, `target_has_atomic`, `target_has_atomic_equal_alignment`, `target_has_atomic_load_store`, `target_os`, `target_pointer_width`, `target_thread_local`, `target_vendor`, `test`, `ub_checks`, `unix`, and `windows`
[INFO] [stdout]     = help: consider using a Cargo feature instead
[INFO] [stdout]     = help: or consider adding in `Cargo.toml` the `check-cfg` lint config for the lint:
[INFO] [stdout]              [lints.rust]
[INFO] [stdout]              unexpected_cfgs = { level = "warn", check-cfg = ['cfg(debug)'] }
[INFO] [stdout]     = help: or consider adding `println!("cargo::rustc-check-cfg=cfg(debug)");` to the top of the `build.rs`
[INFO] [stdout]     = note: see <https://doc.rust-lang.org/nightly/rustc/check-cfg/cargo-specifics.html> for more information about checking conditional configuration
[INFO] [stdout]     = note: `#[warn(unexpected_cfgs)]` on by default
[INFO] [stdout]     = note: this warning originates in the macro `trace` (in Nightly builds, run with -Z macro-backtrace for more info)
[INFO] [stdout] 
[INFO] [stdout] 
[INFO] [stderr]     Finished `dev` profile [unoptimized + debuginfo] target(s) in 55.02s
[INFO] running `Command { std: "docker" "inspect" "330029d7e6372ca8f5b14c77ebf07f7a3f1bb282d7dd2293edda0ad53f3a48ce", kill_on_drop: false }`
[INFO] running `Command { std: "docker" "rm" "-f" "330029d7e6372ca8f5b14c77ebf07f7a3f1bb282d7dd2293edda0ad53f3a48ce", kill_on_drop: false }`
[INFO] [stdout] 330029d7e6372ca8f5b14c77ebf07f7a3f1bb282d7dd2293edda0ad53f3a48ce
[INFO] running `Command { std: "docker" "create" "-v" "/var/lib/crater-agent-workspace/builds/worker-2-tc2/target:/opt/rustwide/target:rw,Z" "-v" "/var/lib/crater-agent-workspace/builds/worker-2-tc2/source:/opt/rustwide/workdir:ro,Z" "-v" "/var/lib/crater-agent-workspace/cargo-home:/opt/rustwide/cargo-home:ro,Z" "-v" "/var/lib/crater-agent-workspace/rustup-home:/opt/rustwide/rustup-home:ro,Z" "-e" "SOURCE_DIR=/opt/rustwide/workdir" "-e" "CARGO_TARGET_DIR=/opt/rustwide/target" "-e" "CARGO_INCREMENTAL=0" "-e" "RUST_BACKTRACE=full" "-e" "RUSTFLAGS=--cap-lints=forbid -Zrandomize-layout" "-e" "RUSTDOCFLAGS=--cap-lints=forbid" "-e" "CARGO_HOME=/opt/rustwide/cargo-home" "-e" "RUSTUP_HOME=/opt/rustwide/rustup-home" "-w" "/opt/rustwide/workdir" "-m" "1610612736" "--user" "0:0" "--network" "none" "ghcr.io/rust-lang/crates-build-env/linux@sha256:4a844ea9eb2546a2d2c7022eacef16ef2e8229c7fbb2c7d4d55a9ceca922f72d" "/opt/rustwide/cargo-home/bin/cargo" "+nightly-2024-10-28" "test" "--frozen" "--no-run" "--message-format=json", kill_on_drop: false }`
[INFO] [stdout] 50a8a134de6843646254c0bfc753f757c2d29d2ef338f0875107d8c2d0a47b8d
[INFO] running `Command { std: "docker" "start" "-a" "50a8a134de6843646254c0bfc753f757c2d29d2ef338f0875107d8c2d0a47b8d", kill_on_drop: false }`
[INFO] [stderr]    Compiling spark-orm v0.3.1 (/opt/rustwide/workdir)
[INFO] [stdout] warning: unexpected `cfg` condition name: `debug`
[INFO] [stdout]    --> src/macros.rs:8:17
[INFO] [stdout]     |
[INFO] [stdout] 8   |         if cfg!(debug) {
[INFO] [stdout]     |                 ^^^^^ help: found config with similar value: `feature = "debug"`
[INFO] [stdout]     |
[INFO] [stdout]    ::: src/model.rs:253:9
[INFO] [stdout]     |
[INFO] [stdout] 253 |         trace!("Spawn task to register indexes");
[INFO] [stdout]     |         ---------------------------------------- in this macro invocation
[INFO] [stdout]     |
[INFO] [stdout]     = help: expected names are: `clippy`, `debug_assertions`, `doc`, `docsrs`, `doctest`, `feature`, `fmt_debug`, `miri`, `overflow_checks`, `panic`, `proc_macro`, `relocation_model`, `rustfmt`, `sanitize`, `sanitizer_cfi_generalize_pointers`, `sanitizer_cfi_normalize_integers`, `target_abi`, `target_arch`, `target_endian`, `target_env`, `target_family`, `target_feature`, `target_has_atomic`, `target_has_atomic_equal_alignment`, `target_has_atomic_load_store`, `target_os`, `target_pointer_width`, `target_thread_local`, `target_vendor`, `test`, `ub_checks`, `unix`, and `windows`
[INFO] [stdout]     = help: consider using a Cargo feature instead
[INFO] [stdout]     = help: or consider adding in `Cargo.toml` the `check-cfg` lint config for the lint:
[INFO] [stdout]              [lints.rust]
[INFO] [stdout]              unexpected_cfgs = { level = "warn", check-cfg = ['cfg(debug)'] }
[INFO] [stdout]     = help: or consider adding `println!("cargo::rustc-check-cfg=cfg(debug)");` to the top of the `build.rs`
[INFO] [stdout]     = note: see <https://doc.rust-lang.org/nightly/rustc/check-cfg/cargo-specifics.html> for more information about checking conditional configuration
[INFO] [stdout]     = note: `#[warn(unexpected_cfgs)]` on by default
[INFO] [stdout]     = note: this warning originates in the macro `trace` (in Nightly builds, run with -Z macro-backtrace for more info)
[INFO] [stdout] 
[INFO] [stdout] 
[INFO] [stdout] warning: unexpected `cfg` condition name: `debug`
[INFO] [stdout]    --> src/macros.rs:8:17
[INFO] [stdout]     |
[INFO] [stdout] 8   |         if cfg!(debug) {
[INFO] [stdout]     |                 ^^^^^ help: found config with similar value: `feature = "debug"`
[INFO] [stdout]     |
[INFO] [stdout]    ::: src/model.rs:253:9
[INFO] [stdout]     |
[INFO] [stdout] 253 |         trace!("Spawn task to register indexes");
[INFO] [stdout]     |         ---------------------------------------- in this macro invocation
[INFO] [stdout]     |
[INFO] [stdout]     = help: expected names are: `clippy`, `debug_assertions`, `doc`, `docsrs`, `doctest`, `feature`, `fmt_debug`, `miri`, `overflow_checks`, `panic`, `proc_macro`, `relocation_model`, `rustfmt`, `sanitize`, `sanitizer_cfi_generalize_pointers`, `sanitizer_cfi_normalize_integers`, `target_abi`, `target_arch`, `target_endian`, `target_env`, `target_family`, `target_feature`, `target_has_atomic`, `target_has_atomic_equal_alignment`, `target_has_atomic_load_store`, `target_os`, `target_pointer_width`, `target_thread_local`, `target_vendor`, `test`, `ub_checks`, `unix`, and `windows`
[INFO] [stdout]     = help: consider using a Cargo feature instead
[INFO] [stdout]     = help: or consider adding in `Cargo.toml` the `check-cfg` lint config for the lint:
[INFO] [stdout]              [lints.rust]
[INFO] [stdout]              unexpected_cfgs = { level = "warn", check-cfg = ['cfg(debug)'] }
[INFO] [stdout]     = help: or consider adding `println!("cargo::rustc-check-cfg=cfg(debug)");` to the top of the `build.rs`
[INFO] [stdout]     = note: see <https://doc.rust-lang.org/nightly/rustc/check-cfg/cargo-specifics.html> for more information about checking conditional configuration
[INFO] [stdout]     = note: `#[warn(unexpected_cfgs)]` on by default
[INFO] [stdout]     = note: this warning originates in the macro `trace` (in Nightly builds, run with -Z macro-backtrace for more info)
[INFO] [stdout] 
[INFO] [stdout] 
[INFO] [stdout] warning: unused variable: `model`
[INFO] [stdout]   --> tests/observer.rs:36:22
[INFO] [stdout]    |
[INFO] [stdout] 36 |     async fn updated(model: &mut Model<'_, Person>) -> MongodbResult<()> {
[INFO] [stdout]    |                      ^^^^^ help: if this is intentional, prefix it with an underscore: `_model`
[INFO] [stdout]    |
[INFO] [stdout]    = note: `#[warn(unused_variables)]` on by default
[INFO] [stdout] 
[INFO] [stdout] 
[INFO] [stdout] warning: unused variable: `model`
[INFO] [stdout]   --> tests/observer.rs:40:22
[INFO] [stdout]    |
[INFO] [stdout] 40 |     async fn deleted(model: &mut Model<'_, Person>) -> MongodbResult<()> {
[INFO] [stdout]    |                      ^^^^^ help: if this is intentional, prefix it with an underscore: `_model`
[INFO] [stdout] 
[INFO] [stdout] 
[INFO] [stdout] warning: function `borrow_inner` is never used
[INFO] [stdout]    --> tests/main.rs:130:10
[INFO] [stdout]     |
[INFO] [stdout] 130 | async fn borrow_inner(){
[INFO] [stdout]     |          ^^^^^^^^^^^^
[INFO] [stdout]     |
[INFO] [stdout]     = note: `#[warn(dead_code)]` on by default
[INFO] [stdout] 
[INFO] [stdout] 
[INFO] [stderr]     Finished `test` profile [unoptimized + debuginfo] target(s) in 8.70s
[INFO] running `Command { std: "docker" "inspect" "50a8a134de6843646254c0bfc753f757c2d29d2ef338f0875107d8c2d0a47b8d", kill_on_drop: false }`
[INFO] running `Command { std: "docker" "rm" "-f" "50a8a134de6843646254c0bfc753f757c2d29d2ef338f0875107d8c2d0a47b8d", kill_on_drop: false }`
[INFO] [stdout] 50a8a134de6843646254c0bfc753f757c2d29d2ef338f0875107d8c2d0a47b8d
[INFO] running `Command { std: "docker" "create" "-v" "/var/lib/crater-agent-workspace/builds/worker-2-tc2/target:/opt/rustwide/target:rw,Z" "-v" "/var/lib/crater-agent-workspace/builds/worker-2-tc2/source:/opt/rustwide/workdir:ro,Z" "-v" "/var/lib/crater-agent-workspace/cargo-home:/opt/rustwide/cargo-home:ro,Z" "-v" "/var/lib/crater-agent-workspace/rustup-home:/opt/rustwide/rustup-home:ro,Z" "-e" "SOURCE_DIR=/opt/rustwide/workdir" "-e" "CARGO_TARGET_DIR=/opt/rustwide/target" "-e" "CARGO_INCREMENTAL=0" "-e" "RUST_BACKTRACE=full" "-e" "RUSTFLAGS=--cap-lints=forbid -Zrandomize-layout" "-e" "RUSTDOCFLAGS=--cap-lints=forbid" "-e" "CARGO_HOME=/opt/rustwide/cargo-home" "-e" "RUSTUP_HOME=/opt/rustwide/rustup-home" "-w" "/opt/rustwide/workdir" "-m" "1610612736" "--user" "0:0" "--network" "none" "ghcr.io/rust-lang/crates-build-env/linux@sha256:4a844ea9eb2546a2d2c7022eacef16ef2e8229c7fbb2c7d4d55a9ceca922f72d" "/opt/rustwide/cargo-home/bin/cargo" "+nightly-2024-10-28" "test" "--frozen", kill_on_drop: false }`
[INFO] [stdout] c8df6cf026ae4e94fd37da98987b5dcda0fff3e0d3009bab67d0b9fa30353f27
[INFO] running `Command { std: "docker" "start" "-a" "c8df6cf026ae4e94fd37da98987b5dcda0fff3e0d3009bab67d0b9fa30353f27", kill_on_drop: false }`
[INFO] [stderr] warning: unexpected `cfg` condition name: `debug`
[INFO] [stderr]    --> src/macros.rs:8:17
[INFO] [stderr]     |
[INFO] [stderr] 8   |         if cfg!(debug) {
[INFO] [stderr]     |                 ^^^^^ help: found config with similar value: `feature = "debug"`
[INFO] [stderr]     |
[INFO] [stderr]    ::: src/model.rs:253:9
[INFO] [stderr]     |
[INFO] [stderr] 253 |         trace!("Spawn task to register indexes");
[INFO] [stderr]     |         ---------------------------------------- in this macro invocation
[INFO] [stderr]     |
[INFO] [stderr]     = help: expected names are: `clippy`, `debug_assertions`, `doc`, `docsrs`, `doctest`, `feature`, `fmt_debug`, `miri`, `overflow_checks`, `panic`, `proc_macro`, `relocation_model`, `rustfmt`, `sanitize`, `sanitizer_cfi_generalize_pointers`, `sanitizer_cfi_normalize_integers`, `target_abi`, `target_arch`, `target_endian`, `target_env`, `target_family`, `target_feature`, `target_has_atomic`, `target_has_atomic_equal_alignment`, `target_has_atomic_load_store`, `target_os`, `target_pointer_width`, `target_thread_local`, `target_vendor`, `test`, `ub_checks`, `unix`, and `windows`
[INFO] [stderr]     = help: consider using a Cargo feature instead
[INFO] [stderr]     = help: or consider adding in `Cargo.toml` the `check-cfg` lint config for the lint:
[INFO] [stderr]              [lints.rust]
[INFO] [stderr]              unexpected_cfgs = { level = "warn", check-cfg = ['cfg(debug)'] }
[INFO] [stderr]     = help: or consider adding `println!("cargo::rustc-check-cfg=cfg(debug)");` to the top of the `build.rs`
[INFO] [stderr]     = note: see <https://doc.rust-lang.org/nightly/rustc/check-cfg/cargo-specifics.html> for more information about checking conditional configuration
[INFO] [stderr]     = note: `#[warn(unexpected_cfgs)]` on by default
[INFO] [stderr]     = note: this warning originates in the macro `trace` (in Nightly builds, run with -Z macro-backtrace for more info)
[INFO] [stderr] 
[INFO] [stderr] warning: `spark-orm` (lib) generated 1 warning
[INFO] [stderr] warning: `spark-orm` (lib test) generated 1 warning (1 duplicate)
[INFO] [stderr] warning: function `borrow_inner` is never used
[INFO] [stderr]    --> tests/main.rs:130:10
[INFO] [stderr]     |
[INFO] [stderr] 130 | async fn borrow_inner(){
[INFO] [stderr]     |          ^^^^^^^^^^^^
[INFO] [stderr]     |
[INFO] [stderr]     = note: `#[warn(dead_code)]` on by default
[INFO] [stderr] 
[INFO] [stderr] warning: unused variable: `model`
[INFO] [stderr]   --> tests/observer.rs:36:22
[INFO] [stderr]    |
[INFO] [stderr] 36 |     async fn updated(model: &mut Model<'_, Person>) -> MongodbResult<()> {
[INFO] [stderr]    |                      ^^^^^ help: if this is intentional, prefix it with an underscore: `_model`
[INFO] [stderr]    |
[INFO] [stderr]    = note: `#[warn(unused_variables)]` on by default
[INFO] [stderr] 
[INFO] [stderr] warning: unused variable: `model`
[INFO] [stderr]   --> tests/observer.rs:40:22
[INFO] [stderr]    |
[INFO] [stderr] 40 |     async fn deleted(model: &mut Model<'_, Person>) -> MongodbResult<()> {
[INFO] [stderr]    |                      ^^^^^ help: if this is intentional, prefix it with an underscore: `_model`
[INFO] [stderr] 
[INFO] [stderr] warning: `spark-orm` (test "main") generated 1 warning
[INFO] [stderr] warning: `spark-orm` (test "observer") generated 2 warnings
[INFO] [stderr]     Finished `test` profile [unoptimized + debuginfo] target(s) in 0.22s
[INFO] [stderr]      Running unittests src/lib.rs (/opt/rustwide/target/debug/deps/spark_orm-16b152300d5cfb52)
[INFO] [stdout] 
[INFO] [stdout] running 0 tests
[INFO] [stdout] 
[INFO] [stderr]      Running tests/generic.rs (/opt/rustwide/target/debug/deps/generic-10092b76299488a9)
[INFO] [stdout] test result: ok. 0 passed; 0 failed; 0 ignored; 0 measured; 0 filtered out; finished in 0.00s
[INFO] [stdout] 
[INFO] [stdout] 
[INFO] [stdout] running 1 test
[INFO] [stdout] test main_generic ... FAILED
[INFO] [stdout] 
[INFO] [stdout] failures:
[INFO] [stdout] 
[INFO] [stdout] ---- main_generic stdout ----
[INFO] [stdout] thread 'main_generic' panicked at tests/generic.rs:60:32:
[INFO] [stdout] called `Result::unwrap()` on an `Err` value: Error { kind: ServerSelection { message: "Server selection timeout: No available servers. Topology: { Type: Unknown, Servers: [ { Address: localhost:6789, Type: Unknown, Error: Kind: I/O error: Cannot assign requested address (os error 99), labels: {} } ] }" }, labels: {}, wire_version: None, source: None }
[INFO] [stdout] stack backtrace:
[INFO] [stdout]    0:     0x61944db098ca - std::backtrace_rs::backtrace::libunwind::trace::h207520d6e9873551
[INFO] [stdout]                                at /rustc/df4ca44d3fbc9301ee17f30f4d474e6ae4b05252/library/std/src/../../backtrace/src/backtrace/libunwind.rs:116:5
[INFO] [stdout]    1:     0x61944db098ca - std::backtrace_rs::backtrace::trace_unsynchronized::h2ed7433f370e3eca
[INFO] [stdout]                                at /rustc/df4ca44d3fbc9301ee17f30f4d474e6ae4b05252/library/std/src/../../backtrace/src/backtrace/mod.rs:66:5
[INFO] [stdout]    2:     0x61944db098ca - std::sys::backtrace::_print_fmt::h916fac51166b18d7
[INFO] [stdout]                                at /rustc/df4ca44d3fbc9301ee17f30f4d474e6ae4b05252/library/std/src/sys/backtrace.rs:66:9
[INFO] [stdout]    3:     0x61944db098ca - <std::sys::backtrace::BacktraceLock::print::DisplayBacktrace as core::fmt::Display>::fmt::ha0a4c9b8ce3802e6
[INFO] [stdout]                                at /rustc/df4ca44d3fbc9301ee17f30f4d474e6ae4b05252/library/std/src/sys/backtrace.rs:39:26
[INFO] [stdout]    4:     0x61944db367e3 - core::fmt::rt::Argument::fmt::h4cfc8587d52b3eb5
[INFO] [stdout]                                at /rustc/df4ca44d3fbc9301ee17f30f4d474e6ae4b05252/library/core/src/fmt/rt.rs:177:76
[INFO] [stdout]    5:     0x61944db367e3 - core::fmt::write::h522cc39e5b36ae9f
[INFO] [stdout]                                at /rustc/df4ca44d3fbc9301ee17f30f4d474e6ae4b05252/library/core/src/fmt/mod.rs:1190:21
[INFO] [stdout]    6:     0x61944db05323 - std::io::Write::write_fmt::h7d3c26752da97734
[INFO] [stdout]                                at /rustc/df4ca44d3fbc9301ee17f30f4d474e6ae4b05252/library/std/src/io/mod.rs:1839:15
[INFO] [stdout]    7:     0x61944db09712 - std::sys::backtrace::BacktraceLock::print::h4b9e00b29e9c0942
[INFO] [stdout]                                at /rustc/df4ca44d3fbc9301ee17f30f4d474e6ae4b05252/library/std/src/sys/backtrace.rs:42:9
[INFO] [stdout]    8:     0x61944db0ad5a - std::panicking::default_hook::{{closure}}::hb59b88280d0324d9
[INFO] [stdout]                                at /rustc/df4ca44d3fbc9301ee17f30f4d474e6ae4b05252/library/std/src/panicking.rs:268:22
[INFO] [stdout]    9:     0x61944db0ab64 - std::panicking::default_hook::he1dd496665be4a29
[INFO] [stdout]                                at /rustc/df4ca44d3fbc9301ee17f30f4d474e6ae4b05252/library/std/src/panicking.rs:292:9
[INFO] [stdout]   10:     0x61944cd29be9 - <alloc::boxed::Box<F,A> as core::ops::function::Fn<Args>>::call::h4ff71de18744e1dc
[INFO] [stdout]                                at /rustc/df4ca44d3fbc9301ee17f30f4d474e6ae4b05252/library/alloc/src/boxed.rs:2468:9
[INFO] [stdout]   11:     0x61944cd29be9 - test::test_main::{{closure}}::hcf7c055ce117aa81
[INFO] [stdout]                                at /rustc/df4ca44d3fbc9301ee17f30f4d474e6ae4b05252/library/test/src/lib.rs:133:21
[INFO] [stdout]   12:     0x61944db0b458 - <alloc::boxed::Box<F,A> as core::ops::function::Fn<Args>>::call::h1d66c6bbd60c9692
[INFO] [stdout]                                at /rustc/df4ca44d3fbc9301ee17f30f4d474e6ae4b05252/library/alloc/src/boxed.rs:2468:9
[INFO] [stdout]   13:     0x61944db0b458 - std::panicking::rust_panic_with_hook::h2ff17fe8f26dfcf8
[INFO] [stdout]                                at /rustc/df4ca44d3fbc9301ee17f30f4d474e6ae4b05252/library/std/src/panicking.rs:809:13
[INFO] [stdout]   14:     0x61944db0b21a - std::panicking::begin_panic_handler::{{closure}}::h4fad77951c07e101
[INFO] [stdout]                                at /rustc/df4ca44d3fbc9301ee17f30f4d474e6ae4b05252/library/std/src/panicking.rs:674:13
[INFO] [stdout]   15:     0x61944db09da9 - std::sys::backtrace::__rust_end_short_backtrace::hb1a25b3da5d0ea08
[INFO] [stdout]                                at /rustc/df4ca44d3fbc9301ee17f30f4d474e6ae4b05252/library/std/src/sys/backtrace.rs:170:18
[INFO] [stdout]   16:     0x61944db0aeac - rust_begin_unwind
[INFO] [stdout]                                at /rustc/df4ca44d3fbc9301ee17f30f4d474e6ae4b05252/library/std/src/panicking.rs:665:5
[INFO] [stdout]   17:     0x61944db34110 - core::panicking::panic_fmt::ha9db07b529f9b256
[INFO] [stdout]                                at /rustc/df4ca44d3fbc9301ee17f30f4d474e6ae4b05252/library/core/src/panicking.rs:75:14
[INFO] [stdout]   18:     0x61944db345f6 - core::result::unwrap_failed::h5e8218e4d4338b8a
[INFO] [stdout]                                at /rustc/df4ca44d3fbc9301ee17f30f4d474e6ae4b05252/library/core/src/result.rs:1698:5
[INFO] [stdout]   19:     0x61944ccad99c - core::result::Result<T,E>::unwrap::he45c2434a189ec65
[INFO] [stdout]                                at /rustc/df4ca44d3fbc9301ee17f30f4d474e6ae4b05252/library/core/src/result.rs:1103:23
[INFO] [stdout]   20:     0x61944ccad99c - generic::main_generic::{{closure}}::hb23604c8d24ca13e
[INFO] [stdout]                                at /opt/rustwide/workdir/tests/generic.rs:60:5
[INFO] [stdout]   21:     0x61944ccbf142 - <core::pin::Pin<P> as core::future::future::Future>::poll::hb3dbcd7fdb7c1e5b
[INFO] [stdout]                                at /rustc/df4ca44d3fbc9301ee17f30f4d474e6ae4b05252/library/core/src/future/future.rs:123:9
[INFO] [stdout]   22:     0x61944ccbf05d - <core::pin::Pin<P> as core::future::future::Future>::poll::h8c93c050ff64267e
[INFO] [stdout]                                at /rustc/df4ca44d3fbc9301ee17f30f4d474e6ae4b05252/library/core/src/future/future.rs:123:9
[INFO] [stdout]   23:     0x61944ccb286f - tokio::runtime::scheduler::current_thread::CoreGuard::block_on::{{closure}}::{{closure}}::{{closure}}::h0f1b93b6d24e01e7
[INFO] [stdout]                                at /opt/rustwide/cargo-home/registry/src/index.crates.io-6f17d22bba15001f/tokio-1.41.0/src/runtime/scheduler/current_thread/mod.rs:729:57
[INFO] [stdout]   24:     0x61944ccb27a5 - tokio::runtime::coop::with_budget::hfbbcec0a48e52ea8
[INFO] [stdout]                                at /opt/rustwide/cargo-home/registry/src/index.crates.io-6f17d22bba15001f/tokio-1.41.0/src/runtime/coop.rs:107:5
[INFO] [stdout]   25:     0x61944ccb27a5 - tokio::runtime::coop::budget::h20df094fc92c6b8e
[INFO] [stdout]                                at /opt/rustwide/cargo-home/registry/src/index.crates.io-6f17d22bba15001f/tokio-1.41.0/src/runtime/coop.rs:73:5
[INFO] [stdout]   26:     0x61944ccb27a5 - tokio::runtime::scheduler::current_thread::CoreGuard::block_on::{{closure}}::{{closure}}::hf0e68eda597cd5c8
[INFO] [stdout]                                at /opt/rustwide/cargo-home/registry/src/index.crates.io-6f17d22bba15001f/tokio-1.41.0/src/runtime/scheduler/current_thread/mod.rs:729:25
[INFO] [stdout]   27:     0x61944ccafdf0 - tokio::runtime::scheduler::current_thread::Context::enter::ha90bb076baf7a503
[INFO] [stdout]                                at /opt/rustwide/cargo-home/registry/src/index.crates.io-6f17d22bba15001f/tokio-1.41.0/src/runtime/scheduler/current_thread/mod.rs:428:19
[INFO] [stdout]   28:     0x61944ccb15eb - tokio::runtime::scheduler::current_thread::CoreGuard::block_on::{{closure}}::hd2f706d6e5e1d026
[INFO] [stdout]                                at /opt/rustwide/cargo-home/registry/src/index.crates.io-6f17d22bba15001f/tokio-1.41.0/src/runtime/scheduler/current_thread/mod.rs:728:36
[INFO] [stdout]   29:     0x61944ccb12d4 - tokio::runtime::scheduler::current_thread::CoreGuard::enter::{{closure}}::h75f29d80f9ab69eb
[INFO] [stdout]                                at /opt/rustwide/cargo-home/registry/src/index.crates.io-6f17d22bba15001f/tokio-1.41.0/src/runtime/scheduler/current_thread/mod.rs:807:68
[INFO] [stdout]   30:     0x61944ccbdaeb - tokio::runtime::context::scoped::Scoped<T>::set::h561224ccb727482f
[INFO] [stdout]                                at /opt/rustwide/cargo-home/registry/src/index.crates.io-6f17d22bba15001f/tokio-1.41.0/src/runtime/context/scoped.rs:40:9
[INFO] [stdout]   31:     0x61944ccd7a59 - tokio::runtime::context::set_scheduler::{{closure}}::h730db3ea745441de
[INFO] [stdout]                                at /opt/rustwide/cargo-home/registry/src/index.crates.io-6f17d22bba15001f/tokio-1.41.0/src/runtime/context.rs:180:26
[INFO] [stdout]   32:     0x61944ccbbbbd - std::thread::local::LocalKey<T>::try_with::h71e43587cfae069e
[INFO] [stdout]                                at /rustc/df4ca44d3fbc9301ee17f30f4d474e6ae4b05252/library/std/src/thread/local.rs:283:12
[INFO] [stdout]   33:     0x61944ccbaf5a - std::thread::local::LocalKey<T>::with::h9f870ef6e2864573
[INFO] [stdout]                                at /rustc/df4ca44d3fbc9301ee17f30f4d474e6ae4b05252/library/std/src/thread/local.rs:260:9
[INFO] [stdout]   34:     0x61944ccd798d - tokio::runtime::context::set_scheduler::h29ef4da70f4260a7
[INFO] [stdout]                                at /opt/rustwide/cargo-home/registry/src/index.crates.io-6f17d22bba15001f/tokio-1.41.0/src/runtime/context.rs:180:9
[INFO] [stdout]   35:     0x61944ccb0c68 - tokio::runtime::scheduler::current_thread::CoreGuard::enter::h1d82a6ea1e2df0ab
[INFO] [stdout]                                at /opt/rustwide/cargo-home/registry/src/index.crates.io-6f17d22bba15001f/tokio-1.41.0/src/runtime/scheduler/current_thread/mod.rs:807:27
[INFO] [stdout]   36:     0x61944ccb1373 - tokio::runtime::scheduler::current_thread::CoreGuard::block_on::haa37954d729cb53c
[INFO] [stdout]                                at /opt/rustwide/cargo-home/registry/src/index.crates.io-6f17d22bba15001f/tokio-1.41.0/src/runtime/scheduler/current_thread/mod.rs:716:19
[INFO] [stdout]   37:     0x61944ccae9dc - tokio::runtime::scheduler::current_thread::CurrentThread::block_on::{{closure}}::hc51d1cdcae8a0e49
[INFO] [stdout]                                at /opt/rustwide/cargo-home/registry/src/index.crates.io-6f17d22bba15001f/tokio-1.41.0/src/runtime/scheduler/current_thread/mod.rs:196:28
[INFO] [stdout]   38:     0x61944ccbe316 - tokio::runtime::context::runtime::enter_runtime::h83ca7f60161ab906
[INFO] [stdout]                                at /opt/rustwide/cargo-home/registry/src/index.crates.io-6f17d22bba15001f/tokio-1.41.0/src/runtime/context/runtime.rs:65:16
[INFO] [stdout]   39:     0x61944ccae2f1 - tokio::runtime::scheduler::current_thread::CurrentThread::block_on::h5d2328311a18b45e
[INFO] [stdout]                                at /opt/rustwide/cargo-home/registry/src/index.crates.io-6f17d22bba15001f/tokio-1.41.0/src/runtime/scheduler/current_thread/mod.rs:184:9
[INFO] [stdout]   40:     0x61944cca3660 - tokio::runtime::runtime::Runtime::block_on_inner::h1c77e6def04f61be
[INFO] [stdout]                                at /opt/rustwide/cargo-home/registry/src/index.crates.io-6f17d22bba15001f/tokio-1.41.0/src/runtime/runtime.rs:368:47
[INFO] [stdout]   41:     0x61944cca3977 - tokio::runtime::runtime::Runtime::block_on::h6da3372148e3641e
[INFO] [stdout]                                at /opt/rustwide/cargo-home/registry/src/index.crates.io-6f17d22bba15001f/tokio-1.41.0/src/runtime/runtime.rs:342:13
[INFO] [stdout]   42:     0x61944ccad472 - generic::main_generic::h1624be5fde460a76
[INFO] [stdout]                                at /opt/rustwide/workdir/tests/generic.rs:60:5
[INFO] [stdout]   43:     0x61944ccad2f7 - generic::main_generic::{{closure}}::hb3de91ee0d773ad2
[INFO] [stdout]                                at /opt/rustwide/workdir/tests/generic.rs:56:24
[INFO] [stdout]   44:     0x61944ccd9fc6 - core::ops::function::FnOnce::call_once::hb12a0368d8fccbc2
[INFO] [stdout]                                at /rustc/df4ca44d3fbc9301ee17f30f4d474e6ae4b05252/library/core/src/ops/function.rs:250:5
[INFO] [stdout]   45:     0x61944cd2e4bb - core::ops::function::FnOnce::call_once::h22c3ba5715e93f05
[INFO] [stdout]                                at /rustc/df4ca44d3fbc9301ee17f30f4d474e6ae4b05252/library/core/src/ops/function.rs:250:5
[INFO] [stdout]   46:     0x61944cd2e4bb - test::__rust_begin_short_backtrace::h8e82d8113d0da17f
[INFO] [stdout]                                at /rustc/df4ca44d3fbc9301ee17f30f4d474e6ae4b05252/library/test/src/lib.rs:621:18
[INFO] [stdout]   47:     0x61944cd2de37 - test::run_test_in_process::{{closure}}::h33235f4f20b7b7c7
[INFO] [stdout]                                at /rustc/df4ca44d3fbc9301ee17f30f4d474e6ae4b05252/library/test/src/lib.rs:644:60
[INFO] [stdout]   48:     0x61944cd2de37 - <core::panic::unwind_safe::AssertUnwindSafe<F> as core::ops::function::FnOnce<()>>::call_once::hb5043206310c586f
[INFO] [stdout]                                at /rustc/df4ca44d3fbc9301ee17f30f4d474e6ae4b05252/library/core/src/panic/unwind_safe.rs:272:9
[INFO] [stdout]   49:     0x61944cd2de37 - std::panicking::try::do_call::h9ad4731a60ab23e2
[INFO] [stdout]                                at /rustc/df4ca44d3fbc9301ee17f30f4d474e6ae4b05252/library/std/src/panicking.rs:557:40
[INFO] [stdout]   50:     0x61944cd2de37 - std::panicking::try::h3824d23db772a716
[INFO] [stdout]                                at /rustc/df4ca44d3fbc9301ee17f30f4d474e6ae4b05252/library/std/src/panicking.rs:520:19
[INFO] [stdout]   51:     0x61944cd2de37 - std::panic::catch_unwind::h5afd514605fde46b
[INFO] [stdout]                                at /rustc/df4ca44d3fbc9301ee17f30f4d474e6ae4b05252/library/std/src/panic.rs:358:14
[INFO] [stdout]   52:     0x61944cd2de37 - test::run_test_in_process::h0d5cbfa7067d1720
[INFO] [stdout]                                at /rustc/df4ca44d3fbc9301ee17f30f4d474e6ae4b05252/library/test/src/lib.rs:644:27
[INFO] [stdout]   53:     0x61944cd2de37 - test::run_test::{{closure}}::h708eb8872708115d
[INFO] [stdout]                                at /rustc/df4ca44d3fbc9301ee17f30f4d474e6ae4b05252/library/test/src/lib.rs:565:43
[INFO] [stdout]   54:     0x61944ccf1554 - test::run_test::{{closure}}::h392c51cee94713ab
[INFO] [stdout]                                at /rustc/df4ca44d3fbc9301ee17f30f4d474e6ae4b05252/library/test/src/lib.rs:595:41
[INFO] [stdout]   55:     0x61944ccf1554 - std::sys::backtrace::__rust_begin_short_backtrace::h2f40290710935a8b
[INFO] [stdout]                                at /rustc/df4ca44d3fbc9301ee17f30f4d474e6ae4b05252/library/std/src/sys/backtrace.rs:154:18
[INFO] [stdout]   56:     0x61944ccf4cfe - std::thread::Builder::spawn_unchecked_::{{closure}}::{{closure}}::h3fd968d89053a903
[INFO] [stdout]                                at /rustc/df4ca44d3fbc9301ee17f30f4d474e6ae4b05252/library/std/src/thread/mod.rs:541:17
[INFO] [stdout]   57:     0x61944ccf4cfe - <core::panic::unwind_safe::AssertUnwindSafe<F> as core::ops::function::FnOnce<()>>::call_once::h743f637ba4229880
[INFO] [stdout]                                at /rustc/df4ca44d3fbc9301ee17f30f4d474e6ae4b05252/library/core/src/panic/unwind_safe.rs:272:9
[INFO] [stdout]   58:     0x61944ccf4cfe - std::panicking::try::do_call::h07440897322525a6
[INFO] [stdout]                                at /rustc/df4ca44d3fbc9301ee17f30f4d474e6ae4b05252/library/std/src/panicking.rs:557:40
[INFO] [stdout]   59:     0x61944ccf4cfe - std::panicking::try::he5a2e00188156637
[INFO] [stdout]                                at /rustc/df4ca44d3fbc9301ee17f30f4d474e6ae4b05252/library/std/src/panicking.rs:520:19
[INFO] [stdout]   60:     0x61944ccf4cfe - std::panic::catch_unwind::hbaf3cae49b3c6433
[INFO] [stdout]                                at /rustc/df4ca44d3fbc9301ee17f30f4d474e6ae4b05252/library/std/src/panic.rs:358:14
[INFO] [stdout]   61:     0x61944ccf4cfe - std::thread::Builder::spawn_unchecked_::{{closure}}::h8e141ea224820bce
[INFO] [stdout]                                at /rustc/df4ca44d3fbc9301ee17f30f4d474e6ae4b05252/library/std/src/thread/mod.rs:540:30
[INFO] [stdout]   62:     0x61944ccf4cfe - core::ops::function::FnOnce::call_once{{vtable.shim}}::h90d312fedd7b8ea8
[INFO] [stdout]                                at /rustc/df4ca44d3fbc9301ee17f30f4d474e6ae4b05252/library/core/src/ops/function.rs:250:5
[INFO] [stdout]   63:     0x61944db0f64b - <alloc::boxed::Box<F,A> as core::ops::function::FnOnce<Args>>::call_once::h69aa08ddb6adb8b6
[INFO] [stdout]                                at /rustc/df4ca44d3fbc9301ee17f30f4d474e6ae4b05252/library/alloc/src/boxed.rs:2454:9
[INFO] [stdout]   64:     0x61944db0f64b - <alloc::boxed::Box<F,A> as core::ops::function::FnOnce<Args>>::call_once::h5aa36efdb79c806f
[INFO] [stdout]                                at /rustc/df4ca44d3fbc9301ee17f30f4d474e6ae4b05252/library/alloc/src/boxed.rs:2454:9
[INFO] [stdout]   65:     0x61944db0f64b - std::sys::pal::unix::thread::Thread::new::thread_start::h6cd80a1b4be5158d
[INFO] [stdout]                                at /rustc/df4ca44d3fbc9301ee17f30f4d474e6ae4b05252/library/std/src/sys/pal/unix/thread.rs:105:17
[INFO] [stdout]   66:     0x73f7a21a0ac3 - <unknown>
[INFO] [stdout]   67:     0x73f7a2231a04 - clone
[INFO] [stdout]   68:                0x0 - <unknown>
[INFO] [stdout] 
[INFO] [stdout] 
[INFO] [stdout] failures:
[INFO] [stdout]     main_generic
[INFO] [stdout] 
[INFO] [stdout] test result: FAILED. 0 passed; 1 failed; 0 ignored; 0 measured; 0 filtered out; finished in 30.08s
[INFO] [stdout] 
[INFO] [stderr] error: test failed, to rerun pass `--test generic`
[INFO] running `Command { std: "docker" "inspect" "c8df6cf026ae4e94fd37da98987b5dcda0fff3e0d3009bab67d0b9fa30353f27", kill_on_drop: false }`
[INFO] running `Command { std: "docker" "rm" "-f" "c8df6cf026ae4e94fd37da98987b5dcda0fff3e0d3009bab67d0b9fa30353f27", kill_on_drop: false }`
[INFO] [stdout] c8df6cf026ae4e94fd37da98987b5dcda0fff3e0d3009bab67d0b9fa30353f27
