[INFO] fetching crate spack-rs 0.0.6...
[INFO] testing spack-rs-0.0.6 against nightly-2024-10-28 for randomize-layout
[INFO] extracting crate spack-rs 0.0.6 into /workspace/builds/worker-3-tc1/source
[INFO] validating manifest of crates.io crate spack-rs 0.0.6 on toolchain nightly-2024-10-28
[INFO] running `Command { std: CARGO_HOME="/workspace/cargo-home" RUSTUP_HOME="/workspace/rustup-home" "/workspace/cargo-home/bin/cargo" "+nightly-2024-10-28" "metadata" "--manifest-path" "Cargo.toml" "--no-deps", kill_on_drop: false }`
[INFO] removed /workspace/builds/worker-3-tc1/source/rust-toolchain
[INFO] started tweaking crates.io crate spack-rs 0.0.6
[INFO] finished tweaking crates.io crate spack-rs 0.0.6
[INFO] tweaked toml for crates.io crate spack-rs 0.0.6 written to /workspace/builds/worker-3-tc1/source/Cargo.toml
[INFO] running `Command { std: CARGO_HOME="/workspace/cargo-home" RUSTUP_HOME="/workspace/rustup-home" "/workspace/cargo-home/bin/cargo" "+nightly-2024-10-28" "generate-lockfile" "--manifest-path" "Cargo.toml", kill_on_drop: false }`
[INFO] [stderr]     Updating crates.io index
[INFO] [stderr]      Locking 248 packages to latest compatible versions
[INFO] [stderr]       Adding bindgen v0.69.5 (available: v0.70.1)
[INFO] [stderr]       Adding futures-lite v1.13.0 (available: v2.4.0)
[INFO] [stderr]       Adding hex-literal v0.3.4 (available: v0.4.1)
[INFO] [stderr]       Adding indexmap v1.9.3 (available: v2.6.0)
[INFO] [stderr]       Adding reqwest v0.11.27 (available: v0.12.9)
[INFO] [stderr]       Adding serde_yaml v0.8.26 (available: v0.9.34+deprecated)
[INFO] [stderr]       Adding tokio v1.33.0 (available: v1.41.0)
[INFO] [stderr]       Adding tokio-macros v2.1.0 (available: v2.4.0)
[INFO] running `Command { std: CARGO_HOME="/workspace/cargo-home" RUSTUP_HOME="/workspace/rustup-home" "/workspace/cargo-home/bin/cargo" "+nightly-2024-10-28" "fetch" "--manifest-path" "Cargo.toml", kill_on_drop: false }`
[INFO] [stderr]  Downloading crates ...
[INFO] [stderr]   Downloaded debug-ignore v1.0.5
[INFO] [stderr]   Downloaded nested v0.1.1
[INFO] [stderr]   Downloaded target-spec v3.2.2
[INFO] [stderr]   Downloaded super-process v0.0.1
[INFO] [stderr]   Downloaded guppy-workspace-hack v0.1.0
[INFO] [stderr]   Downloaded guppy v0.17.8
[INFO] running `Command { std: "docker" "create" "-v" "/var/lib/crater-agent-workspace/builds/worker-3-tc1/target:/opt/rustwide/target:rw,Z" "-v" "/var/lib/crater-agent-workspace/builds/worker-3-tc1/source:/opt/rustwide/workdir:ro,Z" "-v" "/var/lib/crater-agent-workspace/cargo-home:/opt/rustwide/cargo-home:ro,Z" "-v" "/var/lib/crater-agent-workspace/rustup-home:/opt/rustwide/rustup-home:ro,Z" "-e" "SOURCE_DIR=/opt/rustwide/workdir" "-e" "CARGO_TARGET_DIR=/opt/rustwide/target" "-e" "CARGO_HOME=/opt/rustwide/cargo-home" "-e" "RUSTUP_HOME=/opt/rustwide/rustup-home" "-w" "/opt/rustwide/workdir" "-m" "1610612736" "--user" "0:0" "--network" "none" "ghcr.io/rust-lang/crates-build-env/linux@sha256:4a844ea9eb2546a2d2c7022eacef16ef2e8229c7fbb2c7d4d55a9ceca922f72d" "/opt/rustwide/cargo-home/bin/cargo" "+nightly-2024-10-28" "metadata" "--no-deps" "--format-version=1", kill_on_drop: false }`
[INFO] [stdout] de0f310be36f107be6af262226a3ee331eef5165bf811cae89386a91bcc8af17
[INFO] running `Command { std: "docker" "start" "-a" "de0f310be36f107be6af262226a3ee331eef5165bf811cae89386a91bcc8af17", kill_on_drop: false }`
[INFO] running `Command { std: "docker" "inspect" "de0f310be36f107be6af262226a3ee331eef5165bf811cae89386a91bcc8af17", kill_on_drop: false }`
[INFO] running `Command { std: "docker" "rm" "-f" "de0f310be36f107be6af262226a3ee331eef5165bf811cae89386a91bcc8af17", kill_on_drop: false }`
[INFO] [stdout] de0f310be36f107be6af262226a3ee331eef5165bf811cae89386a91bcc8af17
[INFO] running `Command { std: "docker" "create" "-v" "/var/lib/crater-agent-workspace/builds/worker-3-tc1/target:/opt/rustwide/target:rw,Z" "-v" "/var/lib/crater-agent-workspace/builds/worker-3-tc1/source:/opt/rustwide/workdir:ro,Z" "-v" "/var/lib/crater-agent-workspace/cargo-home:/opt/rustwide/cargo-home:ro,Z" "-v" "/var/lib/crater-agent-workspace/rustup-home:/opt/rustwide/rustup-home:ro,Z" "-e" "SOURCE_DIR=/opt/rustwide/workdir" "-e" "CARGO_TARGET_DIR=/opt/rustwide/target" "-e" "CARGO_INCREMENTAL=0" "-e" "RUST_BACKTRACE=full" "-e" "RUSTFLAGS=--cap-lints=forbid" "-e" "RUSTDOCFLAGS=--cap-lints=forbid" "-e" "CARGO_HOME=/opt/rustwide/cargo-home" "-e" "RUSTUP_HOME=/opt/rustwide/rustup-home" "-w" "/opt/rustwide/workdir" "-m" "1610612736" "--user" "0:0" "--network" "none" "ghcr.io/rust-lang/crates-build-env/linux@sha256:4a844ea9eb2546a2d2c7022eacef16ef2e8229c7fbb2c7d4d55a9ceca922f72d" "/opt/rustwide/cargo-home/bin/cargo" "+nightly-2024-10-28" "build" "--frozen" "--message-format=json", kill_on_drop: false }`
[INFO] [stdout] e72430691badc46c2203beb27c47788419a97eb2f8804dc2a1d201a40c51a93a
[INFO] running `Command { std: "docker" "start" "-a" "e72430691badc46c2203beb27c47788419a97eb2f8804dc2a1d201a40c51a93a", kill_on_drop: false }`
[INFO] [stderr]    Compiling unicode-ident v1.0.13
[INFO] [stderr]    Compiling pin-project-lite v0.2.15
[INFO] [stderr]    Compiling memchr v2.7.4
[INFO] [stderr]    Compiling once_cell v1.20.2
[INFO] [stderr]    Compiling futures-core v0.3.31
[INFO] [stderr]    Compiling bitflags v2.6.0
[INFO] [stderr]    Compiling serde v1.0.214
[INFO] [stderr]    Compiling slab v0.4.9
[INFO] [stderr]    Compiling futures-io v0.3.31
[INFO] [stderr]    Compiling proc-macro2 v1.0.89
[INFO] [stderr]    Compiling shlex v1.3.0
[INFO] [stderr]    Compiling rustix v0.38.38
[INFO] [stderr]    Compiling linux-raw-sys v0.4.14
[INFO] [stderr]    Compiling crossbeam-utils v0.8.20
[INFO] [stderr]    Compiling tracing-core v0.1.32
[INFO] [stderr]    Compiling cc v1.1.31
[INFO] [stderr]    Compiling vcpkg v0.2.15
[INFO] [stderr]    Compiling parking v2.2.1
[INFO] [stderr]    Compiling pkg-config v0.3.31
[INFO] [stderr]    Compiling quote v1.0.37
[INFO] [stderr]    Compiling tracing v0.1.40
[INFO] [stderr]    Compiling bytes v1.8.0
[INFO] [stderr]    Compiling futures-sink v0.3.31
[INFO] [stderr]    Compiling concurrent-queue v2.5.0
[INFO] [stderr]    Compiling futures-channel v0.3.31
[INFO] [stderr]    Compiling syn v2.0.86
[INFO] [stderr]    Compiling mio v0.8.11
[INFO] [stderr]    Compiling event-listener v5.3.1
[INFO] [stderr]    Compiling socket2 v0.5.7
[INFO] [stderr]    Compiling pin-utils v0.1.0
[INFO] [stderr]    Compiling futures-task v0.3.31
[INFO] [stderr]    Compiling event-listener-strategy v0.5.2
[INFO] [stderr]    Compiling generic-array v0.14.7
[INFO] [stderr]    Compiling fnv v1.0.7
[INFO] [stderr]    Compiling tokio v1.33.0
[INFO] [stderr]    Compiling fastrand v2.1.1
[INFO] [stderr]    Compiling openssl v0.10.68
[INFO] [stderr]    Compiling foreign-types-shared v0.1.1
[INFO] [stderr]    Compiling foreign-types v0.3.2
[INFO] [stderr]    Compiling http v0.2.12
[INFO] [stderr]    Compiling camino v1.1.9
[INFO] [stderr]    Compiling log v0.4.22
[INFO] [stderr]    Compiling openssl-sys v0.9.104
[INFO] [stderr]    Compiling target-lexicon v0.12.16
[INFO] [stderr]    Compiling native-tls v0.2.12
[INFO] [stderr]    Compiling tinyvec_macros v0.1.1
[INFO] [stderr]    Compiling either v1.13.0
[INFO] [stderr]    Compiling httparse v1.9.5
[INFO] [stderr]    Compiling glob v0.3.1
[INFO] [stderr]    Compiling smallvec v1.13.2
[INFO] [stderr]    Compiling tinyvec v1.8.0
[INFO] [stderr]    Compiling clang-sys v1.8.1
[INFO] [stderr]    Compiling futures-lite v2.4.0
[INFO] [stderr]    Compiling async-lock v3.4.0
[INFO] [stderr]    Compiling signal-hook-registry v1.4.2
[INFO] [stderr]    Compiling indexmap v1.9.3
[INFO] [stderr]    Compiling percent-encoding v2.3.1
[INFO] [stderr]    Compiling openssl-probe v0.1.5
[INFO] [stderr]    Compiling serde_json v1.0.132
[INFO] [stderr]    Compiling guppy-workspace-hack v0.1.0
[INFO] [stderr]    Compiling semver v1.0.23
[INFO] [stderr]    Compiling try-lock v0.2.5
[INFO] [stderr]    Compiling prettyplease v0.2.25
[INFO] [stderr]    Compiling form_urlencoded v1.2.1
[INFO] [stderr]    Compiling want v0.3.1
[INFO] [stderr]    Compiling unicode-normalization v0.1.24
[INFO] [stderr]    Compiling http-body v0.4.6
[INFO] [stderr]    Compiling block-buffer v0.10.4
[INFO] [stderr]    Compiling crypto-common v0.1.6
[INFO] [stderr]    Compiling aho-corasick v1.1.3
[INFO] [stderr]    Compiling ahash v0.8.11
[INFO] [stderr]    Compiling lock_api v0.4.12
[INFO] [stderr]    Compiling hashbrown v0.12.3
[INFO] [stderr]    Compiling minimal-lexical v0.2.1
[INFO] [stderr]    Compiling target-spec v3.2.2
[INFO] [stderr]    Compiling tower-service v0.3.3
[INFO] [stderr]    Compiling regex-syntax v0.8.5
[INFO] [stderr]    Compiling signal-hook v0.3.17
[INFO] [stderr]    Compiling parking_lot_core v0.9.10
[INFO] [stderr]    Compiling httpdate v1.0.3
[INFO] [stderr]    Compiling unicode-bidi v0.3.17
[INFO] [stderr]    Compiling nom v7.1.3
[INFO] [stderr]    Compiling digest v0.10.7
[INFO] [stderr]    Compiling idna v0.5.0
[INFO] [stderr]    Compiling tokio-util v0.7.12
[INFO] [stderr]    Compiling serde_derive v1.0.214
[INFO] [stderr]    Compiling futures-macro v0.3.31
[INFO] [stderr]    Compiling openssl-macros v0.1.1
[INFO] [stderr]    Compiling thiserror-impl v1.0.66
[INFO] [stderr]    Compiling futures-util v0.3.31
[INFO] [stderr]    Compiling polling v3.7.3
[INFO] [stderr]    Compiling regex-automata v0.4.8
[INFO] [stderr]    Compiling async-io v2.3.4
[INFO] [stderr]    Compiling cfg-expr v0.17.0
[INFO] [stderr]    Compiling async-signal v0.2.10
[INFO] [stderr]    Compiling async-channel v2.3.1
[INFO] [stderr]    Compiling libloading v0.8.5
[INFO] [stderr]    Compiling thiserror v1.0.66
[INFO] [stderr]    Compiling waker-fn v1.2.0
[INFO] [stderr]    Compiling eyre v0.6.12
[INFO] [stderr]    Compiling async-task v4.7.1
[INFO] [stderr]    Compiling home v0.5.9
[INFO] [stderr]    Compiling fastrand v1.9.0
[INFO] [stderr]    Compiling fixedbitset v0.4.2
[INFO] [stderr]    Compiling scopeguard v1.2.0
[INFO] [stderr]    Compiling zerocopy v0.7.35
[INFO] [stderr]    Compiling base64 v0.21.7
[INFO] [stderr]    Compiling bindgen v0.69.5
[INFO] [stderr]    Compiling adler2 v2.0.0
[INFO] [stderr]    Compiling linked-hash-map v0.5.6
[INFO] [stderr]    Compiling miniz_oxide v0.8.0
[INFO] [stderr]    Compiling rustls-pemfile v1.0.4
[INFO] [stderr]    Compiling yaml-rust v0.4.5
[INFO] [stderr]    Compiling tokio-native-tls v0.3.1
[INFO] [stderr]    Compiling regex v1.11.1
[INFO] [stderr]    Compiling h2 v0.3.26
[INFO] [stderr]    Compiling futures-executor v0.3.31
[INFO] [stderr]    Compiling futures-lite v1.13.0
[INFO] [stderr]    Compiling petgraph v0.6.5
[INFO] [stderr]    Compiling which v4.4.2
[INFO] [stderr]    Compiling async-process v2.3.0
[INFO] [stderr]    Compiling cexpr v0.6.0
[INFO] [stderr]    Compiling async-stream-impl v0.3.6
[INFO] [stderr]    Compiling displaydoc v0.2.5
[INFO] [stderr]    Compiling async-trait v0.1.83
[INFO] [stderr]    Compiling url v2.5.2
[INFO] [stderr]    Compiling hyper v0.14.31
[INFO] [stderr]    Compiling cargo-platform v0.1.8
[INFO] [stderr]    Compiling pathdiff v0.2.2
[INFO] [stderr]    Compiling serde_urlencoded v0.7.1
[INFO] [stderr]    Compiling tempfile v3.13.0
[INFO] [stderr]    Compiling xattr v1.3.1
[INFO] [stderr]    Compiling itertools v0.13.0
[INFO] [stderr]    Compiling itertools v0.12.1
[INFO] [stderr]    Compiling cargo_metadata v0.18.1
[INFO] [stderr]    Compiling filetime v0.2.25
[INFO] [stderr]    Compiling crc32fast v1.4.2
[INFO] [stderr]    Compiling encoding_rs v0.8.35
[INFO] [stderr]    Compiling indenter v0.3.3
[INFO] [stderr]    Compiling nested v0.1.1
[INFO] [stderr]    Compiling mime v0.3.17
[INFO] [stderr]    Compiling hyper-tls v0.5.0
[INFO] [stderr]    Compiling rustc-hash v1.1.0
[INFO] [stderr]    Compiling same-file v1.0.6
[INFO] [stderr]    Compiling lazycell v1.3.0
[INFO] [stderr]    Compiling sync_wrapper v0.1.2
[INFO] [stderr]    Compiling ipnet v2.10.1
[INFO] [stderr]    Compiling debug-ignore v1.0.5
[INFO] [stderr]    Compiling walkdir v2.5.0
[INFO] [stderr]    Compiling sha3 v0.10.8
[INFO] [stderr]    Compiling reqwest v0.11.27
[INFO] [stderr]    Compiling guppy v0.17.8
[INFO] [stderr]    Compiling sha2 v0.10.8
[INFO] [stderr]    Compiling flate2 v1.0.34
[INFO] [stderr]    Compiling tar v0.4.42
[INFO] [stderr]    Compiling parking_lot v0.12.3
[INFO] [stderr]    Compiling super-process v0.0.1
[INFO] [stderr]    Compiling serde_yaml v0.8.26
[INFO] [stderr]    Compiling async-stream v0.3.6
[INFO] [stderr]    Compiling futures v0.3.31
[INFO] [stderr]    Compiling fslock v0.2.1
[INFO] [stderr]    Compiling num_cpus v1.16.0
[INFO] [stderr]    Compiling hex-literal v0.3.4
[INFO] [stderr]    Compiling hex v0.4.3
[INFO] [stderr]    Compiling base64ct v1.6.0
[INFO] [stderr]    Compiling spack-rs v0.0.6 (/opt/rustwide/workdir)
[INFO] [stderr]     Finished `dev` profile [unoptimized + debuginfo] target(s) in 2m 04s
[INFO] running `Command { std: "docker" "inspect" "e72430691badc46c2203beb27c47788419a97eb2f8804dc2a1d201a40c51a93a", kill_on_drop: false }`
[INFO] running `Command { std: "docker" "rm" "-f" "e72430691badc46c2203beb27c47788419a97eb2f8804dc2a1d201a40c51a93a", kill_on_drop: false }`
[INFO] [stdout] e72430691badc46c2203beb27c47788419a97eb2f8804dc2a1d201a40c51a93a
[INFO] running `Command { std: "docker" "create" "-v" "/var/lib/crater-agent-workspace/builds/worker-3-tc1/target:/opt/rustwide/target:rw,Z" "-v" "/var/lib/crater-agent-workspace/builds/worker-3-tc1/source:/opt/rustwide/workdir:ro,Z" "-v" "/var/lib/crater-agent-workspace/cargo-home:/opt/rustwide/cargo-home:ro,Z" "-v" "/var/lib/crater-agent-workspace/rustup-home:/opt/rustwide/rustup-home:ro,Z" "-e" "SOURCE_DIR=/opt/rustwide/workdir" "-e" "CARGO_TARGET_DIR=/opt/rustwide/target" "-e" "CARGO_INCREMENTAL=0" "-e" "RUST_BACKTRACE=full" "-e" "RUSTFLAGS=--cap-lints=forbid" "-e" "RUSTDOCFLAGS=--cap-lints=forbid" "-e" "CARGO_HOME=/opt/rustwide/cargo-home" "-e" "RUSTUP_HOME=/opt/rustwide/rustup-home" "-w" "/opt/rustwide/workdir" "-m" "1610612736" "--user" "0:0" "--network" "none" "ghcr.io/rust-lang/crates-build-env/linux@sha256:4a844ea9eb2546a2d2c7022eacef16ef2e8229c7fbb2c7d4d55a9ceca922f72d" "/opt/rustwide/cargo-home/bin/cargo" "+nightly-2024-10-28" "test" "--frozen" "--no-run" "--message-format=json", kill_on_drop: false }`
[INFO] [stdout] 25a1292de76c2c970e76e523bd7da9f5faf99b5fb03e75ab32b01a122da49e03
[INFO] running `Command { std: "docker" "start" "-a" "25a1292de76c2c970e76e523bd7da9f5faf99b5fb03e75ab32b01a122da49e03", kill_on_drop: false }`
[INFO] [stderr]    Compiling tokio-macros v2.1.0
[INFO] [stderr]    Compiling rand v0.4.6
[INFO] [stderr]    Compiling remove_dir_all v0.5.3
[INFO] [stderr]    Compiling tokio v1.33.0
[INFO] [stderr]    Compiling tempdir v0.3.7
[INFO] [stderr]    Compiling tokio-util v0.7.12
[INFO] [stderr]    Compiling tokio-native-tls v0.3.1
[INFO] [stderr]    Compiling tokio-stream v0.1.16
[INFO] [stderr]    Compiling tokio-test v0.4.4
[INFO] [stderr]    Compiling h2 v0.3.26
[INFO] [stderr]    Compiling hyper v0.14.31
[INFO] [stderr]    Compiling hyper-tls v0.5.0
[INFO] [stderr]    Compiling reqwest v0.11.27
[INFO] [stderr]    Compiling spack-rs v0.0.6 (/opt/rustwide/workdir)
[INFO] [stderr]     Finished `test` profile [unoptimized + debuginfo] target(s) in 33.37s
[INFO] running `Command { std: "docker" "inspect" "25a1292de76c2c970e76e523bd7da9f5faf99b5fb03e75ab32b01a122da49e03", kill_on_drop: false }`
[INFO] running `Command { std: "docker" "rm" "-f" "25a1292de76c2c970e76e523bd7da9f5faf99b5fb03e75ab32b01a122da49e03", kill_on_drop: false }`
[INFO] [stdout] 25a1292de76c2c970e76e523bd7da9f5faf99b5fb03e75ab32b01a122da49e03
[INFO] running `Command { std: "docker" "create" "-v" "/var/lib/crater-agent-workspace/builds/worker-3-tc1/target:/opt/rustwide/target:rw,Z" "-v" "/var/lib/crater-agent-workspace/builds/worker-3-tc1/source:/opt/rustwide/workdir:ro,Z" "-v" "/var/lib/crater-agent-workspace/cargo-home:/opt/rustwide/cargo-home:ro,Z" "-v" "/var/lib/crater-agent-workspace/rustup-home:/opt/rustwide/rustup-home:ro,Z" "-e" "SOURCE_DIR=/opt/rustwide/workdir" "-e" "CARGO_TARGET_DIR=/opt/rustwide/target" "-e" "CARGO_INCREMENTAL=0" "-e" "RUST_BACKTRACE=full" "-e" "RUSTFLAGS=--cap-lints=forbid" "-e" "RUSTDOCFLAGS=--cap-lints=forbid" "-e" "CARGO_HOME=/opt/rustwide/cargo-home" "-e" "RUSTUP_HOME=/opt/rustwide/rustup-home" "-w" "/opt/rustwide/workdir" "-m" "1610612736" "--user" "0:0" "--network" "none" "ghcr.io/rust-lang/crates-build-env/linux@sha256:4a844ea9eb2546a2d2c7022eacef16ef2e8229c7fbb2c7d4d55a9ceca922f72d" "/opt/rustwide/cargo-home/bin/cargo" "+nightly-2024-10-28" "test" "--frozen", kill_on_drop: false }`
[INFO] [stdout] 79663580bbb38223aafcda3d8016bdefe77329064ccac9add4987191843fe572
[INFO] running `Command { std: "docker" "start" "-a" "79663580bbb38223aafcda3d8016bdefe77329064ccac9add4987191843fe572", kill_on_drop: false }`
[INFO] [stderr]     Finished `test` profile [unoptimized + debuginfo] target(s) in 0.33s
[INFO] [stderr]      Running unittests src/lib.rs (/opt/rustwide/target/debug/deps/spack-445bf3e564525f5f)
[INFO] [stdout] 
[INFO] [stdout] running 16 tests
[INFO] [stdout] test commands::checksum::test::test_ensure_re2_2022_12_01 ... FAILED
[INFO] [stdout] test commands::find::test::test_find ... FAILED
[INFO] [stdout] test commands::compiler_find::test::test_compiler_find ... FAILED
[INFO] [stdout] test commands::build_env::test::test_build_env ... FAILED
[INFO] [stdout] test subprocess::python::test::test_detect_python ... ok
[INFO] [stdout] test commands::config::test::test_get_compilers ... FAILED
[INFO] [stdout] test commands::compiler_find::test::test_find_compiler_specs ... FAILED
[INFO] [stdout] test commands::find::test::test_find_prefix ... FAILED
[INFO] [stdout] test commands::install::test::test_install ... FAILED
[INFO] [stdout] test commands::install::test::test_install_find ... FAILED
[INFO] [stdout] test commands::load::test::test_load ... FAILED
[INFO] [stdout] test commands::python::test::test_python ... FAILED
[INFO] [stdout] test subprocess::spack::test::test_create_invocation ... FAILED
[INFO] [stdout] test subprocess::spack::test::test_summon ... FAILED
[INFO] [stdout] test utils::test::test_ensure_installed ... FAILED
[INFO] [stdout] test utils::test::test_ensure_prefix ... FAILED
[INFO] [stdout] 
[INFO] [stdout] failures:
[INFO] [stdout] 
[INFO] [stdout] ---- commands::checksum::test::test_ensure_re2_2022_12_01 stdout ----
[INFO] [stdout] [/opt/rustwide/cargo-home/registry/src/index.crates.io-6f17d22bba15001f/super-process-0.0.1/src/lib.rs:210:7] &self = Command {
[INFO] [stdout]     exe: Exe(
[INFO] [stdout]         File(
[INFO] [stdout]             "python3",
[INFO] [stdout]         ),
[INFO] [stdout]     ),
[INFO] [stdout]     wd: None,
[INFO] [stdout]     argv: Argv(
[INFO] [stdout]         [
[INFO] [stdout]             "--version",
[INFO] [stdout]         ],
[INFO] [stdout]     ),
[INFO] [stdout]     env: EnvModifications(
[INFO] [stdout]         {},
[INFO] [stdout]     ),
[INFO] [stdout] }
[INFO] [stdout] downloading spack spack-cargo-patches-v2 from https://github.com/cosmicexplorer/spack/archive/refs/tags/cargo-patches-v2.tar.gz...
[INFO] [stdout] Error: error summoning: reqwest error: error sending request for url (https://github.com/cosmicexplorer/spack/archive/refs/tags/cargo-patches-v2.tar.gz): error trying to connect: dns error: failed to lookup address information: Temporary failure in name resolution
[INFO] [stdout] 
[INFO] [stdout] Caused by:
[INFO] [stdout]    0: reqwest error: error sending request for url (https://github.com/cosmicexplorer/spack/archive/refs/tags/cargo-patches-v2.tar.gz): error trying to connect: dns error: failed to lookup address information: Temporary failure in name resolution
[INFO] [stdout]    1: error sending request for url (https://github.com/cosmicexplorer/spack/archive/refs/tags/cargo-patches-v2.tar.gz): error trying to connect: dns error: failed to lookup address information: Temporary failure in name resolution
[INFO] [stdout]    2: error trying to connect: dns error: failed to lookup address information: Temporary failure in name resolution
[INFO] [stdout]    3: dns error: failed to lookup address information: Temporary failure in name resolution
[INFO] [stdout]    4: failed to lookup address information: Temporary failure in name resolution
[INFO] [stdout] 
[INFO] [stdout] Location:
[INFO] [stdout]     src/commands.rs:1786:19
[INFO] [stdout] 
[INFO] [stdout] ---- commands::find::test::test_find stdout ----
[INFO] [stdout] [/opt/rustwide/cargo-home/registry/src/index.crates.io-6f17d22bba15001f/super-process-0.0.1/src/lib.rs:210:7] &self = Command {
[INFO] [stdout]     exe: Exe(
[INFO] [stdout]         File(
[INFO] [stdout]             "python3",
[INFO] [stdout]         ),
[INFO] [stdout]     ),
[INFO] [stdout]     wd: None,
[INFO] [stdout]     argv: Argv(
[INFO] [stdout]         [
[INFO] [stdout]             "--version",
[INFO] [stdout]         ],
[INFO] [stdout]     ),
[INFO] [stdout]     env: EnvModifications(
[INFO] [stdout]         {},
[INFO] [stdout]     ),
[INFO] [stdout] }
[INFO] [stdout] downloading spack spack-cargo-patches-v2 from https://github.com/cosmicexplorer/spack/archive/refs/tags/cargo-patches-v2.tar.gz...
[INFO] [stdout] Error: Summoning(Summon(Http(reqwest::Error { kind: Request, url: Url { scheme: "https", cannot_be_a_base: false, username: "", password: None, host: Some(Domain("github.com")), port: None, path: "/cosmicexplorer/spack/archive/refs/tags/cargo-patches-v2.tar.gz", query: None, fragment: None }, source: hyper::Error(Connect, ConnectError("dns error", Custom { kind: Uncategorized, error: "failed to lookup address information: Temporary failure in name resolution" })) })))
[INFO] [stdout] 
[INFO] [stdout] ---- commands::compiler_find::test::test_compiler_find stdout ----
[INFO] [stdout] [/opt/rustwide/cargo-home/registry/src/index.crates.io-6f17d22bba15001f/super-process-0.0.1/src/lib.rs:210:7] &self = Command {
[INFO] [stdout]     exe: Exe(
[INFO] [stdout]         File(
[INFO] [stdout]             "python3",
[INFO] [stdout]         ),
[INFO] [stdout]     ),
[INFO] [stdout]     wd: None,
[INFO] [stdout]     argv: Argv(
[INFO] [stdout]         [
[INFO] [stdout]             "--version",
[INFO] [stdout]         ],
[INFO] [stdout]     ),
[INFO] [stdout]     env: EnvModifications(
[INFO] [stdout]         {},
[INFO] [stdout]     ),
[INFO] [stdout] }
[INFO] [stdout] downloading spack spack-cargo-patches-v2 from https://github.com/cosmicexplorer/spack/archive/refs/tags/cargo-patches-v2.tar.gz...
[INFO] [stdout] thread 'commands::compiler_find::test::test_compiler_find' panicked at src/commands.rs:1526:51:
[INFO] [stdout] called `Result::unwrap()` on an `Err` value: Summon(Http(reqwest::Error { kind: Request, url: Url { scheme: "https", cannot_be_a_base: false, username: "", password: None, host: Some(Domain("github.com")), port: None, path: "/cosmicexplorer/spack/archive/refs/tags/cargo-patches-v2.tar.gz", query: None, fragment: None }, source: hyper::Error(Connect, ConnectError("dns error", Custom { kind: Uncategorized, error: "failed to lookup address information: Temporary failure in name resolution" })) }))
[INFO] [stdout] stack backtrace:
[INFO] [stdout]    0:     0x6059cfc6f94a - std::backtrace_rs::backtrace::libunwind::trace::h207520d6e9873551
[INFO] [stdout]                                at /rustc/df4ca44d3fbc9301ee17f30f4d474e6ae4b05252/library/std/src/../../backtrace/src/backtrace/libunwind.rs:116:5
[INFO] [stdout]    1:     0x6059cfc6f94a - std::backtrace_rs::backtrace::trace_unsynchronized::h2ed7433f370e3eca
[INFO] [stdout]                                at /rustc/df4ca44d3fbc9301ee17f30f4d474e6ae4b05252/library/std/src/../../backtrace/src/backtrace/mod.rs:66:5
[INFO] [stdout]    2:     0x6059cfc6f94a - std::sys::backtrace::_print_fmt::h916fac51166b18d7
[INFO] [stdout]                                at /rustc/df4ca44d3fbc9301ee17f30f4d474e6ae4b05252/library/std/src/sys/backtrace.rs:66:9
[INFO] [stdout]    3:     0x6059cfc6f94a - <std::sys::backtrace::BacktraceLock::print::DisplayBacktrace as core::fmt::Display>::fmt::ha0a4c9b8ce3802e6
[INFO] [stdout]                                at /rustc/df4ca44d3fbc9301ee17f30f4d474e6ae4b05252/library/std/src/sys/backtrace.rs:39:26
[INFO] [stdout]    4:     0x6059cfc9cb43 - core::fmt::rt::Argument::fmt::h4cfc8587d52b3eb5
[INFO] [stdout]                                at /rustc/df4ca44d3fbc9301ee17f30f4d474e6ae4b05252/library/core/src/fmt/rt.rs:177:76
[INFO] [stdout]    5:     0x6059cfc9cb43 - core::fmt::write::h522cc39e5b36ae9f
[INFO] [stdout]                                at /rustc/df4ca44d3fbc9301ee17f30f4d474e6ae4b05252/library/core/src/fmt/mod.rs:1190:21
[INFO] [stdout]    6:     0x6059cfc6b493 - std::io::Write::write_fmt::h7d3c26752da97734
[INFO] [stdout]                                at /rustc/df4ca44d3fbc9301ee17f30f4d474e6ae4b05252/library/std/src/io/mod.rs:1839:15
[INFO] [stdout]    7:     0x6059cfc6f792 - std::sys::backtrace::BacktraceLock::print::h4b9e00b29e9c0942
[INFO] [stdout]                                at /rustc/df4ca44d3fbc9301ee17f30f4d474e6ae4b05252/library/std/src/sys/backtrace.rs:42:9
[INFO] [stdout]    8:     0x6059cfc70dda - std::panicking::default_hook::{{closure}}::hb59b88280d0324d9
[INFO] [stdout]                                at /rustc/df4ca44d3fbc9301ee17f30f4d474e6ae4b05252/library/std/src/panicking.rs:268:22
[INFO] [stdout]    9:     0x6059cfc70be4 - std::panicking::default_hook::he1dd496665be4a29
[INFO] [stdout]                                at /rustc/df4ca44d3fbc9301ee17f30f4d474e6ae4b05252/library/std/src/panicking.rs:292:9
[INFO] [stdout]   10:     0x6059cf440e39 - <alloc::boxed::Box<F,A> as core::ops::function::Fn<Args>>::call::h4ff71de18744e1dc
[INFO] [stdout]                                at /rustc/df4ca44d3fbc9301ee17f30f4d474e6ae4b05252/library/alloc/src/boxed.rs:2468:9
[INFO] [stdout]   11:     0x6059cf440e39 - test::test_main::{{closure}}::hcf7c055ce117aa81
[INFO] [stdout]                                at /rustc/df4ca44d3fbc9301ee17f30f4d474e6ae4b05252/library/test/src/lib.rs:133:21
[INFO] [stdout]   12:     0x6059cfc714d8 - <alloc::boxed::Box<F,A> as core::ops::function::Fn<Args>>::call::h1d66c6bbd60c9692
[INFO] [stdout]                                at /rustc/df4ca44d3fbc9301ee17f30f4d474e6ae4b05252/library/alloc/src/boxed.rs:2468:9
[INFO] [stdout]   13:     0x6059cfc714d8 - std::panicking::rust_panic_with_hook::h2ff17fe8f26dfcf8
[INFO] [stdout]                                at /rustc/df4ca44d3fbc9301ee17f30f4d474e6ae4b05252/library/std/src/panicking.rs:809:13
[INFO] [stdout]   14:     0x6059cfc7129a - std::panicking::begin_panic_handler::{{closure}}::h4fad77951c07e101
[INFO] [stdout]                                at /rustc/df4ca44d3fbc9301ee17f30f4d474e6ae4b05252/library/std/src/panicking.rs:674:13
[INFO] [stdout]   15:     0x6059cfc6fe29 - std::sys::backtrace::__rust_end_short_backtrace::hb1a25b3da5d0ea08
[INFO] [stdout]                                at /rustc/df4ca44d3fbc9301ee17f30f4d474e6ae4b05252/library/std/src/sys/backtrace.rs:170:18
[INFO] [stdout]   16:     0x6059cfc70f2c - rust_begin_unwind
[INFO] [stdout]                                at /rustc/df4ca44d3fbc9301ee17f30f4d474e6ae4b05252/library/std/src/panicking.rs:665:5
[INFO] [stdout]   17:     0x6059cfc9a480 - core::panicking::panic_fmt::ha9db07b529f9b256
[INFO] [stdout]                                at /rustc/df4ca44d3fbc9301ee17f30f4d474e6ae4b05252/library/core/src/panicking.rs:75:14
[INFO] [stdout]   18:     0x6059cfc9a966 - core::result::unwrap_failed::h5e8218e4d4338b8a
[INFO] [stdout]                                at /rustc/df4ca44d3fbc9301ee17f30f4d474e6ae4b05252/library/core/src/result.rs:1698:5
[INFO] [stdout]   19:     0x6059cf3eaa33 - core::result::Result<T,E>::unwrap::hc4c67d1c82fc23d1
[INFO] [stdout]                                at /rustc/df4ca44d3fbc9301ee17f30f4d474e6ae4b05252/library/core/src/result.rs:1103:23
[INFO] [stdout]   20:     0x6059cf3eaa33 - spack::commands::compiler_find::test::test_compiler_find::{{closure}}::he5c13283e518081e
[INFO] [stdout]                                at /opt/rustwide/workdir/src/commands.rs:1526:19
[INFO] [stdout]   21:     0x6059cf3a5cbf - <core::pin::Pin<P> as core::future::future::Future>::poll::h72270a661ba3131d
[INFO] [stdout]                                at /rustc/df4ca44d3fbc9301ee17f30f4d474e6ae4b05252/library/core/src/future/future.rs:123:9
[INFO] [stdout]   22:     0x6059cf3a5bfb - <core::pin::Pin<P> as core::future::future::Future>::poll::h179d28f69a8492ab
[INFO] [stdout]                                at /rustc/df4ca44d3fbc9301ee17f30f4d474e6ae4b05252/library/core/src/future/future.rs:123:9
[INFO] [stdout]   23:     0x6059cf33d0de - tokio::runtime::scheduler::current_thread::CoreGuard::block_on::{{closure}}::{{closure}}::{{closure}}::h1c30e7793006b222
[INFO] [stdout]                                at /opt/rustwide/cargo-home/registry/src/index.crates.io-6f17d22bba15001f/tokio-1.33.0/src/runtime/scheduler/current_thread/mod.rs:665:57
[INFO] [stdout]   24:     0x6059cf33ce25 - tokio::runtime::coop::with_budget::hf819dfef4919fca5
[INFO] [stdout]                                at /opt/rustwide/cargo-home/registry/src/index.crates.io-6f17d22bba15001f/tokio-1.33.0/src/runtime/coop.rs:107:5
[INFO] [stdout]   25:     0x6059cf33ce25 - tokio::runtime::coop::budget::hf7b40231be15e156
[INFO] [stdout]                                at /opt/rustwide/cargo-home/registry/src/index.crates.io-6f17d22bba15001f/tokio-1.33.0/src/runtime/coop.rs:73:5
[INFO] [stdout]   26:     0x6059cf33ce25 - tokio::runtime::scheduler::current_thread::CoreGuard::block_on::{{closure}}::{{closure}}::h2cb9794558472d47
[INFO] [stdout]                                at /opt/rustwide/cargo-home/registry/src/index.crates.io-6f17d22bba15001f/tokio-1.33.0/src/runtime/scheduler/current_thread/mod.rs:665:25
[INFO] [stdout]   27:     0x6059cf33a07d - tokio::runtime::scheduler::current_thread::Context::enter::h539da8a72ea9e507
[INFO] [stdout]                                at /opt/rustwide/cargo-home/registry/src/index.crates.io-6f17d22bba15001f/tokio-1.33.0/src/runtime/scheduler/current_thread/mod.rs:410:19
[INFO] [stdout]   28:     0x6059cf33c5de - tokio::runtime::scheduler::current_thread::CoreGuard::block_on::{{closure}}::h5a8fb0c8563386e6
[INFO] [stdout]                                at /opt/rustwide/cargo-home/registry/src/index.crates.io-6f17d22bba15001f/tokio-1.33.0/src/runtime/scheduler/current_thread/mod.rs:664:36
[INFO] [stdout]   29:     0x6059cf33b95b - tokio::runtime::scheduler::current_thread::CoreGuard::enter::{{closure}}::h75e0932e063b5702
[INFO] [stdout]                                at /opt/rustwide/cargo-home/registry/src/index.crates.io-6f17d22bba15001f/tokio-1.33.0/src/runtime/scheduler/current_thread/mod.rs:743:68
[INFO] [stdout]   30:     0x6059cf30702a - tokio::runtime::context::scoped::Scoped<T>::set::h0f835b749be5de71
[INFO] [stdout]                                at /opt/rustwide/cargo-home/registry/src/index.crates.io-6f17d22bba15001f/tokio-1.33.0/src/runtime/context/scoped.rs:40:9
[INFO] [stdout]   31:     0x6059cf306cea - tokio::runtime::context::set_scheduler::{{closure}}::h10c4b78847fd24c0
[INFO] [stdout]                                at /opt/rustwide/cargo-home/registry/src/index.crates.io-6f17d22bba15001f/tokio-1.33.0/src/runtime/context.rs:176:26
[INFO] [stdout]   32:     0x6059cf3a4e03 - std::thread::local::LocalKey<T>::try_with::he5166187ca51b7cf
[INFO] [stdout]                                at /rustc/df4ca44d3fbc9301ee17f30f4d474e6ae4b05252/library/std/src/thread/local.rs:283:12
[INFO] [stdout]   33:     0x6059cf3a3ae3 - std::thread::local::LocalKey<T>::with::h35183618d7cc9370
[INFO] [stdout]                                at /rustc/df4ca44d3fbc9301ee17f30f4d474e6ae4b05252/library/std/src/thread/local.rs:260:9
[INFO] [stdout]   34:     0x6059cf306c41 - tokio::runtime::context::set_scheduler::h841cb35f0d7257c1
[INFO] [stdout]                                at /opt/rustwide/cargo-home/registry/src/index.crates.io-6f17d22bba15001f/tokio-1.33.0/src/runtime/context.rs:176:9
[INFO] [stdout]   35:     0x6059cf33b6db - tokio::runtime::scheduler::current_thread::CoreGuard::enter::h7316aef5ed60c96b
[INFO] [stdout]                                at /opt/rustwide/cargo-home/registry/src/index.crates.io-6f17d22bba15001f/tokio-1.33.0/src/runtime/scheduler/current_thread/mod.rs:743:27
[INFO] [stdout]   36:     0x6059cf33ba38 - tokio::runtime::scheduler::current_thread::CoreGuard::block_on::hbb172818bbc8771c
[INFO] [stdout]                                at /opt/rustwide/cargo-home/registry/src/index.crates.io-6f17d22bba15001f/tokio-1.33.0/src/runtime/scheduler/current_thread/mod.rs:652:19
[INFO] [stdout]   37:     0x6059cf339992 - tokio::runtime::scheduler::current_thread::CurrentThread::block_on::{{closure}}::h7d3a7b0d73f29b02
[INFO] [stdout]                                at /opt/rustwide/cargo-home/registry/src/index.crates.io-6f17d22bba15001f/tokio-1.33.0/src/runtime/scheduler/current_thread/mod.rs:175:28
[INFO] [stdout]   38:     0x6059cf3290c7 - tokio::runtime::context::runtime::enter_runtime::h24bb49bce9b4b863
[INFO] [stdout]                                at /opt/rustwide/cargo-home/registry/src/index.crates.io-6f17d22bba15001f/tokio-1.33.0/src/runtime/context/runtime.rs:65:16
[INFO] [stdout]   39:     0x6059cf3394f6 - tokio::runtime::scheduler::current_thread::CurrentThread::block_on::haf00ccd623f92a61
[INFO] [stdout]                                at /opt/rustwide/cargo-home/registry/src/index.crates.io-6f17d22bba15001f/tokio-1.33.0/src/runtime/scheduler/current_thread/mod.rs:167:9
[INFO] [stdout]   40:     0x6059cf37ba5a - tokio::runtime::runtime::Runtime::block_on::hc267f92c3d87ee6d
[INFO] [stdout]                                at /opt/rustwide/cargo-home/registry/src/index.crates.io-6f17d22bba15001f/tokio-1.33.0/src/runtime/runtime.rs:348:47
[INFO] [stdout]   41:     0x6059cf3ea6ec - spack::commands::compiler_find::test::test_compiler_find::hf7c8805bbd6c6eb5
[INFO] [stdout]                                at /opt/rustwide/workdir/src/commands.rs:1541:7
[INFO] [stdout]   42:     0x6059cf3ea572 - spack::commands::compiler_find::test::test_compiler_find::{{closure}}::h1a9e37bb5274fd69
[INFO] [stdout]                                at /opt/rustwide/workdir/src/commands.rs:1522:38
[INFO] [stdout]   43:     0x6059cf2db886 - core::ops::function::FnOnce::call_once::haab382a5e7d3c268
[INFO] [stdout]                                at /rustc/df4ca44d3fbc9301ee17f30f4d474e6ae4b05252/library/core/src/ops/function.rs:250:5
[INFO] [stdout]   44:     0x6059cf44570b - core::ops::function::FnOnce::call_once::h22c3ba5715e93f05
[INFO] [stdout]                                at /rustc/df4ca44d3fbc9301ee17f30f4d474e6ae4b05252/library/core/src/ops/function.rs:250:5
[INFO] [stdout]   45:     0x6059cf44570b - test::__rust_begin_short_backtrace::h8e82d8113d0da17f
[INFO] [stdout]                                at /rustc/df4ca44d3fbc9301ee17f30f4d474e6ae4b05252/library/test/src/lib.rs:621:18
[INFO] [stdout]   46:     0x6059cf445087 - test::run_test_in_process::{{closure}}::h33235f4f20b7b7c7
[INFO] [stdout]                                at /rustc/df4ca44d3fbc9301ee17f30f4d474e6ae4b05252/library/test/src/lib.rs:644:60
[INFO] [stdout]   47:     0x6059cf445087 - <core::panic::unwind_safe::AssertUnwindSafe<F> as core::ops::function::FnOnce<()>>::call_once::hb5043206310c586f
[INFO] [stdout]                                at /rustc/df4ca44d3fbc9301ee17f30f4d474e6ae4b05252/library/core/src/panic/unwind_safe.rs:272:9
[INFO] [stdout]   48:     0x6059cf445087 - std::panicking::try::do_call::h9ad4731a60ab23e2
[INFO] [stdout]                                at /rustc/df4ca44d3fbc9301ee17f30f4d474e6ae4b05252/library/std/src/panicking.rs:557:40
[INFO] [stdout]   49:     0x6059cf445087 - std::panicking::try::h3824d23db772a716
[INFO] [stdout]                                at /rustc/df4ca44d3fbc9301ee17f30f4d474e6ae4b05252/library/std/src/panicking.rs:520:19
[INFO] [stdout]   50:     0x6059cf445087 - std::panic::catch_unwind::h5afd514605fde46b
[INFO] [stdout]                                at /rustc/df4ca44d3fbc9301ee17f30f4d474e6ae4b05252/library/std/src/panic.rs:358:14
[INFO] [stdout]   51:     0x6059cf445087 - test::run_test_in_process::h0d5cbfa7067d1720
[INFO] [stdout]                                at /rustc/df4ca44d3fbc9301ee17f30f4d474e6ae4b05252/library/test/src/lib.rs:644:27
[INFO] [stdout]   52:     0x6059cf445087 - test::run_test::{{closure}}::h708eb8872708115d
[INFO] [stdout]                                at /rustc/df4ca44d3fbc9301ee17f30f4d474e6ae4b05252/library/test/src/lib.rs:565:43
[INFO] [stdout]   53:     0x6059cf4087a4 - test::run_test::{{closure}}::h392c51cee94713ab
[INFO] [stdout]                                at /rustc/df4ca44d3fbc9301ee17f30f4d474e6ae4b05252/library/test/src/lib.rs:595:41
[INFO] [stdout]   54:     0x6059cf4087a4 - std::sys::backtrace::__rust_begin_short_backtrace::h2f40290710935a8b
[INFO] [stdout]                                at /rustc/df4ca44d3fbc9301ee17f30f4d474e6ae4b05252/library/std/src/sys/backtrace.rs:154:18
[INFO] [stdout]   55:     0x6059cf40bf4e - std::thread::Builder::spawn_unchecked_::{{closure}}::{{closure}}::h3fd968d89053a903
[INFO] [stdout]                                at /rustc/df4ca44d3fbc9301ee17f30f4d474e6ae4b05252/library/std/src/thread/mod.rs:541:17
[INFO] [stdout]   56:     0x6059cf40bf4e - <core::panic::unwind_safe::AssertUnwindSafe<F> as core::ops::function::FnOnce<()>>::call_once::h743f637ba4229880
[INFO] [stdout]                                at /rustc/df4ca44d3fbc9301ee17f30f4d474e6ae4b05252/library/core/src/panic/unwind_safe.rs:272:9
[INFO] [stdout]   57:     0x6059cf40bf4e - std::panicking::try::do_call::h07440897322525a6
[INFO] [stdout]                                at /rustc/df4ca44d3fbc9301ee17f30f4d474e6ae4b05252/library/std/src/panicking.rs:557:40
[INFO] [stdout]   58:     0x6059cf40bf4e - std::panicking::try::he5a2e00188156637
[INFO] [stdout]                                at /rustc/df4ca44d3fbc9301ee17f30f4d474e6ae4b05252/library/std/src/panicking.rs:520:19
[INFO] [stdout]   59:     0x6059cf40bf4e - std::panic::catch_unwind::hbaf3cae49b3c6433
[INFO] [stdout]                                at /rustc/df4ca44d3fbc9301ee17f30f4d474e6ae4b05252/library/std/src/panic.rs:358:14
[INFO] [stdout]   60:     0x6059cf40bf4e - std::thread::Builder::spawn_unchecked_::{{closure}}::h8e141ea224820bce
[INFO] [stdout]                                at /rustc/df4ca44d3fbc9301ee17f30f4d474e6ae4b05252/library/std/src/thread/mod.rs:540:30
[INFO] [stdout]   61:     0x6059cf40bf4e - core::ops::function::FnOnce::call_once{{vtable.shim}}::h90d312fedd7b8ea8
[INFO] [stdout]                                at /rustc/df4ca44d3fbc9301ee17f30f4d474e6ae4b05252/library/core/src/ops/function.rs:250:5
[INFO] [stdout]   62:     0x6059cfc76ddb - <alloc::boxed::Box<F,A> as core::ops::function::FnOnce<Args>>::call_once::h69aa08ddb6adb8b6
[INFO] [stdout]                                at /rustc/df4ca44d3fbc9301ee17f30f4d474e6ae4b05252/library/alloc/src/boxed.rs:2454:9
[INFO] [stdout]   63:     0x6059cfc76ddb - <alloc::boxed::Box<F,A> as core::ops::function::FnOnce<Args>>::call_once::h5aa36efdb79c806f
[INFO] [stdout]                                at /rustc/df4ca44d3fbc9301ee17f30f4d474e6ae4b05252/library/alloc/src/boxed.rs:2454:9
[INFO] [stdout]   64:     0x6059cfc76ddb - std::sys::pal::unix::thread::Thread::new::thread_start::h6cd80a1b4be5158d
[INFO] [stdout]                                at /rustc/df4ca44d3fbc9301ee17f30f4d474e6ae4b05252/library/std/src/sys/pal/unix/thread.rs:105:17
[INFO] [stdout]   65:     0x79b2628a2ac3 - <unknown>
[INFO] [stdout]   66:     0x79b262933a04 - clone
[INFO] [stdout]   67:                0x0 - <unknown>
[INFO] [stdout] 
[INFO] [stdout] ---- commands::build_env::test::test_build_env stdout ----
[INFO] [stdout] [/opt/rustwide/cargo-home/registry/src/index.crates.io-6f17d22bba15001f/super-process-0.0.1/src/lib.rs:210:7] &self = Command {
[INFO] [stdout]     exe: Exe(
[INFO] [stdout]         File(
[INFO] [stdout]             "python3",
[INFO] [stdout]         ),
[INFO] [stdout]     ),
[INFO] [stdout]     wd: None,
[INFO] [stdout]     argv: Argv(
[INFO] [stdout]         [
[INFO] [stdout]             "--version",
[INFO] [stdout]         ],
[INFO] [stdout]     ),
[INFO] [stdout]     env: EnvModifications(
[INFO] [stdout]         {},
[INFO] [stdout]     ),
[INFO] [stdout] }
[INFO] [stdout] downloading spack spack-cargo-patches-v2 from https://github.com/cosmicexplorer/spack/archive/refs/tags/cargo-patches-v2.tar.gz...
[INFO] [stdout] Error: Summoning(Summon(Http(reqwest::Error { kind: Request, url: Url { scheme: "https", cannot_be_a_base: false, username: "", password: None, host: Some(Domain("github.com")), port: None, path: "/cosmicexplorer/spack/archive/refs/tags/cargo-patches-v2.tar.gz", query: None, fragment: None }, source: hyper::Error(Connect, ConnectError("dns error", Custom { kind: Uncategorized, error: "failed to lookup address information: Temporary failure in name resolution" })) })))
[INFO] [stdout] 
[INFO] [stdout] ---- commands::config::test::test_get_compilers stdout ----
[INFO] [stdout] [/opt/rustwide/cargo-home/registry/src/index.crates.io-6f17d22bba15001f/super-process-0.0.1/src/lib.rs:210:7] &self = Command {
[INFO] [stdout]     exe: Exe(
[INFO] [stdout]         File(
[INFO] [stdout]             "python3",
[INFO] [stdout]         ),
[INFO] [stdout]     ),
[INFO] [stdout]     wd: None,
[INFO] [stdout]     argv: Argv(
[INFO] [stdout]         [
[INFO] [stdout]             "--version",
[INFO] [stdout]         ],
[INFO] [stdout]     ),
[INFO] [stdout]     env: EnvModifications(
[INFO] [stdout]         {},
[INFO] [stdout]     ),
[INFO] [stdout] }
[INFO] [stdout] downloading spack spack-cargo-patches-v2 from https://github.com/cosmicexplorer/spack/archive/refs/tags/cargo-patches-v2.tar.gz...
[INFO] [stdout] Error: Summoning(Summon(Http(reqwest::Error { kind: Request, url: Url { scheme: "https", cannot_be_a_base: false, username: "", password: None, host: Some(Domain("github.com")), port: None, path: "/cosmicexplorer/spack/archive/refs/tags/cargo-patches-v2.tar.gz", query: None, fragment: None }, source: hyper::Error(Connect, ConnectError("dns error", Custom { kind: Uncategorized, error: "failed to lookup address information: Temporary failure in name resolution" })) })))
[INFO] [stdout] 
[INFO] [stdout] ---- commands::compiler_find::test::test_find_compiler_specs stdout ----
[INFO] [stdout] [/opt/rustwide/cargo-home/registry/src/index.crates.io-6f17d22bba15001f/super-process-0.0.1/src/lib.rs:210:7] &self = Command {
[INFO] [stdout]     exe: Exe(
[INFO] [stdout]         File(
[INFO] [stdout]             "python3",
[INFO] [stdout]         ),
[INFO] [stdout]     ),
[INFO] [stdout]     wd: None,
[INFO] [stdout]     argv: Argv(
[INFO] [stdout]         [
[INFO] [stdout]             "--version",
[INFO] [stdout]         ],
[INFO] [stdout]     ),
[INFO] [stdout]     env: EnvModifications(
[INFO] [stdout]         {},
[INFO] [stdout]     ),
[INFO] [stdout] }
[INFO] [stdout] downloading spack spack-cargo-patches-v2 from https://github.com/cosmicexplorer/spack/archive/refs/tags/cargo-patches-v2.tar.gz...
[INFO] [stdout] thread 'commands::compiler_find::test::test_find_compiler_specs' panicked at src/commands.rs:1549:51:
[INFO] [stdout] called `Result::unwrap()` on an `Err` value: Summon(Http(reqwest::Error { kind: Request, url: Url { scheme: "https", cannot_be_a_base: false, username: "", password: None, host: Some(Domain("github.com")), port: None, path: "/cosmicexplorer/spack/archive/refs/tags/cargo-patches-v2.tar.gz", query: None, fragment: None }, source: hyper::Error(Connect, ConnectError("dns error", Custom { kind: Uncategorized, error: "failed to lookup address information: Temporary failure in name resolution" })) }))
[INFO] [stdout] stack backtrace:
[INFO] [stdout]    0:     0x6059cfc6f94a - std::backtrace_rs::backtrace::libunwind::trace::h207520d6e9873551
[INFO] [stdout]                                at /rustc/df4ca44d3fbc9301ee17f30f4d474e6ae4b05252/library/std/src/../../backtrace/src/backtrace/libunwind.rs:116:5
[INFO] [stdout]    1:     0x6059cfc6f94a - std::backtrace_rs::backtrace::trace_unsynchronized::h2ed7433f370e3eca
[INFO] [stdout]                                at /rustc/df4ca44d3fbc9301ee17f30f4d474e6ae4b05252/library/std/src/../../backtrace/src/backtrace/mod.rs:66:5
[INFO] [stdout]    2:     0x6059cfc6f94a - std::sys::backtrace::_print_fmt::h916fac51166b18d7
[INFO] [stdout]                                at /rustc/df4ca44d3fbc9301ee17f30f4d474e6ae4b05252/library/std/src/sys/backtrace.rs:66:9
[INFO] [stdout]    3:     0x6059cfc6f94a - <std::sys::backtrace::BacktraceLock::print::DisplayBacktrace as core::fmt::Display>::fmt::ha0a4c9b8ce3802e6
[INFO] [stdout]                                at /rustc/df4ca44d3fbc9301ee17f30f4d474e6ae4b05252/library/std/src/sys/backtrace.rs:39:26
[INFO] [stdout]    4:     0x6059cfc9cb43 - core::fmt::rt::Argument::fmt::h4cfc8587d52b3eb5
[INFO] [stdout]                                at /rustc/df4ca44d3fbc9301ee17f30f4d474e6ae4b05252/library/core/src/fmt/rt.rs:177:76
[INFO] [stdout]    5:     0x6059cfc9cb43 - core::fmt::write::h522cc39e5b36ae9f
[INFO] [stdout]                                at /rustc/df4ca44d3fbc9301ee17f30f4d474e6ae4b05252/library/core/src/fmt/mod.rs:1190:21
[INFO] [stdout]    6:     0x6059cfc6b493 - std::io::Write::write_fmt::h7d3c26752da97734
[INFO] [stdout]                                at /rustc/df4ca44d3fbc9301ee17f30f4d474e6ae4b05252/library/std/src/io/mod.rs:1839:15
[INFO] [stdout]    7:     0x6059cfc6f792 - std::sys::backtrace::BacktraceLock::print::h4b9e00b29e9c0942
[INFO] [stdout]                                at /rustc/df4ca44d3fbc9301ee17f30f4d474e6ae4b05252/library/std/src/sys/backtrace.rs:42:9
[INFO] [stdout]    8:     0x6059cfc70dda - std::panicking::default_hook::{{closure}}::hb59b88280d0324d9
[INFO] [stdout]                                at /rustc/df4ca44d3fbc9301ee17f30f4d474e6ae4b05252/library/std/src/panicking.rs:268:22
[INFO] [stdout]    9:     0x6059cfc70be4 - std::panicking::default_hook::he1dd496665be4a29
[INFO] [stdout]                                at /rustc/df4ca44d3fbc9301ee17f30f4d474e6ae4b05252/library/std/src/panicking.rs:292:9
[INFO] [stdout]   10:     0x6059cf440e39 - <alloc::boxed::Box<F,A> as core::ops::function::Fn<Args>>::call::h4ff71de18744e1dc
[INFO] [stdout]                                at /rustc/df4ca44d3fbc9301ee17f30f4d474e6ae4b05252/library/alloc/src/boxed.rs:2468:9
[INFO] [stdout]   11:     0x6059cf440e39 - test::test_main::{{closure}}::hcf7c055ce117aa81
[INFO] [stdout]                                at /rustc/df4ca44d3fbc9301ee17f30f4d474e6ae4b05252/library/test/src/lib.rs:133:21
[INFO] [stdout]   12:     0x6059cfc714d8 - <alloc::boxed::Box<F,A> as core::ops::function::Fn<Args>>::call::h1d66c6bbd60c9692
[INFO] [stdout]                                at /rustc/df4ca44d3fbc9301ee17f30f4d474e6ae4b05252/library/alloc/src/boxed.rs:2468:9
[INFO] [stdout]   13:     0x6059cfc714d8 - std::panicking::rust_panic_with_hook::h2ff17fe8f26dfcf8
[INFO] [stdout]                                at /rustc/df4ca44d3fbc9301ee17f30f4d474e6ae4b05252/library/std/src/panicking.rs:809:13
[INFO] [stdout]   14:     0x6059cfc7129a - std::panicking::begin_panic_handler::{{closure}}::h4fad77951c07e101
[INFO] [stdout]                                at /rustc/df4ca44d3fbc9301ee17f30f4d474e6ae4b05252/library/std/src/panicking.rs:674:13
[INFO] [stdout]   15:     0x6059cfc6fe29 - std::sys::backtrace::__rust_end_short_backtrace::hb1a25b3da5d0ea08
[INFO] [stdout]                                at /rustc/df4ca44d3fbc9301ee17f30f4d474e6ae4b05252/library/std/src/sys/backtrace.rs:170:18
[INFO] [stdout]   16:     0x6059cfc70f2c - rust_begin_unwind
[INFO] [stdout]                                at /rustc/df4ca44d3fbc9301ee17f30f4d474e6ae4b05252/library/std/src/panicking.rs:665:5
[INFO] [stdout]   17:     0x6059cfc9a480 - core::panicking::panic_fmt::ha9db07b529f9b256
[INFO] [stdout]                                at /rustc/df4ca44d3fbc9301ee17f30f4d474e6ae4b05252/library/core/src/panicking.rs:75:14
[INFO] [stdout]   18:     0x6059cfc9a966 - core::result::unwrap_failed::h5e8218e4d4338b8a
[INFO] [stdout]                                at /rustc/df4ca44d3fbc9301ee17f30f4d474e6ae4b05252/library/core/src/result.rs:1698:5
[INFO] [stdout]   19:     0x6059cf3eb513 - core::result::Result<T,E>::unwrap::hc4c67d1c82fc23d1
[INFO] [stdout]                                at /rustc/df4ca44d3fbc9301ee17f30f4d474e6ae4b05252/library/core/src/result.rs:1103:23
[INFO] [stdout]   20:     0x6059cf3eb513 - spack::commands::compiler_find::test::test_find_compiler_specs::{{closure}}::h87e6a08513c2732b
[INFO] [stdout]                                at /opt/rustwide/workdir/src/commands.rs:1549:19
[INFO] [stdout]   21:     0x6059cf3a5cbf - <core::pin::Pin<P> as core::future::future::Future>::poll::h72270a661ba3131d
[INFO] [stdout]                                at /rustc/df4ca44d3fbc9301ee17f30f4d474e6ae4b05252/library/core/src/future/future.rs:123:9
[INFO] [stdout]   22:     0x6059cf3a5bfb - <core::pin::Pin<P> as core::future::future::Future>::poll::h179d28f69a8492ab
[INFO] [stdout]                                at /rustc/df4ca44d3fbc9301ee17f30f4d474e6ae4b05252/library/core/src/future/future.rs:123:9
[INFO] [stdout]   23:     0x6059cf33d0de - tokio::runtime::scheduler::current_thread::CoreGuard::block_on::{{closure}}::{{closure}}::{{closure}}::h1c30e7793006b222
[INFO] [stdout]                                at /opt/rustwide/cargo-home/registry/src/index.crates.io-6f17d22bba15001f/tokio-1.33.0/src/runtime/scheduler/current_thread/mod.rs:665:57
[INFO] [stdout]   24:     0x6059cf33ce25 - tokio::runtime::coop::with_budget::hf819dfef4919fca5
[INFO] [stdout]                                at /opt/rustwide/cargo-home/registry/src/index.crates.io-6f17d22bba15001f/tokio-1.33.0/src/runtime/coop.rs:107:5
[INFO] [stdout]   25:     0x6059cf33ce25 - tokio::runtime::coop::budget::hf7b40231be15e156
[INFO] [stdout]                                at /opt/rustwide/cargo-home/registry/src/index.crates.io-6f17d22bba15001f/tokio-1.33.0/src/runtime/coop.rs:73:5
[INFO] [stdout]   26:     0x6059cf33ce25 - tokio::runtime::scheduler::current_thread::CoreGuard::block_on::{{closure}}::{{closure}}::h2cb9794558472d47
[INFO] [stdout]                                at /opt/rustwide/cargo-home/registry/src/index.crates.io-6f17d22bba15001f/tokio-1.33.0/src/runtime/scheduler/current_thread/mod.rs:665:25
[INFO] [stdout]   27:     0x6059cf33a07d - tokio::runtime::scheduler::current_thread::Context::enter::h539da8a72ea9e507
[INFO] [stdout]                                at /opt/rustwide/cargo-home/registry/src/index.crates.io-6f17d22bba15001f/tokio-1.33.0/src/runtime/scheduler/current_thread/mod.rs:410:19
[INFO] [stdout]   28:     0x6059cf33c5de - tokio::runtime::scheduler::current_thread::CoreGuard::block_on::{{closure}}::h5a8fb0c8563386e6
[INFO] [stdout]                                at /opt/rustwide/cargo-home/registry/src/index.crates.io-6f17d22bba15001f/tokio-1.33.0/src/runtime/scheduler/current_thread/mod.rs:664:36
[INFO] [stdout]   29:     0x6059cf33b95b - tokio::runtime::scheduler::current_thread::CoreGuard::enter::{{closure}}::h75e0932e063b5702
[INFO] [stdout]                                at /opt/rustwide/cargo-home/registry/src/index.crates.io-6f17d22bba15001f/tokio-1.33.0/src/runtime/scheduler/current_thread/mod.rs:743:68
[INFO] [stdout]   30:     0x6059cf30702a - tokio::runtime::context::scoped::Scoped<T>::set::h0f835b749be5de71
[INFO] [stdout]                                at /opt/rustwide/cargo-home/registry/src/index.crates.io-6f17d22bba15001f/tokio-1.33.0/src/runtime/context/scoped.rs:40:9
[INFO] [stdout]   31:     0x6059cf306cea - tokio::runtime::context::set_scheduler::{{closure}}::h10c4b78847fd24c0
[INFO] [stdout]                                at /opt/rustwide/cargo-home/registry/src/index.crates.io-6f17d22bba15001f/tokio-1.33.0/src/runtime/context.rs:176:26
[INFO] [stdout]   32:     0x6059cf3a4e03 - std::thread::local::LocalKey<T>::try_with::he5166187ca51b7cf
[INFO] [stdout]                                at /rustc/df4ca44d3fbc9301ee17f30f4d474e6ae4b05252/library/std/src/thread/local.rs:283:12
[INFO] [stdout]   33:     0x6059cf3a3ae3 - std::thread::local::LocalKey<T>::with::h35183618d7cc9370
[INFO] [stdout]                                at /rustc/df4ca44d3fbc9301ee17f30f4d474e6ae4b05252/library/std/src/thread/local.rs:260:9
[INFO] [stdout]   34:     0x6059cf306c41 - tokio::runtime::context::set_scheduler::h841cb35f0d7257c1
[INFO] [stdout]                                at /opt/rustwide/cargo-home/registry/src/index.crates.io-6f17d22bba15001f/tokio-1.33.0/src/runtime/context.rs:176:9
[INFO] [stdout]   35:     0x6059cf33b6db - tokio::runtime::scheduler::current_thread::CoreGuard::enter::h7316aef5ed60c96b
[INFO] [stdout]                                at /opt/rustwide/cargo-home/registry/src/index.crates.io-6f17d22bba15001f/tokio-1.33.0/src/runtime/scheduler/current_thread/mod.rs:743:27
[INFO] [stdout]   36:     0x6059cf33ba38 - tokio::runtime::scheduler::current_thread::CoreGuard::block_on::hbb172818bbc8771c
[INFO] [stdout]                                at /opt/rustwide/cargo-home/registry/src/index.crates.io-6f17d22bba15001f/tokio-1.33.0/src/runtime/scheduler/current_thread/mod.rs:652:19
[INFO] [stdout]   37:     0x6059cf339992 - tokio::runtime::scheduler::current_thread::CurrentThread::block_on::{{closure}}::h7d3a7b0d73f29b02
[INFO] [stdout]                                at /opt/rustwide/cargo-home/registry/src/index.crates.io-6f17d22bba15001f/tokio-1.33.0/src/runtime/scheduler/current_thread/mod.rs:175:28
[INFO] [stdout]   38:     0x6059cf3290c7 - tokio::runtime::context::runtime::enter_runtime::h24bb49bce9b4b863
[INFO] [stdout]                                at /opt/rustwide/cargo-home/registry/src/index.crates.io-6f17d22bba15001f/tokio-1.33.0/src/runtime/context/runtime.rs:65:16
[INFO] [stdout]   39:     0x6059cf3394f6 - tokio::runtime::scheduler::current_thread::CurrentThread::block_on::haf00ccd623f92a61
[INFO] [stdout]                                at /opt/rustwide/cargo-home/registry/src/index.crates.io-6f17d22bba15001f/tokio-1.33.0/src/runtime/scheduler/current_thread/mod.rs:167:9
[INFO] [stdout]   40:     0x6059cf37ba5a - tokio::runtime::runtime::Runtime::block_on::hc267f92c3d87ee6d
[INFO] [stdout]                                at /opt/rustwide/cargo-home/registry/src/index.crates.io-6f17d22bba15001f/tokio-1.33.0/src/runtime/runtime.rs:348:47
[INFO] [stdout]   41:     0x6059cf3eb1cc - spack::commands::compiler_find::test::test_find_compiler_specs::h4c4ba2c129a634d2
[INFO] [stdout]                                at /opt/rustwide/workdir/src/commands.rs:1564:7
[INFO] [stdout]   42:     0x6059cf3eb052 - spack::commands::compiler_find::test::test_find_compiler_specs::{{closure}}::h4100c84e8cb44ec8
[INFO] [stdout]                                at /opt/rustwide/workdir/src/commands.rs:1545:44
[INFO] [stdout]   43:     0x6059cf2da6b6 - core::ops::function::FnOnce::call_once::h343ac25200f5f427
[INFO] [stdout]                                at /rustc/df4ca44d3fbc9301ee17f30f4d474e6ae4b05252/library/core/src/ops/function.rs:250:5
[INFO] [stdout]   44:     0x6059cf44570b - core::ops::function::FnOnce::call_once::h22c3ba5715e93f05
[INFO] [stdout]                                at /rustc/df4ca44d3fbc9301ee17f30f4d474e6ae4b05252/library/core/src/ops/function.rs:250:5
[INFO] [stdout]   45:     0x6059cf44570b - test::__rust_begin_short_backtrace::h8e82d8113d0da17f
[INFO] [stdout]                                at /rustc/df4ca44d3fbc9301ee17f30f4d474e6ae4b05252/library/test/src/lib.rs:621:18
[INFO] [stdout]   46:     0x6059cf445087 - test::run_test_in_process::{{closure}}::h33235f4f20b7b7c7
[INFO] [stdout]                                at /rustc/df4ca44d3fbc9301ee17f30f4d474e6ae4b05252/library/test/src/lib.rs:644:60
[INFO] [stdout]   47:     0x6059cf445087 - <core::panic::unwind_safe::AssertUnwindSafe<F> as core::ops::function::FnOnce<()>>::call_once::hb5043206310c586f
[INFO] [stdout]                                at /rustc/df4ca44d3fbc9301ee17f30f4d474e6ae4b05252/library/core/src/panic/unwind_safe.rs:272:9
[INFO] [stdout]   48:     0x6059cf445087 - std::panicking::try::do_call::h9ad4731a60ab23e2
[INFO] [stdout]                                at /rustc/df4ca44d3fbc9301ee17f30f4d474e6ae4b05252/library/std/src/panicking.rs:557:40
[INFO] [stdout]   49:     0x6059cf445087 - std::panicking::try::h3824d23db772a716
[INFO] [stdout]                                at /rustc/df4ca44d3fbc9301ee17f30f4d474e6ae4b05252/library/std/src/panicking.rs:520:19
[INFO] [stdout]   50:     0x6059cf445087 - std::panic::catch_unwind::h5afd514605fde46b
[INFO] [stdout]                                at /rustc/df4ca44d3fbc9301ee17f30f4d474e6ae4b05252/library/std/src/panic.rs:358:14
[INFO] [stdout]   51:     0x6059cf445087 - test::run_test_in_process::h0d5cbfa7067d1720
[INFO] [stdout]                                at /rustc/df4ca44d3fbc9301ee17f30f4d474e6ae4b05252/library/test/src/lib.rs:644:27
[INFO] [stdout]   52:     0x6059cf445087 - test::run_test::{{closure}}::h708eb8872708115d
[INFO] [stdout]                                at /rustc/df4ca44d3fbc9301ee17f30f4d474e6ae4b05252/library/test/src/lib.rs:565:43
[INFO] [stdout]   53:     0x6059cf4087a4 - test::run_test::{{closure}}::h392c51cee94713ab
[INFO] [stdout]                                at /rustc/df4ca44d3fbc9301ee17f30f4d474e6ae4b05252/library/test/src/lib.rs:595:41
[INFO] [stdout]   54:     0x6059cf4087a4 - std::sys::backtrace::__rust_begin_short_backtrace::h2f40290710935a8b
[INFO] [stdout]                                at /rustc/df4ca44d3fbc9301ee17f30f4d474e6ae4b05252/library/std/src/sys/backtrace.rs:154:18
[INFO] [stdout]   55:     0x6059cf40bf4e - std::thread::Builder::spawn_unchecked_::{{closure}}::{{closure}}::h3fd968d89053a903
[INFO] [stdout]                                at /rustc/df4ca44d3fbc9301ee17f30f4d474e6ae4b05252/library/std/src/thread/mod.rs:541:17
[INFO] [stdout]   56:     0x6059cf40bf4e - <core::panic::unwind_safe::AssertUnwindSafe<F> as core::ops::function::FnOnce<()>>::call_once::h743f637ba4229880
[INFO] [stdout]                                at /rustc/df4ca44d3fbc9301ee17f30f4d474e6ae4b05252/library/core/src/panic/unwind_safe.rs:272:9
[INFO] [stdout]   57:     0x6059cf40bf4e - std::panicking::try::do_call::h07440897322525a6
[INFO] [stdout]                                at /rustc/df4ca44d3fbc9301ee17f30f4d474e6ae4b05252/library/std/src/panicking.rs:557:40
[INFO] [stdout]   58:     0x6059cf40bf4e - std::panicking::try::he5a2e00188156637
[INFO] [stdout]                                at /rustc/df4ca44d3fbc9301ee17f30f4d474e6ae4b05252/library/std/src/panicking.rs:520:19
[INFO] [stdout]   59:     0x6059cf40bf4e - std::panic::catch_unwind::hbaf3cae49b3c6433
[INFO] [stdout]                                at /rustc/df4ca44d3fbc9301ee17f30f4d474e6ae4b05252/library/std/src/panic.rs:358:14
[INFO] [stdout]   60:     0x6059cf40bf4e - std::thread::Builder::spawn_unchecked_::{{closure}}::h8e141ea224820bce
[INFO] [stdout]                                at /rustc/df4ca44d3fbc9301ee17f30f4d474e6ae4b05252/library/std/src/thread/mod.rs:540:30
[INFO] [stdout]   61:     0x6059cf40bf4e - core::ops::function::FnOnce::call_once{{vtable.shim}}::h90d312fedd7b8ea8
[INFO] [stdout]                                at /rustc/df4ca44d3fbc9301ee17f30f4d474e6ae4b05252/library/core/src/ops/function.rs:250:5
[INFO] [stdout]   62:     0x6059cfc76ddb - <alloc::boxed::Box<F,A> as core::ops::function::FnOnce<Args>>::call_once::h69aa08ddb6adb8b6
[INFO] [stdout]                                at /rustc/df4ca44d3fbc9301ee17f30f4d474e6ae4b05252/library/alloc/src/boxed.rs:2454:9
[INFO] [stdout]   63:     0x6059cfc76ddb - <alloc::boxed::Box<F,A> as core::ops::function::FnOnce<Args>>::call_once::h5aa36efdb79c806f
[INFO] [stdout]                                at /rustc/df4ca44d3fbc9301ee17f30f4d474e6ae4b05252/library/alloc/src/boxed.rs:2454:9
[INFO] [stdout]   64:     0x6059cfc76ddb - std::sys::pal::unix::thread::Thread::new::thread_start::h6cd80a1b4be5158d
[INFO] [stdout]                                at /rustc/df4ca44d3fbc9301ee17f30f4d474e6ae4b05252/library/std/src/sys/pal/unix/thread.rs:105:17
[INFO] [stdout]   65:     0x79b2628a2ac3 - <unknown>
[INFO] [stdout]   66:     0x79b262933a04 - clone
[INFO] [stdout]   67:                0x0 - <unknown>
[INFO] [stdout] 
[INFO] [stdout] ---- commands::find::test::test_find_prefix stdout ----
[INFO] [stdout] [/opt/rustwide/cargo-home/registry/src/index.crates.io-6f17d22bba15001f/super-process-0.0.1/src/lib.rs:210:7] &self = Command {
[INFO] [stdout]     exe: Exe(
[INFO] [stdout]         File(
[INFO] [stdout]             "python3",
[INFO] [stdout]         ),
[INFO] [stdout]     ),
[INFO] [stdout]     wd: None,
[INFO] [stdout]     argv: Argv(
[INFO] [stdout]         [
[INFO] [stdout]             "--version",
[INFO] [stdout]         ],
[INFO] [stdout]     ),
[INFO] [stdout]     env: EnvModifications(
[INFO] [stdout]         {},
[INFO] [stdout]     ),
[INFO] [stdout] }
[INFO] [stdout] downloading spack spack-cargo-patches-v2 from https://github.com/cosmicexplorer/spack/archive/refs/tags/cargo-patches-v2.tar.gz...
[INFO] [stdout] Error: Summoning(Summon(Http(reqwest::Error { kind: Request, url: Url { scheme: "https", cannot_be_a_base: false, username: "", password: None, host: Some(Domain("github.com")), port: None, path: "/cosmicexplorer/spack/archive/refs/tags/cargo-patches-v2.tar.gz", query: None, fragment: None }, source: hyper::Error(Connect, ConnectError("dns error", Custom { kind: Uncategorized, error: "failed to lookup address information: Temporary failure in name resolution" })) })))
[INFO] [stdout] 
[INFO] [stdout] ---- commands::install::test::test_install stdout ----
[INFO] [stdout] [/opt/rustwide/cargo-home/registry/src/index.crates.io-6f17d22bba15001f/super-process-0.0.1/src/lib.rs:210:7] &self = Command {
[INFO] [stdout]     exe: Exe(
[INFO] [stdout]         File(
[INFO] [stdout]             "python3",
[INFO] [stdout]         ),
[INFO] [stdout]     ),
[INFO] [stdout]     wd: None,
[INFO] [stdout]     argv: Argv(
[INFO] [stdout]         [
[INFO] [stdout]             "--version",
[INFO] [stdout]         ],
[INFO] [stdout]     ),
[INFO] [stdout]     env: EnvModifications(
[INFO] [stdout]         {},
[INFO] [stdout]     ),
[INFO] [stdout] }
[INFO] [stdout] downloading spack spack-cargo-patches-v2 from https://github.com/cosmicexplorer/spack/archive/refs/tags/cargo-patches-v2.tar.gz...
[INFO] [stdout] Error: Summoning(Summon(Http(reqwest::Error { kind: Request, url: Url { scheme: "https", cannot_be_a_base: false, username: "", password: None, host: Some(Domain("github.com")), port: None, path: "/cosmicexplorer/spack/archive/refs/tags/cargo-patches-v2.tar.gz", query: None, fragment: None }, source: hyper::Error(Connect, ConnectError("dns error", Custom { kind: Uncategorized, error: "failed to lookup address information: Temporary failure in name resolution" })) })))
[INFO] [stdout] 
[INFO] [stdout] ---- commands::install::test::test_install_find stdout ----
[INFO] [stdout] [/opt/rustwide/cargo-home/registry/src/index.crates.io-6f17d22bba15001f/super-process-0.0.1/src/lib.rs:210:7] &self = Command {
[INFO] [stdout]     exe: Exe(
[INFO] [stdout]         File(
[INFO] [stdout]             "python3",
[INFO] [stdout]         ),
[INFO] [stdout]     ),
[INFO] [stdout]     wd: None,
[INFO] [stdout]     argv: Argv(
[INFO] [stdout]         [
[INFO] [stdout]             "--version",
[INFO] [stdout]         ],
[INFO] [stdout]     ),
[INFO] [stdout]     env: EnvModifications(
[INFO] [stdout]         {},
[INFO] [stdout]     ),
[INFO] [stdout] }
[INFO] [stdout] downloading spack spack-cargo-patches-v2 from https://github.com/cosmicexplorer/spack/archive/refs/tags/cargo-patches-v2.tar.gz...
[INFO] [stdout] Error: Summoning(Summon(Http(reqwest::Error { kind: Request, url: Url { scheme: "https", cannot_be_a_base: false, username: "", password: None, host: Some(Domain("github.com")), port: None, path: "/cosmicexplorer/spack/archive/refs/tags/cargo-patches-v2.tar.gz", query: None, fragment: None }, source: hyper::Error(Connect, ConnectError("dns error", Custom { kind: Uncategorized, error: "failed to lookup address information: Temporary failure in name resolution" })) })))
[INFO] [stdout] 
[INFO] [stdout] ---- commands::load::test::test_load stdout ----
[INFO] [stdout] [/opt/rustwide/cargo-home/registry/src/index.crates.io-6f17d22bba15001f/super-process-0.0.1/src/lib.rs:210:7] &self = Command {
[INFO] [stdout]     exe: Exe(
[INFO] [stdout]         File(
[INFO] [stdout]             "python3",
[INFO] [stdout]         ),
[INFO] [stdout]     ),
[INFO] [stdout]     wd: None,
[INFO] [stdout]     argv: Argv(
[INFO] [stdout]         [
[INFO] [stdout]             "--version",
[INFO] [stdout]         ],
[INFO] [stdout]     ),
[INFO] [stdout]     env: EnvModifications(
[INFO] [stdout]         {},
[INFO] [stdout]     ),
[INFO] [stdout] }
[INFO] [stdout] downloading spack spack-cargo-patches-v2 from https://github.com/cosmicexplorer/spack/archive/refs/tags/cargo-patches-v2.tar.gz...
[INFO] [stdout] Error: Summoning(Summon(Http(reqwest::Error { kind: Request, url: Url { scheme: "https", cannot_be_a_base: false, username: "", password: None, host: Some(Domain("github.com")), port: None, path: "/cosmicexplorer/spack/archive/refs/tags/cargo-patches-v2.tar.gz", query: None, fragment: None }, source: hyper::Error(Connect, ConnectError("dns error", Custom { kind: Uncategorized, error: "failed to lookup address information: Temporary failure in name resolution" })) })))
[INFO] [stdout] 
[INFO] [stdout] ---- commands::python::test::test_python stdout ----
[INFO] [stdout] [/opt/rustwide/cargo-home/registry/src/index.crates.io-6f17d22bba15001f/super-process-0.0.1/src/lib.rs:210:7] &self = Command {
[INFO] [stdout]     exe: Exe(
[INFO] [stdout]         File(
[INFO] [stdout]             "python3",
[INFO] [stdout]         ),
[INFO] [stdout]     ),
[INFO] [stdout]     wd: None,
[INFO] [stdout]     argv: Argv(
[INFO] [stdout]         [
[INFO] [stdout]             "--version",
[INFO] [stdout]         ],
[INFO] [stdout]     ),
[INFO] [stdout]     env: EnvModifications(
[INFO] [stdout]         {},
[INFO] [stdout]     ),
[INFO] [stdout] }
[INFO] [stdout] downloading spack spack-cargo-patches-v2 from https://github.com/cosmicexplorer/spack/archive/refs/tags/cargo-patches-v2.tar.gz...
[INFO] [stdout] thread 'commands::python::test::test_python' panicked at src/commands.rs:1321:51:
[INFO] [stdout] called `Result::unwrap()` on an `Err` value: Summon(Http(reqwest::Error { kind: Request, url: Url { scheme: "https", cannot_be_a_base: false, username: "", password: None, host: Some(Domain("github.com")), port: None, path: "/cosmicexplorer/spack/archive/refs/tags/cargo-patches-v2.tar.gz", query: None, fragment: None }, source: hyper::Error(Connect, ConnectError("dns error", Custom { kind: Uncategorized, error: "failed to lookup address information: Temporary failure in name resolution" })) }))
[INFO] [stdout] stack backtrace:
[INFO] [stdout]    0:     0x6059cfc6f94a - std::backtrace_rs::backtrace::libunwind::trace::h207520d6e9873551
[INFO] [stdout]                                at /rustc/df4ca44d3fbc9301ee17f30f4d474e6ae4b05252/library/std/src/../../backtrace/src/backtrace/libunwind.rs:116:5
[INFO] [stdout]    1:     0x6059cfc6f94a - std::backtrace_rs::backtrace::trace_unsynchronized::h2ed7433f370e3eca
[INFO] [stdout]                                at /rustc/df4ca44d3fbc9301ee17f30f4d474e6ae4b05252/library/std/src/../../backtrace/src/backtrace/mod.rs:66:5
[INFO] [stdout]    2:     0x6059cfc6f94a - std::sys::backtrace::_print_fmt::h916fac51166b18d7
[INFO] [stdout]                                at /rustc/df4ca44d3fbc9301ee17f30f4d474e6ae4b05252/library/std/src/sys/backtrace.rs:66:9
[INFO] [stdout]    3:     0x6059cfc6f94a - <std::sys::backtrace::BacktraceLock::print::DisplayBacktrace as core::fmt::Display>::fmt::ha0a4c9b8ce3802e6
[INFO] [stdout]                                at /rustc/df4ca44d3fbc9301ee17f30f4d474e6ae4b05252/library/std/src/sys/backtrace.rs:39:26
[INFO] [stdout]    4:     0x6059cfc9cb43 - core::fmt::rt::Argument::fmt::h4cfc8587d52b3eb5
[INFO] [stdout]                                at /rustc/df4ca44d3fbc9301ee17f30f4d474e6ae4b05252/library/core/src/fmt/rt.rs:177:76
[INFO] [stdout]    5:     0x6059cfc9cb43 - core::fmt::write::h522cc39e5b36ae9f
[INFO] [stdout]                                at /rustc/df4ca44d3fbc9301ee17f30f4d474e6ae4b05252/library/core/src/fmt/mod.rs:1190:21
[INFO] [stdout]    6:     0x6059cfc6b493 - std::io::Write::write_fmt::h7d3c26752da97734
[INFO] [stdout]                                at /rustc/df4ca44d3fbc9301ee17f30f4d474e6ae4b05252/library/std/src/io/mod.rs:1839:15
[INFO] [stdout]    7:     0x6059cfc6f792 - std::sys::backtrace::BacktraceLock::print::h4b9e00b29e9c0942
[INFO] [stdout]                                at /rustc/df4ca44d3fbc9301ee17f30f4d474e6ae4b05252/library/std/src/sys/backtrace.rs:42:9
[INFO] [stdout]    8:     0x6059cfc70dda - std::panicking::default_hook::{{closure}}::hb59b88280d0324d9
[INFO] [stdout]                                at /rustc/df4ca44d3fbc9301ee17f30f4d474e6ae4b05252/library/std/src/panicking.rs:268:22
[INFO] [stdout]    9:     0x6059cfc70be4 - std::panicking::default_hook::he1dd496665be4a29
[INFO] [stdout]                                at /rustc/df4ca44d3fbc9301ee17f30f4d474e6ae4b05252/library/std/src/panicking.rs:292:9
[INFO] [stdout]   10:     0x6059cf440e39 - <alloc::boxed::Box<F,A> as core::ops::function::Fn<Args>>::call::h4ff71de18744e1dc
[INFO] [stdout]                                at /rustc/df4ca44d3fbc9301ee17f30f4d474e6ae4b05252/library/alloc/src/boxed.rs:2468:9
[INFO] [stdout]   11:     0x6059cf440e39 - test::test_main::{{closure}}::hcf7c055ce117aa81
[INFO] [stdout]                                at /rustc/df4ca44d3fbc9301ee17f30f4d474e6ae4b05252/library/test/src/lib.rs:133:21
[INFO] [stdout]   12:     0x6059cfc714d8 - <alloc::boxed::Box<F,A> as core::ops::function::Fn<Args>>::call::h1d66c6bbd60c9692
[INFO] [stdout]                                at /rustc/df4ca44d3fbc9301ee17f30f4d474e6ae4b05252/library/alloc/src/boxed.rs:2468:9
[INFO] [stdout]   13:     0x6059cfc714d8 - std::panicking::rust_panic_with_hook::h2ff17fe8f26dfcf8
[INFO] [stdout]                                at /rustc/df4ca44d3fbc9301ee17f30f4d474e6ae4b05252/library/std/src/panicking.rs:809:13
[INFO] [stdout]   14:     0x6059cfc7129a - std::panicking::begin_panic_handler::{{closure}}::h4fad77951c07e101
[INFO] [stdout]                                at /rustc/df4ca44d3fbc9301ee17f30f4d474e6ae4b05252/library/std/src/panicking.rs:674:13
[INFO] [stdout]   15:     0x6059cfc6fe29 - std::sys::backtrace::__rust_end_short_backtrace::hb1a25b3da5d0ea08
[INFO] [stdout]                                at /rustc/df4ca44d3fbc9301ee17f30f4d474e6ae4b05252/library/std/src/sys/backtrace.rs:170:18
[INFO] [stdout]   16:     0x6059cfc70f2c - rust_begin_unwind
[INFO] [stdout]                                at /rustc/df4ca44d3fbc9301ee17f30f4d474e6ae4b05252/library/std/src/panicking.rs:665:5
[INFO] [stdout]   17:     0x6059cfc9a480 - core::panicking::panic_fmt::ha9db07b529f9b256
[INFO] [stdout]                                at /rustc/df4ca44d3fbc9301ee17f30f4d474e6ae4b05252/library/core/src/panicking.rs:75:14
[INFO] [stdout]   18:     0x6059cfc9a966 - core::result::unwrap_failed::h5e8218e4d4338b8a
[INFO] [stdout]                                at /rustc/df4ca44d3fbc9301ee17f30f4d474e6ae4b05252/library/core/src/result.rs:1698:5
[INFO] [stdout]   19:     0x6059cf3e9e4f - core::result::Result<T,E>::unwrap::hc4c67d1c82fc23d1
[INFO] [stdout]                                at /rustc/df4ca44d3fbc9301ee17f30f4d474e6ae4b05252/library/core/src/result.rs:1103:23
[INFO] [stdout]   20:     0x6059cf3e9e4f - spack::commands::python::test::test_python::{{closure}}::h8bd380a94e9065a2
[INFO] [stdout]                                at /opt/rustwide/workdir/src/commands.rs:1321:19
[INFO] [stdout]   21:     0x6059cf3a5cbf - <core::pin::Pin<P> as core::future::future::Future>::poll::h72270a661ba3131d
[INFO] [stdout]                                at /rustc/df4ca44d3fbc9301ee17f30f4d474e6ae4b05252/library/core/src/future/future.rs:123:9
[INFO] [stdout]   22:     0x6059cf3a5bfb - <core::pin::Pin<P> as core::future::future::Future>::poll::h179d28f69a8492ab
[INFO] [stdout]                                at /rustc/df4ca44d3fbc9301ee17f30f4d474e6ae4b05252/library/core/src/future/future.rs:123:9
[INFO] [stdout]   23:     0x6059cf33d0de - tokio::runtime::scheduler::current_thread::CoreGuard::block_on::{{closure}}::{{closure}}::{{closure}}::h1c30e7793006b222
[INFO] [stdout]                                at /opt/rustwide/cargo-home/registry/src/index.crates.io-6f17d22bba15001f/tokio-1.33.0/src/runtime/scheduler/current_thread/mod.rs:665:57
[INFO] [stdout]   24:     0x6059cf33ce25 - tokio::runtime::coop::with_budget::hf819dfef4919fca5
[INFO] [stdout]                                at /opt/rustwide/cargo-home/registry/src/index.crates.io-6f17d22bba15001f/tokio-1.33.0/src/runtime/coop.rs:107:5
[INFO] [stdout]   25:     0x6059cf33ce25 - tokio::runtime::coop::budget::hf7b40231be15e156
[INFO] [stdout]                                at /opt/rustwide/cargo-home/registry/src/index.crates.io-6f17d22bba15001f/tokio-1.33.0/src/runtime/coop.rs:73:5
[INFO] [stdout]   26:     0x6059cf33ce25 - tokio::runtime::scheduler::current_thread::CoreGuard::block_on::{{closure}}::{{closure}}::h2cb9794558472d47
[INFO] [stdout]                                at /opt/rustwide/cargo-home/registry/src/index.crates.io-6f17d22bba15001f/tokio-1.33.0/src/runtime/scheduler/current_thread/mod.rs:665:25
[INFO] [stdout]   27:     0x6059cf33a07d - tokio::runtime::scheduler::current_thread::Context::enter::h539da8a72ea9e507
[INFO] [stdout]                                at /opt/rustwide/cargo-home/registry/src/index.crates.io-6f17d22bba15001f/tokio-1.33.0/src/runtime/scheduler/current_thread/mod.rs:410:19
[INFO] [stdout]   28:     0x6059cf33c5de - tokio::runtime::scheduler::current_thread::CoreGuard::block_on::{{closure}}::h5a8fb0c8563386e6
[INFO] [stdout]                                at /opt/rustwide/cargo-home/registry/src/index.crates.io-6f17d22bba15001f/tokio-1.33.0/src/runtime/scheduler/current_thread/mod.rs:664:36
[INFO] [stdout]   29:     0x6059cf33b95b - tokio::runtime::scheduler::current_thread::CoreGuard::enter::{{closure}}::h75e0932e063b5702
[INFO] [stdout]                                at /opt/rustwide/cargo-home/registry/src/index.crates.io-6f17d22bba15001f/tokio-1.33.0/src/runtime/scheduler/current_thread/mod.rs:743:68
[INFO] [stdout]   30:     0x6059cf30702a - tokio::runtime::context::scoped::Scoped<T>::set::h0f835b749be5de71
[INFO] [stdout]                                at /opt/rustwide/cargo-home/registry/src/index.crates.io-6f17d22bba15001f/tokio-1.33.0/src/runtime/context/scoped.rs:40:9
[INFO] [stdout]   31:     0x6059cf306cea - tokio::runtime::context::set_scheduler::{{closure}}::h10c4b78847fd24c0
[INFO] [stdout]                                at /opt/rustwide/cargo-home/registry/src/index.crates.io-6f17d22bba15001f/tokio-1.33.0/src/runtime/context.rs:176:26
[INFO] [stdout]   32:     0x6059cf3a4e03 - std::thread::local::LocalKey<T>::try_with::he5166187ca51b7cf
[INFO] [stdout]                                at /rustc/df4ca44d3fbc9301ee17f30f4d474e6ae4b05252/library/std/src/thread/local.rs:283:12
[INFO] [stdout]   33:     0x6059cf3a3ae3 - std::thread::local::LocalKey<T>::with::h35183618d7cc9370
[INFO] [stdout]                                at /rustc/df4ca44d3fbc9301ee17f30f4d474e6ae4b05252/library/std/src/thread/local.rs:260:9
[INFO] [stdout]   34:     0x6059cf306c41 - tokio::runtime::context::set_scheduler::h841cb35f0d7257c1
[INFO] [stdout]                                at /opt/rustwide/cargo-home/registry/src/index.crates.io-6f17d22bba15001f/tokio-1.33.0/src/runtime/context.rs:176:9
[INFO] [stdout]   35:     0x6059cf33b6db - tokio::runtime::scheduler::current_thread::CoreGuard::enter::h7316aef5ed60c96b
[INFO] [stdout]                                at /opt/rustwide/cargo-home/registry/src/index.crates.io-6f17d22bba15001f/tokio-1.33.0/src/runtime/scheduler/current_thread/mod.rs:743:27
[INFO] [stdout]   36:     0x6059cf33ba38 - tokio::runtime::scheduler::current_thread::CoreGuard::block_on::hbb172818bbc8771c
[INFO] [stdout]                                at /opt/rustwide/cargo-home/registry/src/index.crates.io-6f17d22bba15001f/tokio-1.33.0/src/runtime/scheduler/current_thread/mod.rs:652:19
[INFO] [stdout]   37:     0x6059cf339992 - tokio::runtime::scheduler::current_thread::CurrentThread::block_on::{{closure}}::h7d3a7b0d73f29b02
[INFO] [stdout]                                at /opt/rustwide/cargo-home/registry/src/index.crates.io-6f17d22bba15001f/tokio-1.33.0/src/runtime/scheduler/current_thread/mod.rs:175:28
[INFO] [stdout]   38:     0x6059cf3290c7 - tokio::runtime::context::runtime::enter_runtime::h24bb49bce9b4b863
[INFO] [stdout]                                at /opt/rustwide/cargo-home/registry/src/index.crates.io-6f17d22bba15001f/tokio-1.33.0/src/runtime/context/runtime.rs:65:16
[INFO] [stdout]   39:     0x6059cf3394f6 - tokio::runtime::scheduler::current_thread::CurrentThread::block_on::haf00ccd623f92a61
[INFO] [stdout]                                at /opt/rustwide/cargo-home/registry/src/index.crates.io-6f17d22bba15001f/tokio-1.33.0/src/runtime/scheduler/current_thread/mod.rs:167:9
[INFO] [stdout]   40:     0x6059cf37ba5a - tokio::runtime::runtime::Runtime::block_on::hc267f92c3d87ee6d
[INFO] [stdout]                                at /opt/rustwide/cargo-home/registry/src/index.crates.io-6f17d22bba15001f/tokio-1.33.0/src/runtime/runtime.rs:348:47
[INFO] [stdout]   41:     0x6059cf3e9acf - spack::commands::python::test::test_python::h8134af6a9753ed46
[INFO] [stdout]                                at /opt/rustwide/workdir/src/commands.rs:1341:7
[INFO] [stdout]   42:     0x6059cf3e9952 - spack::commands::python::test::test_python::{{closure}}::h2388bba05098452a
[INFO] [stdout]                                at /opt/rustwide/workdir/src/commands.rs:1316:31
[INFO] [stdout]   43:     0x6059cf2dbf46 - core::ops::function::FnOnce::call_once::hcd42b9d4e98b17e8
[INFO] [stdout]                                at /rustc/df4ca44d3fbc9301ee17f30f4d474e6ae4b05252/library/core/src/ops/function.rs:250:5
[INFO] [stdout]   44:     0x6059cf44570b - core::ops::function::FnOnce::call_once::h22c3ba5715e93f05
[INFO] [stdout]                                at /rustc/df4ca44d3fbc9301ee17f30f4d474e6ae4b05252/library/core/src/ops/function.rs:250:5
[INFO] [stdout]   45:     0x6059cf44570b - test::__rust_begin_short_backtrace::h8e82d8113d0da17f
[INFO] [stdout]                                at /rustc/df4ca44d3fbc9301ee17f30f4d474e6ae4b05252/library/test/src/lib.rs:621:18
[INFO] [stdout]   46:     0x6059cf445087 - test::run_test_in_process::{{closure}}::h33235f4f20b7b7c7
[INFO] [stdout]                                at /rustc/df4ca44d3fbc9301ee17f30f4d474e6ae4b05252/library/test/src/lib.rs:644:60
[INFO] [stdout]   47:     0x6059cf445087 - <core::panic::unwind_safe::AssertUnwindSafe<F> as core::ops::function::FnOnce<()>>::call_once::hb5043206310c586f
[INFO] [stdout]                                at /rustc/df4ca44d3fbc9301ee17f30f4d474e6ae4b05252/library/core/src/panic/unwind_safe.rs:272:9
[INFO] [stdout]   48:     0x6059cf445087 - std::panicking::try::do_call::h9ad4731a60ab23e2
[INFO] [stdout]                                at /rustc/df4ca44d3fbc9301ee17f30f4d474e6ae4b05252/library/std/src/panicking.rs:557:40
[INFO] [stdout]   49:     0x6059cf445087 - std::panicking::try::h3824d23db772a716
[INFO] [stdout]                                at /rustc/df4ca44d3fbc9301ee17f30f4d474e6ae4b05252/library/std/src/panicking.rs:520:19
[INFO] [stdout]   50:     0x6059cf445087 - std::panic::catch_unwind::h5afd514605fde46b
[INFO] [stdout]                                at /rustc/df4ca44d3fbc9301ee17f30f4d474e6ae4b05252/library/std/src/panic.rs:358:14
[INFO] [stdout]   51:     0x6059cf445087 - test::run_test_in_process::h0d5cbfa7067d1720
[INFO] [stdout]                                at /rustc/df4ca44d3fbc9301ee17f30f4d474e6ae4b05252/library/test/src/lib.rs:644:27
[INFO] [stdout]   52:     0x6059cf445087 - test::run_test::{{closure}}::h708eb8872708115d
[INFO] [stdout]                                at /rustc/df4ca44d3fbc9301ee17f30f4d474e6ae4b05252/library/test/src/lib.rs:565:43
[INFO] [stdout]   53:     0x6059cf4087a4 - test::run_test::{{closure}}::h392c51cee94713ab
[INFO] [stdout]                                at /rustc/df4ca44d3fbc9301ee17f30f4d474e6ae4b05252/library/test/src/lib.rs:595:41
[INFO] [stdout]   54:     0x6059cf4087a4 - std::sys::backtrace::__rust_begin_short_backtrace::h2f40290710935a8b
[INFO] [stdout]                                at /rustc/df4ca44d3fbc9301ee17f30f4d474e6ae4b05252/library/std/src/sys/backtrace.rs:154:18
[INFO] [stdout]   55:     0x6059cf40bf4e - std::thread::Builder::spawn_unchecked_::{{closure}}::{{closure}}::h3fd968d89053a903
[INFO] [stdout]                                at /rustc/df4ca44d3fbc9301ee17f30f4d474e6ae4b05252/library/std/src/thread/mod.rs:541:17
[INFO] [stdout]   56:     0x6059cf40bf4e - <core::panic::unwind_safe::AssertUnwindSafe<F> as core::ops::function::FnOnce<()>>::call_once::h743f637ba4229880
[INFO] [stdout]                                at /rustc/df4ca44d3fbc9301ee17f30f4d474e6ae4b05252/library/core/src/panic/unwind_safe.rs:272:9
[INFO] [stdout]   57:     0x6059cf40bf4e - std::panicking::try::do_call::h07440897322525a6
[INFO] [stdout]                                at /rustc/df4ca44d3fbc9301ee17f30f4d474e6ae4b05252/library/std/src/panicking.rs:557:40
[INFO] [stdout]   58:     0x6059cf40bf4e - std::panicking::try::he5a2e00188156637
[INFO] [stdout]                                at /rustc/df4ca44d3fbc9301ee17f30f4d474e6ae4b05252/library/std/src/panicking.rs:520:19
[INFO] [stdout]   59:     0x6059cf40bf4e - std::panic::catch_unwind::hbaf3cae49b3c6433
[INFO] [stdout]                                at /rustc/df4ca44d3fbc9301ee17f30f4d474e6ae4b05252/library/std/src/panic.rs:358:14
[INFO] [stdout]   60:     0x6059cf40bf4e - std::thread::Builder::spawn_unchecked_::{{closure}}::h8e141ea224820bce
[INFO] [stdout]                                at /rustc/df4ca44d3fbc9301ee17f30f4d474e6ae4b05252/library/std/src/thread/mod.rs:540:30
[INFO] [stdout]   61:     0x6059cf40bf4e - core::ops::function::FnOnce::call_once{{vtable.shim}}::h90d312fedd7b8ea8
[INFO] [stdout]                                at /rustc/df4ca44d3fbc9301ee17f30f4d474e6ae4b05252/library/core/src/ops/function.rs:250:5
[INFO] [stdout]   62:     0x6059cfc76ddb - <alloc::boxed::Box<F,A> as core::ops::function::FnOnce<Args>>::call_once::h69aa08ddb6adb8b6
[INFO] [stdout]                                at /rustc/df4ca44d3fbc9301ee17f30f4d474e6ae4b05252/library/alloc/src/boxed.rs:2454:9
[INFO] [stdout]   63:     0x6059cfc76ddb - <alloc::boxed::Box<F,A> as core::ops::function::FnOnce<Args>>::call_once::h5aa36efdb79c806f
[INFO] [stdout]                                at /rustc/df4ca44d3fbc9301ee17f30f4d474e6ae4b05252/library/alloc/src/boxed.rs:2454:9
[INFO] [stdout]   64:     0x6059cfc76ddb - std::sys::pal::unix::thread::Thread::new::thread_start::h6cd80a1b4be5158d
[INFO] [stdout]                                at /rustc/df4ca44d3fbc9301ee17f30f4d474e6ae4b05252/library/std/src/sys/pal/unix/thread.rs:105:17
[INFO] [stdout]   65:     0x79b2628a2ac3 - <unknown>
[INFO] [stdout]   66:     0x79b262933a04 - clone
[INFO] [stdout]   67:                0x0 - <unknown>
[INFO] [stdout] 
[INFO] [stdout] ---- subprocess::spack::test::test_create_invocation stdout ----
[INFO] [stdout] [/opt/rustwide/cargo-home/registry/src/index.crates.io-6f17d22bba15001f/super-process-0.0.1/src/lib.rs:210:7] &self = Command {
[INFO] [stdout]     exe: Exe(
[INFO] [stdout]         File(
[INFO] [stdout]             "python3",
[INFO] [stdout]         ),
[INFO] [stdout]     ),
[INFO] [stdout]     wd: None,
[INFO] [stdout]     argv: Argv(
[INFO] [stdout]         [
[INFO] [stdout]             "--version",
[INFO] [stdout]         ],
[INFO] [stdout]     ),
[INFO] [stdout]     env: EnvModifications(
[INFO] [stdout]         {},
[INFO] [stdout]     ),
[INFO] [stdout] }
[INFO] [stdout] downloading spack spack-cargo-patches-v2 from https://github.com/cosmicexplorer/spack/archive/refs/tags/cargo-patches-v2.tar.gz...
[INFO] [stdout] thread 'subprocess::spack::test::test_create_invocation' panicked at src/subprocess.rs:335:58:
[INFO] [stdout] called `Result::unwrap()` on an `Err` value: Http(reqwest::Error { kind: Request, url: Url { scheme: "https", cannot_be_a_base: false, username: "", password: None, host: Some(Domain("github.com")), port: None, path: "/cosmicexplorer/spack/archive/refs/tags/cargo-patches-v2.tar.gz", query: None, fragment: None }, source: hyper::Error(Connect, ConnectError("dns error", Custom { kind: Uncategorized, error: "failed to lookup address information: Temporary failure in name resolution" })) })
[INFO] [stdout] stack backtrace:
[INFO] [stdout]    0:     0x6059cfc6f94a - std::backtrace_rs::backtrace::libunwind::trace::h207520d6e9873551
[INFO] [stdout]                                at /rustc/df4ca44d3fbc9301ee17f30f4d474e6ae4b05252/library/std/src/../../backtrace/src/backtrace/libunwind.rs:116:5
[INFO] [stdout]    1:     0x6059cfc6f94a - std::backtrace_rs::backtrace::trace_unsynchronized::h2ed7433f370e3eca
[INFO] [stdout]                                at /rustc/df4ca44d3fbc9301ee17f30f4d474e6ae4b05252/library/std/src/../../backtrace/src/backtrace/mod.rs:66:5
[INFO] [stdout]    2:     0x6059cfc6f94a - std::sys::backtrace::_print_fmt::h916fac51166b18d7
[INFO] [stdout]                                at /rustc/df4ca44d3fbc9301ee17f30f4d474e6ae4b05252/library/std/src/sys/backtrace.rs:66:9
[INFO] [stdout]    3:     0x6059cfc6f94a - <std::sys::backtrace::BacktraceLock::print::DisplayBacktrace as core::fmt::Display>::fmt::ha0a4c9b8ce3802e6
[INFO] [stdout]                                at /rustc/df4ca44d3fbc9301ee17f30f4d474e6ae4b05252/library/std/src/sys/backtrace.rs:39:26
[INFO] [stdout]    4:     0x6059cfc9cb43 - core::fmt::rt::Argument::fmt::h4cfc8587d52b3eb5
[INFO] [stdout]                                at /rustc/df4ca44d3fbc9301ee17f30f4d474e6ae4b05252/library/core/src/fmt/rt.rs:177:76
[INFO] [stdout]    5:     0x6059cfc9cb43 - core::fmt::write::h522cc39e5b36ae9f
[INFO] [stdout]                                at /rustc/df4ca44d3fbc9301ee17f30f4d474e6ae4b05252/library/core/src/fmt/mod.rs:1190:21
[INFO] [stdout]    6:     0x6059cfc6b493 - std::io::Write::write_fmt::h7d3c26752da97734
[INFO] [stdout]                                at /rustc/df4ca44d3fbc9301ee17f30f4d474e6ae4b05252/library/std/src/io/mod.rs:1839:15
[INFO] [stdout]    7:     0x6059cfc6f792 - std::sys::backtrace::BacktraceLock::print::h4b9e00b29e9c0942
[INFO] [stdout]                                at /rustc/df4ca44d3fbc9301ee17f30f4d474e6ae4b05252/library/std/src/sys/backtrace.rs:42:9
[INFO] [stdout]    8:     0x6059cfc70dda - std::panicking::default_hook::{{closure}}::hb59b88280d0324d9
[INFO] [stdout]                                at /rustc/df4ca44d3fbc9301ee17f30f4d474e6ae4b05252/library/std/src/panicking.rs:268:22
[INFO] [stdout]    9:     0x6059cfc70be4 - std::panicking::default_hook::he1dd496665be4a29
[INFO] [stdout]                                at /rustc/df4ca44d3fbc9301ee17f30f4d474e6ae4b05252/library/std/src/panicking.rs:292:9
[INFO] [stdout]   10:     0x6059cf440e39 - <alloc::boxed::Box<F,A> as core::ops::function::Fn<Args>>::call::h4ff71de18744e1dc
[INFO] [stdout]                                at /rustc/df4ca44d3fbc9301ee17f30f4d474e6ae4b05252/library/alloc/src/boxed.rs:2468:9
[INFO] [stdout]   11:     0x6059cf440e39 - test::test_main::{{closure}}::hcf7c055ce117aa81
[INFO] [stdout]                                at /rustc/df4ca44d3fbc9301ee17f30f4d474e6ae4b05252/library/test/src/lib.rs:133:21
[INFO] [stdout]   12:     0x6059cfc714d8 - <alloc::boxed::Box<F,A> as core::ops::function::Fn<Args>>::call::h1d66c6bbd60c9692
[INFO] [stdout]                                at /rustc/df4ca44d3fbc9301ee17f30f4d474e6ae4b05252/library/alloc/src/boxed.rs:2468:9
[INFO] [stdout]   13:     0x6059cfc714d8 - std::panicking::rust_panic_with_hook::h2ff17fe8f26dfcf8
[INFO] [stdout]                                at /rustc/df4ca44d3fbc9301ee17f30f4d474e6ae4b05252/library/std/src/panicking.rs:809:13
[INFO] [stdout]   14:     0x6059cfc7129a - std::panicking::begin_panic_handler::{{closure}}::h4fad77951c07e101
[INFO] [stdout]                                at /rustc/df4ca44d3fbc9301ee17f30f4d474e6ae4b05252/library/std/src/panicking.rs:674:13
[INFO] [stdout]   15:     0x6059cfc6fe29 - std::sys::backtrace::__rust_end_short_backtrace::hb1a25b3da5d0ea08
[INFO] [stdout]                                at /rustc/df4ca44d3fbc9301ee17f30f4d474e6ae4b05252/library/std/src/sys/backtrace.rs:170:18
[INFO] [stdout]   16:     0x6059cfc70f2c - rust_begin_unwind
[INFO] [stdout]                                at /rustc/df4ca44d3fbc9301ee17f30f4d474e6ae4b05252/library/std/src/panicking.rs:665:5
[INFO] [stdout]   17:     0x6059cfc9a480 - core::panicking::panic_fmt::ha9db07b529f9b256
[INFO] [stdout]                                at /rustc/df4ca44d3fbc9301ee17f30f4d474e6ae4b05252/library/core/src/panicking.rs:75:14
[INFO] [stdout]   18:     0x6059cfc9a966 - core::result::unwrap_failed::h5e8218e4d4338b8a
[INFO] [stdout]                                at /rustc/df4ca44d3fbc9301ee17f30f4d474e6ae4b05252/library/core/src/result.rs:1698:5
[INFO] [stdout]   19:     0x6059cf3f03ca - core::result::Result<T,E>::unwrap::he845938f97600303
[INFO] [stdout]                                at /rustc/df4ca44d3fbc9301ee17f30f4d474e6ae4b05252/library/core/src/result.rs:1103:23
[INFO] [stdout]   20:     0x6059cf3f03ca - spack::subprocess::spack::test::test_create_invocation::{{closure}}::h94e147deb65eb468
[INFO] [stdout]                                at /opt/rustwide/workdir/src/subprocess.rs:335:23
[INFO] [stdout]   21:     0x6059cf3a5cbf - <core::pin::Pin<P> as core::future::future::Future>::poll::h72270a661ba3131d
[INFO] [stdout]                                at /rustc/df4ca44d3fbc9301ee17f30f4d474e6ae4b05252/library/core/src/future/future.rs:123:9
[INFO] [stdout]   22:     0x6059cf3a5bfb - <core::pin::Pin<P> as core::future::future::Future>::poll::h179d28f69a8492ab
[INFO] [stdout]                                at /rustc/df4ca44d3fbc9301ee17f30f4d474e6ae4b05252/library/core/src/future/future.rs:123:9
[INFO] [stdout]   23:     0x6059cf33d0de - tokio::runtime::scheduler::current_thread::CoreGuard::block_on::{{closure}}::{{closure}}::{{closure}}::h1c30e7793006b222
[INFO] [stdout]                                at /opt/rustwide/cargo-home/registry/src/index.crates.io-6f17d22bba15001f/tokio-1.33.0/src/runtime/scheduler/current_thread/mod.rs:665:57
[INFO] [stdout]   24:     0x6059cf33ce25 - tokio::runtime::coop::with_budget::hf819dfef4919fca5
[INFO] [stdout]                                at /opt/rustwide/cargo-home/registry/src/index.crates.io-6f17d22bba15001f/tokio-1.33.0/src/runtime/coop.rs:107:5
[INFO] [stdout]   25:     0x6059cf33ce25 - tokio::runtime::coop::budget::hf7b40231be15e156
[INFO] [stdout]                                at /opt/rustwide/cargo-home/registry/src/index.crates.io-6f17d22bba15001f/tokio-1.33.0/src/runtime/coop.rs:73:5
[INFO] [stdout]   26:     0x6059cf33ce25 - tokio::runtime::scheduler::current_thread::CoreGuard::block_on::{{closure}}::{{closure}}::h2cb9794558472d47
[INFO] [stdout]                                at /opt/rustwide/cargo-home/registry/src/index.crates.io-6f17d22bba15001f/tokio-1.33.0/src/runtime/scheduler/current_thread/mod.rs:665:25
[INFO] [stdout]   27:     0x6059cf33a07d - tokio::runtime::scheduler::current_thread::Context::enter::h539da8a72ea9e507
[INFO] [stdout]                                at /opt/rustwide/cargo-home/registry/src/index.crates.io-6f17d22bba15001f/tokio-1.33.0/src/runtime/scheduler/current_thread/mod.rs:410:19
[INFO] [stdout]   28:     0x6059cf33c5de - tokio::runtime::scheduler::current_thread::CoreGuard::block_on::{{closure}}::h5a8fb0c8563386e6
[INFO] [stdout]                                at /opt/rustwide/cargo-home/registry/src/index.crates.io-6f17d22bba15001f/tokio-1.33.0/src/runtime/scheduler/current_thread/mod.rs:664:36
[INFO] [stdout]   29:     0x6059cf33b95b - tokio::runtime::scheduler::current_thread::CoreGuard::enter::{{closure}}::h75e0932e063b5702
[INFO] [stdout]                                at /opt/rustwide/cargo-home/registry/src/index.crates.io-6f17d22bba15001f/tokio-1.33.0/src/runtime/scheduler/current_thread/mod.rs:743:68
[INFO] [stdout]   30:     0x6059cf30702a - tokio::runtime::context::scoped::Scoped<T>::set::h0f835b749be5de71
[INFO] [stdout]                                at /opt/rustwide/cargo-home/registry/src/index.crates.io-6f17d22bba15001f/tokio-1.33.0/src/runtime/context/scoped.rs:40:9
[INFO] [stdout]   31:     0x6059cf306cea - tokio::runtime::context::set_scheduler::{{closure}}::h10c4b78847fd24c0
[INFO] [stdout]                                at /opt/rustwide/cargo-home/registry/src/index.crates.io-6f17d22bba15001f/tokio-1.33.0/src/runtime/context.rs:176:26
[INFO] [stdout]   32:     0x6059cf3a4e03 - std::thread::local::LocalKey<T>::try_with::he5166187ca51b7cf
[INFO] [stdout]                                at /rustc/df4ca44d3fbc9301ee17f30f4d474e6ae4b05252/library/std/src/thread/local.rs:283:12
[INFO] [stdout]   33:     0x6059cf3a3ae3 - std::thread::local::LocalKey<T>::with::h35183618d7cc9370
[INFO] [stdout]                                at /rustc/df4ca44d3fbc9301ee17f30f4d474e6ae4b05252/library/std/src/thread/local.rs:260:9
[INFO] [stdout]   34:     0x6059cf306c41 - tokio::runtime::context::set_scheduler::h841cb35f0d7257c1
[INFO] [stdout]                                at /opt/rustwide/cargo-home/registry/src/index.crates.io-6f17d22bba15001f/tokio-1.33.0/src/runtime/context.rs:176:9
[INFO] [stdout]   35:     0x6059cf33b6db - tokio::runtime::scheduler::current_thread::CoreGuard::enter::h7316aef5ed60c96b
[INFO] [stdout]                                at /opt/rustwide/cargo-home/registry/src/index.crates.io-6f17d22bba15001f/tokio-1.33.0/src/runtime/scheduler/current_thread/mod.rs:743:27
[INFO] [stdout]   36:     0x6059cf33ba38 - tokio::runtime::scheduler::current_thread::CoreGuard::block_on::hbb172818bbc8771c
[INFO] [stdout]                                at /opt/rustwide/cargo-home/registry/src/index.crates.io-6f17d22bba15001f/tokio-1.33.0/src/runtime/scheduler/current_thread/mod.rs:652:19
[INFO] [stdout]   37:     0x6059cf339992 - tokio::runtime::scheduler::current_thread::CurrentThread::block_on::{{closure}}::h7d3a7b0d73f29b02
[INFO] [stdout]                                at /opt/rustwide/cargo-home/registry/src/index.crates.io-6f17d22bba15001f/tokio-1.33.0/src/runtime/scheduler/current_thread/mod.rs:175:28
[INFO] [stdout]   38:     0x6059cf3290c7 - tokio::runtime::context::runtime::enter_runtime::h24bb49bce9b4b863
[INFO] [stdout]                                at /opt/rustwide/cargo-home/registry/src/index.crates.io-6f17d22bba15001f/tokio-1.33.0/src/runtime/context/runtime.rs:65:16
[INFO] [stdout]   39:     0x6059cf3394f6 - tokio::runtime::scheduler::current_thread::CurrentThread::block_on::haf00ccd623f92a61
[INFO] [stdout]                                at /opt/rustwide/cargo-home/registry/src/index.crates.io-6f17d22bba15001f/tokio-1.33.0/src/runtime/scheduler/current_thread/mod.rs:167:9
[INFO] [stdout]   40:     0x6059cf37ba5a - tokio::runtime::runtime::Runtime::block_on::hc267f92c3d87ee6d
[INFO] [stdout]                                at /opt/rustwide/cargo-home/registry/src/index.crates.io-6f17d22bba15001f/tokio-1.33.0/src/runtime/runtime.rs:348:47
[INFO] [stdout]   41:     0x6059cf3ef96d - spack::subprocess::spack::test::test_create_invocation::h295c22d6801c9124
[INFO] [stdout]                                at /opt/rustwide/workdir/src/subprocess.rs:340:7
[INFO] [stdout]   42:     0x6059cf3ef802 - spack::subprocess::spack::test::test_create_invocation::{{closure}}::hca93a15cb3952003
[INFO] [stdout]                                at /opt/rustwide/workdir/src/subprocess.rs:329:42
[INFO] [stdout]   43:     0x6059cf2dc4e6 - core::ops::function::FnOnce::call_once::hef6d1965f562a67f
[INFO] [stdout]                                at /rustc/df4ca44d3fbc9301ee17f30f4d474e6ae4b05252/library/core/src/ops/function.rs:250:5
[INFO] [stdout]   44:     0x6059cf44570b - core::ops::function::FnOnce::call_once::h22c3ba5715e93f05
[INFO] [stdout]                                at /rustc/df4ca44d3fbc9301ee17f30f4d474e6ae4b05252/library/core/src/ops/function.rs:250:5
[INFO] [stdout]   45:     0x6059cf44570b - test::__rust_begin_short_backtrace::h8e82d8113d0da17f
[INFO] [stdout]                                at /rustc/df4ca44d3fbc9301ee17f30f4d474e6ae4b05252/library/test/src/lib.rs:621:18
[INFO] [stdout]   46:     0x6059cf445087 - test::run_test_in_process::{{closure}}::h33235f4f20b7b7c7
[INFO] [stdout]                                at /rustc/df4ca44d3fbc9301ee17f30f4d474e6ae4b05252/library/test/src/lib.rs:644:60
[INFO] [stdout]   47:     0x6059cf445087 - <core::panic::unwind_safe::AssertUnwindSafe<F> as core::ops::function::FnOnce<()>>::call_once::hb5043206310c586f
[INFO] [stdout]                                at /rustc/df4ca44d3fbc9301ee17f30f4d474e6ae4b05252/library/core/src/panic/unwind_safe.rs:272:9
[INFO] [stdout]   48:     0x6059cf445087 - std::panicking::try::do_call::h9ad4731a60ab23e2
[INFO] [stdout]                                at /rustc/df4ca44d3fbc9301ee17f30f4d474e6ae4b05252/library/std/src/panicking.rs:557:40
[INFO] [stdout]   49:     0x6059cf445087 - std::panicking::try::h3824d23db772a716
[INFO] [stdout]                                at /rustc/df4ca44d3fbc9301ee17f30f4d474e6ae4b05252/library/std/src/panicking.rs:520:19
[INFO] [stdout]   50:     0x6059cf445087 - std::panic::catch_unwind::h5afd514605fde46b
[INFO] [stdout]                                at /rustc/df4ca44d3fbc9301ee17f30f4d474e6ae4b05252/library/std/src/panic.rs:358:14
[INFO] [stdout]   51:     0x6059cf445087 - test::run_test_in_process::h0d5cbfa7067d1720
[INFO] [stdout]                                at /rustc/df4ca44d3fbc9301ee17f30f4d474e6ae4b05252/library/test/src/lib.rs:644:27
[INFO] [stdout]   52:     0x6059cf445087 - test::run_test::{{closure}}::h708eb8872708115d
[INFO] [stdout]                                at /rustc/df4ca44d3fbc9301ee17f30f4d474e6ae4b05252/library/test/src/lib.rs:565:43
[INFO] [stdout]   53:     0x6059cf4087a4 - test::run_test::{{closure}}::h392c51cee94713ab
[INFO] [stdout]                                at /rustc/df4ca44d3fbc9301ee17f30f4d474e6ae4b05252/library/test/src/lib.rs:595:41
[INFO] [stdout]   54:     0x6059cf4087a4 - std::sys::backtrace::__rust_begin_short_backtrace::h2f40290710935a8b
[INFO] [stdout]                                at /rustc/df4ca44d3fbc9301ee17f30f4d474e6ae4b05252/library/std/src/sys/backtrace.rs:154:18
[INFO] [stdout]   55:     0x6059cf40bf4e - std::thread::Builder::spawn_unchecked_::{{closure}}::{{closure}}::h3fd968d89053a903
[INFO] [stdout]                                at /rustc/df4ca44d3fbc9301ee17f30f4d474e6ae4b05252/library/std/src/thread/mod.rs:541:17
[INFO] [stdout]   56:     0x6059cf40bf4e - <core::panic::unwind_safe::AssertUnwindSafe<F> as core::ops::function::FnOnce<()>>::call_once::h743f637ba4229880
[INFO] [stdout]                                at /rustc/df4ca44d3fbc9301ee17f30f4d474e6ae4b05252/library/core/src/panic/unwind_safe.rs:272:9
[INFO] [stdout]   57:     0x6059cf40bf4e - std::panicking::try::do_call::h07440897322525a6
[INFO] [stdout]                                at /rustc/df4ca44d3fbc9301ee17f30f4d474e6ae4b05252/library/std/src/panicking.rs:557:40
[INFO] [stdout]   58:     0x6059cf40bf4e - std::panicking::try::he5a2e00188156637
[INFO] [stdout]                                at /rustc/df4ca44d3fbc9301ee17f30f4d474e6ae4b05252/library/std/src/panicking.rs:520:19
[INFO] [stdout]   59:     0x6059cf40bf4e - std::panic::catch_unwind::hbaf3cae49b3c6433
[INFO] [stdout]                                at /rustc/df4ca44d3fbc9301ee17f30f4d474e6ae4b05252/library/std/src/panic.rs:358:14
[INFO] [stdout]   60:     0x6059cf40bf4e - std::thread::Builder::spawn_unchecked_::{{closure}}::h8e141ea224820bce
[INFO] [stdout]                                at /rustc/df4ca44d3fbc9301ee17f30f4d474e6ae4b05252/library/std/src/thread/mod.rs:540:30
[INFO] [stdout]   61:     0x6059cf40bf4e - core::ops::function::FnOnce::call_once{{vtable.shim}}::h90d312fedd7b8ea8
[INFO] [stdout]                                at /rustc/df4ca44d3fbc9301ee17f30f4d474e6ae4b05252/library/core/src/ops/function.rs:250:5
[INFO] [stdout]   62:     0x6059cfc76ddb - <alloc::boxed::Box<F,A> as core::ops::function::FnOnce<Args>>::call_once::h69aa08ddb6adb8b6
[INFO] [stdout]                                at /rustc/df4ca44d3fbc9301ee17f30f4d474e6ae4b05252/library/alloc/src/boxed.rs:2454:9
[INFO] [stdout]   63:     0x6059cfc76ddb - <alloc::boxed::Box<F,A> as core::ops::function::FnOnce<Args>>::call_once::h5aa36efdb79c806f
[INFO] [stdout]                                at /rustc/df4ca44d3fbc9301ee17f30f4d474e6ae4b05252/library/alloc/src/boxed.rs:2454:9
[INFO] [stdout]   64:     0x6059cfc76ddb - std::sys::pal::unix::thread::Thread::new::thread_start::h6cd80a1b4be5158d
[INFO] [stdout]                                at /rustc/df4ca44d3fbc9301ee17f30f4d474e6ae4b05252/library/std/src/sys/pal/unix/thread.rs:105:17
[INFO] [stdout]   65:     0x79b2628a2ac3 - <unknown>
[INFO] [stdout]   66:     0x79b262933a04 - clone
[INFO] [stdout]   67:                0x0 - <unknown>
[INFO] [stdout] 
[INFO] [stdout] ---- subprocess::spack::test::test_summon stdout ----
[INFO] [stdout] [/opt/rustwide/cargo-home/registry/src/index.crates.io-6f17d22bba15001f/super-process-0.0.1/src/lib.rs:210:7] &self = Command {
[INFO] [stdout]     exe: Exe(
[INFO] [stdout]         File(
[INFO] [stdout]             "python3",
[INFO] [stdout]         ),
[INFO] [stdout]     ),
[INFO] [stdout]     wd: None,
[INFO] [stdout]     argv: Argv(
[INFO] [stdout]         [
[INFO] [stdout]             "--version",
[INFO] [stdout]         ],
[INFO] [stdout]     ),
[INFO] [stdout]     env: EnvModifications(
[INFO] [stdout]         {},
[INFO] [stdout]     ),
[INFO] [stdout] }
[INFO] [stdout] downloading spack spack-cargo-patches-v2 from https://github.com/cosmicexplorer/spack/archive/refs/tags/cargo-patches-v2.tar.gz...
[INFO] [stdout] Error: Summoning(Summon(Http(reqwest::Error { kind: Request, url: Url { scheme: "https", cannot_be_a_base: false, username: "", password: None, host: Some(Domain("github.com")), port: None, path: "/cosmicexplorer/spack/archive/refs/tags/cargo-patches-v2.tar.gz", query: None, fragment: None }, source: hyper::Error(Connect, ConnectError("dns error", Custom { kind: Uncategorized, error: "failed to lookup address information: Temporary failure in name resolution" })) })))
[INFO] [stdout] 
[INFO] [stdout] ---- utils::test::test_ensure_installed stdout ----
[INFO] [stdout] [/opt/rustwide/cargo-home/registry/src/index.crates.io-6f17d22bba15001f/super-process-0.0.1/src/lib.rs:210:7] &self = Command {
[INFO] [stdout]     exe: Exe(
[INFO] [stdout]         File(
[INFO] [stdout]             "python3",
[INFO] [stdout]         ),
[INFO] [stdout]     ),
[INFO] [stdout]     wd: None,
[INFO] [stdout]     argv: Argv(
[INFO] [stdout]         [
[INFO] [stdout]             "--version",
[INFO] [stdout]         ],
[INFO] [stdout]     ),
[INFO] [stdout]     env: EnvModifications(
[INFO] [stdout]         {},
[INFO] [stdout]     ),
[INFO] [stdout] }
[INFO] [stdout] downloading spack spack-cargo-patches-v2 from https://github.com/cosmicexplorer/spack/archive/refs/tags/cargo-patches-v2.tar.gz...
[INFO] [stdout] Error: Summoning(Summon(Http(reqwest::Error { kind: Request, url: Url { scheme: "https", cannot_be_a_base: false, username: "", password: None, host: Some(Domain("github.com")), port: None, path: "/cosmicexplorer/spack/archive/refs/tags/cargo-patches-v2.tar.gz", query: None, fragment: None }, source: hyper::Error(Connect, ConnectError("dns error", Custom { kind: Uncategorized, error: "failed to lookup address information: Temporary failure in name resolution" })) })))
[INFO] [stdout] 
[INFO] [stdout] ---- utils::test::test_ensure_prefix stdout ----
[INFO] [stdout] [/opt/rustwide/cargo-home/registry/src/index.crates.io-6f17d22bba15001f/super-process-0.0.1/src/lib.rs:210:7] &self = Command {
[INFO] [stdout]     exe: Exe(
[INFO] [stdout]         File(
[INFO] [stdout]             "python3",
[INFO] [stdout]         ),
[INFO] [stdout]     ),
[INFO] [stdout]     wd: None,
[INFO] [stdout]     argv: Argv(
[INFO] [stdout]         [
[INFO] [stdout]             "--version",
[INFO] [stdout]         ],
[INFO] [stdout]     ),
[INFO] [stdout]     env: EnvModifications(
[INFO] [stdout]         {},
[INFO] [stdout]     ),
[INFO] [stdout] }
[INFO] [stdout] downloading spack spack-cargo-patches-v2 from https://github.com/cosmicexplorer/spack/archive/refs/tags/cargo-patches-v2.tar.gz...
[INFO] [stdout] Error: Summoning(Summon(Http(reqwest::Error { kind: Request, url: Url { scheme: "https", cannot_be_a_base: false, username: "", password: None, host: Some(Domain("github.com")), port: None, path: "/cosmicexplorer/spack/archive/refs/tags/cargo-patches-v2.tar.gz", query: None, fragment: None }, source: hyper::Error(Connect, ConnectError("dns error", Custom { kind: Uncategorized, error: "failed to lookup address information: Temporary failure in name resolution" })) })))
[INFO] [stdout] 
[INFO] [stdout] 
[INFO] [stdout] failures:
[INFO] [stdout]     commands::build_env::test::test_build_env
[INFO] [stdout]     commands::checksum::test::test_ensure_re2_2022_12_01
[INFO] [stdout]     commands::compiler_find::test::test_compiler_find
[INFO] [stdout]     commands::compiler_find::test::test_find_compiler_specs
[INFO] [stdout]     commands::config::test::test_get_compilers
[INFO] [stdout]     commands::find::test::test_find
[INFO] [stdout]     commands::find::test::test_find_prefix
[INFO] [stdout]     commands::install::test::test_install
[INFO] [stdout]     commands::install::test::test_install_find
[INFO] [stdout]     commands::load::test::test_load
[INFO] [stdout]     commands::python::test::test_python
[INFO] [stdout]     subprocess::spack::test::test_create_invocation
[INFO] [stdout]     subprocess::spack::test::test_summon
[INFO] [stdout]     utils::test::test_ensure_installed
[INFO] [stdout]     utils::test::test_ensure_prefix
[INFO] [stdout] 
[INFO] [stdout] test result: FAILED. 1 passed; 15 failed; 0 ignored; 0 measured; 0 filtered out; finished in 1.97s
[INFO] [stdout] 
[INFO] [stderr] error: test failed, to rerun pass `--lib`
[INFO] running `Command { std: "docker" "inspect" "79663580bbb38223aafcda3d8016bdefe77329064ccac9add4987191843fe572", kill_on_drop: false }`
[INFO] running `Command { std: "docker" "rm" "-f" "79663580bbb38223aafcda3d8016bdefe77329064ccac9add4987191843fe572", kill_on_drop: false }`
[INFO] [stdout] 79663580bbb38223aafcda3d8016bdefe77329064ccac9add4987191843fe572
