[INFO] fetching crate space-search 7.0.0...
[INFO] testing space-search-7.0.0 against nightly-2024-10-28+rustflags=-Zrandomize-layout for randomize-layout
[INFO] extracting crate space-search 7.0.0 into /workspace/builds/worker-0-tc2/source
[INFO] validating manifest of crates.io crate space-search 7.0.0 on toolchain nightly-2024-10-28
[INFO] running `Command { std: CARGO_HOME="/workspace/cargo-home" RUSTUP_HOME="/workspace/rustup-home" "/workspace/cargo-home/bin/cargo" "+nightly-2024-10-28" "metadata" "--manifest-path" "Cargo.toml" "--no-deps", kill_on_drop: false }`
[INFO] started tweaking crates.io crate space-search 7.0.0
[INFO] finished tweaking crates.io crate space-search 7.0.0
[INFO] tweaked toml for crates.io crate space-search 7.0.0 written to /workspace/builds/worker-0-tc2/source/Cargo.toml
[INFO] running `Command { std: CARGO_HOME="/workspace/cargo-home" RUSTUP_HOME="/workspace/rustup-home" "/workspace/cargo-home/bin/cargo" "+nightly-2024-10-28" "generate-lockfile" "--manifest-path" "Cargo.toml", kill_on_drop: false }`
[INFO] [stderr]     Blocking waiting for file lock on package cache
[INFO] [stderr]     Updating crates.io index
[INFO] [stderr]     Blocking waiting for file lock on package cache
[INFO] [stderr]      Locking 8 packages to latest compatible versions
[INFO] running `Command { std: CARGO_HOME="/workspace/cargo-home" RUSTUP_HOME="/workspace/rustup-home" "/workspace/cargo-home/bin/cargo" "+nightly-2024-10-28" "fetch" "--manifest-path" "Cargo.toml", kill_on_drop: false }`
[INFO] [stderr]     Blocking waiting for file lock on package cache
[INFO] running `Command { std: "docker" "create" "-v" "/var/lib/crater-agent-workspace/builds/worker-0-tc2/target:/opt/rustwide/target:rw,Z" "-v" "/var/lib/crater-agent-workspace/builds/worker-0-tc2/source:/opt/rustwide/workdir:ro,Z" "-v" "/var/lib/crater-agent-workspace/cargo-home:/opt/rustwide/cargo-home:ro,Z" "-v" "/var/lib/crater-agent-workspace/rustup-home:/opt/rustwide/rustup-home:ro,Z" "-e" "SOURCE_DIR=/opt/rustwide/workdir" "-e" "CARGO_TARGET_DIR=/opt/rustwide/target" "-e" "CARGO_HOME=/opt/rustwide/cargo-home" "-e" "RUSTUP_HOME=/opt/rustwide/rustup-home" "-w" "/opt/rustwide/workdir" "-m" "1610612736" "--user" "0:0" "--network" "none" "ghcr.io/rust-lang/crates-build-env/linux@sha256:4a844ea9eb2546a2d2c7022eacef16ef2e8229c7fbb2c7d4d55a9ceca922f72d" "/opt/rustwide/cargo-home/bin/cargo" "+nightly-2024-10-28" "metadata" "--no-deps" "--format-version=1", kill_on_drop: false }`
[INFO] [stdout] 7ed73d0a3c482c1824b4887594d102a97964f1e66c68b817dad950c9e9e035a3
[INFO] running `Command { std: "docker" "start" "-a" "7ed73d0a3c482c1824b4887594d102a97964f1e66c68b817dad950c9e9e035a3", kill_on_drop: false }`
[INFO] running `Command { std: "docker" "inspect" "7ed73d0a3c482c1824b4887594d102a97964f1e66c68b817dad950c9e9e035a3", kill_on_drop: false }`
[INFO] running `Command { std: "docker" "rm" "-f" "7ed73d0a3c482c1824b4887594d102a97964f1e66c68b817dad950c9e9e035a3", kill_on_drop: false }`
[INFO] [stdout] 7ed73d0a3c482c1824b4887594d102a97964f1e66c68b817dad950c9e9e035a3
[INFO] running `Command { std: "docker" "create" "-v" "/var/lib/crater-agent-workspace/builds/worker-0-tc2/target:/opt/rustwide/target:rw,Z" "-v" "/var/lib/crater-agent-workspace/builds/worker-0-tc2/source:/opt/rustwide/workdir:ro,Z" "-v" "/var/lib/crater-agent-workspace/cargo-home:/opt/rustwide/cargo-home:ro,Z" "-v" "/var/lib/crater-agent-workspace/rustup-home:/opt/rustwide/rustup-home:ro,Z" "-e" "SOURCE_DIR=/opt/rustwide/workdir" "-e" "CARGO_TARGET_DIR=/opt/rustwide/target" "-e" "CARGO_INCREMENTAL=0" "-e" "RUST_BACKTRACE=full" "-e" "RUSTFLAGS=--cap-lints=forbid -Zrandomize-layout" "-e" "RUSTDOCFLAGS=--cap-lints=forbid" "-e" "CARGO_HOME=/opt/rustwide/cargo-home" "-e" "RUSTUP_HOME=/opt/rustwide/rustup-home" "-w" "/opt/rustwide/workdir" "-m" "1610612736" "--user" "0:0" "--network" "none" "ghcr.io/rust-lang/crates-build-env/linux@sha256:4a844ea9eb2546a2d2c7022eacef16ef2e8229c7fbb2c7d4d55a9ceca922f72d" "/opt/rustwide/cargo-home/bin/cargo" "+nightly-2024-10-28" "build" "--frozen" "--message-format=json", kill_on_drop: false }`
[INFO] [stdout] 876c69275163ff73cadb4f690fff1c8cd89d2afd2373f8638c3ddc25d54cee27
[INFO] running `Command { std: "docker" "start" "-a" "876c69275163ff73cadb4f690fff1c8cd89d2afd2373f8638c3ddc25d54cee27", kill_on_drop: false }`
[INFO] [stderr]    Compiling num-traits v0.2.19
[INFO] [stderr]    Compiling num-integer v0.1.46
[INFO] [stderr]    Compiling num-complex v0.4.6
[INFO] [stderr]    Compiling num-bigint v0.4.6
[INFO] [stderr]    Compiling num-iter v0.1.45
[INFO] [stderr]    Compiling num-rational v0.4.2
[INFO] [stderr]    Compiling num v0.4.3
[INFO] [stderr]    Compiling space-search v7.0.0 (/opt/rustwide/workdir)
[INFO] [stderr]     Finished `dev` profile [unoptimized + debuginfo] target(s) in 5.55s
[INFO] running `Command { std: "docker" "inspect" "876c69275163ff73cadb4f690fff1c8cd89d2afd2373f8638c3ddc25d54cee27", kill_on_drop: false }`
[INFO] running `Command { std: "docker" "rm" "-f" "876c69275163ff73cadb4f690fff1c8cd89d2afd2373f8638c3ddc25d54cee27", kill_on_drop: false }`
[INFO] [stdout] 876c69275163ff73cadb4f690fff1c8cd89d2afd2373f8638c3ddc25d54cee27
[INFO] running `Command { std: "docker" "create" "-v" "/var/lib/crater-agent-workspace/builds/worker-0-tc2/target:/opt/rustwide/target:rw,Z" "-v" "/var/lib/crater-agent-workspace/builds/worker-0-tc2/source:/opt/rustwide/workdir:ro,Z" "-v" "/var/lib/crater-agent-workspace/cargo-home:/opt/rustwide/cargo-home:ro,Z" "-v" "/var/lib/crater-agent-workspace/rustup-home:/opt/rustwide/rustup-home:ro,Z" "-e" "SOURCE_DIR=/opt/rustwide/workdir" "-e" "CARGO_TARGET_DIR=/opt/rustwide/target" "-e" "CARGO_INCREMENTAL=0" "-e" "RUST_BACKTRACE=full" "-e" "RUSTFLAGS=--cap-lints=forbid -Zrandomize-layout" "-e" "RUSTDOCFLAGS=--cap-lints=forbid" "-e" "CARGO_HOME=/opt/rustwide/cargo-home" "-e" "RUSTUP_HOME=/opt/rustwide/rustup-home" "-w" "/opt/rustwide/workdir" "-m" "1610612736" "--user" "0:0" "--network" "none" "ghcr.io/rust-lang/crates-build-env/linux@sha256:4a844ea9eb2546a2d2c7022eacef16ef2e8229c7fbb2c7d4d55a9ceca922f72d" "/opt/rustwide/cargo-home/bin/cargo" "+nightly-2024-10-28" "test" "--frozen" "--no-run" "--message-format=json", kill_on_drop: false }`
[INFO] [stdout] 9eb8afbbe0dda315f10951eece8370c7c7c4dafcd17db6ea5d2306843efd9707
[INFO] running `Command { std: "docker" "start" "-a" "9eb8afbbe0dda315f10951eece8370c7c7c4dafcd17db6ea5d2306843efd9707", kill_on_drop: false }`
[INFO] [stderr]    Compiling space-search v7.0.0 (/opt/rustwide/workdir)
[INFO] [stderr]     Finished `test` profile [unoptimized + debuginfo] target(s) in 1.35s
[INFO] running `Command { std: "docker" "inspect" "9eb8afbbe0dda315f10951eece8370c7c7c4dafcd17db6ea5d2306843efd9707", kill_on_drop: false }`
[INFO] running `Command { std: "docker" "rm" "-f" "9eb8afbbe0dda315f10951eece8370c7c7c4dafcd17db6ea5d2306843efd9707", kill_on_drop: false }`
[INFO] [stdout] 9eb8afbbe0dda315f10951eece8370c7c7c4dafcd17db6ea5d2306843efd9707
[INFO] running `Command { std: "docker" "create" "-v" "/var/lib/crater-agent-workspace/builds/worker-0-tc2/target:/opt/rustwide/target:rw,Z" "-v" "/var/lib/crater-agent-workspace/builds/worker-0-tc2/source:/opt/rustwide/workdir:ro,Z" "-v" "/var/lib/crater-agent-workspace/cargo-home:/opt/rustwide/cargo-home:ro,Z" "-v" "/var/lib/crater-agent-workspace/rustup-home:/opt/rustwide/rustup-home:ro,Z" "-e" "SOURCE_DIR=/opt/rustwide/workdir" "-e" "CARGO_TARGET_DIR=/opt/rustwide/target" "-e" "CARGO_INCREMENTAL=0" "-e" "RUST_BACKTRACE=full" "-e" "RUSTFLAGS=--cap-lints=forbid -Zrandomize-layout" "-e" "RUSTDOCFLAGS=--cap-lints=forbid" "-e" "CARGO_HOME=/opt/rustwide/cargo-home" "-e" "RUSTUP_HOME=/opt/rustwide/rustup-home" "-w" "/opt/rustwide/workdir" "-m" "1610612736" "--user" "0:0" "--network" "none" "ghcr.io/rust-lang/crates-build-env/linux@sha256:4a844ea9eb2546a2d2c7022eacef16ef2e8229c7fbb2c7d4d55a9ceca922f72d" "/opt/rustwide/cargo-home/bin/cargo" "+nightly-2024-10-28" "test" "--frozen", kill_on_drop: false }`
[INFO] [stdout] c295a9991e014ff00381c0eadc003907ee48bc7a0050089c393abb9ab7f30fef
[INFO] running `Command { std: "docker" "start" "-a" "c295a9991e014ff00381c0eadc003907ee48bc7a0050089c393abb9ab7f30fef", kill_on_drop: false }`
[INFO] [stderr]     Finished `test` profile [unoptimized + debuginfo] target(s) in 0.03s
[INFO] [stderr]      Running unittests src/lib.rs (/opt/rustwide/target/debug/deps/space_search-c4187680c3536995)
[INFO] [stdout] 
[INFO] [stdout] running 12 tests
[INFO] [stdout] test search::a_star::no_route::unhashable::test ... ok
[INFO] [stdout] test search::a_star::no_route::hashable::test ... ok
[INFO] [stdout] test search::guided::route::unhashable::test ... ok
[INFO] [stdout] test search::unguided::no_route::hashable::test ... ok
[INFO] [stdout] test search::a_star::route::hashable::test ... ok
[INFO] [stdout] test search::a_star::route::unhashable::test ... ok
[INFO] [stdout] test search::guided::no_route::hashable::test ... ok
[INFO] [stdout] test search::guided::route::hashable::test ... ok
[INFO] [stdout] test search::guided::no_route::unhashable::test ... ok
[INFO] [stdout] test search::unguided::route::hashable::test ... ok
[INFO] [stdout] test search::unguided::no_route::unhashable::test ... ok
[INFO] [stderr]    Doc-tests space_search
[INFO] [stdout] test search::unguided::route::unhashable::test ... ok
[INFO] [stdout] 
[INFO] [stdout] test result: ok. 12 passed; 0 failed; 0 ignored; 0 measured; 0 filtered out; finished in 0.66s
[INFO] [stdout] 
[INFO] [stdout] 
[INFO] [stdout] running 1 test
[INFO] [stdout] test src/lib.rs - (line 15) ... FAILED
[INFO] [stdout] 
[INFO] [stdout] failures:
[INFO] [stdout] 
[INFO] [stdout] ---- src/lib.rs - (line 15) stdout ----
[INFO] [stdout] error[E0107]: struct takes 1 generic argument but 2 generic arguments were supplied
[INFO] [stdout]    --> src/lib.rs:42:19
[INFO] [stdout]     |
[INFO] [stdout] 30  | let mut searcher: Searcher<search::unguided::no_route::hashable::Manager<_>, _> = Searcher::new(Pos(0, 0));
[INFO] [stdout]     |                   ^^^^^^^^ expected 1 generic argument                     --- help: remove the unnecessary generic argument
[INFO] [stdout]     |
[INFO] [stdout] note: struct defined here, with 1 generic parameter: `M`
[INFO] [stdout]    --> /opt/rustwide/workdir/src/lib.rs:273:12
[INFO] [stdout]     |
[INFO] [stdout] 273 | pub struct Searcher<M> {
[INFO] [stdout]     |            ^^^^^^^^ -
[INFO] [stdout] 
[INFO] [stdout] error: aborting due to 1 previous error
[INFO] [stdout] 
[INFO] [stdout] For more information about this error, try `rustc --explain E0107`.
[INFO] [stdout] Couldn't compile the test.
[INFO] [stdout] 
[INFO] [stdout] failures:
[INFO] [stdout]     src/lib.rs - (line 15)
[INFO] [stdout] 
[INFO] [stdout] test result: FAILED. 0 passed; 1 failed; 0 ignored; 0 measured; 0 filtered out; finished in 0.14s
[INFO] [stdout] 
[INFO] [stderr] error: doctest failed, to rerun pass `--doc`
[INFO] running `Command { std: "docker" "inspect" "c295a9991e014ff00381c0eadc003907ee48bc7a0050089c393abb9ab7f30fef", kill_on_drop: false }`
[INFO] running `Command { std: "docker" "rm" "-f" "c295a9991e014ff00381c0eadc003907ee48bc7a0050089c393abb9ab7f30fef", kill_on_drop: false }`
[INFO] [stdout] c295a9991e014ff00381c0eadc003907ee48bc7a0050089c393abb9ab7f30fef
