[INFO] fetching crate sp-multihash-derive 0.2.0...
[INFO] testing sp-multihash-derive-0.2.0 against nightly-2024-10-28 for randomize-layout
[INFO] extracting crate sp-multihash-derive 0.2.0 into /workspace/builds/worker-6-tc1/source
[INFO] validating manifest of crates.io crate sp-multihash-derive 0.2.0 on toolchain nightly-2024-10-28
[INFO] running `Command { std: CARGO_HOME="/workspace/cargo-home" RUSTUP_HOME="/workspace/rustup-home" "/workspace/cargo-home/bin/cargo" "+nightly-2024-10-28" "metadata" "--manifest-path" "Cargo.toml" "--no-deps", kill_on_drop: false }`
[INFO] started tweaking crates.io crate sp-multihash-derive 0.2.0
[INFO] finished tweaking crates.io crate sp-multihash-derive 0.2.0
[INFO] tweaked toml for crates.io crate sp-multihash-derive 0.2.0 written to /workspace/builds/worker-6-tc1/source/Cargo.toml
[INFO] running `Command { std: CARGO_HOME="/workspace/cargo-home" RUSTUP_HOME="/workspace/rustup-home" "/workspace/cargo-home/bin/cargo" "+nightly-2024-10-28" "generate-lockfile" "--manifest-path" "Cargo.toml", kill_on_drop: false }`
[INFO] [stderr]     Updating crates.io index
[INFO] [stderr]      Locking 26 packages to latest compatible versions
[INFO] [stderr]       Adding pretty_assertions v0.7.2 (available: v1.4.1)
[INFO] [stderr]       Adding proc-macro-crate v1.3.1 (available: v3.2.0)
[INFO] [stderr]       Adding syn v1.0.109 (available: v2.0.86)
[INFO] [stderr]       Adding synstructure v0.12.6 (available: v0.13.1)
[INFO] running `Command { std: CARGO_HOME="/workspace/cargo-home" RUSTUP_HOME="/workspace/rustup-home" "/workspace/cargo-home/bin/cargo" "+nightly-2024-10-28" "fetch" "--manifest-path" "Cargo.toml", kill_on_drop: false }`
[INFO] [stderr]  Downloading crates ...
[INFO] [stderr]   Downloaded output_vt100 v0.1.3
[INFO] [stderr]   Downloaded pretty_assertions v0.7.2
[INFO] running `Command { std: "docker" "create" "-v" "/var/lib/crater-agent-workspace/builds/worker-6-tc1/target:/opt/rustwide/target:rw,Z" "-v" "/var/lib/crater-agent-workspace/builds/worker-6-tc1/source:/opt/rustwide/workdir:ro,Z" "-v" "/var/lib/crater-agent-workspace/cargo-home:/opt/rustwide/cargo-home:ro,Z" "-v" "/var/lib/crater-agent-workspace/rustup-home:/opt/rustwide/rustup-home:ro,Z" "-e" "SOURCE_DIR=/opt/rustwide/workdir" "-e" "CARGO_TARGET_DIR=/opt/rustwide/target" "-e" "CARGO_HOME=/opt/rustwide/cargo-home" "-e" "RUSTUP_HOME=/opt/rustwide/rustup-home" "-w" "/opt/rustwide/workdir" "-m" "1610612736" "--user" "0:0" "--network" "none" "ghcr.io/rust-lang/crates-build-env/linux@sha256:4a844ea9eb2546a2d2c7022eacef16ef2e8229c7fbb2c7d4d55a9ceca922f72d" "/opt/rustwide/cargo-home/bin/cargo" "+nightly-2024-10-28" "metadata" "--no-deps" "--format-version=1", kill_on_drop: false }`
[INFO] [stdout] d08bfd7ba640c8944acc55c01e7038ca89bdca39763ccf6000793740c0c1d61e
[INFO] running `Command { std: "docker" "start" "-a" "d08bfd7ba640c8944acc55c01e7038ca89bdca39763ccf6000793740c0c1d61e", kill_on_drop: false }`
[INFO] running `Command { std: "docker" "inspect" "d08bfd7ba640c8944acc55c01e7038ca89bdca39763ccf6000793740c0c1d61e", kill_on_drop: false }`
[INFO] running `Command { std: "docker" "rm" "-f" "d08bfd7ba640c8944acc55c01e7038ca89bdca39763ccf6000793740c0c1d61e", kill_on_drop: false }`
[INFO] [stdout] d08bfd7ba640c8944acc55c01e7038ca89bdca39763ccf6000793740c0c1d61e
[INFO] running `Command { std: "docker" "create" "-v" "/var/lib/crater-agent-workspace/builds/worker-6-tc1/target:/opt/rustwide/target:rw,Z" "-v" "/var/lib/crater-agent-workspace/builds/worker-6-tc1/source:/opt/rustwide/workdir:ro,Z" "-v" "/var/lib/crater-agent-workspace/cargo-home:/opt/rustwide/cargo-home:ro,Z" "-v" "/var/lib/crater-agent-workspace/rustup-home:/opt/rustwide/rustup-home:ro,Z" "-e" "SOURCE_DIR=/opt/rustwide/workdir" "-e" "CARGO_TARGET_DIR=/opt/rustwide/target" "-e" "CARGO_INCREMENTAL=0" "-e" "RUST_BACKTRACE=full" "-e" "RUSTFLAGS=--cap-lints=forbid" "-e" "RUSTDOCFLAGS=--cap-lints=forbid" "-e" "CARGO_HOME=/opt/rustwide/cargo-home" "-e" "RUSTUP_HOME=/opt/rustwide/rustup-home" "-w" "/opt/rustwide/workdir" "-m" "1610612736" "--user" "0:0" "--network" "none" "ghcr.io/rust-lang/crates-build-env/linux@sha256:4a844ea9eb2546a2d2c7022eacef16ef2e8229c7fbb2c7d4d55a9ceca922f72d" "/opt/rustwide/cargo-home/bin/cargo" "+nightly-2024-10-28" "build" "--frozen" "--message-format=json", kill_on_drop: false }`
[INFO] [stdout] efef4ae7d3b5bf024a11686af1f5156fd725c008b3e9e0e23f0ada8999422303
[INFO] running `Command { std: "docker" "start" "-a" "efef4ae7d3b5bf024a11686af1f5156fd725c008b3e9e0e23f0ada8999422303", kill_on_drop: false }`
[INFO] [stderr]    Compiling proc-macro2 v1.0.89
[INFO] [stderr]    Compiling syn v1.0.109
[INFO] [stderr]    Compiling proc-macro-error-attr v1.0.4
[INFO] [stderr]    Compiling equivalent v1.0.1
[INFO] [stderr]    Compiling hashbrown v0.15.0
[INFO] [stderr]    Compiling proc-macro-error v1.0.4
[INFO] [stderr]    Compiling winnow v0.5.40
[INFO] [stderr]    Compiling toml_datetime v0.6.8
[INFO] [stderr]    Compiling indexmap v2.6.0
[INFO] [stderr]    Compiling quote v1.0.37
[INFO] [stderr]    Compiling toml_edit v0.19.15
[INFO] [stderr]    Compiling proc-macro-crate v1.3.1
[INFO] [stderr]    Compiling synstructure v0.12.6
[INFO] [stderr]    Compiling sp-multihash-derive v0.2.0 (/opt/rustwide/workdir)
[INFO] [stdout] warning: field `0` is never read
[INFO] [stdout]   --> src/multihash.rs:60:21
[INFO] [stdout]    |
[INFO] [stdout] 60 |   NoAllocSizeErrors(kw::no_alloc_size_errors),
[INFO] [stdout]    |   ----------------- ^^^^^^^^^^^^^^^^^^^^^^^^
[INFO] [stdout]    |   |
[INFO] [stdout]    |   field in this variant
[INFO] [stdout]    |
[INFO] [stdout]    = note: `DeriveAttr` has a derived impl for the trait `Debug`, but this is intentionally ignored during dead code analysis
[INFO] [stdout]    = note: `#[warn(dead_code)]` on by default
[INFO] [stdout] help: consider changing the field to be of unit type to suppress this warning while preserving the field numbering, or remove the field
[INFO] [stdout]    |
[INFO] [stdout] 60 |   NoAllocSizeErrors(()),
[INFO] [stdout]    |                     ~~
[INFO] [stdout] 
[INFO] [stdout] 
[INFO] [stdout] warning: field `paren` is never read
[INFO] [stdout]   --> src/utils.rs:27:7
[INFO] [stdout]    |
[INFO] [stdout] 26 | pub struct Attrs<A> {
[INFO] [stdout]    |            ----- field in this struct
[INFO] [stdout] 27 |   pub paren: syn::token::Paren,
[INFO] [stdout]    |       ^^^^^
[INFO] [stdout]    |
[INFO] [stdout]    = note: `Attrs` has a derived impl for the trait `Debug`, but this is intentionally ignored during dead code analysis
[INFO] [stdout] 
[INFO] [stdout] 
[INFO] [stdout] warning: fields `key` and `eq` are never read
[INFO] [stdout]   --> src/utils.rs:42:7
[INFO] [stdout]    |
[INFO] [stdout] 41 | pub struct Attr<K, V> {
[INFO] [stdout]    |            ---- fields in this struct
[INFO] [stdout] 42 |   pub key: K,
[INFO] [stdout]    |       ^^^
[INFO] [stdout] 43 |   pub eq: syn::token::Eq,
[INFO] [stdout]    |       ^^
[INFO] [stdout]    |
[INFO] [stdout]    = note: `Attr` has a derived impl for the trait `Debug`, but this is intentionally ignored during dead code analysis
[INFO] [stdout] 
[INFO] [stdout] 
[INFO] [stderr]     Finished `dev` profile [unoptimized + debuginfo] target(s) in 13.02s
[INFO] running `Command { std: "docker" "inspect" "efef4ae7d3b5bf024a11686af1f5156fd725c008b3e9e0e23f0ada8999422303", kill_on_drop: false }`
[INFO] running `Command { std: "docker" "rm" "-f" "efef4ae7d3b5bf024a11686af1f5156fd725c008b3e9e0e23f0ada8999422303", kill_on_drop: false }`
[INFO] [stdout] efef4ae7d3b5bf024a11686af1f5156fd725c008b3e9e0e23f0ada8999422303
[INFO] running `Command { std: "docker" "create" "-v" "/var/lib/crater-agent-workspace/builds/worker-6-tc1/target:/opt/rustwide/target:rw,Z" "-v" "/var/lib/crater-agent-workspace/builds/worker-6-tc1/source:/opt/rustwide/workdir:ro,Z" "-v" "/var/lib/crater-agent-workspace/cargo-home:/opt/rustwide/cargo-home:ro,Z" "-v" "/var/lib/crater-agent-workspace/rustup-home:/opt/rustwide/rustup-home:ro,Z" "-e" "SOURCE_DIR=/opt/rustwide/workdir" "-e" "CARGO_TARGET_DIR=/opt/rustwide/target" "-e" "CARGO_INCREMENTAL=0" "-e" "RUST_BACKTRACE=full" "-e" "RUSTFLAGS=--cap-lints=forbid" "-e" "RUSTDOCFLAGS=--cap-lints=forbid" "-e" "CARGO_HOME=/opt/rustwide/cargo-home" "-e" "RUSTUP_HOME=/opt/rustwide/rustup-home" "-w" "/opt/rustwide/workdir" "-m" "1610612736" "--user" "0:0" "--network" "none" "ghcr.io/rust-lang/crates-build-env/linux@sha256:4a844ea9eb2546a2d2c7022eacef16ef2e8229c7fbb2c7d4d55a9ceca922f72d" "/opt/rustwide/cargo-home/bin/cargo" "+nightly-2024-10-28" "test" "--frozen" "--no-run" "--message-format=json", kill_on_drop: false }`
[INFO] [stdout] 5a6883906f34b56a9d6d12a1cf02a194cc68db1362262367351a9e5fa7e1eedc
[INFO] running `Command { std: "docker" "start" "-a" "5a6883906f34b56a9d6d12a1cf02a194cc68db1362262367351a9e5fa7e1eedc", kill_on_drop: false }`
[INFO] [stderr]    Compiling ansi_term v0.12.1
[INFO] [stderr]    Compiling diff v0.1.13
[INFO] [stderr]    Compiling sp-multihash-derive v0.2.0 (/opt/rustwide/workdir)
[INFO] [stderr]    Compiling pretty_assertions v0.7.2
[INFO] [stdout] warning: field `0` is never read
[INFO] [stdout]   --> src/multihash.rs:60:21
[INFO] [stdout]    |
[INFO] [stdout] 60 |   NoAllocSizeErrors(kw::no_alloc_size_errors),
[INFO] [stdout]    |   ----------------- ^^^^^^^^^^^^^^^^^^^^^^^^
[INFO] [stdout]    |   |
[INFO] [stdout]    |   field in this variant
[INFO] [stdout]    |
[INFO] [stdout]    = note: `DeriveAttr` has a derived impl for the trait `Debug`, but this is intentionally ignored during dead code analysis
[INFO] [stdout]    = note: `#[warn(dead_code)]` on by default
[INFO] [stdout] help: consider changing the field to be of unit type to suppress this warning while preserving the field numbering, or remove the field
[INFO] [stdout]    |
[INFO] [stdout] 60 |   NoAllocSizeErrors(()),
[INFO] [stdout]    |                     ~~
[INFO] [stdout] 
[INFO] [stdout] 
[INFO] [stdout] warning: field `paren` is never read
[INFO] [stdout]   --> src/utils.rs:27:7
[INFO] [stdout]    |
[INFO] [stdout] 26 | pub struct Attrs<A> {
[INFO] [stdout]    |            ----- field in this struct
[INFO] [stdout] 27 |   pub paren: syn::token::Paren,
[INFO] [stdout]    |       ^^^^^
[INFO] [stdout]    |
[INFO] [stdout]    = note: `Attrs` has a derived impl for the trait `Debug`, but this is intentionally ignored during dead code analysis
[INFO] [stdout] 
[INFO] [stdout] 
[INFO] [stdout] warning: fields `key` and `eq` are never read
[INFO] [stdout]   --> src/utils.rs:42:7
[INFO] [stdout]    |
[INFO] [stdout] 41 | pub struct Attr<K, V> {
[INFO] [stdout]    |            ---- fields in this struct
[INFO] [stdout] 42 |   pub key: K,
[INFO] [stdout]    |       ^^^
[INFO] [stdout] 43 |   pub eq: syn::token::Eq,
[INFO] [stdout]    |       ^^
[INFO] [stdout]    |
[INFO] [stdout]    = note: `Attr` has a derived impl for the trait `Debug`, but this is intentionally ignored during dead code analysis
[INFO] [stdout] 
[INFO] [stdout] 
[INFO] [stdout] warning: field `0` is never read
[INFO] [stdout]   --> src/multihash.rs:60:21
[INFO] [stdout]    |
[INFO] [stdout] 60 |   NoAllocSizeErrors(kw::no_alloc_size_errors),
[INFO] [stdout]    |   ----------------- ^^^^^^^^^^^^^^^^^^^^^^^^
[INFO] [stdout]    |   |
[INFO] [stdout]    |   field in this variant
[INFO] [stdout]    |
[INFO] [stdout]    = note: `DeriveAttr` has a derived impl for the trait `Debug`, but this is intentionally ignored during dead code analysis
[INFO] [stdout]    = note: `#[warn(dead_code)]` on by default
[INFO] [stdout] help: consider changing the field to be of unit type to suppress this warning while preserving the field numbering, or remove the field
[INFO] [stdout]    |
[INFO] [stdout] 60 |   NoAllocSizeErrors(()),
[INFO] [stdout]    |                     ~~
[INFO] [stdout] 
[INFO] [stdout] 
[INFO] [stdout] warning: field `0` is never read
[INFO] [stdout]    --> src/multihash.rs:244:19
[INFO] [stdout]     |
[INFO] [stdout] 244 | struct ParseError(Span);
[INFO] [stdout]     |        ---------- ^^^^
[INFO] [stdout]     |        |
[INFO] [stdout]     |        field in this struct
[INFO] [stdout]     |
[INFO] [stdout]     = help: consider removing this field
[INFO] [stdout]     = note: `ParseError` has a derived impl for the trait `Debug`, but this is intentionally ignored during dead code analysis
[INFO] [stdout] 
[INFO] [stdout] 
[INFO] [stdout] warning: field `paren` is never read
[INFO] [stdout]   --> src/utils.rs:27:7
[INFO] [stdout]    |
[INFO] [stdout] 26 | pub struct Attrs<A> {
[INFO] [stdout]    |            ----- field in this struct
[INFO] [stdout] 27 |   pub paren: syn::token::Paren,
[INFO] [stdout]    |       ^^^^^
[INFO] [stdout]    |
[INFO] [stdout]    = note: `Attrs` has a derived impl for the trait `Debug`, but this is intentionally ignored during dead code analysis
[INFO] [stdout] 
[INFO] [stdout] 
[INFO] [stdout] warning: fields `key` and `eq` are never read
[INFO] [stdout]   --> src/utils.rs:42:7
[INFO] [stdout]    |
[INFO] [stdout] 41 | pub struct Attr<K, V> {
[INFO] [stdout]    |            ---- fields in this struct
[INFO] [stdout] 42 |   pub key: K,
[INFO] [stdout]    |       ^^^
[INFO] [stdout] 43 |   pub eq: syn::token::Eq,
[INFO] [stdout]    |       ^^
[INFO] [stdout]    |
[INFO] [stdout]    = note: `Attr` has a derived impl for the trait `Debug`, but this is intentionally ignored during dead code analysis
[INFO] [stdout] 
[INFO] [stdout] 
[INFO] [stderr]     Finished `test` profile [unoptimized + debuginfo] target(s) in 2.04s
[INFO] running `Command { std: "docker" "inspect" "5a6883906f34b56a9d6d12a1cf02a194cc68db1362262367351a9e5fa7e1eedc", kill_on_drop: false }`
[INFO] running `Command { std: "docker" "rm" "-f" "5a6883906f34b56a9d6d12a1cf02a194cc68db1362262367351a9e5fa7e1eedc", kill_on_drop: false }`
[INFO] [stdout] 5a6883906f34b56a9d6d12a1cf02a194cc68db1362262367351a9e5fa7e1eedc
[INFO] running `Command { std: "docker" "create" "-v" "/var/lib/crater-agent-workspace/builds/worker-6-tc1/target:/opt/rustwide/target:rw,Z" "-v" "/var/lib/crater-agent-workspace/builds/worker-6-tc1/source:/opt/rustwide/workdir:ro,Z" "-v" "/var/lib/crater-agent-workspace/cargo-home:/opt/rustwide/cargo-home:ro,Z" "-v" "/var/lib/crater-agent-workspace/rustup-home:/opt/rustwide/rustup-home:ro,Z" "-e" "SOURCE_DIR=/opt/rustwide/workdir" "-e" "CARGO_TARGET_DIR=/opt/rustwide/target" "-e" "CARGO_INCREMENTAL=0" "-e" "RUST_BACKTRACE=full" "-e" "RUSTFLAGS=--cap-lints=forbid" "-e" "RUSTDOCFLAGS=--cap-lints=forbid" "-e" "CARGO_HOME=/opt/rustwide/cargo-home" "-e" "RUSTUP_HOME=/opt/rustwide/rustup-home" "-w" "/opt/rustwide/workdir" "-m" "1610612736" "--user" "0:0" "--network" "none" "ghcr.io/rust-lang/crates-build-env/linux@sha256:4a844ea9eb2546a2d2c7022eacef16ef2e8229c7fbb2c7d4d55a9ceca922f72d" "/opt/rustwide/cargo-home/bin/cargo" "+nightly-2024-10-28" "test" "--frozen", kill_on_drop: false }`
[INFO] [stdout] 200d877431ae21ef9f84382c418628458ea3fd297ebd2ecb092daa024bfe84fd
[INFO] running `Command { std: "docker" "start" "-a" "200d877431ae21ef9f84382c418628458ea3fd297ebd2ecb092daa024bfe84fd", kill_on_drop: false }`
[INFO] [stderr] warning: field `0` is never read
[INFO] [stderr]   --> src/multihash.rs:60:21
[INFO] [stderr]    |
[INFO] [stderr] 60 |   NoAllocSizeErrors(kw::no_alloc_size_errors),
[INFO] [stderr]    |   ----------------- ^^^^^^^^^^^^^^^^^^^^^^^^
[INFO] [stderr]    |   |
[INFO] [stderr]    |   field in this variant
[INFO] [stderr]    |
[INFO] [stderr]    = note: `DeriveAttr` has a derived impl for the trait `Debug`, but this is intentionally ignored during dead code analysis
[INFO] [stderr]    = note: `#[warn(dead_code)]` on by default
[INFO] [stderr] help: consider changing the field to be of unit type to suppress this warning while preserving the field numbering, or remove the field
[INFO] [stderr]    |
[INFO] [stderr] 60 |   NoAllocSizeErrors(()),
[INFO] [stderr]    |                     ~~
[INFO] [stderr] 
[INFO] [stderr] warning: field `paren` is never read
[INFO] [stderr]   --> src/utils.rs:27:7
[INFO] [stderr]    |
[INFO] [stderr] 26 | pub struct Attrs<A> {
[INFO] [stderr]    |            ----- field in this struct
[INFO] [stderr] 27 |   pub paren: syn::token::Paren,
[INFO] [stderr]    |       ^^^^^
[INFO] [stderr]    |
[INFO] [stderr]    = note: `Attrs` has a derived impl for the trait `Debug`, but this is intentionally ignored during dead code analysis
[INFO] [stderr] 
[INFO] [stderr] warning: fields `key` and `eq` are never read
[INFO] [stderr]   --> src/utils.rs:42:7
[INFO] [stderr]    |
[INFO] [stderr] 41 | pub struct Attr<K, V> {
[INFO] [stderr]    |            ---- fields in this struct
[INFO] [stderr] 42 |   pub key: K,
[INFO] [stderr]    |       ^^^
[INFO] [stderr] 43 |   pub eq: syn::token::Eq,
[INFO] [stderr]    |       ^^
[INFO] [stderr]    |
[INFO] [stderr]    = note: `Attr` has a derived impl for the trait `Debug`, but this is intentionally ignored during dead code analysis
[INFO] [stderr] 
[INFO] [stderr] warning: field `0` is never read
[INFO] [stderr]    --> src/multihash.rs:244:19
[INFO] [stderr]     |
[INFO] [stderr] 244 | struct ParseError(Span);
[INFO] [stderr]     |        ---------- ^^^^
[INFO] [stderr]     |        |
[INFO] [stderr]     |        field in this struct
[INFO] [stderr]     |
[INFO] [stderr]     = help: consider removing this field
[INFO] [stderr]     = note: `ParseError` has a derived impl for the trait `Debug`, but this is intentionally ignored during dead code analysis
[INFO] [stderr] 
[INFO] [stderr] warning: `sp-multihash-derive` (lib) generated 3 warnings
[INFO] [stderr] warning: `sp-multihash-derive` (lib test) generated 4 warnings (3 duplicates)
[INFO] [stderr]     Finished `test` profile [unoptimized + debuginfo] target(s) in 0.05s
[INFO] [stderr]      Running unittests src/lib.rs (/opt/rustwide/target/debug/deps/sp_multihash_derive-995f0e91e1fcfbe7)
[INFO] [stdout] 
[INFO] [stdout] running 9 tests
[INFO] [stdout] test multihash::tests::test_multihash_error_code_duplicates_numbers - should panic ... FAILED
[INFO] [stdout] test multihash::tests::test_multihash_error_digest_invalid_size_type2 - should panic ... FAILED
[INFO] [stdout] test multihash::tests::test_multihash_error_code_duplicates - should panic ... FAILED
[INFO] [stdout] test multihash::tests::test_multihash_error_digest_without_size - should panic ... FAILED
[INFO] [stdout] test multihash::tests::test_multihash_error_digest_without_size_no_alloc_size_errors ... ok
[INFO] [stdout] test multihash::tests::test_multihash_error_no_alloc_size - should panic ... FAILED
[INFO] [stdout] test multihash::tests::test_multihash_error_too_small_alloc_size - should panic ... FAILED
[INFO] [stdout] test multihash::tests::test_multihash_error_digest_invalid_size_type - should panic ... FAILED
[INFO] [stdout] test multihash::tests::test_multihash_derive ... FAILED
[INFO] [stdout] 
[INFO] [stdout] failures:
[INFO] [stdout] 
[INFO] [stdout] ---- multihash::tests::test_multihash_error_code_duplicates_numbers stdout ----
[INFO] [stdout] note: test did not panic as expected
[INFO] [stdout] ---- multihash::tests::test_multihash_error_digest_invalid_size_type2 stdout ----
[INFO] [stdout] note: test did not panic as expected
[INFO] [stdout] ---- multihash::tests::test_multihash_error_code_duplicates stdout ----
[INFO] [stdout] note: test did not panic as expected
[INFO] [stdout] ---- multihash::tests::test_multihash_error_digest_without_size stdout ----
[INFO] [stdout] note: test did not panic as expected
[INFO] [stdout] ---- multihash::tests::test_multihash_error_no_alloc_size stdout ----
[INFO] [stdout] note: test did not panic as expected
[INFO] [stdout] ---- multihash::tests::test_multihash_error_too_small_alloc_size stdout ----
[INFO] [stdout] note: test did not panic as expected
[INFO] [stdout] ---- multihash::tests::test_multihash_error_digest_invalid_size_type stdout ----
[INFO] [stdout] note: test did not panic as expected
[INFO] [stdout] ---- multihash::tests::test_multihash_derive stdout ----
[INFO] [stdout] thread 'multihash::tests::test_multihash_derive' panicked at src/utils.rs:60:3:
[INFO] [stdout] assertion failed: `(left == right)`
[INFO] [stdout] 
[INFO] [stdout] [1mDiff[0m [31m< left[0m / [32mright >[0m :
[INFO] [stdout] [31m<"[0m[1;48;5;52;31mc[0m[31mo[0m[1;48;5;52;31mmp[0m[31mile[0m[1;48;5;52;31m_[0m[31mer[0m[1;48;5;52;31mr[0m[31mo[0m[1;48;5;52;31mr[0m[31m [0m[1;48;5;52;31m![0m[31m [0m[1;48;5;52;31m{[0m[31m \"Could n[0m[1;48;5;52;31mo[0m[31mt [0m[1;48;5;52;31mf[0m[31mind [0m[1;48;5;52;31m`[0m[31msp[0m[1;48;5;52;31m-[0m[31mmultihash[0m[1;48;5;52;31m`[0m[31m in [0m[1;48;5;52;31m`[0m[31mdependencies[0m[1;48;5;52;31m`[0m[31m or [0m[1;48;5;52;31m`[0m[31mde[0m[1;48;5;52;31mv[0m[31m-de[0m[1;48;5;52;31mp[0m[31mendenc[0m[1;48;5;52;31mi[0m[31me[0m[1;48;5;52;31ms`[0m[31m i[0m[1;48;5;52;31mn[0m[31m [0m[1;48;5;52;31m`/[0m[31mo[0m[1;48;5;52;31mp[0m[31mt[0m[1;48;5;52;31m/[0m[31mrust[0m[1;48;5;52;31mw[0m[31mide[0m[1;48;5;52;31m/w[0m[31morkdir[0m[1;48;5;52;31m/[0m[31mCargo[0m[1;48;5;52;31m.[0m[31mtoml[0m[1;48;5;52;31m`!\"[0m[31m }"[0m
[INFO] [stdout] [32m>"[0m[1;48;5;22;32m# [d[0m[32mo[0m[1;48;5;22;32mc = r\" A Mult[0m[32mi[0m[1;48;5;22;32mhash with the same a[0m[32ml[0m[1;48;5;22;32mlocat[0m[32me[0m[1;48;5;22;32md siz[0m[32me[0m[1;48;5;22;32m as the Multihashes p[0m[32mro[0m[1;48;5;22;32mduces[0m[32m [0m[1;48;5;22;32mby[0m[32m [0m[1;48;5;22;32mthis[0m[32m [0m[1;48;5;22;32mderive.[0m[32m\"[0m[1;48;5;22;32m] pub type Multihash = sp_multihash :: MultihashGeneric :: < 32 > ; impl sp_multihash :: MultihashDigest < 32 > for [0m[32mCo[0m[1;48;5;22;32mde { fn digest (& self , inp[0m[32mu[0m[1;48;5;22;32mt : & [u8]) -> Mu[0m[32ml[0m[1;48;5;22;32mtihash { use sp_multihash :: Hasher ; match self { Self :: I[0m[32md[0m[1;48;5;22;32mentity256[0m[32m [0m[1;48;5;22;32m=> { let digest = multihash :: Ide[0m[32mnt[0m[1;48;5;22;32mity256[0m[32m [0m[1;48;5;22;32m:: d[0m[32mi[0m[1;48;5;22;32mgest (i[0m[32mn[0m[1;48;5;22;32mput) ; Multihash :: wrap (multihash :: IDENTITY , & [0m[32md[0m[1;48;5;22;32migest[0m[32m [0m[1;48;5;22;32m. a[0m[32ms[0m[1;48;5;22;32m_ref ()) . unwra[0m[32mp[0m[1;48;5;22;32m () } , Self :: Strobe256 => { let digest = [0m[32mmultihash [0m[1;48;5;22;32m:: Strobe256 :: d[0m[32mi[0m[1;48;5;22;32mgest (i[0m[32mn[0m[1;48;5;22;32mput)[0m[32m [0m[1;48;5;22;32m; Multihash :: wrap (0x38b64f , & [0m[32md[0m[1;48;5;22;32mig[0m[32me[0m[1;48;5;22;32mst . as_ref ()) . unwra[0m[32mp[0m[1;48;5;22;32m () } , _ => unr[0m[32me[0m[1;48;5;22;32machable ! () , } } f[0m[32mn[0m[1;48;5;22;32m multihash_from_[0m[32md[0m[1;48;5;22;32mig[0m[32me[0m[1;48;5;22;32mst < 'a , D , co[0m[32mn[0m[1;48;5;22;32mst S : usize > (digest : & 'a D) -> Multihash where D : sp_multihash :: Digest < S > , Self : From < & 'a D > , { let [0m[32mc[0m[1;48;5;22;32mode = Self :: from (& d[0m[32mi[0m[1;48;5;22;32mg[0m[32mes[0m[1;48;5;22;32mt)[0m[32m [0m[1;48;5;22;32m; Multihash :: wrap (c[0m[32mo[0m[1;48;5;22;32mde . into () , & digest . as_[0m[32mr[0m[1;48;5;22;32mef[0m[32m [0m[1;48;5;22;32m()) . unwrap () } } impl From < Co[0m[32mde[0m[1;48;5;22;32m > for u64 { fn from (code : Code) [0m[32m-[0m[1;48;5;22;32m> Self { match co[0m[32mde[0m[1;48;5;22;32m { Cod[0m[32me[0m[1;48;5;22;32m :: Ide[0m[32mn[0m[1;48;5;22;32mtity256 => multihash :: IDENTITY , Co[0m[32mde[0m[1;48;5;22;32m :: Strobe256 => 0x38b64f , _ => u[0m[32mn[0m[1;48;5;22;32mrea[0m[32mc[0m[1;48;5;22;32mhabl[0m[32me [0m[1;48;5;22;32m! () , } } } [0m[32mi[0m[1;48;5;22;32mmpl[0m[32m [0m[1;48;5;22;32mc[0m[32mo[0m[1;48;5;22;32mre :: conver[0m[32mt[0m[1;48;5;22;32m :: T[0m[32mr[0m[1;48;5;22;32myFrom < [0m[32mu[0m[1;48;5;22;32m64 > for Code { type Error = [0m[32ms[0m[1;48;5;22;32mp_mul[0m[32mti[0m[1;48;5;22;32mhash :: Error ; fn try_from (co[0m[32mde[0m[1;48;5;22;32m : u64) -> Result < Self , Self :: Err[0m[32mor[0m[1;48;5;22;32m > { match code { multihash :: IDENTITY => O[0m[32mk[0m[1;48;5;22;32m (Self :: I[0m[32md[0m[1;48;5;22;32ment[0m[32mi[0m[1;48;5;22;32mty256) , 0x38b64f => Ok (Self :: St[0m[32mr[0m[1;48;5;22;32mobe256) , _ => Err (sp_multihash :: Error :: Unsupported[0m[32mC[0m[1;48;5;22;32mode (code)) } } } impl From < & multih[0m[32ma[0m[1;48;5;22;32msh :: IdentityDigest < 32 > > fo[0m[32mr[0m[1;48;5;22;32m Code { fn from (di[0m[32mg[0m[1;48;5;22;32mest : & multihash :: IdentityDigest < 32 >) -> Self { Self :: Identity256 } } impl Fr[0m[32mo[0m[1;48;5;22;32mm < & mul[0m[32mt[0m[1;48;5;22;32mihash :: Str[0m[32mo[0m[1;48;5;22;32mbeDigest < 32 > > for Code { fn fro[0m[32mm[0m[1;48;5;22;32m (digest : & mu[0m[32ml[0m[1;48;5;22;32mtihash :: StrobeDigest < 32 >) -> Self { Self :: Strobe256 }[0m[32m }"[0m
[INFO] [stdout] 
[INFO] [stdout] 
[INFO] [stdout] stack backtrace:
[INFO] [stdout]    0:     0x7d1987bae60a - std::backtrace_rs::backtrace::libunwind::trace::h207520d6e9873551
[INFO] [stdout]                                at /rustc/df4ca44d3fbc9301ee17f30f4d474e6ae4b05252/library/std/src/../../backtrace/src/backtrace/libunwind.rs:116:5
[INFO] [stdout]    1:     0x7d1987bae60a - std::backtrace_rs::backtrace::trace_unsynchronized::h2ed7433f370e3eca
[INFO] [stdout]                                at /rustc/df4ca44d3fbc9301ee17f30f4d474e6ae4b05252/library/std/src/../../backtrace/src/backtrace/mod.rs:66:5
[INFO] [stdout]    2:     0x7d1987bae60a - std::sys::backtrace::_print_fmt::h916fac51166b18d7
[INFO] [stdout]                                at /rustc/df4ca44d3fbc9301ee17f30f4d474e6ae4b05252/library/std/src/sys/backtrace.rs:66:9
[INFO] [stdout]    3:     0x7d1987bae60a - <std::sys::backtrace::BacktraceLock::print::DisplayBacktrace as core::fmt::Display>::fmt::ha0a4c9b8ce3802e6
[INFO] [stdout]                                at /rustc/df4ca44d3fbc9301ee17f30f4d474e6ae4b05252/library/std/src/sys/backtrace.rs:39:26
[INFO] [stdout]    4:     0x7d1987bfebb3 - core::fmt::rt::Argument::fmt::h4cfc8587d52b3eb5
[INFO] [stdout]                                at /rustc/df4ca44d3fbc9301ee17f30f4d474e6ae4b05252/library/core/src/fmt/rt.rs:177:76
[INFO] [stdout]    5:     0x7d1987bfebb3 - core::fmt::write::h522cc39e5b36ae9f
[INFO] [stdout]                                at /rustc/df4ca44d3fbc9301ee17f30f4d474e6ae4b05252/library/core/src/fmt/mod.rs:1190:21
[INFO] [stdout]    6:     0x7d1987ba1fa3 - std::io::Write::write_fmt::h7d3c26752da97734
[INFO] [stdout]                                at /rustc/df4ca44d3fbc9301ee17f30f4d474e6ae4b05252/library/std/src/io/mod.rs:1839:15
[INFO] [stdout]    7:     0x7d1987bae452 - std::sys::backtrace::BacktraceLock::print::h4b9e00b29e9c0942
[INFO] [stdout]                                at /rustc/df4ca44d3fbc9301ee17f30f4d474e6ae4b05252/library/std/src/sys/backtrace.rs:42:9
[INFO] [stdout]    8:     0x7d1987bb0a8a - std::panicking::default_hook::{{closure}}::hb59b88280d0324d9
[INFO] [stdout]                                at /rustc/df4ca44d3fbc9301ee17f30f4d474e6ae4b05252/library/std/src/panicking.rs:268:22
[INFO] [stdout]    9:     0x7d1987bb0894 - std::panicking::default_hook::he1dd496665be4a29
[INFO] [stdout]                                at /rustc/df4ca44d3fbc9301ee17f30f4d474e6ae4b05252/library/std/src/panicking.rs:292:9
[INFO] [stdout]   10:     0x5ec853e60319 - <alloc::boxed::Box<F,A> as core::ops::function::Fn<Args>>::call::h4ff71de18744e1dc
[INFO] [stdout]                                at /rustc/df4ca44d3fbc9301ee17f30f4d474e6ae4b05252/library/alloc/src/boxed.rs:2468:9
[INFO] [stdout]   11:     0x5ec853e60319 - test::test_main::{{closure}}::hcf7c055ce117aa81
[INFO] [stdout]                                at /rustc/df4ca44d3fbc9301ee17f30f4d474e6ae4b05252/library/test/src/lib.rs:133:21
[INFO] [stdout]   12:     0x7d1987bb11f8 - <alloc::boxed::Box<F,A> as core::ops::function::Fn<Args>>::call::h1d66c6bbd60c9692
[INFO] [stdout]                                at /rustc/df4ca44d3fbc9301ee17f30f4d474e6ae4b05252/library/alloc/src/boxed.rs:2468:9
[INFO] [stdout]   13:     0x7d1987bb11f8 - std::panicking::rust_panic_with_hook::h2ff17fe8f26dfcf8
[INFO] [stdout]                                at /rustc/df4ca44d3fbc9301ee17f30f4d474e6ae4b05252/library/std/src/panicking.rs:809:13
[INFO] [stdout]   14:     0x7d1987bb0fba - std::panicking::begin_panic_handler::{{closure}}::h4fad77951c07e101
[INFO] [stdout]                                at /rustc/df4ca44d3fbc9301ee17f30f4d474e6ae4b05252/library/std/src/panicking.rs:674:13
[INFO] [stderr] error: test failed, to rerun pass `--lib`
[INFO] [stdout]   15:     0x7d1987baeae9 - std::sys::backtrace::__rust_end_short_backtrace::hb1a25b3da5d0ea08
[INFO] [stdout]                                at /rustc/df4ca44d3fbc9301ee17f30f4d474e6ae4b05252/library/std/src/sys/backtrace.rs:170:18
[INFO] [stdout]   16:     0x7d1987bb0c4c - rust_begin_unwind
[INFO] [stdout]                                at /rustc/df4ca44d3fbc9301ee17f30f4d474e6ae4b05252/library/std/src/panicking.rs:665:5
[INFO] [stdout]   17:     0x7d1987bfafc0 - core::panicking::panic_fmt::ha9db07b529f9b256
[INFO] [stdout]                                at /rustc/df4ca44d3fbc9301ee17f30f4d474e6ae4b05252/library/core/src/panicking.rs:75:14
[INFO] [stdout]   18:     0x5ec853df9bba - sp_multihash_derive::utils::assert_proc_macro::h2f6cf510515fdf58
[INFO] [stdout]                                at /opt/rustwide/workdir/src/utils.rs:60:3
[INFO] [stdout]   19:     0x5ec853e049a4 - sp_multihash_derive::multihash::tests::test_multihash_derive::hbfcf13abff49beae
[INFO] [stdout]                                at /opt/rustwide/workdir/src/multihash.rs:473:5
[INFO] [stdout]   20:     0x5ec853e00737 - sp_multihash_derive::multihash::tests::test_multihash_derive::{{closure}}::h668edb332129fcaa
[INFO] [stdout]                                at /opt/rustwide/workdir/src/multihash.rs:394:29
[INFO] [stdout]   21:     0x5ec853e112f6 - core::ops::function::FnOnce::call_once::h81742b5e1c42de5e
[INFO] [stdout]                                at /rustc/df4ca44d3fbc9301ee17f30f4d474e6ae4b05252/library/core/src/ops/function.rs:250:5
[INFO] [stdout]   22:     0x5ec853e64beb - core::ops::function::FnOnce::call_once::h22c3ba5715e93f05
[INFO] [stdout]                                at /rustc/df4ca44d3fbc9301ee17f30f4d474e6ae4b05252/library/core/src/ops/function.rs:250:5
[INFO] [stdout]   23:     0x5ec853e64beb - test::__rust_begin_short_backtrace::h8e82d8113d0da17f
[INFO] [stdout]                                at /rustc/df4ca44d3fbc9301ee17f30f4d474e6ae4b05252/library/test/src/lib.rs:621:18
[INFO] [stdout]   24:     0x5ec853e64567 - test::run_test_in_process::{{closure}}::h33235f4f20b7b7c7
[INFO] [stdout]                                at /rustc/df4ca44d3fbc9301ee17f30f4d474e6ae4b05252/library/test/src/lib.rs:644:60
[INFO] [stdout]   25:     0x5ec853e64567 - <core::panic::unwind_safe::AssertUnwindSafe<F> as core::ops::function::FnOnce<()>>::call_once::hb5043206310c586f
[INFO] [stdout]                                at /rustc/df4ca44d3fbc9301ee17f30f4d474e6ae4b05252/library/core/src/panic/unwind_safe.rs:272:9
[INFO] [stdout]   26:     0x5ec853e64567 - std::panicking::try::do_call::h9ad4731a60ab23e2
[INFO] [stdout]                                at /rustc/df4ca44d3fbc9301ee17f30f4d474e6ae4b05252/library/std/src/panicking.rs:557:40
[INFO] [stdout]   27:     0x5ec853e64567 - std::panicking::try::h3824d23db772a716
[INFO] [stdout]                                at /rustc/df4ca44d3fbc9301ee17f30f4d474e6ae4b05252/library/std/src/panicking.rs:520:19
[INFO] [stdout]   28:     0x5ec853e64567 - std::panic::catch_unwind::h5afd514605fde46b
[INFO] [stdout]                                at /rustc/df4ca44d3fbc9301ee17f30f4d474e6ae4b05252/library/std/src/panic.rs:358:14
[INFO] [stdout]   29:     0x5ec853e64567 - test::run_test_in_process::h0d5cbfa7067d1720
[INFO] [stdout]                                at /rustc/df4ca44d3fbc9301ee17f30f4d474e6ae4b05252/library/test/src/lib.rs:644:27
[INFO] [stdout]   30:     0x5ec853e64567 - test::run_test::{{closure}}::h708eb8872708115d
[INFO] [stdout]                                at /rustc/df4ca44d3fbc9301ee17f30f4d474e6ae4b05252/library/test/src/lib.rs:565:43
[INFO] [stdout]   31:     0x5ec853e27c84 - test::run_test::{{closure}}::h392c51cee94713ab
[INFO] [stdout]                                at /rustc/df4ca44d3fbc9301ee17f30f4d474e6ae4b05252/library/test/src/lib.rs:595:41
[INFO] [stdout]   32:     0x5ec853e27c84 - std::sys::backtrace::__rust_begin_short_backtrace::h2f40290710935a8b
[INFO] [stdout]                                at /rustc/df4ca44d3fbc9301ee17f30f4d474e6ae4b05252/library/std/src/sys/backtrace.rs:154:18
[INFO] [stdout]   33:     0x5ec853e2b42e - std::thread::Builder::spawn_unchecked_::{{closure}}::{{closure}}::h3fd968d89053a903
[INFO] [stdout]                                at /rustc/df4ca44d3fbc9301ee17f30f4d474e6ae4b05252/library/std/src/thread/mod.rs:541:17
[INFO] [stdout]   34:     0x5ec853e2b42e - <core::panic::unwind_safe::AssertUnwindSafe<F> as core::ops::function::FnOnce<()>>::call_once::h743f637ba4229880
[INFO] [stdout]                                at /rustc/df4ca44d3fbc9301ee17f30f4d474e6ae4b05252/library/core/src/panic/unwind_safe.rs:272:9
[INFO] [stdout]   35:     0x5ec853e2b42e - std::panicking::try::do_call::h07440897322525a6
[INFO] [stdout]                                at /rustc/df4ca44d3fbc9301ee17f30f4d474e6ae4b05252/library/std/src/panicking.rs:557:40
[INFO] [stdout]   36:     0x5ec853e2b42e - std::panicking::try::he5a2e00188156637
[INFO] [stdout]                                at /rustc/df4ca44d3fbc9301ee17f30f4d474e6ae4b05252/library/std/src/panicking.rs:520:19
[INFO] [stdout]   37:     0x5ec853e2b42e - std::panic::catch_unwind::hbaf3cae49b3c6433
[INFO] [stdout]                                at /rustc/df4ca44d3fbc9301ee17f30f4d474e6ae4b05252/library/std/src/panic.rs:358:14
[INFO] [stdout]   38:     0x5ec853e2b42e - std::thread::Builder::spawn_unchecked_::{{closure}}::h8e141ea224820bce
[INFO] [stdout]                                at /rustc/df4ca44d3fbc9301ee17f30f4d474e6ae4b05252/library/std/src/thread/mod.rs:540:30
[INFO] [stdout]   39:     0x5ec853e2b42e - core::ops::function::FnOnce::call_once{{vtable.shim}}::h90d312fedd7b8ea8
[INFO] [stdout]                                at /rustc/df4ca44d3fbc9301ee17f30f4d474e6ae4b05252/library/core/src/ops/function.rs:250:5
[INFO] [stdout]   40:     0x7d1987bbad2b - <alloc::boxed::Box<F,A> as core::ops::function::FnOnce<Args>>::call_once::h69aa08ddb6adb8b6
[INFO] [stdout]                                at /rustc/df4ca44d3fbc9301ee17f30f4d474e6ae4b05252/library/alloc/src/boxed.rs:2454:9
[INFO] [stdout]   41:     0x7d1987bbad2b - <alloc::boxed::Box<F,A> as core::ops::function::FnOnce<Args>>::call_once::h5aa36efdb79c806f
[INFO] [stdout]                                at /rustc/df4ca44d3fbc9301ee17f30f4d474e6ae4b05252/library/alloc/src/boxed.rs:2454:9
[INFO] [stdout]   42:     0x7d1987bbad2b - std::sys::pal::unix::thread::Thread::new::thread_start::h6cd80a1b4be5158d
[INFO] [stdout]                                at /rustc/df4ca44d3fbc9301ee17f30f4d474e6ae4b05252/library/std/src/sys/pal/unix/thread.rs:105:17
[INFO] [stdout]   43:     0x7d198782eac3 - <unknown>
[INFO] [stdout]   44:     0x7d19878bfa04 - clone
[INFO] [stdout]   45:                0x0 - <unknown>
[INFO] [stdout] 
[INFO] [stdout] 
[INFO] [stdout] failures:
[INFO] [stdout]     multihash::tests::test_multihash_derive
[INFO] [stdout]     multihash::tests::test_multihash_error_code_duplicates
[INFO] [stdout]     multihash::tests::test_multihash_error_code_duplicates_numbers
[INFO] [stdout]     multihash::tests::test_multihash_error_digest_invalid_size_type
[INFO] [stdout]     multihash::tests::test_multihash_error_digest_invalid_size_type2
[INFO] [stdout]     multihash::tests::test_multihash_error_digest_without_size
[INFO] [stdout]     multihash::tests::test_multihash_error_no_alloc_size
[INFO] [stdout]     multihash::tests::test_multihash_error_too_small_alloc_size
[INFO] [stdout] 
[INFO] [stdout] test result: FAILED. 1 passed; 8 failed; 0 ignored; 0 measured; 0 filtered out; finished in 0.14s
[INFO] [stdout] 
[INFO] running `Command { std: "docker" "inspect" "200d877431ae21ef9f84382c418628458ea3fd297ebd2ecb092daa024bfe84fd", kill_on_drop: false }`
[INFO] running `Command { std: "docker" "rm" "-f" "200d877431ae21ef9f84382c418628458ea3fd297ebd2ecb092daa024bfe84fd", kill_on_drop: false }`
[INFO] [stdout] 200d877431ae21ef9f84382c418628458ea3fd297ebd2ecb092daa024bfe84fd
