[INFO] fetching crate soma-ctf 0.1.0-alpha...
[INFO] testing soma-ctf-0.1.0-alpha against nightly-2024-10-28+rustflags=-Zrandomize-layout for randomize-layout
[INFO] extracting crate soma-ctf 0.1.0-alpha into /workspace/builds/worker-5-tc2/source
[INFO] validating manifest of crates.io crate soma-ctf 0.1.0-alpha on toolchain nightly-2024-10-28
[INFO] running `Command { std: CARGO_HOME="/workspace/cargo-home" RUSTUP_HOME="/workspace/rustup-home" "/workspace/cargo-home/bin/cargo" "+nightly-2024-10-28" "metadata" "--manifest-path" "Cargo.toml" "--no-deps", kill_on_drop: false }`
[INFO] started tweaking crates.io crate soma-ctf 0.1.0-alpha
[INFO] finished tweaking crates.io crate soma-ctf 0.1.0-alpha
[INFO] tweaked toml for crates.io crate soma-ctf 0.1.0-alpha written to /workspace/builds/worker-5-tc2/source/Cargo.toml
[INFO] running `Command { std: CARGO_HOME="/workspace/cargo-home" RUSTUP_HOME="/workspace/rustup-home" "/workspace/cargo-home/bin/cargo" "+nightly-2024-10-28" "generate-lockfile" "--manifest-path" "Cargo.toml", kill_on_drop: false }`
[INFO] [stderr]     Updating crates.io index
[INFO] [stderr]      Locking 242 packages to latest compatible versions
[INFO] [stderr]       Adding bollard v0.2.1 (available: v0.17.1)
[INFO] [stderr]       Adding clap v2.32.0 (available: v2.34.0)
[INFO] [stderr]       Adding crossterm v0.6.0 (available: v0.28.1)
[INFO] [stderr]       Adding dirs v1.0.5 (available: v5.0.1)
[INFO] [stderr]       Adding futures v0.1.31 (available: v0.3.31)
[INFO] [stderr]       Adding git2 v0.8.0 (available: v0.19.0)
[INFO] [stderr]       Adding handlebars v1.1.0 (available: v6.2.0)
[INFO] [stderr]       Adding hyper v0.12.36 (available: v1.5.0)
[INFO] [stderr]       Adding path-slash v0.1.5 (available: v0.2.1)
[INFO] [stderr]       Adding remove_dir_all v0.5.3 (available: v0.8.4)
[INFO] [stderr]       Adding serde_cbor v0.9.0 (available: v0.11.2)
[INFO] [stderr]       Adding tokio v0.1.22 (available: v1.41.0)
[INFO] [stderr]       Adding toml v0.4.10 (available: v0.8.19)
[INFO] [stderr]       Adding typetag v0.1.8 (available: v0.2.18)
[INFO] [stderr]       Adding url v1.7.2 (available: v2.5.2)
[INFO] [stderr]       Adding wasi v0.10.0+wasi-snapshot-preview1 (available: v0.10.2+wasi-snapshot-preview1)
[INFO] [stderr]       Adding whoami v0.4.1 (available: v1.5.2)
[INFO] running `Command { std: CARGO_HOME="/workspace/cargo-home" RUSTUP_HOME="/workspace/rustup-home" "/workspace/cargo-home/bin/cargo" "+nightly-2024-10-28" "fetch" "--manifest-path" "Cargo.toml", kill_on_drop: false }`
[INFO] running `Command { std: "docker" "create" "-v" "/var/lib/crater-agent-workspace/builds/worker-5-tc2/target:/opt/rustwide/target:rw,Z" "-v" "/var/lib/crater-agent-workspace/builds/worker-5-tc2/source:/opt/rustwide/workdir:ro,Z" "-v" "/var/lib/crater-agent-workspace/cargo-home:/opt/rustwide/cargo-home:ro,Z" "-v" "/var/lib/crater-agent-workspace/rustup-home:/opt/rustwide/rustup-home:ro,Z" "-e" "SOURCE_DIR=/opt/rustwide/workdir" "-e" "CARGO_TARGET_DIR=/opt/rustwide/target" "-e" "CARGO_HOME=/opt/rustwide/cargo-home" "-e" "RUSTUP_HOME=/opt/rustwide/rustup-home" "-w" "/opt/rustwide/workdir" "-m" "1610612736" "--user" "0:0" "--network" "none" "ghcr.io/rust-lang/crates-build-env/linux@sha256:4a844ea9eb2546a2d2c7022eacef16ef2e8229c7fbb2c7d4d55a9ceca922f72d" "/opt/rustwide/cargo-home/bin/cargo" "+nightly-2024-10-28" "metadata" "--no-deps" "--format-version=1", kill_on_drop: false }`
[INFO] [stdout] 3f969a480ddda467af295b5ad1e135ab7897900f56dc3a71893ae9a67dc1bab6
[INFO] running `Command { std: "docker" "start" "-a" "3f969a480ddda467af295b5ad1e135ab7897900f56dc3a71893ae9a67dc1bab6", kill_on_drop: false }`
[INFO] running `Command { std: "docker" "inspect" "3f969a480ddda467af295b5ad1e135ab7897900f56dc3a71893ae9a67dc1bab6", kill_on_drop: false }`
[INFO] running `Command { std: "docker" "rm" "-f" "3f969a480ddda467af295b5ad1e135ab7897900f56dc3a71893ae9a67dc1bab6", kill_on_drop: false }`
[INFO] [stdout] 3f969a480ddda467af295b5ad1e135ab7897900f56dc3a71893ae9a67dc1bab6
[INFO] running `Command { std: "docker" "create" "-v" "/var/lib/crater-agent-workspace/builds/worker-5-tc2/target:/opt/rustwide/target:rw,Z" "-v" "/var/lib/crater-agent-workspace/builds/worker-5-tc2/source:/opt/rustwide/workdir:ro,Z" "-v" "/var/lib/crater-agent-workspace/cargo-home:/opt/rustwide/cargo-home:ro,Z" "-v" "/var/lib/crater-agent-workspace/rustup-home:/opt/rustwide/rustup-home:ro,Z" "-e" "SOURCE_DIR=/opt/rustwide/workdir" "-e" "CARGO_TARGET_DIR=/opt/rustwide/target" "-e" "CARGO_INCREMENTAL=0" "-e" "RUST_BACKTRACE=full" "-e" "RUSTFLAGS=--cap-lints=forbid -Zrandomize-layout" "-e" "RUSTDOCFLAGS=--cap-lints=forbid" "-e" "CARGO_HOME=/opt/rustwide/cargo-home" "-e" "RUSTUP_HOME=/opt/rustwide/rustup-home" "-w" "/opt/rustwide/workdir" "-m" "1610612736" "--user" "0:0" "--network" "none" "ghcr.io/rust-lang/crates-build-env/linux@sha256:4a844ea9eb2546a2d2c7022eacef16ef2e8229c7fbb2c7d4d55a9ceca922f72d" "/opt/rustwide/cargo-home/bin/cargo" "+nightly-2024-10-28" "build" "--frozen" "--message-format=json", kill_on_drop: false }`
[INFO] [stdout] 6843d2e5d5c14007a850b26dfba66236b3be0ac53c8e8c6e8f34a369494fb91e
[INFO] running `Command { std: "docker" "start" "-a" "6843d2e5d5c14007a850b26dfba66236b3be0ac53c8e8c6e8f34a369494fb91e", kill_on_drop: false }`
[INFO] [stderr]    Compiling libc v0.2.161
[INFO] [stderr]    Compiling cfg-if v0.1.10
[INFO] [stderr]    Compiling futures v0.1.31
[INFO] [stderr]    Compiling log v0.4.22
[INFO] [stderr]    Compiling crossbeam-utils v0.7.2
[INFO] [stderr]    Compiling maybe-uninit v2.0.0
[INFO] [stderr]    Compiling lazy_static v1.5.0
[INFO] [stderr]    Compiling syn v2.0.86
[INFO] [stderr]    Compiling semver-parser v0.7.0
[INFO] [stderr]    Compiling either v1.13.0
[INFO] [stderr]    Compiling scopeguard v1.2.0
[INFO] [stderr]    Compiling semver v0.9.0
[INFO] [stderr]    Compiling memoffset v0.5.6
[INFO] [stderr]    Compiling smallvec v0.6.14
[INFO] [stderr]    Compiling lock_api v0.3.4
[INFO] [stderr]    Compiling rustc_version v0.2.3
[INFO] [stderr]    Compiling crossbeam-epoch v0.8.2
[INFO] [stderr]    Compiling syn v1.0.109
[INFO] [stderr]    Compiling parking_lot_core v0.6.3
[INFO] [stderr]    Compiling parking_lot v0.9.0
[INFO] [stderr]    Compiling libz-sys v1.1.20
[INFO] [stderr]    Compiling crossbeam-queue v0.2.3
[INFO] [stderr]    Compiling indexmap v1.9.3
[INFO] [stderr]    Compiling itoa v0.4.8
[INFO] [stderr]    Compiling hashbrown v0.12.3
[INFO] [stderr]    Compiling hyper v0.12.36
[INFO] [stderr]    Compiling crossbeam-deque v0.7.4
[INFO] [stderr]    Compiling aho-corasick v1.1.3
[INFO] [stderr]    Compiling curl-sys v0.4.77+curl-8.10.1
[INFO] [stderr]    Compiling libssh2-sys v0.2.23
[INFO] [stderr]    Compiling rustix v0.38.38
[INFO] [stderr]    Compiling tokio-executor v0.1.10
[INFO] [stderr]    Compiling tokio-sync v0.1.8
[INFO] [stderr]    Compiling tokio-timer v0.2.13
[INFO] [stderr]    Compiling tokio-current-thread v0.1.7
[INFO] [stderr]    Compiling iovec v0.1.4
[INFO] [stderr]    Compiling bytes v0.4.12
[INFO] [stderr]    Compiling num_cpus v1.16.0
[INFO] [stderr]    Compiling net2 v0.2.39
[INFO] [stderr]    Compiling openssl-sys v0.9.104
[INFO] [stderr]    Compiling tokio-io v0.1.13
[INFO] [stderr]    Compiling mio v0.6.23
[INFO] [stderr]    Compiling termios v0.3.3
[INFO] [stderr]    Compiling crossterm_utils v0.1.0
[INFO] [stderr]    Compiling http v0.1.21
[INFO] [stderr]    Compiling tokio-codec v0.1.2
[INFO] [stderr]    Compiling tokio-threadpool v0.1.18
[INFO] [stderr]    Compiling tokio-buf v0.1.1
[INFO] [stderr]    Compiling tokio-reactor v0.1.12
[INFO] [stderr]    Compiling mio-uds v0.6.8
[INFO] [stderr]    Compiling tokio-fs v0.1.7
[INFO] [stderr]    Compiling tokio-uds v0.2.7
[INFO] [stderr]    Compiling tokio-udp v0.1.6
[INFO] [stderr]    Compiling tokio-tcp v0.1.4
[INFO] [stderr]    Compiling string v0.2.1
[INFO] [stderr]    Compiling regex-syntax v0.8.5
[INFO] [stderr]    Compiling ucd-trie v0.1.7
[INFO] [stderr]    Compiling want v0.2.0
[INFO] [stderr]    Compiling miniz_oxide v0.8.0
[INFO] [stderr]    Compiling tokio v0.1.22
[INFO] [stderr]    Compiling futures-cpupool v0.1.8
[INFO] [stderr]    Compiling h2 v0.1.26
[INFO] [stderr]    Compiling http-body v0.1.0
[INFO] [stderr]    Compiling time v0.1.45
[INFO] [stderr]    Compiling unicode-normalization v0.1.24
[INFO] [stderr]    Compiling matches v0.1.10
[INFO] [stderr]    Compiling unicode-bidi v0.3.17
[INFO] [stderr]    Compiling serde_derive v1.0.214
[INFO] [stderr]    Compiling thiserror-impl v1.0.66
[INFO] [stderr]    Compiling openssl-macros v0.1.1
[INFO] [stderr]    Compiling quick-error v1.2.3
[INFO] [stderr]    Compiling unicode-xid v0.2.6
[INFO] [stderr]    Compiling failure_derive v0.1.8
[INFO] [stderr]    Compiling linux-raw-sys v0.4.14
[INFO] [stderr]    Compiling regex-automata v0.4.8
[INFO] [stderr]    Compiling synstructure v0.12.6
[INFO] [stderr]    Compiling openssl v0.10.68
[INFO] [stderr]    Compiling thiserror v1.0.66
[INFO] [stderr]    Compiling pest v2.7.14
[INFO] [stderr]    Compiling idna v0.1.5
[INFO] [stderr]    Compiling serde v1.0.214
[INFO] [stderr]    Compiling pest_meta v2.7.14
[INFO] [stderr]    Compiling regex v1.11.1
[INFO] [stderr]    Compiling atty v0.2.14
[INFO] [stderr]    Compiling libgit2-sys v0.7.11
[INFO] [stderr]    Compiling arrayvec v0.4.12
[INFO] [stderr]    Compiling percent-encoding v1.0.1
[INFO] [stderr]    Compiling backtrace v0.3.74
[INFO] [stderr]    Compiling url v1.7.2
[INFO] [stderr]    Compiling pest_generator v2.7.14
[INFO] [stderr]    Compiling serde_json v1.0.132
[INFO] [stderr]    Compiling native-tls v0.2.12
[INFO] [stderr]    Compiling ctor v0.1.26
[INFO] [stderr]    Compiling humantime v1.3.0
[INFO] [stderr]    Compiling ghost v0.1.17
[INFO] [stderr]    Compiling crossterm_cursor v0.1.0
[INFO] [stderr]    Compiling nodrop v0.1.14
[INFO] [stderr]    Compiling unicode-width v0.1.14
[INFO] [stderr]    Compiling hex v0.3.2
[INFO] [stderr]    Compiling same-file v1.0.6
[INFO] [stderr]    Compiling bitflags v1.3.2
[INFO] [stderr]    Compiling env_logger v0.6.2
[INFO] [stderr]    Compiling inventory v0.2.3
[INFO] [stderr]    Compiling walkdir v2.5.0
[INFO] [stderr]    Compiling chrono v0.4.38
[INFO] [stderr]    Compiling hyperlocal v0.6.0
[INFO] [stderr]    Compiling textwrap v0.10.0
[INFO] [stderr]    Compiling crossterm_terminal v0.1.0
[INFO] [stderr]    Compiling failure v0.1.8
[INFO] [stderr]    Compiling pest_derive v2.7.14
[INFO] [stderr]    Compiling hyper-tls v0.3.2
[INFO] [stderr]    Compiling erased-serde v0.3.31
[INFO] [stderr]    Compiling xattr v1.3.1
[INFO] [stderr]    Compiling typetag-impl v0.1.8
[INFO] [stderr]    Compiling crossterm_style v0.1.0
[INFO] [stderr]    Compiling crossterm_screen v0.1.0
[INFO] [stderr]    Compiling crossterm_input v0.1.0
[INFO] [stderr]    Compiling filetime v0.2.25
[INFO] [stderr]    Compiling dirs v1.0.5
[INFO] [stderr]    Compiling crc32fast v1.4.2
[INFO] [stderr]    Compiling base64 v0.10.1
[INFO] [stderr]    Compiling ansi_term v0.11.0
[INFO] [stderr]    Compiling strsim v0.7.0
[INFO] [stderr]    Compiling vec_map v0.8.2
[INFO] [stderr]    Compiling half v1.8.3
[INFO] [stderr]    Compiling fastrand v2.1.1
[INFO] [stderr]    Compiling clap v2.32.0
[INFO] [stderr]    Compiling typetag v0.1.8
[INFO] [stderr]    Compiling bollard v0.2.1
[INFO] [stderr]    Compiling flate2 v1.0.34
[INFO] [stderr]    Compiling serde_cbor v0.9.0
[INFO] [stderr]    Compiling tempfile v3.13.0
[INFO] [stderr]    Compiling tar v0.4.42
[INFO] [stderr]    Compiling crossterm v0.6.0
[INFO] [stderr]    Compiling handlebars v1.1.0
[INFO] [stderr]    Compiling toml v0.4.10
[INFO] [stderr]    Compiling fs2 v0.4.3
[INFO] [stderr]    Compiling whoami v0.4.1
[INFO] [stderr]    Compiling path-slash v0.1.5
[INFO] [stderr]    Compiling remove_dir_all v0.5.3
[INFO] [stderr]    Compiling fs_extra v1.3.0
[INFO] [stderr]    Compiling git2 v0.8.0
[INFO] [stderr]    Compiling soma-ctf v0.1.0-alpha (/opt/rustwide/workdir)
[INFO] [stdout] warning: non-local `impl` definition, `impl` blocks should be written at the same level as their item
[INFO] [stdout]  --> src/error.rs:3:17
[INFO] [stdout]   |
[INFO] [stdout] 3 | #[derive(Debug, Fail)]
[INFO] [stdout]   |                 ^---
[INFO] [stdout]   |                 |
[INFO] [stdout]   |                 `Fail` is not local
[INFO] [stdout]   |                 move the `impl` block outside of this constant `_DERIVE_failure_Fail_FOR_Error`
[INFO] [stdout] 4 | pub enum Error {
[INFO] [stdout]   |          ----- `Error` is not local
[INFO] [stdout]   |
[INFO] [stdout]   = note: the derive macro `Fail` defines the non-local `impl`, and may need to be changed
[INFO] [stdout]   = note: the derive macro `Fail` may come from an old version of the `failure_derive` crate, try updating your dependency with `cargo update -p failure_derive`
[INFO] [stdout]   = note: an `impl` is never scoped, even when it is nested inside an item, as it may impact type checking outside of that item, which can be the case if neither the trait or the self type are at the same nesting level as the `impl`
[INFO] [stdout]   = note: items in an anonymous const item (`const _: () = { ... }`) are treated as in the same scope as the anonymous const's declaration for the purpose of this lint
[INFO] [stdout]   = note: `#[warn(non_local_definitions)]` on by default
[INFO] [stdout]   = note: this warning originates in the derive macro `Fail` (in Nightly builds, run with -Z macro-backtrace for more info)
[INFO] [stdout] 
[INFO] [stdout] 
[INFO] [stdout] warning: non-local `impl` definition, `impl` blocks should be written at the same level as their item
[INFO] [stdout]  --> src/error.rs:3:17
[INFO] [stdout]   |
[INFO] [stdout] 3 | #[derive(Debug, Fail)]
[INFO] [stdout]   |                 ^---
[INFO] [stdout]   |                 |
[INFO] [stdout]   |                 `Display` is not local
[INFO] [stdout]   |                 move the `impl` block outside of this constant `_DERIVE_failure_core_fmt_Display_FOR_Error`
[INFO] [stdout] 4 | pub enum Error {
[INFO] [stdout]   |          ----- `Error` is not local
[INFO] [stdout]   |
[INFO] [stdout]   = note: the derive macro `Fail` defines the non-local `impl`, and may need to be changed
[INFO] [stdout]   = note: the derive macro `Fail` may come from an old version of the `failure_derive` crate, try updating your dependency with `cargo update -p failure_derive`
[INFO] [stdout]   = note: an `impl` is never scoped, even when it is nested inside an item, as it may impact type checking outside of that item, which can be the case if neither the trait or the self type are at the same nesting level as the `impl`
[INFO] [stdout]   = note: items in an anonymous const item (`const _: () = { ... }`) are treated as in the same scope as the anonymous const's declaration for the purpose of this lint
[INFO] [stdout]   = note: this warning originates in the derive macro `Fail` (in Nightly builds, run with -Z macro-backtrace for more info)
[INFO] [stdout] 
[INFO] [stdout] 
[INFO] [stdout] warning: non-local `impl` definition, `impl` blocks should be written at the same level as their item
[INFO] [stdout]   --> src/repository/backend.rs:12:1
[INFO] [stdout]    |
[INFO] [stdout] 12 | #[typetag::serde(tag = "type")]
[INFO] [stdout]    | ^^^^^^^^^^^^^^^^^^^^^^^^^^^^^^^
[INFO] [stdout]    | |
[INFO] [stdout]    | `Serialize` is not local
[INFO] [stdout]    | move the `impl` block outside of this constant `_Backend_registry`
[INFO] [stdout] 13 | pub trait Backend: BackendClone + Display {
[INFO] [stdout]    |           ------- `Backend` is not local
[INFO] [stdout]    |
[INFO] [stdout]    = note: the attribute macro `typetag::serde` defines the non-local `impl`, and may need to be changed
[INFO] [stdout]    = note: the attribute macro `typetag::serde` may come from an old version of the `typetag_impl` crate, try updating your dependency with `cargo update -p typetag_impl`
[INFO] [stdout]    = note: an `impl` is never scoped, even when it is nested inside an item, as it may impact type checking outside of that item, which can be the case if neither the trait or the self type are at the same nesting level as the `impl`
[INFO] [stdout]    = note: items in an anonymous const item (`const _: () = { ... }`) are treated as in the same scope as the anonymous const's declaration for the purpose of this lint
[INFO] [stdout]    = note: this warning originates in the attribute macro `typetag::serde` (in Nightly builds, run with -Z macro-backtrace for more info)
[INFO] [stdout] 
[INFO] [stdout] 
[INFO] [stdout] warning: non-local `impl` definition, `impl` blocks should be written at the same level as their item
[INFO] [stdout]   --> src/repository/backend.rs:12:1
[INFO] [stdout]    |
[INFO] [stdout] 12 | #[typetag::serde(tag = "type")]
[INFO] [stdout]    | ^^^^^^^^^^^^^^^^^^^^^^^^^^^^^^^
[INFO] [stdout]    | |
[INFO] [stdout]    | `Send` is not local
[INFO] [stdout]    | `Serialize` is not local
[INFO] [stdout]    | move the `impl` block outside of this constant `_Backend_registry`
[INFO] [stdout] 13 | pub trait Backend: BackendClone + Display {
[INFO] [stdout]    |           ------- `Backend` is not local
[INFO] [stdout]    |
[INFO] [stdout]    = note: the attribute macro `typetag::serde` defines the non-local `impl`, and may need to be changed
[INFO] [stdout]    = note: the attribute macro `typetag::serde` may come from an old version of the `typetag_impl` crate, try updating your dependency with `cargo update -p typetag_impl`
[INFO] [stdout]    = note: an `impl` is never scoped, even when it is nested inside an item, as it may impact type checking outside of that item, which can be the case if neither the trait or the self type are at the same nesting level as the `impl`
[INFO] [stdout]    = note: items in an anonymous const item (`const _: () = { ... }`) are treated as in the same scope as the anonymous const's declaration for the purpose of this lint
[INFO] [stdout]    = note: this warning originates in the attribute macro `typetag::serde` (in Nightly builds, run with -Z macro-backtrace for more info)
[INFO] [stdout] 
[INFO] [stdout] 
[INFO] [stdout] warning: non-local `impl` definition, `impl` blocks should be written at the same level as their item
[INFO] [stdout]   --> src/repository/backend.rs:12:1
[INFO] [stdout]    |
[INFO] [stdout] 12 | #[typetag::serde(tag = "type")]
[INFO] [stdout]    | ^^^^^^^^^^^^^^^^^^^^^^^^^^^^^^^
[INFO] [stdout]    | |
[INFO] [stdout]    | `Sync` is not local
[INFO] [stdout]    | `Serialize` is not local
[INFO] [stdout]    | move the `impl` block outside of this constant `_Backend_registry`
[INFO] [stdout] 13 | pub trait Backend: BackendClone + Display {
[INFO] [stdout]    |           ------- `Backend` is not local
[INFO] [stdout]    |
[INFO] [stdout]    = note: the attribute macro `typetag::serde` defines the non-local `impl`, and may need to be changed
[INFO] [stdout]    = note: the attribute macro `typetag::serde` may come from an old version of the `typetag_impl` crate, try updating your dependency with `cargo update -p typetag_impl`
[INFO] [stdout]    = note: an `impl` is never scoped, even when it is nested inside an item, as it may impact type checking outside of that item, which can be the case if neither the trait or the self type are at the same nesting level as the `impl`
[INFO] [stdout]    = note: items in an anonymous const item (`const _: () = { ... }`) are treated as in the same scope as the anonymous const's declaration for the purpose of this lint
[INFO] [stdout]    = note: this warning originates in the attribute macro `typetag::serde` (in Nightly builds, run with -Z macro-backtrace for more info)
[INFO] [stdout] 
[INFO] [stdout] 
[INFO] [stdout] warning: non-local `impl` definition, `impl` blocks should be written at the same level as their item
[INFO] [stdout]   --> src/repository/backend.rs:12:1
[INFO] [stdout]    |
[INFO] [stdout] 12 | #[typetag::serde(tag = "type")]
[INFO] [stdout]    | ^^^^^^^^^^^^^^^^^^^^^^^^^^^^^^^
[INFO] [stdout]    | |
[INFO] [stdout]    | `Send` is not local
[INFO] [stdout]    | `Sync` is not local
[INFO] [stdout]    | `Serialize` is not local
[INFO] [stdout]    | move the `impl` block outside of this constant `_Backend_registry`
[INFO] [stdout] 13 | pub trait Backend: BackendClone + Display {
[INFO] [stdout]    |           ------- `Backend` is not local
[INFO] [stdout]    |
[INFO] [stdout]    = note: the attribute macro `typetag::serde` defines the non-local `impl`, and may need to be changed
[INFO] [stdout]    = note: the attribute macro `typetag::serde` may come from an old version of the `typetag_impl` crate, try updating your dependency with `cargo update -p typetag_impl`
[INFO] [stdout]    = note: an `impl` is never scoped, even when it is nested inside an item, as it may impact type checking outside of that item, which can be the case if neither the trait or the self type are at the same nesting level as the `impl`
[INFO] [stdout]    = note: items in an anonymous const item (`const _: () = { ... }`) are treated as in the same scope as the anonymous const's declaration for the purpose of this lint
[INFO] [stdout]    = note: this warning originates in the attribute macro `typetag::serde` (in Nightly builds, run with -Z macro-backtrace for more info)
[INFO] [stdout] 
[INFO] [stdout] 
[INFO] [stdout] warning: non-local `impl` definition, `impl` blocks should be written at the same level as their item
[INFO] [stdout]   --> src/repository/backend.rs:12:1
[INFO] [stdout]    |
[INFO] [stdout] 12 | #[typetag::serde(tag = "type")]
[INFO] [stdout]    | ^^^^^^^^^^^^^^^^^^^^^^^^^^^^^^^ move the `impl` block outside of this constant `_Backend_registry`
[INFO] [stdout] 13 | pub trait Backend: BackendClone + Display {
[INFO] [stdout]    |           ------- `Backend` is not local
[INFO] [stdout]    |
[INFO] [stdout]    = note: the attribute macro `typetag::serde` defines the non-local `impl`, and may need to be changed
[INFO] [stdout]    = note: the attribute macro `typetag::serde` may come from an old version of the `typetag_impl` crate, try updating your dependency with `cargo update -p typetag_impl`
[INFO] [stdout]    = note: an `impl` is never scoped, even when it is nested inside an item, as it may impact type checking outside of that item, which can be the case if neither the trait or the self type are at the same nesting level as the `impl`
[INFO] [stdout]    = note: items in an anonymous const item (`const _: () = { ... }`) are treated as in the same scope as the anonymous const's declaration for the purpose of this lint
[INFO] [stdout]    = note: this warning originates in the attribute macro `typetag::serde` (in Nightly builds, run with -Z macro-backtrace for more info)
[INFO] [stdout] 
[INFO] [stdout] 
[INFO] [stdout] warning: non-local `impl` definition, `impl` blocks should be written at the same level as their item
[INFO] [stdout]   --> src/repository/backend.rs:12:1
[INFO] [stdout]    |
[INFO] [stdout] 12 | #[typetag::serde(tag = "type")]
[INFO] [stdout]    | ^^^^^^^^^^^^^^^^^^^^^^^^^^^^^^^
[INFO] [stdout]    | |
[INFO] [stdout]    | `Strictest` is not local
[INFO] [stdout]    | move the `impl` block outside of this constant `_Backend_registry`
[INFO] [stdout] 13 | pub trait Backend: BackendClone + Display {
[INFO] [stdout]    |           ------- `Backend` is not local
[INFO] [stdout]    |
[INFO] [stdout]    = note: the attribute macro `typetag::serde` defines the non-local `impl`, and may need to be changed
[INFO] [stdout]    = note: the attribute macro `typetag::serde` may come from an old version of the `typetag_impl` crate, try updating your dependency with `cargo update -p typetag_impl`
[INFO] [stdout]    = note: an `impl` is never scoped, even when it is nested inside an item, as it may impact type checking outside of that item, which can be the case if neither the trait or the self type are at the same nesting level as the `impl`
[INFO] [stdout]    = note: items in an anonymous const item (`const _: () = { ... }`) are treated as in the same scope as the anonymous const's declaration for the purpose of this lint
[INFO] [stdout]    = note: this warning originates in the attribute macro `typetag::serde` (in Nightly builds, run with -Z macro-backtrace for more info)
[INFO] [stdout] 
[INFO] [stdout] 
[INFO] [stdout] warning: non-local `impl` definition, `impl` blocks should be written at the same level as their item
[INFO] [stdout]   --> src/repository/backend.rs:12:1
[INFO] [stdout]    |
[INFO] [stdout] 12 | #[typetag::serde(tag = "type")]
[INFO] [stdout]    | -^^^^^^^^^^^^^^^^^^^^^^^^^^^^^^
[INFO] [stdout]    | |
[INFO] [stdout]    | `Box` is not local
[INFO] [stdout]    | `Deserialize` is not local
[INFO] [stdout]    | move the `impl` block outside of this constant `_Backend_registry`
[INFO] [stdout] 13 | pub trait Backend: BackendClone + Display {
[INFO] [stdout]    |           ------- `Backend` is not local
[INFO] [stdout]    |
[INFO] [stdout]    = note: the attribute macro `typetag::serde` defines the non-local `impl`, and may need to be changed
[INFO] [stdout]    = note: the attribute macro `typetag::serde` may come from an old version of the `typetag_impl` crate, try updating your dependency with `cargo update -p typetag_impl`
[INFO] [stdout]    = note: an `impl` is never scoped, even when it is nested inside an item, as it may impact type checking outside of that item, which can be the case if neither the trait or the self type are at the same nesting level as the `impl`
[INFO] [stdout]    = note: items in an anonymous const item (`const _: () = { ... }`) are treated as in the same scope as the anonymous const's declaration for the purpose of this lint
[INFO] [stdout]    = note: this warning originates in the attribute macro `typetag::serde` (in Nightly builds, run with -Z macro-backtrace for more info)
[INFO] [stdout] 
[INFO] [stdout] 
[INFO] [stderr]     Finished `dev` profile [unoptimized + debuginfo] target(s) in 2m 00s
[INFO] running `Command { std: "docker" "inspect" "6843d2e5d5c14007a850b26dfba66236b3be0ac53c8e8c6e8f34a369494fb91e", kill_on_drop: false }`
[INFO] running `Command { std: "docker" "rm" "-f" "6843d2e5d5c14007a850b26dfba66236b3be0ac53c8e8c6e8f34a369494fb91e", kill_on_drop: false }`
[INFO] [stdout] 6843d2e5d5c14007a850b26dfba66236b3be0ac53c8e8c6e8f34a369494fb91e
[INFO] running `Command { std: "docker" "create" "-v" "/var/lib/crater-agent-workspace/builds/worker-5-tc2/target:/opt/rustwide/target:rw,Z" "-v" "/var/lib/crater-agent-workspace/builds/worker-5-tc2/source:/opt/rustwide/workdir:ro,Z" "-v" "/var/lib/crater-agent-workspace/cargo-home:/opt/rustwide/cargo-home:ro,Z" "-v" "/var/lib/crater-agent-workspace/rustup-home:/opt/rustwide/rustup-home:ro,Z" "-e" "SOURCE_DIR=/opt/rustwide/workdir" "-e" "CARGO_TARGET_DIR=/opt/rustwide/target" "-e" "CARGO_INCREMENTAL=0" "-e" "RUST_BACKTRACE=full" "-e" "RUSTFLAGS=--cap-lints=forbid -Zrandomize-layout" "-e" "RUSTDOCFLAGS=--cap-lints=forbid" "-e" "CARGO_HOME=/opt/rustwide/cargo-home" "-e" "RUSTUP_HOME=/opt/rustwide/rustup-home" "-w" "/opt/rustwide/workdir" "-m" "1610612736" "--user" "0:0" "--network" "none" "ghcr.io/rust-lang/crates-build-env/linux@sha256:4a844ea9eb2546a2d2c7022eacef16ef2e8229c7fbb2c7d4d55a9ceca922f72d" "/opt/rustwide/cargo-home/bin/cargo" "+nightly-2024-10-28" "test" "--frozen" "--no-run" "--message-format=json", kill_on_drop: false }`
[INFO] [stdout] 423ad1b84619c88a2c16d32912918a73b9b35b9557b758f7e3479c9a5826ba54
[INFO] running `Command { std: "docker" "start" "-a" "423ad1b84619c88a2c16d32912918a73b9b35b9557b758f7e3479c9a5826ba54", kill_on_drop: false }`
[INFO] [stderr]    Compiling serde_test v1.0.177
[INFO] [stdout] warning: non-local `impl` definition, `impl` blocks should be written at the same level as their item
[INFO] [stdout]  --> src/error.rs:3:17
[INFO] [stdout]   |
[INFO] [stdout] 3 | #[derive(Debug, Fail)]
[INFO] [stdout]   |                 ^---
[INFO] [stdout]   |                 |
[INFO] [stdout]   |                 `Fail` is not local
[INFO] [stdout]   |                 move the `impl` block outside of this constant `_DERIVE_failure_Fail_FOR_Error`
[INFO] [stdout] 4 | pub enum Error {
[INFO] [stdout]   |          ----- `Error` is not local
[INFO] [stdout]   |
[INFO] [stdout]   = note: the derive macro `Fail` defines the non-local `impl`, and may need to be changed
[INFO] [stdout]   = note: the derive macro `Fail` may come from an old version of the `failure_derive` crate, try updating your dependency with `cargo update -p failure_derive`
[INFO] [stdout]   = note: an `impl` is never scoped, even when it is nested inside an item, as it may impact type checking outside of that item, which can be the case if neither the trait or the self type are at the same nesting level as the `impl`
[INFO] [stdout]   = note: items in an anonymous const item (`const _: () = { ... }`) are treated as in the same scope as the anonymous const's declaration for the purpose of this lint
[INFO] [stdout]   = note: `#[warn(non_local_definitions)]` on by default
[INFO] [stdout]   = note: this warning originates in the derive macro `Fail` (in Nightly builds, run with -Z macro-backtrace for more info)
[INFO] [stdout] 
[INFO] [stdout] 
[INFO] [stdout] warning: non-local `impl` definition, `impl` blocks should be written at the same level as their item
[INFO] [stdout]  --> src/error.rs:3:17
[INFO] [stdout]   |
[INFO] [stdout] 3 | #[derive(Debug, Fail)]
[INFO] [stdout]   |                 ^---
[INFO] [stdout]   |                 |
[INFO] [stdout]   |                 `Display` is not local
[INFO] [stdout]   |                 move the `impl` block outside of this constant `_DERIVE_failure_core_fmt_Display_FOR_Error`
[INFO] [stdout] 4 | pub enum Error {
[INFO] [stdout]   |          ----- `Error` is not local
[INFO] [stdout]   |
[INFO] [stdout]   = note: the derive macro `Fail` defines the non-local `impl`, and may need to be changed
[INFO] [stdout]   = note: the derive macro `Fail` may come from an old version of the `failure_derive` crate, try updating your dependency with `cargo update -p failure_derive`
[INFO] [stdout]   = note: an `impl` is never scoped, even when it is nested inside an item, as it may impact type checking outside of that item, which can be the case if neither the trait or the self type are at the same nesting level as the `impl`
[INFO] [stdout]   = note: items in an anonymous const item (`const _: () = { ... }`) are treated as in the same scope as the anonymous const's declaration for the purpose of this lint
[INFO] [stdout]   = note: this warning originates in the derive macro `Fail` (in Nightly builds, run with -Z macro-backtrace for more info)
[INFO] [stdout] 
[INFO] [stdout] 
[INFO] [stdout] warning: non-local `impl` definition, `impl` blocks should be written at the same level as their item
[INFO] [stdout]   --> src/repository/backend.rs:12:1
[INFO] [stdout]    |
[INFO] [stdout] 12 | #[typetag::serde(tag = "type")]
[INFO] [stdout]    | ^^^^^^^^^^^^^^^^^^^^^^^^^^^^^^^
[INFO] [stdout]    | |
[INFO] [stdout]    | `Serialize` is not local
[INFO] [stdout]    | move the `impl` block outside of this constant `_Backend_registry`
[INFO] [stdout] 13 | pub trait Backend: BackendClone + Display {
[INFO] [stdout]    |           ------- `Backend` is not local
[INFO] [stdout]    |
[INFO] [stdout]    = note: the attribute macro `typetag::serde` defines the non-local `impl`, and may need to be changed
[INFO] [stdout]    = note: the attribute macro `typetag::serde` may come from an old version of the `typetag_impl` crate, try updating your dependency with `cargo update -p typetag_impl`
[INFO] [stdout]    = note: an `impl` is never scoped, even when it is nested inside an item, as it may impact type checking outside of that item, which can be the case if neither the trait or the self type are at the same nesting level as the `impl`
[INFO] [stdout]    = note: items in an anonymous const item (`const _: () = { ... }`) are treated as in the same scope as the anonymous const's declaration for the purpose of this lint
[INFO] [stdout]    = note: this warning originates in the attribute macro `typetag::serde` (in Nightly builds, run with -Z macro-backtrace for more info)
[INFO] [stdout] 
[INFO] [stdout] 
[INFO] [stdout] warning: non-local `impl` definition, `impl` blocks should be written at the same level as their item
[INFO] [stdout]   --> src/repository/backend.rs:12:1
[INFO] [stdout]    |
[INFO] [stdout] 12 | #[typetag::serde(tag = "type")]
[INFO] [stdout]    | ^^^^^^^^^^^^^^^^^^^^^^^^^^^^^^^
[INFO] [stdout]    | |
[INFO] [stdout]    | `Send` is not local
[INFO] [stdout]    | `Serialize` is not local
[INFO] [stdout]    | move the `impl` block outside of this constant `_Backend_registry`
[INFO] [stdout] 13 | pub trait Backend: BackendClone + Display {
[INFO] [stdout]    |           ------- `Backend` is not local
[INFO] [stdout]    |
[INFO] [stdout]    = note: the attribute macro `typetag::serde` defines the non-local `impl`, and may need to be changed
[INFO] [stdout]    = note: the attribute macro `typetag::serde` may come from an old version of the `typetag_impl` crate, try updating your dependency with `cargo update -p typetag_impl`
[INFO] [stdout]    = note: an `impl` is never scoped, even when it is nested inside an item, as it may impact type checking outside of that item, which can be the case if neither the trait or the self type are at the same nesting level as the `impl`
[INFO] [stdout]    = note: items in an anonymous const item (`const _: () = { ... }`) are treated as in the same scope as the anonymous const's declaration for the purpose of this lint
[INFO] [stdout]    = note: this warning originates in the attribute macro `typetag::serde` (in Nightly builds, run with -Z macro-backtrace for more info)
[INFO] [stdout] 
[INFO] [stdout] 
[INFO] [stdout] warning: non-local `impl` definition, `impl` blocks should be written at the same level as their item
[INFO] [stdout]   --> src/repository/backend.rs:12:1
[INFO] [stdout]    |
[INFO] [stdout] 12 | #[typetag::serde(tag = "type")]
[INFO] [stdout]    | ^^^^^^^^^^^^^^^^^^^^^^^^^^^^^^^
[INFO] [stdout]    | |
[INFO] [stdout]    | `Sync` is not local
[INFO] [stdout]    | `Serialize` is not local
[INFO] [stdout]    | move the `impl` block outside of this constant `_Backend_registry`
[INFO] [stdout] 13 | pub trait Backend: BackendClone + Display {
[INFO] [stdout]    |           ------- `Backend` is not local
[INFO] [stdout]    |
[INFO] [stdout]    = note: the attribute macro `typetag::serde` defines the non-local `impl`, and may need to be changed
[INFO] [stdout]    = note: the attribute macro `typetag::serde` may come from an old version of the `typetag_impl` crate, try updating your dependency with `cargo update -p typetag_impl`
[INFO] [stdout]    = note: an `impl` is never scoped, even when it is nested inside an item, as it may impact type checking outside of that item, which can be the case if neither the trait or the self type are at the same nesting level as the `impl`
[INFO] [stdout]    = note: items in an anonymous const item (`const _: () = { ... }`) are treated as in the same scope as the anonymous const's declaration for the purpose of this lint
[INFO] [stdout]    = note: this warning originates in the attribute macro `typetag::serde` (in Nightly builds, run with -Z macro-backtrace for more info)
[INFO] [stdout] 
[INFO] [stdout] 
[INFO] [stdout] warning: non-local `impl` definition, `impl` blocks should be written at the same level as their item
[INFO] [stdout]   --> src/repository/backend.rs:12:1
[INFO] [stdout]    |
[INFO] [stdout] 12 | #[typetag::serde(tag = "type")]
[INFO] [stdout]    | ^^^^^^^^^^^^^^^^^^^^^^^^^^^^^^^
[INFO] [stdout]    | |
[INFO] [stdout]    | `Send` is not local
[INFO] [stdout]    | `Sync` is not local
[INFO] [stdout]    | `Serialize` is not local
[INFO] [stdout]    | move the `impl` block outside of this constant `_Backend_registry`
[INFO] [stdout] 13 | pub trait Backend: BackendClone + Display {
[INFO] [stdout]    |           ------- `Backend` is not local
[INFO] [stdout]    |
[INFO] [stdout]    = note: the attribute macro `typetag::serde` defines the non-local `impl`, and may need to be changed
[INFO] [stdout]    = note: the attribute macro `typetag::serde` may come from an old version of the `typetag_impl` crate, try updating your dependency with `cargo update -p typetag_impl`
[INFO] [stdout]    = note: an `impl` is never scoped, even when it is nested inside an item, as it may impact type checking outside of that item, which can be the case if neither the trait or the self type are at the same nesting level as the `impl`
[INFO] [stdout]    = note: items in an anonymous const item (`const _: () = { ... }`) are treated as in the same scope as the anonymous const's declaration for the purpose of this lint
[INFO] [stdout]    = note: this warning originates in the attribute macro `typetag::serde` (in Nightly builds, run with -Z macro-backtrace for more info)
[INFO] [stdout] 
[INFO] [stdout] 
[INFO] [stdout] warning: non-local `impl` definition, `impl` blocks should be written at the same level as their item
[INFO] [stdout]   --> src/repository/backend.rs:12:1
[INFO] [stdout]    |
[INFO] [stdout] 12 | #[typetag::serde(tag = "type")]
[INFO] [stdout]    | ^^^^^^^^^^^^^^^^^^^^^^^^^^^^^^^ move the `impl` block outside of this constant `_Backend_registry`
[INFO] [stdout] 13 | pub trait Backend: BackendClone + Display {
[INFO] [stdout]    |           ------- `Backend` is not local
[INFO] [stdout]    |
[INFO] [stdout]    = note: the attribute macro `typetag::serde` defines the non-local `impl`, and may need to be changed
[INFO] [stdout]    = note: the attribute macro `typetag::serde` may come from an old version of the `typetag_impl` crate, try updating your dependency with `cargo update -p typetag_impl`
[INFO] [stdout]    = note: an `impl` is never scoped, even when it is nested inside an item, as it may impact type checking outside of that item, which can be the case if neither the trait or the self type are at the same nesting level as the `impl`
[INFO] [stdout]    = note: items in an anonymous const item (`const _: () = { ... }`) are treated as in the same scope as the anonymous const's declaration for the purpose of this lint
[INFO] [stdout]    = note: this warning originates in the attribute macro `typetag::serde` (in Nightly builds, run with -Z macro-backtrace for more info)
[INFO] [stdout] 
[INFO] [stdout] 
[INFO] [stdout] warning: non-local `impl` definition, `impl` blocks should be written at the same level as their item
[INFO] [stdout]   --> src/repository/backend.rs:12:1
[INFO] [stdout]    |
[INFO] [stdout] 12 | #[typetag::serde(tag = "type")]
[INFO] [stdout]    | ^^^^^^^^^^^^^^^^^^^^^^^^^^^^^^^
[INFO] [stdout]    | |
[INFO] [stdout]    | `Strictest` is not local
[INFO] [stdout]    | move the `impl` block outside of this constant `_Backend_registry`
[INFO] [stdout] 13 | pub trait Backend: BackendClone + Display {
[INFO] [stdout]    |           ------- `Backend` is not local
[INFO] [stdout]    |
[INFO] [stdout]    = note: the attribute macro `typetag::serde` defines the non-local `impl`, and may need to be changed
[INFO] [stdout]    = note: the attribute macro `typetag::serde` may come from an old version of the `typetag_impl` crate, try updating your dependency with `cargo update -p typetag_impl`
[INFO] [stdout]    = note: an `impl` is never scoped, even when it is nested inside an item, as it may impact type checking outside of that item, which can be the case if neither the trait or the self type are at the same nesting level as the `impl`
[INFO] [stdout]    = note: items in an anonymous const item (`const _: () = { ... }`) are treated as in the same scope as the anonymous const's declaration for the purpose of this lint
[INFO] [stdout]    = note: this warning originates in the attribute macro `typetag::serde` (in Nightly builds, run with -Z macro-backtrace for more info)
[INFO] [stdout] 
[INFO] [stdout] 
[INFO] [stdout] warning: non-local `impl` definition, `impl` blocks should be written at the same level as their item
[INFO] [stdout]   --> src/repository/backend.rs:12:1
[INFO] [stdout]    |
[INFO] [stdout] 12 | #[typetag::serde(tag = "type")]
[INFO] [stdout]    | -^^^^^^^^^^^^^^^^^^^^^^^^^^^^^^
[INFO] [stdout]    | |
[INFO] [stdout]    | `Box` is not local
[INFO] [stdout]    | `Deserialize` is not local
[INFO] [stdout]    | move the `impl` block outside of this constant `_Backend_registry`
[INFO] [stdout] 13 | pub trait Backend: BackendClone + Display {
[INFO] [stdout]    |           ------- `Backend` is not local
[INFO] [stdout]    |
[INFO] [stdout]    = note: the attribute macro `typetag::serde` defines the non-local `impl`, and may need to be changed
[INFO] [stdout]    = note: the attribute macro `typetag::serde` may come from an old version of the `typetag_impl` crate, try updating your dependency with `cargo update -p typetag_impl`
[INFO] [stdout]    = note: an `impl` is never scoped, even when it is nested inside an item, as it may impact type checking outside of that item, which can be the case if neither the trait or the self type are at the same nesting level as the `impl`
[INFO] [stdout]    = note: items in an anonymous const item (`const _: () = { ... }`) are treated as in the same scope as the anonymous const's declaration for the purpose of this lint
[INFO] [stdout]    = note: this warning originates in the attribute macro `typetag::serde` (in Nightly builds, run with -Z macro-backtrace for more info)
[INFO] [stdout] 
[INFO] [stdout] 
[INFO] [stderr]    Compiling soma-ctf v0.1.0-alpha (/opt/rustwide/workdir)
[INFO] [stdout] warning: non-local `impl` definition, `impl` blocks should be written at the same level as their item
[INFO] [stdout]  --> src/error.rs:3:17
[INFO] [stdout]   |
[INFO] [stdout] 3 | #[derive(Debug, Fail)]
[INFO] [stdout]   |                 ^---
[INFO] [stdout]   |                 |
[INFO] [stdout]   |                 `Fail` is not local
[INFO] [stdout]   |                 move the `impl` block outside of this constant `_DERIVE_failure_Fail_FOR_Error`
[INFO] [stdout] 4 | pub enum Error {
[INFO] [stdout]   |          ----- `Error` is not local
[INFO] [stdout]   |
[INFO] [stdout]   = note: the derive macro `Fail` defines the non-local `impl`, and may need to be changed
[INFO] [stdout]   = note: the derive macro `Fail` may come from an old version of the `failure_derive` crate, try updating your dependency with `cargo update -p failure_derive`
[INFO] [stdout]   = note: an `impl` is never scoped, even when it is nested inside an item, as it may impact type checking outside of that item, which can be the case if neither the trait or the self type are at the same nesting level as the `impl`
[INFO] [stdout]   = note: items in an anonymous const item (`const _: () = { ... }`) are treated as in the same scope as the anonymous const's declaration for the purpose of this lint
[INFO] [stdout]   = note: `#[warn(non_local_definitions)]` on by default
[INFO] [stdout]   = note: this warning originates in the derive macro `Fail` (in Nightly builds, run with -Z macro-backtrace for more info)
[INFO] [stdout] 
[INFO] [stdout] 
[INFO] [stdout] warning: non-local `impl` definition, `impl` blocks should be written at the same level as their item
[INFO] [stdout]  --> src/error.rs:3:17
[INFO] [stdout]   |
[INFO] [stdout] 3 | #[derive(Debug, Fail)]
[INFO] [stdout]   |                 ^---
[INFO] [stdout]   |                 |
[INFO] [stdout]   |                 `Display` is not local
[INFO] [stdout]   |                 move the `impl` block outside of this constant `_DERIVE_failure_core_fmt_Display_FOR_Error`
[INFO] [stdout] 4 | pub enum Error {
[INFO] [stdout]   |          ----- `Error` is not local
[INFO] [stdout]   |
[INFO] [stdout]   = note: the derive macro `Fail` defines the non-local `impl`, and may need to be changed
[INFO] [stdout]   = note: the derive macro `Fail` may come from an old version of the `failure_derive` crate, try updating your dependency with `cargo update -p failure_derive`
[INFO] [stdout]   = note: an `impl` is never scoped, even when it is nested inside an item, as it may impact type checking outside of that item, which can be the case if neither the trait or the self type are at the same nesting level as the `impl`
[INFO] [stdout]   = note: items in an anonymous const item (`const _: () = { ... }`) are treated as in the same scope as the anonymous const's declaration for the purpose of this lint
[INFO] [stdout]   = note: this warning originates in the derive macro `Fail` (in Nightly builds, run with -Z macro-backtrace for more info)
[INFO] [stdout] 
[INFO] [stdout] 
[INFO] [stdout] warning: non-local `impl` definition, `impl` blocks should be written at the same level as their item
[INFO] [stdout]   --> src/repository/backend.rs:12:1
[INFO] [stdout]    |
[INFO] [stdout] 12 | #[typetag::serde(tag = "type")]
[INFO] [stdout]    | ^^^^^^^^^^^^^^^^^^^^^^^^^^^^^^^
[INFO] [stdout]    | |
[INFO] [stdout]    | `Serialize` is not local
[INFO] [stdout]    | move the `impl` block outside of this constant `_Backend_registry`
[INFO] [stdout] 13 | pub trait Backend: BackendClone + Display {
[INFO] [stdout]    |           ------- `Backend` is not local
[INFO] [stdout]    |
[INFO] [stdout]    = note: the attribute macro `typetag::serde` defines the non-local `impl`, and may need to be changed
[INFO] [stdout]    = note: the attribute macro `typetag::serde` may come from an old version of the `typetag_impl` crate, try updating your dependency with `cargo update -p typetag_impl`
[INFO] [stdout]    = note: an `impl` is never scoped, even when it is nested inside an item, as it may impact type checking outside of that item, which can be the case if neither the trait or the self type are at the same nesting level as the `impl`
[INFO] [stdout]    = note: items in an anonymous const item (`const _: () = { ... }`) are treated as in the same scope as the anonymous const's declaration for the purpose of this lint
[INFO] [stdout]    = note: this warning originates in the attribute macro `typetag::serde` (in Nightly builds, run with -Z macro-backtrace for more info)
[INFO] [stdout] 
[INFO] [stdout] 
[INFO] [stdout] warning: non-local `impl` definition, `impl` blocks should be written at the same level as their item
[INFO] [stdout]   --> src/repository/backend.rs:12:1
[INFO] [stdout]    |
[INFO] [stdout] 12 | #[typetag::serde(tag = "type")]
[INFO] [stdout]    | ^^^^^^^^^^^^^^^^^^^^^^^^^^^^^^^
[INFO] [stdout]    | |
[INFO] [stdout]    | `Send` is not local
[INFO] [stdout]    | `Serialize` is not local
[INFO] [stdout]    | move the `impl` block outside of this constant `_Backend_registry`
[INFO] [stdout] 13 | pub trait Backend: BackendClone + Display {
[INFO] [stdout]    |           ------- `Backend` is not local
[INFO] [stdout]    |
[INFO] [stdout]    = note: the attribute macro `typetag::serde` defines the non-local `impl`, and may need to be changed
[INFO] [stdout]    = note: the attribute macro `typetag::serde` may come from an old version of the `typetag_impl` crate, try updating your dependency with `cargo update -p typetag_impl`
[INFO] [stdout]    = note: an `impl` is never scoped, even when it is nested inside an item, as it may impact type checking outside of that item, which can be the case if neither the trait or the self type are at the same nesting level as the `impl`
[INFO] [stdout]    = note: items in an anonymous const item (`const _: () = { ... }`) are treated as in the same scope as the anonymous const's declaration for the purpose of this lint
[INFO] [stdout]    = note: this warning originates in the attribute macro `typetag::serde` (in Nightly builds, run with -Z macro-backtrace for more info)
[INFO] [stdout] 
[INFO] [stdout] 
[INFO] [stdout] warning: non-local `impl` definition, `impl` blocks should be written at the same level as their item
[INFO] [stdout]   --> src/repository/backend.rs:12:1
[INFO] [stdout]    |
[INFO] [stdout] 12 | #[typetag::serde(tag = "type")]
[INFO] [stdout]    | ^^^^^^^^^^^^^^^^^^^^^^^^^^^^^^^
[INFO] [stdout]    | |
[INFO] [stdout]    | `Sync` is not local
[INFO] [stdout]    | `Serialize` is not local
[INFO] [stdout]    | move the `impl` block outside of this constant `_Backend_registry`
[INFO] [stdout] 13 | pub trait Backend: BackendClone + Display {
[INFO] [stdout]    |           ------- `Backend` is not local
[INFO] [stdout]    |
[INFO] [stdout]    = note: the attribute macro `typetag::serde` defines the non-local `impl`, and may need to be changed
[INFO] [stdout]    = note: the attribute macro `typetag::serde` may come from an old version of the `typetag_impl` crate, try updating your dependency with `cargo update -p typetag_impl`
[INFO] [stdout]    = note: an `impl` is never scoped, even when it is nested inside an item, as it may impact type checking outside of that item, which can be the case if neither the trait or the self type are at the same nesting level as the `impl`
[INFO] [stdout]    = note: items in an anonymous const item (`const _: () = { ... }`) are treated as in the same scope as the anonymous const's declaration for the purpose of this lint
[INFO] [stdout]    = note: this warning originates in the attribute macro `typetag::serde` (in Nightly builds, run with -Z macro-backtrace for more info)
[INFO] [stdout] 
[INFO] [stdout] 
[INFO] [stdout] warning: non-local `impl` definition, `impl` blocks should be written at the same level as their item
[INFO] [stdout]   --> src/repository/backend.rs:12:1
[INFO] [stdout]    |
[INFO] [stdout] 12 | #[typetag::serde(tag = "type")]
[INFO] [stdout]    | ^^^^^^^^^^^^^^^^^^^^^^^^^^^^^^^
[INFO] [stdout]    | |
[INFO] [stdout]    | `Send` is not local
[INFO] [stdout]    | `Sync` is not local
[INFO] [stdout]    | `Serialize` is not local
[INFO] [stdout]    | move the `impl` block outside of this constant `_Backend_registry`
[INFO] [stdout] 13 | pub trait Backend: BackendClone + Display {
[INFO] [stdout]    |           ------- `Backend` is not local
[INFO] [stdout]    |
[INFO] [stdout]    = note: the attribute macro `typetag::serde` defines the non-local `impl`, and may need to be changed
[INFO] [stdout]    = note: the attribute macro `typetag::serde` may come from an old version of the `typetag_impl` crate, try updating your dependency with `cargo update -p typetag_impl`
[INFO] [stdout]    = note: an `impl` is never scoped, even when it is nested inside an item, as it may impact type checking outside of that item, which can be the case if neither the trait or the self type are at the same nesting level as the `impl`
[INFO] [stdout]    = note: items in an anonymous const item (`const _: () = { ... }`) are treated as in the same scope as the anonymous const's declaration for the purpose of this lint
[INFO] [stdout]    = note: this warning originates in the attribute macro `typetag::serde` (in Nightly builds, run with -Z macro-backtrace for more info)
[INFO] [stdout] 
[INFO] [stdout] 
[INFO] [stdout] warning: non-local `impl` definition, `impl` blocks should be written at the same level as their item
[INFO] [stdout]   --> src/repository/backend.rs:12:1
[INFO] [stdout]    |
[INFO] [stdout] 12 | #[typetag::serde(tag = "type")]
[INFO] [stdout]    | ^^^^^^^^^^^^^^^^^^^^^^^^^^^^^^^ move the `impl` block outside of this constant `_Backend_registry`
[INFO] [stdout] 13 | pub trait Backend: BackendClone + Display {
[INFO] [stdout]    |           ------- `Backend` is not local
[INFO] [stdout]    |
[INFO] [stdout]    = note: the attribute macro `typetag::serde` defines the non-local `impl`, and may need to be changed
[INFO] [stdout]    = note: the attribute macro `typetag::serde` may come from an old version of the `typetag_impl` crate, try updating your dependency with `cargo update -p typetag_impl`
[INFO] [stdout]    = note: an `impl` is never scoped, even when it is nested inside an item, as it may impact type checking outside of that item, which can be the case if neither the trait or the self type are at the same nesting level as the `impl`
[INFO] [stdout]    = note: items in an anonymous const item (`const _: () = { ... }`) are treated as in the same scope as the anonymous const's declaration for the purpose of this lint
[INFO] [stdout]    = note: this warning originates in the attribute macro `typetag::serde` (in Nightly builds, run with -Z macro-backtrace for more info)
[INFO] [stdout] 
[INFO] [stdout] 
[INFO] [stdout] warning: non-local `impl` definition, `impl` blocks should be written at the same level as their item
[INFO] [stdout]   --> src/repository/backend.rs:12:1
[INFO] [stdout]    |
[INFO] [stdout] 12 | #[typetag::serde(tag = "type")]
[INFO] [stdout]    | ^^^^^^^^^^^^^^^^^^^^^^^^^^^^^^^
[INFO] [stdout]    | |
[INFO] [stdout]    | `Strictest` is not local
[INFO] [stdout]    | move the `impl` block outside of this constant `_Backend_registry`
[INFO] [stdout] 13 | pub trait Backend: BackendClone + Display {
[INFO] [stdout]    |           ------- `Backend` is not local
[INFO] [stdout]    |
[INFO] [stdout]    = note: the attribute macro `typetag::serde` defines the non-local `impl`, and may need to be changed
[INFO] [stdout]    = note: the attribute macro `typetag::serde` may come from an old version of the `typetag_impl` crate, try updating your dependency with `cargo update -p typetag_impl`
[INFO] [stdout]    = note: an `impl` is never scoped, even when it is nested inside an item, as it may impact type checking outside of that item, which can be the case if neither the trait or the self type are at the same nesting level as the `impl`
[INFO] [stdout]    = note: items in an anonymous const item (`const _: () = { ... }`) are treated as in the same scope as the anonymous const's declaration for the purpose of this lint
[INFO] [stdout]    = note: this warning originates in the attribute macro `typetag::serde` (in Nightly builds, run with -Z macro-backtrace for more info)
[INFO] [stdout] 
[INFO] [stdout] 
[INFO] [stdout] warning: non-local `impl` definition, `impl` blocks should be written at the same level as their item
[INFO] [stdout]   --> src/repository/backend.rs:12:1
[INFO] [stdout]    |
[INFO] [stdout] 12 | #[typetag::serde(tag = "type")]
[INFO] [stdout]    | -^^^^^^^^^^^^^^^^^^^^^^^^^^^^^^
[INFO] [stdout]    | |
[INFO] [stdout]    | `Box` is not local
[INFO] [stdout]    | `Deserialize` is not local
[INFO] [stdout]    | move the `impl` block outside of this constant `_Backend_registry`
[INFO] [stdout] 13 | pub trait Backend: BackendClone + Display {
[INFO] [stdout]    |           ------- `Backend` is not local
[INFO] [stdout]    |
[INFO] [stdout]    = note: the attribute macro `typetag::serde` defines the non-local `impl`, and may need to be changed
[INFO] [stdout]    = note: the attribute macro `typetag::serde` may come from an old version of the `typetag_impl` crate, try updating your dependency with `cargo update -p typetag_impl`
[INFO] [stdout]    = note: an `impl` is never scoped, even when it is nested inside an item, as it may impact type checking outside of that item, which can be the case if neither the trait or the self type are at the same nesting level as the `impl`
[INFO] [stdout]    = note: items in an anonymous const item (`const _: () = { ... }`) are treated as in the same scope as the anonymous const's declaration for the purpose of this lint
[INFO] [stdout]    = note: this warning originates in the attribute macro `typetag::serde` (in Nightly builds, run with -Z macro-backtrace for more info)
[INFO] [stdout] 
[INFO] [stdout] 
[INFO] [stderr]     Finished `test` profile [unoptimized + debuginfo] target(s) in 17.68s
[INFO] running `Command { std: "docker" "inspect" "423ad1b84619c88a2c16d32912918a73b9b35b9557b758f7e3479c9a5826ba54", kill_on_drop: false }`
[INFO] running `Command { std: "docker" "rm" "-f" "423ad1b84619c88a2c16d32912918a73b9b35b9557b758f7e3479c9a5826ba54", kill_on_drop: false }`
[INFO] [stdout] 423ad1b84619c88a2c16d32912918a73b9b35b9557b758f7e3479c9a5826ba54
[INFO] running `Command { std: "docker" "create" "-v" "/var/lib/crater-agent-workspace/builds/worker-5-tc2/target:/opt/rustwide/target:rw,Z" "-v" "/var/lib/crater-agent-workspace/builds/worker-5-tc2/source:/opt/rustwide/workdir:ro,Z" "-v" "/var/lib/crater-agent-workspace/cargo-home:/opt/rustwide/cargo-home:ro,Z" "-v" "/var/lib/crater-agent-workspace/rustup-home:/opt/rustwide/rustup-home:ro,Z" "-e" "SOURCE_DIR=/opt/rustwide/workdir" "-e" "CARGO_TARGET_DIR=/opt/rustwide/target" "-e" "CARGO_INCREMENTAL=0" "-e" "RUST_BACKTRACE=full" "-e" "RUSTFLAGS=--cap-lints=forbid -Zrandomize-layout" "-e" "RUSTDOCFLAGS=--cap-lints=forbid" "-e" "CARGO_HOME=/opt/rustwide/cargo-home" "-e" "RUSTUP_HOME=/opt/rustwide/rustup-home" "-w" "/opt/rustwide/workdir" "-m" "1610612736" "--user" "0:0" "--network" "none" "ghcr.io/rust-lang/crates-build-env/linux@sha256:4a844ea9eb2546a2d2c7022eacef16ef2e8229c7fbb2c7d4d55a9ceca922f72d" "/opt/rustwide/cargo-home/bin/cargo" "+nightly-2024-10-28" "test" "--frozen", kill_on_drop: false }`
[INFO] [stdout] 0bc6a361b30fa1bc4157d552487c805ab2f63d8050cc8d74250894feaf5c83d2
[INFO] running `Command { std: "docker" "start" "-a" "0bc6a361b30fa1bc4157d552487c805ab2f63d8050cc8d74250894feaf5c83d2", kill_on_drop: false }`
[INFO] [stderr] warning: non-local `impl` definition, `impl` blocks should be written at the same level as their item
[INFO] [stderr]  --> src/error.rs:3:17
[INFO] [stderr]   |
[INFO] [stderr] 3 | #[derive(Debug, Fail)]
[INFO] [stderr]   |                 ^---
[INFO] [stderr]   |                 |
[INFO] [stderr]   |                 `Fail` is not local
[INFO] [stderr]   |                 move the `impl` block outside of this constant `_DERIVE_failure_Fail_FOR_Error`
[INFO] [stderr] 4 | pub enum Error {
[INFO] [stderr]   |          ----- `Error` is not local
[INFO] [stderr]   |
[INFO] [stderr]   = note: the derive macro `Fail` defines the non-local `impl`, and may need to be changed
[INFO] [stderr]   = note: the derive macro `Fail` may come from an old version of the `failure_derive` crate, try updating your dependency with `cargo update -p failure_derive`
[INFO] [stderr]   = note: an `impl` is never scoped, even when it is nested inside an item, as it may impact type checking outside of that item, which can be the case if neither the trait or the self type are at the same nesting level as the `impl`
[INFO] [stderr]   = note: items in an anonymous const item (`const _: () = { ... }`) are treated as in the same scope as the anonymous const's declaration for the purpose of this lint
[INFO] [stderr]   = note: `#[warn(non_local_definitions)]` on by default
[INFO] [stderr]   = note: this warning originates in the derive macro `Fail` (in Nightly builds, run with -Z macro-backtrace for more info)
[INFO] [stderr] 
[INFO] [stderr] warning: non-local `impl` definition, `impl` blocks should be written at the same level as their item
[INFO] [stderr]  --> src/error.rs:3:17
[INFO] [stderr]   |
[INFO] [stderr] 3 | #[derive(Debug, Fail)]
[INFO] [stderr]   |                 ^---
[INFO] [stderr]   |                 |
[INFO] [stderr]   |                 `Display` is not local
[INFO] [stderr]   |                 move the `impl` block outside of this constant `_DERIVE_failure_core_fmt_Display_FOR_Error`
[INFO] [stderr] 4 | pub enum Error {
[INFO] [stderr]   |          ----- `Error` is not local
[INFO] [stderr]   |
[INFO] [stderr]   = note: the derive macro `Fail` defines the non-local `impl`, and may need to be changed
[INFO] [stderr]   = note: the derive macro `Fail` may come from an old version of the `failure_derive` crate, try updating your dependency with `cargo update -p failure_derive`
[INFO] [stderr]   = note: an `impl` is never scoped, even when it is nested inside an item, as it may impact type checking outside of that item, which can be the case if neither the trait or the self type are at the same nesting level as the `impl`
[INFO] [stderr]   = note: items in an anonymous const item (`const _: () = { ... }`) are treated as in the same scope as the anonymous const's declaration for the purpose of this lint
[INFO] [stderr]   = note: this warning originates in the derive macro `Fail` (in Nightly builds, run with -Z macro-backtrace for more info)
[INFO] [stderr] 
[INFO] [stderr] warning: non-local `impl` definition, `impl` blocks should be written at the same level as their item
[INFO] [stderr]   --> src/repository/backend.rs:12:1
[INFO] [stderr]    |
[INFO] [stderr] 12 | #[typetag::serde(tag = "type")]
[INFO] [stderr]    | ^^^^^^^^^^^^^^^^^^^^^^^^^^^^^^^
[INFO] [stderr]    | |
[INFO] [stderr]    | `Serialize` is not local
[INFO] [stderr]    | move the `impl` block outside of this constant `_Backend_registry`
[INFO] [stderr] 13 | pub trait Backend: BackendClone + Display {
[INFO] [stderr]    |           ------- `Backend` is not local
[INFO] [stderr]    |
[INFO] [stderr]    = note: the attribute macro `typetag::serde` defines the non-local `impl`, and may need to be changed
[INFO] [stderr]    = note: the attribute macro `typetag::serde` may come from an old version of the `typetag_impl` crate, try updating your dependency with `cargo update -p typetag_impl`
[INFO] [stderr]    = note: an `impl` is never scoped, even when it is nested inside an item, as it may impact type checking outside of that item, which can be the case if neither the trait or the self type are at the same nesting level as the `impl`
[INFO] [stderr]    = note: items in an anonymous const item (`const _: () = { ... }`) are treated as in the same scope as the anonymous const's declaration for the purpose of this lint
[INFO] [stderr]    = note: this warning originates in the attribute macro `typetag::serde` (in Nightly builds, run with -Z macro-backtrace for more info)
[INFO] [stderr] 
[INFO] [stderr] warning: non-local `impl` definition, `impl` blocks should be written at the same level as their item
[INFO] [stderr]   --> src/repository/backend.rs:12:1
[INFO] [stderr]    |
[INFO] [stderr] 12 | #[typetag::serde(tag = "type")]
[INFO] [stderr]    | ^^^^^^^^^^^^^^^^^^^^^^^^^^^^^^^
[INFO] [stderr]    | |
[INFO] [stderr]    | `Send` is not local
[INFO] [stderr]    | `Serialize` is not local
[INFO] [stderr]    | move the `impl` block outside of this constant `_Backend_registry`
[INFO] [stderr] 13 | pub trait Backend: BackendClone + Display {
[INFO] [stderr]    |           ------- `Backend` is not local
[INFO] [stderr]    |
[INFO] [stderr]    = note: the attribute macro `typetag::serde` defines the non-local `impl`, and may need to be changed
[INFO] [stderr]    = note: the attribute macro `typetag::serde` may come from an old version of the `typetag_impl` crate, try updating your dependency with `cargo update -p typetag_impl`
[INFO] [stderr]    = note: an `impl` is never scoped, even when it is nested inside an item, as it may impact type checking outside of that item, which can be the case if neither the trait or the self type are at the same nesting level as the `impl`
[INFO] [stderr]    = note: items in an anonymous const item (`const _: () = { ... }`) are treated as in the same scope as the anonymous const's declaration for the purpose of this lint
[INFO] [stderr]    = note: this warning originates in the attribute macro `typetag::serde` (in Nightly builds, run with -Z macro-backtrace for more info)
[INFO] [stderr] 
[INFO] [stderr] warning: non-local `impl` definition, `impl` blocks should be written at the same level as their item
[INFO] [stderr]   --> src/repository/backend.rs:12:1
[INFO] [stderr]    |
[INFO] [stderr] 12 | #[typetag::serde(tag = "type")]
[INFO] [stderr]    | ^^^^^^^^^^^^^^^^^^^^^^^^^^^^^^^
[INFO] [stderr]    | |
[INFO] [stderr]    | `Sync` is not local
[INFO] [stderr]    | `Serialize` is not local
[INFO] [stderr]    | move the `impl` block outside of this constant `_Backend_registry`
[INFO] [stderr] 13 | pub trait Backend: BackendClone + Display {
[INFO] [stderr]    |           ------- `Backend` is not local
[INFO] [stderr]    |
[INFO] [stderr]    = note: the attribute macro `typetag::serde` defines the non-local `impl`, and may need to be changed
[INFO] [stderr]    = note: the attribute macro `typetag::serde` may come from an old version of the `typetag_impl` crate, try updating your dependency with `cargo update -p typetag_impl`
[INFO] [stderr]    = note: an `impl` is never scoped, even when it is nested inside an item, as it may impact type checking outside of that item, which can be the case if neither the trait or the self type are at the same nesting level as the `impl`
[INFO] [stderr]    = note: items in an anonymous const item (`const _: () = { ... }`) are treated as in the same scope as the anonymous const's declaration for the purpose of this lint
[INFO] [stderr]    = note: this warning originates in the attribute macro `typetag::serde` (in Nightly builds, run with -Z macro-backtrace for more info)
[INFO] [stderr] 
[INFO] [stderr] warning: non-local `impl` definition, `impl` blocks should be written at the same level as their item
[INFO] [stderr]   --> src/repository/backend.rs:12:1
[INFO] [stderr]    |
[INFO] [stderr] 12 | #[typetag::serde(tag = "type")]
[INFO] [stderr]    | ^^^^^^^^^^^^^^^^^^^^^^^^^^^^^^^
[INFO] [stderr]    | |
[INFO] [stderr]    | `Send` is not local
[INFO] [stderr]    | `Sync` is not local
[INFO] [stderr]    | `Serialize` is not local
[INFO] [stderr]    | move the `impl` block outside of this constant `_Backend_registry`
[INFO] [stderr] 13 | pub trait Backend: BackendClone + Display {
[INFO] [stderr]    |           ------- `Backend` is not local
[INFO] [stderr]    |
[INFO] [stderr]    = note: the attribute macro `typetag::serde` defines the non-local `impl`, and may need to be changed
[INFO] [stderr]    = note: the attribute macro `typetag::serde` may come from an old version of the `typetag_impl` crate, try updating your dependency with `cargo update -p typetag_impl`
[INFO] [stderr]    = note: an `impl` is never scoped, even when it is nested inside an item, as it may impact type checking outside of that item, which can be the case if neither the trait or the self type are at the same nesting level as the `impl`
[INFO] [stderr]    = note: items in an anonymous const item (`const _: () = { ... }`) are treated as in the same scope as the anonymous const's declaration for the purpose of this lint
[INFO] [stderr]    = note: this warning originates in the attribute macro `typetag::serde` (in Nightly builds, run with -Z macro-backtrace for more info)
[INFO] [stderr] 
[INFO] [stderr] warning: non-local `impl` definition, `impl` blocks should be written at the same level as their item
[INFO] [stderr]   --> src/repository/backend.rs:12:1
[INFO] [stderr]    |
[INFO] [stderr] 12 | #[typetag::serde(tag = "type")]
[INFO] [stderr]    | ^^^^^^^^^^^^^^^^^^^^^^^^^^^^^^^ move the `impl` block outside of this constant `_Backend_registry`
[INFO] [stderr] 13 | pub trait Backend: BackendClone + Display {
[INFO] [stderr]    |           ------- `Backend` is not local
[INFO] [stderr]    |
[INFO] [stderr]    = note: the attribute macro `typetag::serde` defines the non-local `impl`, and may need to be changed
[INFO] [stderr]    = note: the attribute macro `typetag::serde` may come from an old version of the `typetag_impl` crate, try updating your dependency with `cargo update -p typetag_impl`
[INFO] [stderr]    = note: an `impl` is never scoped, even when it is nested inside an item, as it may impact type checking outside of that item, which can be the case if neither the trait or the self type are at the same nesting level as the `impl`
[INFO] [stderr]    = note: items in an anonymous const item (`const _: () = { ... }`) are treated as in the same scope as the anonymous const's declaration for the purpose of this lint
[INFO] [stderr]    = note: this warning originates in the attribute macro `typetag::serde` (in Nightly builds, run with -Z macro-backtrace for more info)
[INFO] [stderr] 
[INFO] [stderr] warning: non-local `impl` definition, `impl` blocks should be written at the same level as their item
[INFO] [stderr]   --> src/repository/backend.rs:12:1
[INFO] [stderr]    |
[INFO] [stderr] 12 | #[typetag::serde(tag = "type")]
[INFO] [stderr]    | ^^^^^^^^^^^^^^^^^^^^^^^^^^^^^^^
[INFO] [stderr]    | |
[INFO] [stderr]    | `Strictest` is not local
[INFO] [stderr]    | move the `impl` block outside of this constant `_Backend_registry`
[INFO] [stderr] 13 | pub trait Backend: BackendClone + Display {
[INFO] [stderr]    |           ------- `Backend` is not local
[INFO] [stderr]    |
[INFO] [stderr]    = note: the attribute macro `typetag::serde` defines the non-local `impl`, and may need to be changed
[INFO] [stderr]    = note: the attribute macro `typetag::serde` may come from an old version of the `typetag_impl` crate, try updating your dependency with `cargo update -p typetag_impl`
[INFO] [stderr]    = note: an `impl` is never scoped, even when it is nested inside an item, as it may impact type checking outside of that item, which can be the case if neither the trait or the self type are at the same nesting level as the `impl`
[INFO] [stderr]    = note: items in an anonymous const item (`const _: () = { ... }`) are treated as in the same scope as the anonymous const's declaration for the purpose of this lint
[INFO] [stderr]    = note: this warning originates in the attribute macro `typetag::serde` (in Nightly builds, run with -Z macro-backtrace for more info)
[INFO] [stderr] 
[INFO] [stderr] warning: non-local `impl` definition, `impl` blocks should be written at the same level as their item
[INFO] [stderr]   --> src/repository/backend.rs:12:1
[INFO] [stderr]    |
[INFO] [stderr] 12 | #[typetag::serde(tag = "type")]
[INFO] [stderr]    | -^^^^^^^^^^^^^^^^^^^^^^^^^^^^^^
[INFO] [stderr]    | |
[INFO] [stderr]    | `Box` is not local
[INFO] [stderr]    | `Deserialize` is not local
[INFO] [stderr]    | move the `impl` block outside of this constant `_Backend_registry`
[INFO] [stderr] 13 | pub trait Backend: BackendClone + Display {
[INFO] [stderr]    |           ------- `Backend` is not local
[INFO] [stderr]    |
[INFO] [stderr]    = note: the attribute macro `typetag::serde` defines the non-local `impl`, and may need to be changed
[INFO] [stderr]    = note: the attribute macro `typetag::serde` may come from an old version of the `typetag_impl` crate, try updating your dependency with `cargo update -p typetag_impl`
[INFO] [stderr]    = note: an `impl` is never scoped, even when it is nested inside an item, as it may impact type checking outside of that item, which can be the case if neither the trait or the self type are at the same nesting level as the `impl`
[INFO] [stderr]    = note: items in an anonymous const item (`const _: () = { ... }`) are treated as in the same scope as the anonymous const's declaration for the purpose of this lint
[INFO] [stderr]    = note: this warning originates in the attribute macro `typetag::serde` (in Nightly builds, run with -Z macro-backtrace for more info)
[INFO] [stderr] 
[INFO] [stderr] warning: `soma-ctf` (lib) generated 9 warnings
[INFO] [stderr] warning: `soma-ctf` (lib test) generated 9 warnings (9 duplicates)
[INFO] [stderr]     Finished `test` profile [unoptimized + debuginfo] target(s) in 0.24s
[INFO] [stderr]      Running unittests src/lib.rs (/opt/rustwide/target/debug/deps/soma-7d494637a040eebd)
[INFO] [stdout] 
[INFO] [stdout] running 5 tests
[INFO] [stdout] test problem::configs::common::tests::test_file_permissions_de ... ok
[INFO] [stdout] test problem::configs::common::tests::test_file_permissions_ser ... ok
[INFO] [stdout] test tests::test_name_de_error ... ok
[INFO] [stdout] test tests::test_name_eq ... ok
[INFO] [stdout] test tests::test_name_serde ... ok
[INFO] [stdout] 
[INFO] [stdout] test result: ok. 5 passed; 0 failed; 0 ignored; 0 measured; 0 filtered out; finished in 0.01s
[INFO] [stdout] 
[INFO] [stderr]      Running tests/add_remove.rs (/opt/rustwide/target/debug/deps/add_remove-13649c22de798245)
[INFO] [stdout] 
[INFO] [stdout] running 4 tests
[INFO] [stdout] test test_add_with_name ... FAILED
[INFO] [stdout] test test_prob_search ... FAILED
[INFO] [stdout] test test_add_remove ... FAILED
[INFO] [stdout] test test_soma_list ... FAILED
[INFO] [stdout] 
[INFO] [stdout] failures:
[INFO] [stdout] 
[INFO] [stdout] ---- test_add_with_name stdout ----
[INFO] [stdout] thread 'test_add_with_name' panicked at tests/add_remove.rs:37:5:
[INFO] [stdout] assertion failed: add(&mut env, SIMPLE_BOF_GIT, Some(repo_name)).is_ok()
[INFO] [stdout] stack backtrace:
[INFO] [stdout]    0:     0x5e0992c9f39a - std::backtrace_rs::backtrace::libunwind::trace::h207520d6e9873551
[INFO] [stdout]                                at /rustc/df4ca44d3fbc9301ee17f30f4d474e6ae4b05252/library/std/src/../../backtrace/src/backtrace/libunwind.rs:116:5
[INFO] [stdout]    1:     0x5e0992c9f39a - std::backtrace_rs::backtrace::trace_unsynchronized::h2ed7433f370e3eca
[INFO] [stdout]                                at /rustc/df4ca44d3fbc9301ee17f30f4d474e6ae4b05252/library/std/src/../../backtrace/src/backtrace/mod.rs:66:5
[INFO] [stdout]    2:     0x5e0992c9f39a - std::sys::backtrace::_print_fmt::h916fac51166b18d7
[INFO] [stdout]                                at /rustc/df4ca44d3fbc9301ee17f30f4d474e6ae4b05252/library/std/src/sys/backtrace.rs:66:9
[INFO] [stdout]    3:     0x5e0992c9f39a - <std::sys::backtrace::BacktraceLock::print::DisplayBacktrace as core::fmt::Display>::fmt::ha0a4c9b8ce3802e6
[INFO] [stdout]                                at /rustc/df4ca44d3fbc9301ee17f30f4d474e6ae4b05252/library/std/src/sys/backtrace.rs:39:26
[INFO] [stdout]    4:     0x5e0992cca4c3 - core::fmt::rt::Argument::fmt::h4cfc8587d52b3eb5
[INFO] [stdout]                                at /rustc/df4ca44d3fbc9301ee17f30f4d474e6ae4b05252/library/core/src/fmt/rt.rs:177:76
[INFO] [stdout]    5:     0x5e0992cca4c3 - core::fmt::write::h522cc39e5b36ae9f
[INFO] [stdout]                                at /rustc/df4ca44d3fbc9301ee17f30f4d474e6ae4b05252/library/core/src/fmt/mod.rs:1190:21
[INFO] [stdout]    6:     0x5e0992c9b9a3 - std::io::Write::write_fmt::h7d3c26752da97734
[INFO] [stdout]                                at /rustc/df4ca44d3fbc9301ee17f30f4d474e6ae4b05252/library/std/src/io/mod.rs:1839:15
[INFO] [stdout]    7:     0x5e0992c9f1e2 - std::sys::backtrace::BacktraceLock::print::h4b9e00b29e9c0942
[INFO] [stdout]                                at /rustc/df4ca44d3fbc9301ee17f30f4d474e6ae4b05252/library/std/src/sys/backtrace.rs:42:9
[INFO] [stdout]    8:     0x5e0992ca082a - std::panicking::default_hook::{{closure}}::hb59b88280d0324d9
[INFO] [stdout]                                at /rustc/df4ca44d3fbc9301ee17f30f4d474e6ae4b05252/library/std/src/panicking.rs:268:22
[INFO] [stdout]    9:     0x5e0992ca0634 - std::panicking::default_hook::he1dd496665be4a29
[INFO] [stdout]                                at /rustc/df4ca44d3fbc9301ee17f30f4d474e6ae4b05252/library/std/src/panicking.rs:292:9
[INFO] [stdout]   10:     0x5e0992497699 - <alloc::boxed::Box<F,A> as core::ops::function::Fn<Args>>::call::h4ff71de18744e1dc
[INFO] [stdout]                                at /rustc/df4ca44d3fbc9301ee17f30f4d474e6ae4b05252/library/alloc/src/boxed.rs:2468:9
[INFO] [stdout]   11:     0x5e0992497699 - test::test_main::{{closure}}::hcf7c055ce117aa81
[INFO] [stdout]                                at /rustc/df4ca44d3fbc9301ee17f30f4d474e6ae4b05252/library/test/src/lib.rs:133:21
[INFO] [stdout]   12:     0x5e0992ca0f28 - <alloc::boxed::Box<F,A> as core::ops::function::Fn<Args>>::call::h1d66c6bbd60c9692
[INFO] [stdout]                                at /rustc/df4ca44d3fbc9301ee17f30f4d474e6ae4b05252/library/alloc/src/boxed.rs:2468:9
[INFO] [stdout]   13:     0x5e0992ca0f28 - std::panicking::rust_panic_with_hook::h2ff17fe8f26dfcf8
[INFO] [stdout]                                at /rustc/df4ca44d3fbc9301ee17f30f4d474e6ae4b05252/library/std/src/panicking.rs:809:13
[INFO] [stdout]   14:     0x5e0992ca0cb6 - std::panicking::begin_panic_handler::{{closure}}::h4fad77951c07e101
[INFO] [stdout]                                at /rustc/df4ca44d3fbc9301ee17f30f4d474e6ae4b05252/library/std/src/panicking.rs:667:13
[INFO] [stdout]   15:     0x5e0992c9f879 - std::sys::backtrace::__rust_end_short_backtrace::hb1a25b3da5d0ea08
[INFO] [stdout]                                at /rustc/df4ca44d3fbc9301ee17f30f4d474e6ae4b05252/library/std/src/sys/backtrace.rs:170:18
[INFO] [stdout]   16:     0x5e0992ca097c - rust_begin_unwind
[INFO] [stdout]                                at /rustc/df4ca44d3fbc9301ee17f30f4d474e6ae4b05252/library/std/src/panicking.rs:665:5
[INFO] [stdout]   17:     0x5e0992cc8470 - core::panicking::panic_fmt::ha9db07b529f9b256
[INFO] [stdout]                                at /rustc/df4ca44d3fbc9301ee17f30f4d474e6ae4b05252/library/core/src/panicking.rs:75:14
[INFO] [stdout]   18:     0x5e0992cc84fc - core::panicking::panic::h993086813d94accc
[INFO] [stdout]                                at /rustc/df4ca44d3fbc9301ee17f30f4d474e6ae4b05252/library/core/src/panicking.rs:152:5
[INFO] [stdout]   19:     0x5e0992432af0 - add_remove::test_add_with_name::hebb556451979fb2c
[INFO] [stdout]                                at /opt/rustwide/workdir/tests/add_remove.rs:37:5
[INFO] [stdout]   20:     0x5e0992432907 - add_remove::test_add_with_name::{{closure}}::h07cac3857d023d6e
[INFO] [stdout]                                at /opt/rustwide/workdir/tests/add_remove.rs:32:24
[INFO] [stdout]   21:     0x5e09923fd036 - core::ops::function::FnOnce::call_once::h8daa5c967275ea61
[INFO] [stdout]                                at /rustc/df4ca44d3fbc9301ee17f30f4d474e6ae4b05252/library/core/src/ops/function.rs:250:5
[INFO] [stdout]   22:     0x5e099249bf6b - core::ops::function::FnOnce::call_once::h22c3ba5715e93f05
[INFO] [stdout]                                at /rustc/df4ca44d3fbc9301ee17f30f4d474e6ae4b05252/library/core/src/ops/function.rs:250:5
[INFO] [stdout]   23:     0x5e099249bf6b - test::__rust_begin_short_backtrace::h8e82d8113d0da17f
[INFO] [stdout]                                at /rustc/df4ca44d3fbc9301ee17f30f4d474e6ae4b05252/library/test/src/lib.rs:621:18
[INFO] [stdout]   24:     0x5e099249b8e7 - test::run_test_in_process::{{closure}}::h33235f4f20b7b7c7
[INFO] [stdout]                                at /rustc/df4ca44d3fbc9301ee17f30f4d474e6ae4b05252/library/test/src/lib.rs:644:60
[INFO] [stdout]   25:     0x5e099249b8e7 - <core::panic::unwind_safe::AssertUnwindSafe<F> as core::ops::function::FnOnce<()>>::call_once::hb5043206310c586f
[INFO] [stdout]                                at /rustc/df4ca44d3fbc9301ee17f30f4d474e6ae4b05252/library/core/src/panic/unwind_safe.rs:272:9
[INFO] [stdout]   26:     0x5e099249b8e7 - std::panicking::try::do_call::h9ad4731a60ab23e2
[INFO] [stdout]                                at /rustc/df4ca44d3fbc9301ee17f30f4d474e6ae4b05252/library/std/src/panicking.rs:557:40
[INFO] [stdout]   27:     0x5e099249b8e7 - std::panicking::try::h3824d23db772a716
[INFO] [stdout]                                at /rustc/df4ca44d3fbc9301ee17f30f4d474e6ae4b05252/library/std/src/panicking.rs:520:19
[INFO] [stdout]   28:     0x5e099249b8e7 - std::panic::catch_unwind::h5afd514605fde46b
[INFO] [stdout]                                at /rustc/df4ca44d3fbc9301ee17f30f4d474e6ae4b05252/library/std/src/panic.rs:358:14
[INFO] [stdout]   29:     0x5e099249b8e7 - test::run_test_in_process::h0d5cbfa7067d1720
[INFO] [stdout]                                at /rustc/df4ca44d3fbc9301ee17f30f4d474e6ae4b05252/library/test/src/lib.rs:644:27
[INFO] [stdout]   30:     0x5e099249b8e7 - test::run_test::{{closure}}::h708eb8872708115d
[INFO] [stdout]                                at /rustc/df4ca44d3fbc9301ee17f30f4d474e6ae4b05252/library/test/src/lib.rs:565:43
[INFO] [stdout]   31:     0x5e099245f004 - test::run_test::{{closure}}::h392c51cee94713ab
[INFO] [stdout]                                at /rustc/df4ca44d3fbc9301ee17f30f4d474e6ae4b05252/library/test/src/lib.rs:595:41
[INFO] [stdout]   32:     0x5e099245f004 - std::sys::backtrace::__rust_begin_short_backtrace::h2f40290710935a8b
[INFO] [stdout]                                at /rustc/df4ca44d3fbc9301ee17f30f4d474e6ae4b05252/library/std/src/sys/backtrace.rs:154:18
[INFO] [stdout]   33:     0x5e09924627ae - std::thread::Builder::spawn_unchecked_::{{closure}}::{{closure}}::h3fd968d89053a903
[INFO] [stdout]                                at /rustc/df4ca44d3fbc9301ee17f30f4d474e6ae4b05252/library/std/src/thread/mod.rs:541:17
[INFO] [stdout]   34:     0x5e09924627ae - <core::panic::unwind_safe::AssertUnwindSafe<F> as core::ops::function::FnOnce<()>>::call_once::h743f637ba4229880
[INFO] [stdout]                                at /rustc/df4ca44d3fbc9301ee17f30f4d474e6ae4b05252/library/core/src/panic/unwind_safe.rs:272:9
[INFO] [stdout]   35:     0x5e09924627ae - std::panicking::try::do_call::h07440897322525a6
[INFO] [stdout]                                at /rustc/df4ca44d3fbc9301ee17f30f4d474e6ae4b05252/library/std/src/panicking.rs:557:40
[INFO] [stdout]   36:     0x5e09924627ae - std::panicking::try::he5a2e00188156637
[INFO] [stdout]                                at /rustc/df4ca44d3fbc9301ee17f30f4d474e6ae4b05252/library/std/src/panicking.rs:520:19
[INFO] [stdout]   37:     0x5e09924627ae - std::panic::catch_unwind::hbaf3cae49b3c6433
[INFO] [stdout]                                at /rustc/df4ca44d3fbc9301ee17f30f4d474e6ae4b05252/library/std/src/panic.rs:358:14
[INFO] [stdout]   38:     0x5e09924627ae - std::thread::Builder::spawn_unchecked_::{{closure}}::h8e141ea224820bce
[INFO] [stdout]                                at /rustc/df4ca44d3fbc9301ee17f30f4d474e6ae4b05252/library/std/src/thread/mod.rs:540:30
[INFO] [stdout]   39:     0x5e09924627ae - core::ops::function::FnOnce::call_once{{vtable.shim}}::h90d312fedd7b8ea8
[INFO] [stdout]                                at /rustc/df4ca44d3fbc9301ee17f30f4d474e6ae4b05252/library/core/src/ops/function.rs:250:5
[INFO] [stdout]   40:     0x5e0992ca644b - <alloc::boxed::Box<F,A> as core::ops::function::FnOnce<Args>>::call_once::h69aa08ddb6adb8b6
[INFO] [stdout]                                at /rustc/df4ca44d3fbc9301ee17f30f4d474e6ae4b05252/library/alloc/src/boxed.rs:2454:9
[INFO] [stdout]   41:     0x5e0992ca644b - <alloc::boxed::Box<F,A> as core::ops::function::FnOnce<Args>>::call_once::h5aa36efdb79c806f
[INFO] [stdout]                                at /rustc/df4ca44d3fbc9301ee17f30f4d474e6ae4b05252/library/alloc/src/boxed.rs:2454:9
[INFO] [stdout]   42:     0x5e0992ca644b - std::sys::pal::unix::thread::Thread::new::thread_start::h6cd80a1b4be5158d
[INFO] [stdout]                                at /rustc/df4ca44d3fbc9301ee17f30f4d474e6ae4b05252/library/std/src/sys/pal/unix/thread.rs:105:17
[INFO] [stdout]   43:     0x7023af767ac3 - <unknown>
[INFO] [stdout]   44:     0x7023af7f8a04 - clone
[INFO] [stdout]   45:                0x0 - <unknown>
[INFO] [stdout] 
[INFO] [stdout] ---- test_prob_search stdout ----
[INFO] [stdout] thread 'test_prob_search' panicked at tests/add_remove.rs:57:5:
[INFO] [stdout] assertion failed: add(&mut env, SIMPLE_BOF_GIT, Some(repo_name_1)).is_ok()
[INFO] [stdout] stack backtrace:
[INFO] [stdout]    0:     0x5e0992c9f39a - std::backtrace_rs::backtrace::libunwind::trace::h207520d6e9873551
[INFO] [stdout]                                at /rustc/df4ca44d3fbc9301ee17f30f4d474e6ae4b05252/library/std/src/../../backtrace/src/backtrace/libunwind.rs:116:5
[INFO] [stdout]    1:     0x5e0992c9f39a - std::backtrace_rs::backtrace::trace_unsynchronized::h2ed7433f370e3eca
[INFO] [stdout]                                at /rustc/df4ca44d3fbc9301ee17f30f4d474e6ae4b05252/library/std/src/../../backtrace/src/backtrace/mod.rs:66:5
[INFO] [stdout]    2:     0x5e0992c9f39a - std::sys::backtrace::_print_fmt::h916fac51166b18d7
[INFO] [stdout]                                at /rustc/df4ca44d3fbc9301ee17f30f4d474e6ae4b05252/library/std/src/sys/backtrace.rs:66:9
[INFO] [stdout]    3:     0x5e0992c9f39a - <std::sys::backtrace::BacktraceLock::print::DisplayBacktrace as core::fmt::Display>::fmt::ha0a4c9b8ce3802e6
[INFO] [stdout]                                at /rustc/df4ca44d3fbc9301ee17f30f4d474e6ae4b05252/library/std/src/sys/backtrace.rs:39:26
[INFO] [stdout]    4:     0x5e0992cca4c3 - core::fmt::rt::Argument::fmt::h4cfc8587d52b3eb5
[INFO] [stdout]                                at /rustc/df4ca44d3fbc9301ee17f30f4d474e6ae4b05252/library/core/src/fmt/rt.rs:177:76
[INFO] [stdout]    5:     0x5e0992cca4c3 - core::fmt::write::h522cc39e5b36ae9f
[INFO] [stdout]                                at /rustc/df4ca44d3fbc9301ee17f30f4d474e6ae4b05252/library/core/src/fmt/mod.rs:1190:21
[INFO] [stdout]    6:     0x5e0992c9b9a3 - std::io::Write::write_fmt::h7d3c26752da97734
[INFO] [stdout]                                at /rustc/df4ca44d3fbc9301ee17f30f4d474e6ae4b05252/library/std/src/io/mod.rs:1839:15
[INFO] [stdout]    7:     0x5e0992c9f1e2 - std::sys::backtrace::BacktraceLock::print::h4b9e00b29e9c0942
[INFO] [stdout]                                at /rustc/df4ca44d3fbc9301ee17f30f4d474e6ae4b05252/library/std/src/sys/backtrace.rs:42:9
[INFO] [stdout]    8:     0x5e0992ca082a - std::panicking::default_hook::{{closure}}::hb59b88280d0324d9
[INFO] [stdout]                                at /rustc/df4ca44d3fbc9301ee17f30f4d474e6ae4b05252/library/std/src/panicking.rs:268:22
[INFO] [stdout]    9:     0x5e0992ca0634 - std::panicking::default_hook::he1dd496665be4a29
[INFO] [stdout]                                at /rustc/df4ca44d3fbc9301ee17f30f4d474e6ae4b05252/library/std/src/panicking.rs:292:9
[INFO] [stdout]   10:     0x5e0992497699 - <alloc::boxed::Box<F,A> as core::ops::function::Fn<Args>>::call::h4ff71de18744e1dc
[INFO] [stdout]                                at /rustc/df4ca44d3fbc9301ee17f30f4d474e6ae4b05252/library/alloc/src/boxed.rs:2468:9
[INFO] [stdout]   11:     0x5e0992497699 - test::test_main::{{closure}}::hcf7c055ce117aa81
[INFO] [stdout]                                at /rustc/df4ca44d3fbc9301ee17f30f4d474e6ae4b05252/library/test/src/lib.rs:133:21
[INFO] [stdout]   12:     0x5e0992ca0f28 - <alloc::boxed::Box<F,A> as core::ops::function::Fn<Args>>::call::h1d66c6bbd60c9692
[INFO] [stdout]                                at /rustc/df4ca44d3fbc9301ee17f30f4d474e6ae4b05252/library/alloc/src/boxed.rs:2468:9
[INFO] [stdout]   13:     0x5e0992ca0f28 - std::panicking::rust_panic_with_hook::h2ff17fe8f26dfcf8
[INFO] [stdout]                                at /rustc/df4ca44d3fbc9301ee17f30f4d474e6ae4b05252/library/std/src/panicking.rs:809:13
[INFO] [stdout]   14:     0x5e0992ca0cb6 - std::panicking::begin_panic_handler::{{closure}}::h4fad77951c07e101
[INFO] [stdout]                                at /rustc/df4ca44d3fbc9301ee17f30f4d474e6ae4b05252/library/std/src/panicking.rs:667:13
[INFO] [stdout]   15:     0x5e0992c9f879 - std::sys::backtrace::__rust_end_short_backtrace::hb1a25b3da5d0ea08
[INFO] [stdout]                                at /rustc/df4ca44d3fbc9301ee17f30f4d474e6ae4b05252/library/std/src/sys/backtrace.rs:170:18
[INFO] [stdout]   16:     0x5e0992ca097c - rust_begin_unwind
[INFO] [stdout]                                at /rustc/df4ca44d3fbc9301ee17f30f4d474e6ae4b05252/library/std/src/panicking.rs:665:5
[INFO] [stdout]   17:     0x5e0992cc8470 - core::panicking::panic_fmt::ha9db07b529f9b256
[INFO] [stdout]                                at /rustc/df4ca44d3fbc9301ee17f30f4d474e6ae4b05252/library/core/src/panicking.rs:75:14
[INFO] [stdout]   18:     0x5e0992cc84fc - core::panicking::panic::h993086813d94accc
[INFO] [stdout]                                at /rustc/df4ca44d3fbc9301ee17f30f4d474e6ae4b05252/library/core/src/panicking.rs:152:5
[INFO] [stdout]   19:     0x5e0992432f65 - add_remove::test_prob_search::haa9e460523fe045e
[INFO] [stdout]                                at /opt/rustwide/workdir/tests/add_remove.rs:57:5
[INFO] [stdout]   20:     0x5e0992432d17 - add_remove::test_prob_search::{{closure}}::h4ee1d9ad2649850d
[INFO] [stdout]                                at /opt/rustwide/workdir/tests/add_remove.rs:49:22
[INFO] [stdout]   21:     0x5e09923fd4c6 - core::ops::function::FnOnce::call_once::hec46413c36464caa
[INFO] [stdout]                                at /rustc/df4ca44d3fbc9301ee17f30f4d474e6ae4b05252/library/core/src/ops/function.rs:250:5
[INFO] [stdout]   22:     0x5e099249bf6b - core::ops::function::FnOnce::call_once::h22c3ba5715e93f05
[INFO] [stdout]                                at /rustc/df4ca44d3fbc9301ee17f30f4d474e6ae4b05252/library/core/src/ops/function.rs:250:5
[INFO] [stdout]   23:     0x5e099249bf6b - test::__rust_begin_short_backtrace::h8e82d8113d0da17f
[INFO] [stdout]                                at /rustc/df4ca44d3fbc9301ee17f30f4d474e6ae4b05252/library/test/src/lib.rs:621:18
[INFO] [stdout]   24:     0x5e099249b8e7 - test::run_test_in_process::{{closure}}::h33235f4f20b7b7c7
[INFO] [stdout]                                at /rustc/df4ca44d3fbc9301ee17f30f4d474e6ae4b05252/library/test/src/lib.rs:644:60
[INFO] [stdout]   25:     0x5e099249b8e7 - <core::panic::unwind_safe::AssertUnwindSafe<F> as core::ops::function::FnOnce<()>>::call_once::hb5043206310c586f
[INFO] [stdout]                                at /rustc/df4ca44d3fbc9301ee17f30f4d474e6ae4b05252/library/core/src/panic/unwind_safe.rs:272:9
[INFO] [stdout]   26:     0x5e099249b8e7 - std::panicking::try::do_call::h9ad4731a60ab23e2
[INFO] [stdout]                                at /rustc/df4ca44d3fbc9301ee17f30f4d474e6ae4b05252/library/std/src/panicking.rs:557:40
[INFO] [stdout]   27:     0x5e099249b8e7 - std::panicking::try::h3824d23db772a716
[INFO] [stdout]                                at /rustc/df4ca44d3fbc9301ee17f30f4d474e6ae4b05252/library/std/src/panicking.rs:520:19
[INFO] [stdout]   28:     0x5e099249b8e7 - std::panic::catch_unwind::h5afd514605fde46b
[INFO] [stdout]                                at /rustc/df4ca44d3fbc9301ee17f30f4d474e6ae4b05252/library/std/src/panic.rs:358:14
[INFO] [stdout]   29:     0x5e099249b8e7 - test::run_test_in_process::h0d5cbfa7067d1720
[INFO] [stdout]                                at /rustc/df4ca44d3fbc9301ee17f30f4d474e6ae4b05252/library/test/src/lib.rs:644:27
[INFO] [stdout]   30:     0x5e099249b8e7 - test::run_test::{{closure}}::h708eb8872708115d
[INFO] [stdout]                                at /rustc/df4ca44d3fbc9301ee17f30f4d474e6ae4b05252/library/test/src/lib.rs:565:43
[INFO] [stdout]   31:     0x5e099245f004 - test::run_test::{{closure}}::h392c51cee94713ab
[INFO] [stdout]                                at /rustc/df4ca44d3fbc9301ee17f30f4d474e6ae4b05252/library/test/src/lib.rs:595:41
[INFO] [stdout]   32:     0x5e099245f004 - std::sys::backtrace::__rust_begin_short_backtrace::h2f40290710935a8b
[INFO] [stdout]                                at /rustc/df4ca44d3fbc9301ee17f30f4d474e6ae4b05252/library/std/src/sys/backtrace.rs:154:18
[INFO] [stdout]   33:     0x5e09924627ae - std::thread::Builder::spawn_unchecked_::{{closure}}::{{closure}}::h3fd968d89053a903
[INFO] [stdout]                                at /rustc/df4ca44d3fbc9301ee17f30f4d474e6ae4b05252/library/std/src/thread/mod.rs:541:17
[INFO] [stdout]   34:     0x5e09924627ae - <core::panic::unwind_safe::AssertUnwindSafe<F> as core::ops::function::FnOnce<()>>::call_once::h743f637ba4229880
[INFO] [stdout]                                at /rustc/df4ca44d3fbc9301ee17f30f4d474e6ae4b05252/library/core/src/panic/unwind_safe.rs:272:9
[INFO] [stdout]   35:     0x5e09924627ae - std::panicking::try::do_call::h07440897322525a6
[INFO] [stdout]                                at /rustc/df4ca44d3fbc9301ee17f30f4d474e6ae4b05252/library/std/src/panicking.rs:557:40
[INFO] [stdout]   36:     0x5e09924627ae - std::panicking::try::he5a2e00188156637
[INFO] [stdout]                                at /rustc/df4ca44d3fbc9301ee17f30f4d474e6ae4b05252/library/std/src/panicking.rs:520:19
[INFO] [stdout]   37:     0x5e09924627ae - std::panic::catch_unwind::hbaf3cae49b3c6433
[INFO] [stdout]                                at /rustc/df4ca44d3fbc9301ee17f30f4d474e6ae4b05252/library/std/src/panic.rs:358:14
[INFO] [stdout]   38:     0x5e09924627ae - std::thread::Builder::spawn_unchecked_::{{closure}}::h8e141ea224820bce
[INFO] [stdout]                                at /rustc/df4ca44d3fbc9301ee17f30f4d474e6ae4b05252/library/std/src/thread/mod.rs:540:30
[INFO] [stdout]   39:     0x5e09924627ae - core::ops::function::FnOnce::call_once{{vtable.shim}}::h90d312fedd7b8ea8
[INFO] [stdout]                                at /rustc/df4ca44d3fbc9301ee17f30f4d474e6ae4b05252/library/core/src/ops/function.rs:250:5
[INFO] [stdout]   40:     0x5e0992ca644b - <alloc::boxed::Box<F,A> as core::ops::function::FnOnce<Args>>::call_once::h69aa08ddb6adb8b6
[INFO] [stdout]                                at /rustc/df4ca44d3fbc9301ee17f30f4d474e6ae4b05252/library/alloc/src/boxed.rs:2454:9
[INFO] [stdout]   41:     0x5e0992ca644b - <alloc::boxed::Box<F,A> as core::ops::function::FnOnce<Args>>::call_once::h5aa36efdb79c806f
[INFO] [stdout]                                at /rustc/df4ca44d3fbc9301ee17f30f4d474e6ae4b05252/library/alloc/src/boxed.rs:2454:9
[INFO] [stdout]   42:     0x5e0992ca644b - std::sys::pal::unix::thread::Thread::new::thread_start::h6cd80a1b4be5158d
[INFO] [stdout]                                at /rustc/df4ca44d3fbc9301ee17f30f4d474e6ae4b05252/library/std/src/sys/pal/unix/thread.rs:105:17
[INFO] [stdout]   43:     0x7023af767ac3 - <unknown>
[INFO] [stdout]   44:     0x7023af7f8a04 - clone
[INFO] [stdout]   45:                0x0 - <unknown>
[INFO] [stdout] 
[INFO] [stdout] ---- test_add_remove stdout ----
[INFO] [stdout] thread 'test_add_remove' panicked at tests/add_remove.rs:17:5:
[INFO] [stdout] assertion failed: add(&mut env, SIMPLE_BOF_GIT, None).is_ok()
[INFO] [stdout] stack backtrace:
[INFO] [stdout]    0:     0x5e0992c9f39a - std::backtrace_rs::backtrace::libunwind::trace::h207520d6e9873551
[INFO] [stdout]                                at /rustc/df4ca44d3fbc9301ee17f30f4d474e6ae4b05252/library/std/src/../../backtrace/src/backtrace/libunwind.rs:116:5
[INFO] [stdout]    1:     0x5e0992c9f39a - std::backtrace_rs::backtrace::trace_unsynchronized::h2ed7433f370e3eca
[INFO] [stdout]                                at /rustc/df4ca44d3fbc9301ee17f30f4d474e6ae4b05252/library/std/src/../../backtrace/src/backtrace/mod.rs:66:5
[INFO] [stdout]    2:     0x5e0992c9f39a - std::sys::backtrace::_print_fmt::h916fac51166b18d7
[INFO] [stdout]                                at /rustc/df4ca44d3fbc9301ee17f30f4d474e6ae4b05252/library/std/src/sys/backtrace.rs:66:9
[INFO] [stdout]    3:     0x5e0992c9f39a - <std::sys::backtrace::BacktraceLock::print::DisplayBacktrace as core::fmt::Display>::fmt::ha0a4c9b8ce3802e6
[INFO] [stdout]                                at /rustc/df4ca44d3fbc9301ee17f30f4d474e6ae4b05252/library/std/src/sys/backtrace.rs:39:26
[INFO] [stdout]    4:     0x5e0992cca4c3 - core::fmt::rt::Argument::fmt::h4cfc8587d52b3eb5
[INFO] [stdout]                                at /rustc/df4ca44d3fbc9301ee17f30f4d474e6ae4b05252/library/core/src/fmt/rt.rs:177:76
[INFO] [stdout]    5:     0x5e0992cca4c3 - core::fmt::write::h522cc39e5b36ae9f
[INFO] [stdout]                                at /rustc/df4ca44d3fbc9301ee17f30f4d474e6ae4b05252/library/core/src/fmt/mod.rs:1190:21
[INFO] [stdout]    6:     0x5e0992c9b9a3 - std::io::Write::write_fmt::h7d3c26752da97734
[INFO] [stdout]                                at /rustc/df4ca44d3fbc9301ee17f30f4d474e6ae4b05252/library/std/src/io/mod.rs:1839:15
[INFO] [stdout]    7:     0x5e0992c9f1e2 - std::sys::backtrace::BacktraceLock::print::h4b9e00b29e9c0942
[INFO] [stdout]                                at /rustc/df4ca44d3fbc9301ee17f30f4d474e6ae4b05252/library/std/src/sys/backtrace.rs:42:9
[INFO] [stdout]    8:     0x5e0992ca082a - std::panicking::default_hook::{{closure}}::hb59b88280d0324d9
[INFO] [stdout]                                at /rustc/df4ca44d3fbc9301ee17f30f4d474e6ae4b05252/library/std/src/panicking.rs:268:22
[INFO] [stdout]    9:     0x5e0992ca0634 - std::panicking::default_hook::he1dd496665be4a29
[INFO] [stdout]                                at /rustc/df4ca44d3fbc9301ee17f30f4d474e6ae4b05252/library/std/src/panicking.rs:292:9
[INFO] [stdout]   10:     0x5e0992497699 - <alloc::boxed::Box<F,A> as core::ops::function::Fn<Args>>::call::h4ff71de18744e1dc
[INFO] [stdout]                                at /rustc/df4ca44d3fbc9301ee17f30f4d474e6ae4b05252/library/alloc/src/boxed.rs:2468:9
[INFO] [stdout]   11:     0x5e0992497699 - test::test_main::{{closure}}::hcf7c055ce117aa81
[INFO] [stdout]                                at /rustc/df4ca44d3fbc9301ee17f30f4d474e6ae4b05252/library/test/src/lib.rs:133:21
[INFO] [stdout]   12:     0x5e0992ca0f28 - <alloc::boxed::Box<F,A> as core::ops::function::Fn<Args>>::call::h1d66c6bbd60c9692
[INFO] [stdout]                                at /rustc/df4ca44d3fbc9301ee17f30f4d474e6ae4b05252/library/alloc/src/boxed.rs:2468:9
[INFO] [stdout]   13:     0x5e0992ca0f28 - std::panicking::rust_panic_with_hook::h2ff17fe8f26dfcf8
[INFO] [stdout]                                at /rustc/df4ca44d3fbc9301ee17f30f4d474e6ae4b05252/library/std/src/panicking.rs:809:13
[INFO] [stdout]   14:     0x5e0992ca0cb6 - std::panicking::begin_panic_handler::{{closure}}::h4fad77951c07e101
[INFO] [stdout]                                at /rustc/df4ca44d3fbc9301ee17f30f4d474e6ae4b05252/library/std/src/panicking.rs:667:13
[INFO] [stdout]   15:     0x5e0992c9f879 - std::sys::backtrace::__rust_end_short_backtrace::hb1a25b3da5d0ea08
[INFO] [stdout]                                at /rustc/df4ca44d3fbc9301ee17f30f4d474e6ae4b05252/library/std/src/sys/backtrace.rs:170:18
[INFO] [stdout]   16:     0x5e0992ca097c - rust_begin_unwind
[INFO] [stdout]                                at /rustc/df4ca44d3fbc9301ee17f30f4d474e6ae4b05252/library/std/src/panicking.rs:665:5
[INFO] [stdout]   17:     0x5e0992cc8470 - core::panicking::panic_fmt::ha9db07b529f9b256
[INFO] [stdout]                                at /rustc/df4ca44d3fbc9301ee17f30f4d474e6ae4b05252/library/core/src/panicking.rs:75:14
[INFO] [stdout]   18:     0x5e0992cc84fc - core::panicking::panic::h993086813d94accc
[INFO] [stdout]                                at /rustc/df4ca44d3fbc9301ee17f30f4d474e6ae4b05252/library/core/src/panicking.rs:152:5
[INFO] [stdout]   19:     0x5e09924325b5 - add_remove::test_add_remove::h5610fa479e33eae6
[INFO] [stdout]                                at /opt/rustwide/workdir/tests/add_remove.rs:17:5
[INFO] [stdout]   20:     0x5e0992432397 - add_remove::test_add_remove::{{closure}}::h5fea85487546f5ff
[INFO] [stdout]                                at /opt/rustwide/workdir/tests/add_remove.rs:11:21
[INFO] [stdout]   21:     0x5e09923fcb76 - core::ops::function::FnOnce::call_once::h47a8cbbab63b98d1
[INFO] [stdout]                                at /rustc/df4ca44d3fbc9301ee17f30f4d474e6ae4b05252/library/core/src/ops/function.rs:250:5
[INFO] [stdout]   22:     0x5e099249bf6b - core::ops::function::FnOnce::call_once::h22c3ba5715e93f05
[INFO] [stdout]                                at /rustc/df4ca44d3fbc9301ee17f30f4d474e6ae4b05252/library/core/src/ops/function.rs:250:5
[INFO] [stdout]   23:     0x5e099249bf6b - test::__rust_begin_short_backtrace::h8e82d8113d0da17f
[INFO] [stdout]                                at /rustc/df4ca44d3fbc9301ee17f30f4d474e6ae4b05252/library/test/src/lib.rs:621:18
[INFO] [stdout]   24:     0x5e099249b8e7 - test::run_test_in_process::{{closure}}::h33235f4f20b7b7c7
[INFO] [stdout]                                at /rustc/df4ca44d3fbc9301ee17f30f4d474e6ae4b05252/library/test/src/lib.rs:644:60
[INFO] [stdout]   25:     0x5e099249b8e7 - <core::panic::unwind_safe::AssertUnwindSafe<F> as core::ops::function::FnOnce<()>>::call_once::hb5043206310c586f
[INFO] [stdout]                                at /rustc/df4ca44d3fbc9301ee17f30f4d474e6ae4b05252/library/core/src/panic/unwind_safe.rs:272:9
[INFO] [stdout]   26:     0x5e099249b8e7 - std::panicking::try::do_call::h9ad4731a60ab23e2
[INFO] [stdout]                                at /rustc/df4ca44d3fbc9301ee17f30f4d474e6ae4b05252/library/std/src/panicking.rs:557:40
[INFO] [stdout]   27:     0x5e099249b8e7 - std::panicking::try::h3824d23db772a716
[INFO] [stdout]                                at /rustc/df4ca44d3fbc9301ee17f30f4d474e6ae4b05252/library/std/src/panicking.rs:520:19
[INFO] [stdout]   28:     0x5e099249b8e7 - std::panic::catch_unwind::h5afd514605fde46b
[INFO] [stdout]                                at /rustc/df4ca44d3fbc9301ee17f30f4d474e6ae4b05252/library/std/src/panic.rs:358:14
[INFO] [stdout]   29:     0x5e099249b8e7 - test::run_test_in_process::h0d5cbfa7067d1720
[INFO] [stdout]                                at /rustc/df4ca44d3fbc9301ee17f30f4d474e6ae4b05252/library/test/src/lib.rs:644:27
[INFO] [stdout]   30:     0x5e099249b8e7 - test::run_test::{{closure}}::h708eb8872708115d
[INFO] [stdout]                                at /rustc/df4ca44d3fbc9301ee17f30f4d474e6ae4b05252/library/test/src/lib.rs:565:43
[INFO] [stdout]   31:     0x5e099245f004 - test::run_test::{{closure}}::h392c51cee94713ab
[INFO] [stdout]                                at /rustc/df4ca44d3fbc9301ee17f30f4d474e6ae4b05252/library/test/src/lib.rs:595:41
[INFO] [stdout]   32:     0x5e099245f004 - std::sys::backtrace::__rust_begin_short_backtrace::h2f40290710935a8b
[INFO] [stdout]                                at /rustc/df4ca44d3fbc9301ee17f30f4d474e6ae4b05252/library/std/src/sys/backtrace.rs:154:18
[INFO] [stdout]   33:     0x5e09924627ae - std::thread::Builder::spawn_unchecked_::{{closure}}::{{closure}}::h3fd968d89053a903
[INFO] [stdout]                                at /rustc/df4ca44d3fbc9301ee17f30f4d474e6ae4b05252/library/std/src/thread/mod.rs:541:17
[INFO] [stdout]   34:     0x5e09924627ae - <core::panic::unwind_safe::AssertUnwindSafe<F> as core::ops::function::FnOnce<()>>::call_once::h743f637ba4229880
[INFO] [stdout]                                at /rustc/df4ca44d3fbc9301ee17f30f4d474e6ae4b05252/library/core/src/panic/unwind_safe.rs:272:9
[INFO] [stdout]   35:     0x5e09924627ae - std::panicking::try::do_call::h07440897322525a6
[INFO] [stdout]                                at /rustc/df4ca44d3fbc9301ee17f30f4d474e6ae4b05252/library/std/src/panicking.rs:557:40
[INFO] [stdout]   36:     0x5e09924627ae - std::panicking::try::he5a2e00188156637
[INFO] [stdout]                                at /rustc/df4ca44d3fbc9301ee17f30f4d474e6ae4b05252/library/std/src/panicking.rs:520:19
[INFO] [stdout]   37:     0x5e09924627ae - std::panic::catch_unwind::hbaf3cae49b3c6433
[INFO] [stdout]                                at /rustc/df4ca44d3fbc9301ee17f30f4d474e6ae4b05252/library/std/src/panic.rs:358:14
[INFO] [stdout]   38:     0x5e09924627ae - std::thread::Builder::spawn_unchecked_::{{closure}}::h8e141ea224820bce
[INFO] [stdout]                                at /rustc/df4ca44d3fbc9301ee17f30f4d474e6ae4b05252/library/std/src/thread/mod.rs:540:30
[INFO] [stdout]   39:     0x5e09924627ae - core::ops::function::FnOnce::call_once{{vtable.shim}}::h90d312fedd7b8ea8
[INFO] [stdout]                                at /rustc/df4ca44d3fbc9301ee17f30f4d474e6ae4b05252/library/core/src/ops/function.rs:250:5
[INFO] [stdout]   40:     0x5e0992ca644b - <alloc::boxed::Box<F,A> as core::ops::function::FnOnce<Args>>::call_once::h69aa08ddb6adb8b6
[INFO] [stdout]                                at /rustc/df4ca44d3fbc9301ee17f30f4d474e6ae4b05252/library/alloc/src/boxed.rs:2454:9
[INFO] [stdout]   41:     0x5e0992ca644b - <alloc::boxed::Box<F,A> as core::ops::function::FnOnce<Args>>::call_once::h5aa36efdb79c806f
[INFO] [stdout]                                at /rustc/df4ca44d3fbc9301ee17f30f4d474e6ae4b05252/library/alloc/src/boxed.rs:2454:9
[INFO] [stdout]   42:     0x5e0992ca644b - std::sys::pal::unix::thread::Thread::new::thread_start::h6cd80a1b4be5158d
[INFO] [stdout]                                at /rustc/df4ca44d3fbc9301ee17f30f4d474e6ae4b05252/library/std/src/sys/pal/unix/thread.rs:105:17
[INFO] [stdout]   43:     0x7023af767ac3 - <unknown>
[INFO] [stdout]   44:     0x7023af7f8a04 - clone
[INFO] [stdout]   45:                0x0 - <unknown>
[INFO] [stdout] 
[INFO] [stdout] ---- test_soma_list stdout ----
[INFO] [stdout] thread 'test_soma_list' panicked at tests/add_remove.rs:87:5:
[INFO] [stdout] assertion failed: add(&mut env, BATA_LIST_GIT, None).is_ok()
[INFO] [stdout] stack backtrace:
[INFO] [stdout]    0:     0x5e0992c9f39a - std::backtrace_rs::backtrace::libunwind::trace::h207520d6e9873551
[INFO] [stdout]                                at /rustc/df4ca44d3fbc9301ee17f30f4d474e6ae4b05252/library/std/src/../../backtrace/src/backtrace/libunwind.rs:116:5
[INFO] [stdout]    1:     0x5e0992c9f39a - std::backtrace_rs::backtrace::trace_unsynchronized::h2ed7433f370e3eca
[INFO] [stdout]                                at /rustc/df4ca44d3fbc9301ee17f30f4d474e6ae4b05252/library/std/src/../../backtrace/src/backtrace/mod.rs:66:5
[INFO] [stdout]    2:     0x5e0992c9f39a - std::sys::backtrace::_print_fmt::h916fac51166b18d7
[INFO] [stdout]                                at /rustc/df4ca44d3fbc9301ee17f30f4d474e6ae4b05252/library/std/src/sys/backtrace.rs:66:9
[INFO] [stdout]    3:     0x5e0992c9f39a - <std::sys::backtrace::BacktraceLock::print::DisplayBacktrace as core::fmt::Display>::fmt::ha0a4c9b8ce3802e6
[INFO] [stdout]                                at /rustc/df4ca44d3fbc9301ee17f30f4d474e6ae4b05252/library/std/src/sys/backtrace.rs:39:26
[INFO] [stdout]    4:     0x5e0992cca4c3 - core::fmt::rt::Argument::fmt::h4cfc8587d52b3eb5
[INFO] [stdout]                                at /rustc/df4ca44d3fbc9301ee17f30f4d474e6ae4b05252/library/core/src/fmt/rt.rs:177:76
[INFO] [stdout]    5:     0x5e0992cca4c3 - core::fmt::write::h522cc39e5b36ae9f
[INFO] [stdout]                                at /rustc/df4ca44d3fbc9301ee17f30f4d474e6ae4b05252/library/core/src/fmt/mod.rs:1190:21
[INFO] [stdout]    6:     0x5e0992c9b9a3 - std::io::Write::write_fmt::h7d3c26752da97734
[INFO] [stdout]                                at /rustc/df4ca44d3fbc9301ee17f30f4d474e6ae4b05252/library/std/src/io/mod.rs:1839:15
[INFO] [stdout]    7:     0x5e0992c9f1e2 - std::sys::backtrace::BacktraceLock::print::h4b9e00b29e9c0942
[INFO] [stdout]                                at /rustc/df4ca44d3fbc9301ee17f30f4d474e6ae4b05252/library/std/src/sys/backtrace.rs:42:9
[INFO] [stdout]    8:     0x5e0992ca082a - std::panicking::default_hook::{{closure}}::hb59b88280d0324d9
[INFO] [stdout]                                at /rustc/df4ca44d3fbc9301ee17f30f4d474e6ae4b05252/library/std/src/panicking.rs:268:22
[INFO] [stdout]    9:     0x5e0992ca0634 - std::panicking::default_hook::he1dd496665be4a29
[INFO] [stdout]                                at /rustc/df4ca44d3fbc9301ee17f30f4d474e6ae4b05252/library/std/src/panicking.rs:292:9
[INFO] [stdout]   10:     0x5e0992497699 - <alloc::boxed::Box<F,A> as core::ops::function::Fn<Args>>::call::h4ff71de18744e1dc
[INFO] [stdout]                                at /rustc/df4ca44d3fbc9301ee17f30f4d474e6ae4b05252/library/alloc/src/boxed.rs:2468:9
[INFO] [stdout]   11:     0x5e0992497699 - test::test_main::{{closure}}::hcf7c055ce117aa81
[INFO] [stdout]                                at /rustc/df4ca44d3fbc9301ee17f30f4d474e6ae4b05252/library/test/src/lib.rs:133:21
[INFO] [stdout]   12:     0x5e0992ca0f28 - <alloc::boxed::Box<F,A> as core::ops::function::Fn<Args>>::call::h1d66c6bbd60c9692
[INFO] [stdout]                                at /rustc/df4ca44d3fbc9301ee17f30f4d474e6ae4b05252/library/alloc/src/boxed.rs:2468:9
[INFO] [stdout]   13:     0x5e0992ca0f28 - std::panicking::rust_panic_with_hook::h2ff17fe8f26dfcf8
[INFO] [stdout]                                at /rustc/df4ca44d3fbc9301ee17f30f4d474e6ae4b05252/library/std/src/panicking.rs:809:13
[INFO] [stdout]   14:     0x5e0992ca0cb6 - std::panicking::begin_panic_handler::{{closure}}::h4fad77951c07e101
[INFO] [stdout]                                at /rustc/df4ca44d3fbc9301ee17f30f4d474e6ae4b05252/library/std/src/panicking.rs:667:13
[INFO] [stdout]   15:     0x5e0992c9f879 - std::sys::backtrace::__rust_end_short_backtrace::hb1a25b3da5d0ea08
[INFO] [stdout]                                at /rustc/df4ca44d3fbc9301ee17f30f4d474e6ae4b05252/library/std/src/sys/backtrace.rs:170:18
[INFO] [stdout]   16:     0x5e0992ca097c - rust_begin_unwind
[INFO] [stdout]                                at /rustc/df4ca44d3fbc9301ee17f30f4d474e6ae4b05252/library/std/src/panicking.rs:665:5
[INFO] [stdout]   17:     0x5e0992cc8470 - core::panicking::panic_fmt::ha9db07b529f9b256
[INFO] [stdout]                                at /rustc/df4ca44d3fbc9301ee17f30f4d474e6ae4b05252/library/core/src/panicking.rs:75:14
[INFO] [stdout]   18:     0x5e0992cc84fc - core::panicking::panic::h993086813d94accc
[INFO] [stdout]                                at /rustc/df4ca44d3fbc9301ee17f30f4d474e6ae4b05252/library/core/src/panicking.rs:152:5
[INFO] [stdout]   19:     0x5e09924338a6 - add_remove::test_soma_list::hff215abc86c891e0
[INFO] [stdout]                                at /opt/rustwide/workdir/tests/add_remove.rs:87:5
[INFO] [stdout]   20:     0x5e0992433667 - add_remove::test_soma_list::{{closure}}::h76506cd5255a3d36
[INFO] [stdout]                                at /opt/rustwide/workdir/tests/add_remove.rs:81:20
[INFO] [stdout]   21:     0x5e09923fd586 - core::ops::function::FnOnce::call_once::heef7af71f7d34918
[INFO] [stdout]                                at /rustc/df4ca44d3fbc9301ee17f30f4d474e6ae4b05252/library/core/src/ops/function.rs:250:5
[INFO] [stdout]   22:     0x5e099249bf6b - core::ops::function::FnOnce::call_once::h22c3ba5715e93f05
[INFO] [stdout]                                at /rustc/df4ca44d3fbc9301ee17f30f4d474e6ae4b05252/library/core/src/ops/function.rs:250:5
[INFO] [stdout]   23:     0x5e099249bf6b - test::__rust_begin_short_backtrace::h8e82d8113d0da17f
[INFO] [stdout]                                at /rustc/df4ca44d3fbc9301ee17f30f4d474e6ae4b05252/library/test/src/lib.rs:621:18
[INFO] [stdout]   24:     0x5e099249b8e7 - test::run_test_in_process::{{closure}}::h33235f4f20b7b7c7
[INFO] [stdout]                                at /rustc/df4ca44d3fbc9301ee17f30f4d474e6ae4b05252/library/test/src/lib.rs:644:60
[INFO] [stdout]   25:     0x5e099249b8e7 - <core::panic::unwind_safe::AssertUnwindSafe<F> as core::ops::function::FnOnce<()>>::call_once::hb5043206310c586f
[INFO] [stdout]                                at /rustc/df4ca44d3fbc9301ee17f30f4d474e6ae4b05252/library/core/src/panic/unwind_safe.rs:272:9
[INFO] [stdout]   26:     0x5e099249b8e7 - std::panicking::try::do_call::h9ad4731a60ab23e2
[INFO] [stdout]                                at /rustc/df4ca44d3fbc9301ee17f30f4d474e6ae4b05252/library/std/src/panicking.rs:557:40
[INFO] [stdout]   27:     0x5e099249b8e7 - std::panicking::try::h3824d23db772a716
[INFO] [stdout]                                at /rustc/df4ca44d3fbc9301ee17f30f4d474e6ae4b05252/library/std/src/panicking.rs:520:19
[INFO] [stdout]   28:     0x5e099249b8e7 - std::panic::catch_unwind::h5afd514605fde46b
[INFO] [stdout]                                at /rustc/df4ca44d3fbc9301ee17f30f4d474e6ae4b05252/library/std/src/panic.rs:358:14
[INFO] [stdout]   29:     0x5e099249b8e7 - test::run_test_in_process::h0d5cbfa7067d1720
[INFO] [stdout]                                at /rustc/df4ca44d3fbc9301ee17f30f4d474e6ae4b05252/library/test/src/lib.rs:644:27
[INFO] [stdout]   30:     0x5e099249b8e7 - test::run_test::{{closure}}::h708eb8872708115d
[INFO] [stdout]                                at /rustc/df4ca44d3fbc9301ee17f30f4d474e6ae4b05252/library/test/src/lib.rs:565:43
[INFO] [stdout]   31:     0x5e099245f004 - test::run_test::{{closure}}::h392c51cee94713ab
[INFO] [stdout]                                at /rustc/df4ca44d3fbc9301ee17f30f4d474e6ae4b05252/library/test/src/lib.rs:595:41
[INFO] [stdout]   32:     0x5e099245f004 - std::sys::backtrace::__rust_begin_short_backtrace::h2f40290710935a8b
[INFO] [stdout]                                at /rustc/df4ca44d3fbc9301ee17f30f4d474e6ae4b05252/library/std/src/sys/backtrace.rs:154:18
[INFO] [stdout]   33:     0x5e09924627ae - std::thread::Builder::spawn_unchecked_::{{closure}}::{{closure}}::h3fd968d89053a903
[INFO] [stdout]                                at /rustc/df4ca44d3fbc9301ee17f30f4d474e6ae4b05252/library/std/src/thread/mod.rs:541:17
[INFO] [stdout]   34:     0x5e09924627ae - <core::panic::unwind_safe::AssertUnwindSafe<F> as core::ops::function::FnOnce<()>>::call_once::h743f637ba4229880
[INFO] [stdout]                                at /rustc/df4ca44d3fbc9301ee17f30f4d474e6ae4b05252/library/core/src/panic/unwind_safe.rs:272:9
[INFO] [stdout]   35:     0x5e09924627ae - std::panicking::try::do_call::h07440897322525a6
[INFO] [stdout]                                at /rustc/df4ca44d3fbc9301ee17f30f4d474e6ae4b05252/library/std/src/panicking.rs:557:40
[INFO] [stdout]   36:     0x5e09924627ae - std::panicking::try::he5a2e00188156637
[INFO] [stdout]                                at /rustc/df4ca44d3fbc9301ee17f30f4d474e6ae4b05252/library/std/src/panicking.rs:520:19
[INFO] [stdout]   37:     0x5e09924627ae - std::panic::catch_unwind::hbaf3cae49b3c6433
[INFO] [stdout]                                at /rustc/df4ca44d3fbc9301ee17f30f4d474e6ae4b05252/library/std/src/panic.rs:358:14
[INFO] [stdout]   38:     0x5e09924627ae - std::thread::Builder::spawn_unchecked_::{{closure}}::h8e141ea224820bce
[INFO] [stdout]                                at /rustc/df4ca44d3fbc9301ee17f30f4d474e6ae4b05252/library/std/src/thread/mod.rs:540:30
[INFO] [stdout]   39:     0x5e09924627ae - core::ops::function::FnOnce::call_once{{vtable.shim}}::h90d312fedd7b8ea8
[INFO] [stdout]                                at /rustc/df4ca44d3fbc9301ee17f30f4d474e6ae4b05252/library/core/src/ops/function.rs:250:5
[INFO] [stdout]   40:     0x5e0992ca644b - <alloc::boxed::Box<F,A> as core::ops::function::FnOnce<Args>>::call_once::h69aa08ddb6adb8b6
[INFO] [stdout]                                at /rustc/df4ca44d3fbc9301ee17f30f4d474e6ae4b05252/library/alloc/src/boxed.rs:2454:9
[INFO] [stdout]   41:     0x5e0992ca644b - <alloc::boxed::Box<F,A> as core::ops::function::FnOnce<Args>>::call_once::h5aa36efdb79c806f
[INFO] [stdout]                                at /rustc/df4ca44d3fbc9301ee17f30f4d474e6ae4b05252/library/alloc/src/boxed.rs:2454:9
[INFO] [stdout]   42:     0x5e0992ca644b - std::sys::pal::unix::thread::Thread::new::thread_start::h6cd80a1b4be5158d
[INFO] [stdout]                                at /rustc/df4ca44d3fbc9301ee17f30f4d474e6ae4b05252/library/std/src/sys/pal/unix/thread.rs:105:17
[INFO] [stdout]   43:     0x7023af767ac3 - <unknown>
[INFO] [stdout]   44:     0x7023af7f8a04 - clone
[INFO] [stdout]   45:                0x0 - <unknown>
[INFO] [stdout] 
[INFO] [stdout] 
[INFO] [stdout] failures:
[INFO] [stdout]     test_add_remove
[INFO] [stdout]     test_add_with_name
[INFO] [stdout]     test_prob_search
[INFO] [stdout]     test_soma_list
[INFO] [stdout] 
[INFO] [stdout] test result: FAILED. 0 passed; 4 failed; 0 ignored; 0 measured; 0 filtered out; finished in 0.26s
[INFO] [stdout] 
[INFO] [stderr] error: test failed, to rerun pass `--test add_remove`
[INFO] running `Command { std: "docker" "inspect" "0bc6a361b30fa1bc4157d552487c805ab2f63d8050cc8d74250894feaf5c83d2", kill_on_drop: false }`
[INFO] running `Command { std: "docker" "rm" "-f" "0bc6a361b30fa1bc4157d552487c805ab2f63d8050cc8d74250894feaf5c83d2", kill_on_drop: false }`
[INFO] [stdout] 0bc6a361b30fa1bc4157d552487c805ab2f63d8050cc8d74250894feaf5c83d2
