[INFO] fetching crate solders-macros 0.22.0...
[INFO] testing solders-macros-0.22.0 against nightly-2024-10-28 for randomize-layout
[INFO] extracting crate solders-macros 0.22.0 into /workspace/builds/worker-1-tc1/source
[INFO] validating manifest of crates.io crate solders-macros 0.22.0 on toolchain nightly-2024-10-28
[INFO] running `Command { std: CARGO_HOME="/workspace/cargo-home" RUSTUP_HOME="/workspace/rustup-home" "/workspace/cargo-home/bin/cargo" "+nightly-2024-10-28" "metadata" "--manifest-path" "Cargo.toml" "--no-deps", kill_on_drop: false }`
[INFO] started tweaking crates.io crate solders-macros 0.22.0
[INFO] finished tweaking crates.io crate solders-macros 0.22.0
[INFO] tweaked toml for crates.io crate solders-macros 0.22.0 written to /workspace/builds/worker-1-tc1/source/Cargo.toml
[INFO] running `Command { std: CARGO_HOME="/workspace/cargo-home" RUSTUP_HOME="/workspace/rustup-home" "/workspace/cargo-home/bin/cargo" "+nightly-2024-10-28" "generate-lockfile" "--manifest-path" "Cargo.toml", kill_on_drop: false }`
[INFO] [stderr]     Updating crates.io index
[INFO] [stderr]      Locking 4 packages to latest compatible versions
[INFO] [stderr]       Adding syn v1.0.109 (available: v2.0.86)
[INFO] running `Command { std: CARGO_HOME="/workspace/cargo-home" RUSTUP_HOME="/workspace/rustup-home" "/workspace/cargo-home/bin/cargo" "+nightly-2024-10-28" "fetch" "--manifest-path" "Cargo.toml", kill_on_drop: false }`
[INFO] running `Command { std: "docker" "create" "-v" "/var/lib/crater-agent-workspace/builds/worker-1-tc1/target:/opt/rustwide/target:rw,Z" "-v" "/var/lib/crater-agent-workspace/builds/worker-1-tc1/source:/opt/rustwide/workdir:ro,Z" "-v" "/var/lib/crater-agent-workspace/cargo-home:/opt/rustwide/cargo-home:ro,Z" "-v" "/var/lib/crater-agent-workspace/rustup-home:/opt/rustwide/rustup-home:ro,Z" "-e" "SOURCE_DIR=/opt/rustwide/workdir" "-e" "CARGO_TARGET_DIR=/opt/rustwide/target" "-e" "CARGO_HOME=/opt/rustwide/cargo-home" "-e" "RUSTUP_HOME=/opt/rustwide/rustup-home" "-w" "/opt/rustwide/workdir" "-m" "1610612736" "--user" "0:0" "--network" "none" "ghcr.io/rust-lang/crates-build-env/linux@sha256:4a844ea9eb2546a2d2c7022eacef16ef2e8229c7fbb2c7d4d55a9ceca922f72d" "/opt/rustwide/cargo-home/bin/cargo" "+nightly-2024-10-28" "metadata" "--no-deps" "--format-version=1", kill_on_drop: false }`
[INFO] [stdout] bcdfa2847357e064d36feceb3f0b7e34978d49ed16aa98db7913613dbff35b21
[INFO] running `Command { std: "docker" "start" "-a" "bcdfa2847357e064d36feceb3f0b7e34978d49ed16aa98db7913613dbff35b21", kill_on_drop: false }`
[INFO] running `Command { std: "docker" "inspect" "bcdfa2847357e064d36feceb3f0b7e34978d49ed16aa98db7913613dbff35b21", kill_on_drop: false }`
[INFO] running `Command { std: "docker" "rm" "-f" "bcdfa2847357e064d36feceb3f0b7e34978d49ed16aa98db7913613dbff35b21", kill_on_drop: false }`
[INFO] [stdout] bcdfa2847357e064d36feceb3f0b7e34978d49ed16aa98db7913613dbff35b21
[INFO] running `Command { std: "docker" "create" "-v" "/var/lib/crater-agent-workspace/builds/worker-1-tc1/target:/opt/rustwide/target:rw,Z" "-v" "/var/lib/crater-agent-workspace/builds/worker-1-tc1/source:/opt/rustwide/workdir:ro,Z" "-v" "/var/lib/crater-agent-workspace/cargo-home:/opt/rustwide/cargo-home:ro,Z" "-v" "/var/lib/crater-agent-workspace/rustup-home:/opt/rustwide/rustup-home:ro,Z" "-e" "SOURCE_DIR=/opt/rustwide/workdir" "-e" "CARGO_TARGET_DIR=/opt/rustwide/target" "-e" "CARGO_INCREMENTAL=0" "-e" "RUST_BACKTRACE=full" "-e" "RUSTFLAGS=--cap-lints=forbid" "-e" "RUSTDOCFLAGS=--cap-lints=forbid" "-e" "CARGO_HOME=/opt/rustwide/cargo-home" "-e" "RUSTUP_HOME=/opt/rustwide/rustup-home" "-w" "/opt/rustwide/workdir" "-m" "1610612736" "--user" "0:0" "--network" "none" "ghcr.io/rust-lang/crates-build-env/linux@sha256:4a844ea9eb2546a2d2c7022eacef16ef2e8229c7fbb2c7d4d55a9ceca922f72d" "/opt/rustwide/cargo-home/bin/cargo" "+nightly-2024-10-28" "build" "--frozen" "--message-format=json", kill_on_drop: false }`
[INFO] [stdout] 9619a89af661c8634bf63a2fbe4573d9be158a7a6121fdeb2b0cb154fcb5f979
[INFO] running `Command { std: "docker" "start" "-a" "9619a89af661c8634bf63a2fbe4573d9be158a7a6121fdeb2b0cb154fcb5f979", kill_on_drop: false }`
[INFO] [stderr]    Compiling proc-macro2 v1.0.89
[INFO] [stderr]    Compiling unicode-ident v1.0.13
[INFO] [stderr]    Compiling syn v1.0.109
[INFO] [stderr]    Compiling quote v1.0.37
[INFO] [stderr]    Compiling solders-macros v0.22.0 (/opt/rustwide/workdir)
[INFO] [stderr]     Finished `dev` profile [unoptimized + debuginfo] target(s) in 4.77s
[INFO] running `Command { std: "docker" "inspect" "9619a89af661c8634bf63a2fbe4573d9be158a7a6121fdeb2b0cb154fcb5f979", kill_on_drop: false }`
[INFO] running `Command { std: "docker" "rm" "-f" "9619a89af661c8634bf63a2fbe4573d9be158a7a6121fdeb2b0cb154fcb5f979", kill_on_drop: false }`
[INFO] [stdout] 9619a89af661c8634bf63a2fbe4573d9be158a7a6121fdeb2b0cb154fcb5f979
[INFO] running `Command { std: "docker" "create" "-v" "/var/lib/crater-agent-workspace/builds/worker-1-tc1/target:/opt/rustwide/target:rw,Z" "-v" "/var/lib/crater-agent-workspace/builds/worker-1-tc1/source:/opt/rustwide/workdir:ro,Z" "-v" "/var/lib/crater-agent-workspace/cargo-home:/opt/rustwide/cargo-home:ro,Z" "-v" "/var/lib/crater-agent-workspace/rustup-home:/opt/rustwide/rustup-home:ro,Z" "-e" "SOURCE_DIR=/opt/rustwide/workdir" "-e" "CARGO_TARGET_DIR=/opt/rustwide/target" "-e" "CARGO_INCREMENTAL=0" "-e" "RUST_BACKTRACE=full" "-e" "RUSTFLAGS=--cap-lints=forbid" "-e" "RUSTDOCFLAGS=--cap-lints=forbid" "-e" "CARGO_HOME=/opt/rustwide/cargo-home" "-e" "RUSTUP_HOME=/opt/rustwide/rustup-home" "-w" "/opt/rustwide/workdir" "-m" "1610612736" "--user" "0:0" "--network" "none" "ghcr.io/rust-lang/crates-build-env/linux@sha256:4a844ea9eb2546a2d2c7022eacef16ef2e8229c7fbb2c7d4d55a9ceca922f72d" "/opt/rustwide/cargo-home/bin/cargo" "+nightly-2024-10-28" "test" "--frozen" "--no-run" "--message-format=json", kill_on_drop: false }`
[INFO] [stdout] 6a652af8d24786b4b748ff3ab94c2c0fd007bc5041b779fb032545b681f293a5
[INFO] running `Command { std: "docker" "start" "-a" "6a652af8d24786b4b748ff3ab94c2c0fd007bc5041b779fb032545b681f293a5", kill_on_drop: false }`
[INFO] [stderr]    Compiling solders-macros v0.22.0 (/opt/rustwide/workdir)
[INFO] [stderr]     Finished `test` profile [unoptimized + debuginfo] target(s) in 0.67s
[INFO] running `Command { std: "docker" "inspect" "6a652af8d24786b4b748ff3ab94c2c0fd007bc5041b779fb032545b681f293a5", kill_on_drop: false }`
[INFO] running `Command { std: "docker" "rm" "-f" "6a652af8d24786b4b748ff3ab94c2c0fd007bc5041b779fb032545b681f293a5", kill_on_drop: false }`
[INFO] [stdout] 6a652af8d24786b4b748ff3ab94c2c0fd007bc5041b779fb032545b681f293a5
[INFO] running `Command { std: "docker" "create" "-v" "/var/lib/crater-agent-workspace/builds/worker-1-tc1/target:/opt/rustwide/target:rw,Z" "-v" "/var/lib/crater-agent-workspace/builds/worker-1-tc1/source:/opt/rustwide/workdir:ro,Z" "-v" "/var/lib/crater-agent-workspace/cargo-home:/opt/rustwide/cargo-home:ro,Z" "-v" "/var/lib/crater-agent-workspace/rustup-home:/opt/rustwide/rustup-home:ro,Z" "-e" "SOURCE_DIR=/opt/rustwide/workdir" "-e" "CARGO_TARGET_DIR=/opt/rustwide/target" "-e" "CARGO_INCREMENTAL=0" "-e" "RUST_BACKTRACE=full" "-e" "RUSTFLAGS=--cap-lints=forbid" "-e" "RUSTDOCFLAGS=--cap-lints=forbid" "-e" "CARGO_HOME=/opt/rustwide/cargo-home" "-e" "RUSTUP_HOME=/opt/rustwide/rustup-home" "-w" "/opt/rustwide/workdir" "-m" "1610612736" "--user" "0:0" "--network" "none" "ghcr.io/rust-lang/crates-build-env/linux@sha256:4a844ea9eb2546a2d2c7022eacef16ef2e8229c7fbb2c7d4d55a9ceca922f72d" "/opt/rustwide/cargo-home/bin/cargo" "+nightly-2024-10-28" "test" "--frozen", kill_on_drop: false }`
[INFO] [stdout] 0346d40055b14d74c9ef2768792f6b1b96bc7c13c783df4f6670f0aa04ab45eb
[INFO] running `Command { std: "docker" "start" "-a" "0346d40055b14d74c9ef2768792f6b1b96bc7c13c783df4f6670f0aa04ab45eb", kill_on_drop: false }`
[INFO] [stderr]     Finished `test` profile [unoptimized + debuginfo] target(s) in 0.02s
[INFO] [stderr]      Running unittests src/lib.rs (/opt/rustwide/target/debug/deps/solders_macros-e9c8d78a65dd17cc)
[INFO] [stdout] 
[INFO] [stdout] running 0 tests
[INFO] [stdout] 
[INFO] [stdout] test result: ok. 0 passed; 0 failed; 0 ignored; 0 measured; 0 filtered out; finished in 0.00s
[INFO] [stdout] 
[INFO] [stderr]    Doc-tests solders_macros
[INFO] [stdout] 
[INFO] [stdout] running 4 tests
[INFO] [stdout] test src/lib.rs - pyhash (line 15) ... FAILED
[INFO] [stdout] test src/lib.rs - richcmp_full (line 46) ... FAILED
[INFO] [stdout] test src/lib.rs - enum_into_py (line 305) ... FAILED
[INFO] [stdout] test src/lib.rs - enum_original_mapping (line 252) ... ok
[INFO] [stdout] 
[INFO] [stdout] failures:
[INFO] [stdout] 
[INFO] [stdout] ---- src/lib.rs - pyhash (line 15) stdout ----
[INFO] [stdout] error[E0433]: failed to resolve: use of undeclared crate or module `solders_traits_core`
[INFO] [stdout]   --> src/lib.rs:22:1
[INFO] [stdout]    |
[INFO] [stdout] 10 | #[pyhash]
[INFO] [stdout]    | ^^^^^^^^^ use of undeclared crate or module `solders_traits_core`
[INFO] [stdout]    |
[INFO] [stdout]    = note: this error originates in the attribute macro `pyhash` (in Nightly builds, run with -Z macro-backtrace for more info)
[INFO] [stdout] 
[INFO] [stdout] error: aborting due to 1 previous error
[INFO] [stdout] 
[INFO] [stdout] For more information about this error, try `rustc --explain E0433`.
[INFO] [stdout] Couldn't compile the test.
[INFO] [stdout] ---- src/lib.rs - richcmp_full (line 46) stdout ----
[INFO] [stdout] error[E0433]: failed to resolve: use of undeclared crate or module `pyo3`
[INFO] [stdout]   --> src/lib.rs:54:1
[INFO] [stdout]    |
[INFO] [stdout] 11 | #[richcmp_full]
[INFO] [stdout]    | ^^^^^^^^^^^^^^^ use of undeclared crate or module `pyo3`
[INFO] [stdout]    |
[INFO] [stdout]    = note: this error originates in the attribute macro `richcmp_full` (in Nightly builds, run with -Z macro-backtrace for more info)
[INFO] [stdout] 
[INFO] [stdout] error[E0433]: failed to resolve: use of undeclared crate or module `solders_traits_core`
[INFO] [stdout]   --> src/lib.rs:54:1
[INFO] [stdout]    |
[INFO] [stdout] 11 | #[richcmp_full]
[INFO] [stdout]    | ^^^^^^^^^^^^^^^ use of undeclared crate or module `solders_traits_core`
[INFO] [stdout]    |
[INFO] [stdout]    = note: this error originates in the attribute macro `richcmp_full` (in Nightly builds, run with -Z macro-backtrace for more info)
[INFO] [stdout] 
[INFO] [stdout] error[E0412]: cannot find type `CompareOp` in this scope
[INFO] [stdout]   --> src/lib.rs:56:43
[INFO] [stdout]    |
[INFO] [stdout] 13 |   pub fn richcmp(&self, other: &Self, op: CompareOp) -> bool {  // Fake implementation in place of `RichcmpFull`.
[INFO] [stdout]    |                                           ^^^^^^^^^ not found in this scope
[INFO] [stdout] 
[INFO] [stdout] error[E0433]: failed to resolve: use of undeclared type `CompareOp`
[INFO] [stdout]   --> src/lib.rs:62:40
[INFO] [stdout]    |
[INFO] [stdout] 19 | assert_eq!(true, foo.__richcmp__(&foo, CompareOp::Eq));
[INFO] [stdout]    |                                        ^^^^^^^^^ use of undeclared type `CompareOp`
[INFO] [stdout] 
[INFO] [stdout] error: aborting due to 4 previous errors
[INFO] [stdout] 
[INFO] [stdout] Some errors have detailed explanations: E0412, E0433.
[INFO] [stdout] For more information about an error, try `rustc --explain E0412`.
[INFO] [stdout] Couldn't compile the test.
[INFO] [stdout] ---- src/lib.rs - enum_into_py (line 305) stdout ----
[INFO] [stdout] error[E0405]: cannot find trait `IntoPy` in this scope
[INFO] [stdout]  --> src/lib.rs:309:28
[INFO] [stdout]   |
[INFO] [stdout] 7 | #[derive(PartialEq, Debug, EnumIntoPy)]
[INFO] [stdout]   |                            ^^^^^^^^^^
[INFO] [stdout]  --> /rustc/df4ca44d3fbc9301ee17f30f4d474e6ae4b05252/library/core/src/convert/mod.rs:446:1
[INFO] [stdout]   |
[INFO] [stdout]   = note: similarly named trait `Into` defined here
[INFO] [stdout]   |
[INFO] [stdout]   = note: this error originates in the derive macro `EnumIntoPy` (in Nightly builds, run with -Z macro-backtrace for more info)
[INFO] [stdout] 
[INFO] [stdout] error[E0412]: cannot find type `PyObject` in this scope
[INFO] [stdout]  --> src/lib.rs:309:28
[INFO] [stdout]   |
[INFO] [stdout] 7 | #[derive(PartialEq, Debug, EnumIntoPy)]
[INFO] [stdout]   |                            ^^^^^^^^^^ not found in this scope
[INFO] [stdout]   |
[INFO] [stdout]   = note: this error originates in the derive macro `EnumIntoPy` (in Nightly builds, run with -Z macro-backtrace for more info)
[INFO] [stdout] 
[INFO] [stdout] error[E0412]: cannot find type `Python` in this scope
[INFO] [stdout]  --> src/lib.rs:309:28
[INFO] [stdout]   |
[INFO] [stdout] 7 | #[derive(PartialEq, Debug, EnumIntoPy)]
[INFO] [stdout]   |                            ^^^^^^^^^^ not found in this scope
[INFO] [stdout]   |
[INFO] [stdout]   = note: this error originates in the derive macro `EnumIntoPy` (in Nightly builds, run with -Z macro-backtrace for more info)
[INFO] [stdout] 
[INFO] [stdout] error: aborting due to 3 previous errors
[INFO] [stdout] 
[INFO] [stdout] Some errors have detailed explanations: E0405, E0412.
[INFO] [stdout] For more information about an error, try `rustc --explain E0405`.
[INFO] [stdout] Couldn't compile the test.
[INFO] [stdout] 
[INFO] [stdout] failures:
[INFO] [stdout]     src/lib.rs - enum_into_py (line 305)
[INFO] [stdout]     src/lib.rs - pyhash (line 15)
[INFO] [stdout]     src/lib.rs - richcmp_full (line 46)
[INFO] [stdout] 
[INFO] [stdout] test result: FAILED. 1 passed; 3 failed; 0 ignored; 0 measured; 0 filtered out; finished in 0.20s
[INFO] [stdout] 
[INFO] [stderr] error: doctest failed, to rerun pass `--doc`
[INFO] running `Command { std: "docker" "inspect" "0346d40055b14d74c9ef2768792f6b1b96bc7c13c783df4f6670f0aa04ab45eb", kill_on_drop: false }`
[INFO] running `Command { std: "docker" "rm" "-f" "0346d40055b14d74c9ef2768792f6b1b96bc7c13c783df4f6670f0aa04ab45eb", kill_on_drop: false }`
[INFO] [stdout] 0346d40055b14d74c9ef2768792f6b1b96bc7c13c783df4f6670f0aa04ab45eb
