[INFO] fetching crate solana_client_ext 0.1.0...
[INFO] testing solana_client_ext-0.1.0 against nightly-2024-10-28 for randomize-layout
[INFO] extracting crate solana_client_ext 0.1.0 into /workspace/builds/worker-5-tc1/source
[INFO] validating manifest of crates.io crate solana_client_ext 0.1.0 on toolchain nightly-2024-10-28
[INFO] running `Command { std: CARGO_HOME="/workspace/cargo-home" RUSTUP_HOME="/workspace/rustup-home" "/workspace/cargo-home/bin/cargo" "+nightly-2024-10-28" "metadata" "--manifest-path" "Cargo.toml" "--no-deps", kill_on_drop: false }`
[INFO] started tweaking crates.io crate solana_client_ext 0.1.0
[INFO] finished tweaking crates.io crate solana_client_ext 0.1.0
[INFO] tweaked toml for crates.io crate solana_client_ext 0.1.0 written to /workspace/builds/worker-5-tc1/source/Cargo.toml
[INFO] running `Command { std: CARGO_HOME="/workspace/cargo-home" RUSTUP_HOME="/workspace/rustup-home" "/workspace/cargo-home/bin/cargo" "+nightly-2024-10-28" "generate-lockfile" "--manifest-path" "Cargo.toml", kill_on_drop: false }`
[INFO] [stderr]     Updating crates.io index
[INFO] [stderr]      Locking 485 packages to latest compatible versions
[INFO] [stderr]       Adding curve25519-dalek v3.2.0 (available: v3.2.1)
[INFO] [stderr]       Adding spl-token-2022 v4.0.0 (available: v4.0.1)
[INFO] running `Command { std: CARGO_HOME="/workspace/cargo-home" RUSTUP_HOME="/workspace/rustup-home" "/workspace/cargo-home/bin/cargo" "+nightly-2024-10-28" "fetch" "--manifest-path" "Cargo.toml", kill_on_drop: false }`
[INFO] [stderr]     Blocking waiting for file lock on package cache
[INFO] [stderr]  Downloading crates ...
[INFO] [stderr]   Downloaded solana-pubkey v2.1.0
[INFO] [stderr]   Downloaded solana-sanitize v2.1.0
[INFO] [stderr]   Downloaded solana-transaction-error v2.1.0
[INFO] [stderr]   Downloaded solana-sdk v2.1.0
[INFO] [stderr]   Downloaded solana-thin-client v2.1.0
[INFO] [stderr]   Downloaded solana-decode-error v2.1.0
[INFO] [stderr]   Downloaded solana-serialize-utils v2.1.0
[INFO] [stderr]   Downloaded solana-stable-layout v2.1.0
[INFO] [stderr]   Downloaded solana-instruction v2.1.0
[INFO] [stderr]   Downloaded spl-transfer-hook-interface v0.7.0
[INFO] [stderr]   Downloaded spl-tlv-account-resolution v0.7.0
[INFO] [stderr]   Downloaded solana-program-pack v2.1.0
[INFO] [stderr]   Downloaded solana-rpc-client-nonce-utils v2.1.0
[INFO] [stderr]   Downloaded spl-token-group-interface v0.3.0
[INFO] [stderr]   Downloaded solana-slot-hashes v2.1.0
[INFO] [stderr]   Downloaded solana-quic-client v2.1.0
[INFO] [stderr]   Downloaded solana-metrics v2.1.0
[INFO] [stderr]   Downloaded solana-program-runtime v2.1.0
[INFO] [stderr]   Downloaded solana-streamer v2.1.0
[INFO] [stderr]   Downloaded solana-vote-program v2.1.0
[INFO] [stderr]   Downloaded spl-token-2022 v4.0.0
[INFO] [stderr]   Downloaded solana-program v2.1.0
[INFO] [stderr]   Downloaded solana-client v2.1.0
[INFO] [stderr]   Downloaded solana-account-decoder v2.1.0
[INFO] [stderr]   Downloaded solana-pubsub-client v2.1.0
[INFO] [stderr]   Downloaded solana-net-utils v2.1.0
[INFO] [stderr]   Downloaded solana-curve25519 v2.1.0
[INFO] [stderr]   Downloaded spl-pod v0.3.1
[INFO] [stderr]   Downloaded spl-type-length-value v0.5.0
[INFO] [stderr]   Downloaded solana-inline-spl v2.1.0
[INFO] [stderr]   Downloaded solana-connection-cache v2.1.0
[INFO] [stderr]   Downloaded solana-vote v2.1.0
[INFO] [stderr]   Downloaded solana-feature-set v2.1.0
[INFO] [stderr]   Downloaded solana-last-restart-slot v2.1.0
[INFO] [stderr]   Downloaded solana-program-entrypoint v2.1.0
[INFO] [stderr]   Downloaded solana-program-option v2.1.0
[INFO] [stderr]   Downloaded solana-short-vec v2.1.0
[INFO] [stderr]   Downloaded solana-signature v2.1.0
[INFO] [stderr]   Downloaded solana-define-syscall v2.1.0
[INFO] [stderr]   Downloaded solana-config-program v2.1.0
[INFO] [stderr]   Downloaded solana-account-decoder-client-types v2.1.0
[INFO] [stderr]   Downloaded solana-version v2.1.0
[INFO] [stderr]   Downloaded solana-rpc-client-api v2.1.0
[INFO] [stderr]   Downloaded solana-compute-budget v2.1.0
[INFO] [stderr]   Downloaded solana-log-collector v2.1.0
[INFO] [stderr]   Downloaded solana-transaction-metrics-tracker v2.1.0
[INFO] [stderr]   Downloaded solana-packet v2.1.0
[INFO] [stderr]   Downloaded solana-native-token v2.1.0
[INFO] [stderr]   Downloaded solana-secp256k1-recover v2.1.0
[INFO] [stderr]   Downloaded solana-type-overrides v2.1.0
[INFO] [stderr]   Downloaded solana_rbpf v0.8.5
[INFO] [stderr]   Downloaded solana-account v2.1.0
[INFO] [stderr]   Downloaded solana-derivation-path v2.1.0
[INFO] [stderr]   Downloaded solana-precompile-error v2.1.0
[INFO] [stderr]   Downloaded solana-borsh v2.1.0
[INFO] [stderr]   Downloaded solana-cpi v2.1.0
[INFO] [stderr]   Downloaded solana-epoch-schedule v2.1.0
[INFO] [stderr]   Downloaded solana-program-error v2.1.0
[INFO] [stderr]   Downloaded spl-token-metadata-interface v0.4.0
[INFO] [stderr]   Downloaded solana-rpc-client v2.1.0
[INFO] [stderr]   Downloaded solana-transaction-status-client-types v2.1.0
[INFO] [stderr]   Downloaded solana-tpu-client v2.1.0
[INFO] [stderr]   Downloaded solana-rayon-threadlimit v2.1.0
[INFO] [stderr]   Downloaded solana-measure v2.1.0
[INFO] [stderr]   Downloaded solana-timings v2.1.0
[INFO] [stderr]   Downloaded solana-perf v2.1.0
[INFO] [stderr]   Downloaded solana-udp-client v2.1.0
[INFO] [stderr]   Downloaded solana-bn254 v2.1.0
[INFO] [stderr]   Downloaded solana-inflation v2.1.0
[INFO] [stderr]   Downloaded solana-bincode v2.1.0
[INFO] [stderr]   Downloaded solana-clock v2.1.0
[INFO] [stderr]   Downloaded solana-fee-calculator v2.1.0
[INFO] [stderr]   Downloaded solana-account-info v2.1.0
[INFO] [stderr]   Downloaded solana-msg v2.1.0
[INFO] [stderr]   Downloaded solana-rent v2.1.0
[INFO] [stderr]   Downloaded solana-slot-history v2.1.0
[INFO] [stderr]   Downloaded solana-program-memory v2.1.0
[INFO] [stderr]   Downloaded solana-serde-varint v2.1.0
[INFO] [stderr]   Downloaded solana-atomic-u64 v2.1.0
[INFO] [stderr]   Downloaded solana-hash v2.1.0
[INFO] [stderr]   Downloaded solana-sha256-hasher v2.1.0
[INFO] [stderr]   Downloaded solana-zk-token-sdk v2.1.0
[INFO] running `Command { std: "docker" "create" "-v" "/var/lib/crater-agent-workspace/builds/worker-5-tc1/target:/opt/rustwide/target:rw,Z" "-v" "/var/lib/crater-agent-workspace/builds/worker-5-tc1/source:/opt/rustwide/workdir:ro,Z" "-v" "/var/lib/crater-agent-workspace/cargo-home:/opt/rustwide/cargo-home:ro,Z" "-v" "/var/lib/crater-agent-workspace/rustup-home:/opt/rustwide/rustup-home:ro,Z" "-e" "SOURCE_DIR=/opt/rustwide/workdir" "-e" "CARGO_TARGET_DIR=/opt/rustwide/target" "-e" "CARGO_HOME=/opt/rustwide/cargo-home" "-e" "RUSTUP_HOME=/opt/rustwide/rustup-home" "-w" "/opt/rustwide/workdir" "-m" "1610612736" "--user" "0:0" "--network" "none" "ghcr.io/rust-lang/crates-build-env/linux@sha256:4a844ea9eb2546a2d2c7022eacef16ef2e8229c7fbb2c7d4d55a9ceca922f72d" "/opt/rustwide/cargo-home/bin/cargo" "+nightly-2024-10-28" "metadata" "--no-deps" "--format-version=1", kill_on_drop: false }`
[INFO] [stdout] d0a1b6cd538cd52b3a37bf062a80815f3b3a9cc87fa6ef4b6277161310983eb9
[INFO] running `Command { std: "docker" "start" "-a" "d0a1b6cd538cd52b3a37bf062a80815f3b3a9cc87fa6ef4b6277161310983eb9", kill_on_drop: false }`
[INFO] running `Command { std: "docker" "inspect" "d0a1b6cd538cd52b3a37bf062a80815f3b3a9cc87fa6ef4b6277161310983eb9", kill_on_drop: false }`
[INFO] running `Command { std: "docker" "rm" "-f" "d0a1b6cd538cd52b3a37bf062a80815f3b3a9cc87fa6ef4b6277161310983eb9", kill_on_drop: false }`
[INFO] [stdout] d0a1b6cd538cd52b3a37bf062a80815f3b3a9cc87fa6ef4b6277161310983eb9
[INFO] running `Command { std: "docker" "create" "-v" "/var/lib/crater-agent-workspace/builds/worker-5-tc1/target:/opt/rustwide/target:rw,Z" "-v" "/var/lib/crater-agent-workspace/builds/worker-5-tc1/source:/opt/rustwide/workdir:ro,Z" "-v" "/var/lib/crater-agent-workspace/cargo-home:/opt/rustwide/cargo-home:ro,Z" "-v" "/var/lib/crater-agent-workspace/rustup-home:/opt/rustwide/rustup-home:ro,Z" "-e" "SOURCE_DIR=/opt/rustwide/workdir" "-e" "CARGO_TARGET_DIR=/opt/rustwide/target" "-e" "CARGO_INCREMENTAL=0" "-e" "RUST_BACKTRACE=full" "-e" "RUSTFLAGS=--cap-lints=forbid" "-e" "RUSTDOCFLAGS=--cap-lints=forbid" "-e" "CARGO_HOME=/opt/rustwide/cargo-home" "-e" "RUSTUP_HOME=/opt/rustwide/rustup-home" "-w" "/opt/rustwide/workdir" "-m" "1610612736" "--user" "0:0" "--network" "none" "ghcr.io/rust-lang/crates-build-env/linux@sha256:4a844ea9eb2546a2d2c7022eacef16ef2e8229c7fbb2c7d4d55a9ceca922f72d" "/opt/rustwide/cargo-home/bin/cargo" "+nightly-2024-10-28" "build" "--frozen" "--message-format=json", kill_on_drop: false }`
[INFO] [stdout] 75a8d0102555ab24986e554909dd01bd7f87fa0864a8003506f12cc2adbf2a1e
[INFO] running `Command { std: "docker" "start" "-a" "75a8d0102555ab24986e554909dd01bd7f87fa0864a8003506f12cc2adbf2a1e", kill_on_drop: false }`
[INFO] [stderr]    Compiling subtle v2.6.1
[INFO] [stderr]    Compiling cfg_aliases v0.2.1
[INFO] [stderr]    Compiling proc-macro-error-attr v1.0.4
[INFO] [stderr]    Compiling winnow v0.6.20
[INFO] [stderr]    Compiling proc-macro-error v1.0.4
[INFO] [stderr]    Compiling ahash v0.8.11
[INFO] [stderr]    Compiling log v0.4.22
[INFO] [stderr]    Compiling solana-sanitize v2.1.0
[INFO] [stderr]    Compiling syn v2.0.86
[INFO] [stderr]    Compiling bs58 v0.5.1
[INFO] [stderr]    Compiling memchr v2.7.4
[INFO] [stderr]    Compiling borsh-schema-derive-internal v0.10.4
[INFO] [stderr]    Compiling borsh-derive-internal v0.10.4
[INFO] [stderr]    Compiling generic-array v0.14.7
[INFO] [stderr]    Compiling curve25519-dalek v4.1.3
[INFO] [stderr]    Compiling solana-atomic-u64 v2.1.0
[INFO] [stderr]    Compiling solana-decode-error v2.1.0
[INFO] [stderr]    Compiling borsh v1.5.1
[INFO] [stderr]    Compiling five8_core v0.1.1
[INFO] [stderr]    Compiling getrandom v0.1.16
[INFO] [stderr]    Compiling num-bigint v0.4.6
[INFO] [stderr]    Compiling five8_const v0.1.3
[INFO] [stderr]    Compiling solana-msg v2.1.0
[INFO] [stderr]    Compiling solana-program-memory v2.1.0
[INFO] [stderr]    Compiling memoffset v0.9.1
[INFO] [stderr]    Compiling num-traits v0.2.19
[INFO] [stderr]    Compiling base64 v0.22.1
[INFO] [stderr]    Compiling solana-program-option v2.1.0
[INFO] [stderr]    Compiling solana-native-token v2.1.0
[INFO] [stderr]    Compiling paste v1.0.15
[INFO] [stderr]    Compiling rand_core v0.5.1
[INFO] [stderr]    Compiling borsh-derive v0.10.4
[INFO] [stderr]    Compiling ark-serialize-derive v0.4.2
[INFO] [stderr]    Compiling strsim v0.11.1
[INFO] [stderr]    Compiling ident_case v1.0.1
[INFO] [stderr]    Compiling itertools v0.10.5
[INFO] [stderr]    Compiling derivative v2.2.0
[INFO] [stderr]    Compiling ark-ff-asm v0.4.2
[INFO] [stderr]    Compiling solana-derivation-path v2.1.0
[INFO] [stderr]    Compiling itertools v0.12.1
[INFO] [stderr]    Compiling solana-precompile-error v2.1.0
[INFO] [stderr]    Compiling siphasher v0.3.11
[INFO] [stderr]    Compiling tracing v0.1.40
[INFO] [stderr]    Compiling unicode-normalization v0.1.24
[INFO] [stderr]    Compiling rustls v0.21.12
[INFO] [stderr]    Compiling unicase v2.8.0
[INFO] [stderr]    Compiling num-complex v0.2.4
[INFO] [stderr]    Compiling num-rational v0.2.4
[INFO] [stderr]    Compiling num-bigint v0.2.6
[INFO] [stderr]    Compiling digest v0.9.0
[INFO] [stderr]    Compiling libsecp256k1-core v0.2.2
[INFO] [stderr]    Compiling crypto-common v0.1.6
[INFO] [stderr]    Compiling mime_guess v2.0.5
[INFO] [stderr]    Compiling block-buffer v0.10.4
[INFO] [stderr]    Compiling void v1.0.2
[INFO] [stderr]    Compiling num-iter v0.1.45
[INFO] [stderr]    Compiling unreachable v1.0.0
[INFO] [stderr]    Compiling digest v0.10.7
[INFO] [stderr]    Compiling ascii v0.9.3
[INFO] [stderr]    Compiling hash32 v0.2.1
[INFO] [stderr]    Compiling sha2 v0.10.8
[INFO] [stderr]    Compiling combine v3.8.1
[INFO] [stderr]    Compiling idna v0.5.0
[INFO] [stderr]    Compiling scroll v0.11.0
[INFO] [stderr]    Compiling rustc-demangle v0.1.24
[INFO] [stderr]    Compiling num-integer v0.1.46
[INFO] [stderr]    Compiling solana-measure v2.1.0
[INFO] [stderr]    Compiling eager v0.1.0
[INFO] [stderr]    Compiling solana-log-collector v2.1.0
[INFO] [stderr]    Compiling zstd-safe v7.2.1
[INFO] [stderr]    Compiling zstd-sys v2.0.13+zstd.1.5.6
[INFO] [stderr]    Compiling url v2.5.2
[INFO] [stderr]    Compiling num v0.2.1
[INFO] [stderr]    Compiling libsecp256k1-gen-genmult v0.2.1
[INFO] [stderr]    Compiling libsecp256k1-gen-ecmult v0.2.1
[INFO] [stderr]    Compiling percentage v0.1.0
[INFO] [stderr]    Compiling portable-atomic v1.9.0
[INFO] [stderr]    Compiling rustls-pki-types v1.10.0
[INFO] [stderr]    Compiling nom v7.1.3
[INFO] [stderr]    Compiling anyhow v1.0.92
[INFO] [stderr]    Compiling libsecp256k1 v0.6.0
[INFO] [stderr]    Compiling zstd v0.13.2
[INFO] [stderr]    Compiling task-local-extensions v0.1.4
[INFO] [stderr]    Compiling toml_edit v0.22.22
[INFO] [stderr]    Compiling nix v0.29.0
[INFO] [stderr]    Compiling data-encoding v2.6.0
[INFO] [stderr]    Compiling rustls v0.23.16
[INFO] [stderr]    Compiling rustls-pemfile v2.2.0
[INFO] [stderr]    Compiling rustls-webpki v0.102.8
[INFO] [stderr]    Compiling concurrent-queue v2.5.0
[INFO] [stderr]    Compiling asn1-rs-impl v0.1.0
[INFO] [stderr]    Compiling rustls-native-certs v0.7.3
[INFO] [stderr]    Compiling aho-corasick v1.1.3
[INFO] [stderr]    Compiling quinn-udp v0.5.6
[INFO] [stderr]    Compiling oid-registry v0.6.1
[INFO] [stderr]    Compiling solana-perf v2.1.0
[INFO] [stderr]    Compiling ark-ff-macros v0.4.2
[INFO] [stderr]    Compiling console v0.15.8
[INFO] [stderr]    Compiling solana-rayon-threadlimit v2.1.0
[INFO] [stderr]    Compiling rustc-hash v2.0.0
[INFO] [stderr]    Compiling hashbrown v0.14.5
[INFO] [stderr]    Compiling number_prefix v0.4.0
[INFO] [stderr]    Compiling webpki-roots v0.24.0
[INFO] [stderr]    Compiling spinning_top v0.3.0
[INFO] [stderr]    Compiling nonzero_ext v0.3.0
[INFO] [stderr]    Compiling no-std-compat v0.4.1
[INFO] [stderr]    Compiling parking v2.2.1
[INFO] [stderr]    Compiling event-listener v2.5.3
[INFO] [stderr]    Compiling solana-security-txt v1.1.1
[INFO] [stderr]    Compiling utf-8 v0.7.6
[INFO] [stderr]    Compiling futures-timer v3.0.3
[INFO] [stderr]    Compiling event-listener v5.3.1
[INFO] [stderr]    Compiling indicatif v0.17.8
[INFO] [stderr]    Compiling async-channel v1.9.0
[INFO] [stderr]    Compiling pem v1.1.1
[INFO] [stderr]    Compiling histogram v0.6.9
[INFO] [stderr]    Compiling event-listener-strategy v0.5.2
[INFO] [stderr]    Compiling async-lock v3.4.0
[INFO] [stderr]    Compiling dashmap v5.5.3
[INFO] [stderr]    Compiling regex-automata v0.4.8
[INFO] [stderr]    Compiling rusticata-macros v4.1.0
[INFO] [stderr]    Compiling proc-macro-crate v3.2.0
[INFO] [stderr]    Compiling darling_core v0.20.10
[INFO] [stderr]    Compiling serde_derive v1.0.214
[INFO] [stderr]    Compiling zerocopy-derive v0.7.35
[INFO] [stderr]    Compiling zeroize_derive v1.4.2
[INFO] [stderr]    Compiling syn_derive v0.1.8
[INFO] [stderr]    Compiling bytemuck_derive v1.8.0
[INFO] [stderr]    Compiling thiserror-impl v1.0.66
[INFO] [stderr]    Compiling curve25519-dalek-derive v0.1.1
[INFO] [stderr]    Compiling solana-sdk-macro v2.1.0
[INFO] [stderr]    Compiling num-derive v0.4.2
[INFO] [stderr]    Compiling num_enum_derive v0.7.3
[INFO] [stderr]    Compiling cfg_eval v0.1.2
[INFO] [stderr]    Compiling tokio-macros v2.4.0
[INFO] [stderr]    Compiling futures-macro v0.3.31
[INFO] [stderr]    Compiling enum-iterator-derive v1.4.0
[INFO] [stderr]    Compiling spl-program-error-derive v0.4.1
[INFO] [stderr]    Compiling async-trait v0.1.83
[INFO] [stderr]    Compiling borsh-derive v1.5.1
[INFO] [stderr]    Compiling zeroize v1.8.1
[INFO] [stderr]    Compiling tokio v1.41.0
[INFO] [stderr]    Compiling displaydoc v0.2.5
[INFO] [stderr]    Compiling merlin v3.0.0
[INFO] [stderr]    Compiling zerocopy v0.7.35
[INFO] [stderr]    Compiling futures-util v0.3.31
[INFO] [stderr]    Compiling enum-iterator v1.5.0
[INFO] [stderr]    Compiling dlopen2_derive v0.3.0
[INFO] [stderr]    Compiling regex v1.11.1
[INFO] [stderr]    Compiling bytemuck v1.19.0
[INFO] [stderr]    Compiling num_enum v0.7.3
[INFO] [stderr]    Compiling thiserror v1.0.66
[INFO] [stderr]    Compiling dlopen2 v0.5.0
[INFO] [stderr]    Compiling spl-discriminator-syn v0.2.0
[INFO] [stderr]    Compiling caps v0.5.5
[INFO] [stderr]    Compiling ppv-lite86 v0.2.20
[INFO] [stderr]    Compiling asn1-rs v0.5.2
[INFO] [stderr]    Compiling spl-discriminator-derive v0.2.0
[INFO] [stderr]    Compiling Inflector v0.11.4
[INFO] [stderr]    Compiling hashbrown v0.13.2
[INFO] [stderr]    Compiling rand_chacha v0.3.1
[INFO] [stderr]    Compiling rand_chacha v0.2.2
[INFO] [stderr]    Compiling rand v0.7.3
[INFO] [stderr]    Compiling darling_macro v0.20.10
[INFO] [stderr]    Compiling rand v0.8.5
[INFO] [stderr]    Compiling borsh v0.10.4
[INFO] [stderr]    Compiling darling v0.20.10
[INFO] [stderr]    Compiling serde_with_macros v3.11.0
[INFO] [stderr]    Compiling ark-std v0.4.0
[INFO] [stderr]    Compiling solana-type-overrides v2.1.0
[INFO] [stderr]    Compiling solana_rbpf v0.8.5
[INFO] [stderr]    Compiling serde v1.0.214
[INFO] [stderr]    Compiling der-parser v8.2.0
[INFO] [stderr]    Compiling solana-borsh v2.1.0
[INFO] [stderr]    Compiling x509-parser v0.14.0
[INFO] [stderr]    Compiling futures-executor v0.3.31
[INFO] [stderr]    Compiling futures v0.3.31
[INFO] [stderr]    Compiling rustls-platform-verifier v0.3.4
[INFO] [stderr]    Compiling solana-hash v2.1.0
[INFO] [stderr]    Compiling bincode v1.3.3
[INFO] [stderr]    Compiling bitflags v2.6.0
[INFO] [stderr]    Compiling solana-clock v2.1.0
[INFO] [stderr]    Compiling solana-epoch-schedule v2.1.0
[INFO] [stderr]    Compiling solana-serde-varint v2.1.0
[INFO] [stderr]    Compiling bv v0.11.1
[INFO] [stderr]    Compiling solana-rent v2.1.0
[INFO] [stderr]    Compiling solana-fee-calculator v2.1.0
[INFO] [stderr]    Compiling solana-short-vec v2.1.0
[INFO] [stderr]    Compiling serde_bytes v0.11.15
[INFO] [stderr]    Compiling solana-last-restart-slot v2.1.0
[INFO] [stderr]    Compiling serde_json v1.0.132
[INFO] [stderr]    Compiling serde_with v3.11.0
[INFO] [stderr]    Compiling solana-slot-hashes v2.1.0
[INFO] [stderr]    Compiling solana-inflation v2.1.0
[INFO] [stderr]    Compiling chrono v0.4.38
[INFO] [stderr]    Compiling serde_urlencoded v0.7.1
[INFO] [stderr]    Compiling tokio-util v0.7.12
[INFO] [stderr]    Compiling tokio-rustls v0.24.1
[INFO] [stderr]    Compiling async-compression v0.4.17
[INFO] [stderr]    Compiling raw-cpuid v11.2.0
[INFO] [stderr]    Compiling quinn-proto v0.11.8
[INFO] [stderr]    Compiling tokio-stream v0.1.16
[INFO] [stderr]    Compiling block-buffer v0.9.0
[INFO] [stderr]    Compiling sha2 v0.9.9
[INFO] [stderr]    Compiling crypto-mac v0.8.0
[INFO] [stderr]    Compiling hmac v0.8.1
[INFO] [stderr]    Compiling sha3 v0.10.8
[INFO] [stderr]    Compiling hmac-drbg v0.3.0
[INFO] [stderr]    Compiling blake3 v1.5.4
[INFO] [stderr]    Compiling solana-sha256-hasher v2.1.0
[INFO] [stderr]    Compiling solana-slot-history v2.1.0
[INFO] [stderr]    Compiling ark-serialize v0.4.2
[INFO] [stderr]    Compiling curve25519-dalek v3.2.0
[INFO] [stderr]    Compiling hmac v0.12.1
[INFO] [stderr]    Compiling solana-packet v2.1.0
[INFO] [stderr]    Compiling pbkdf2 v0.11.0
[INFO] [stderr]    Compiling h2 v0.3.26
[INFO] [stderr]    Compiling inout v0.1.3
[INFO] [stderr]    Compiling universal-hash v0.5.1
[INFO] [stderr]    Compiling polyval v0.6.2
[INFO] [stderr]    Compiling cipher v0.4.4
[INFO] [stderr]    Compiling ark-ff v0.4.2
[INFO] [stderr]    Compiling ctr v0.9.2
[INFO] [stderr]    Compiling aes v0.8.4
[INFO] [stderr]    Compiling aead v0.5.2
[INFO] [stderr]    Compiling jsonrpc-core v18.0.0
[INFO] [stderr]    Compiling sha1 v0.10.6
[INFO] [stderr]    Compiling quanta v0.12.3
[INFO] [stderr]    Compiling tungstenite v0.20.1
[INFO] [stderr]    Compiling aes-gcm-siv v0.11.1
[INFO] [stderr]    Compiling governor v0.6.3
[INFO] [stderr]    Compiling ed25519-dalek v1.0.1
[INFO] [stderr]    Compiling ed25519-dalek-bip32 v0.2.0
[INFO] [stderr]    Compiling solana-signature v2.1.0
[INFO] [stderr]    Compiling solana-pubkey v2.1.0
[INFO] [stderr]    Compiling solana-curve25519 v2.1.0
[INFO] [stderr]    Compiling tokio-tungstenite v0.20.1
[INFO] [stderr]    Compiling solana-instruction v2.1.0
[INFO] [stderr]    Compiling solana-feature-set v2.1.0
[INFO] [stderr]    Compiling solana-inline-spl v2.1.0
[INFO] [stderr]    Compiling solana-program-error v2.1.0
[INFO] [stderr]    Compiling solana-serialize-utils v2.1.0
[INFO] [stderr]    Compiling solana-stable-layout v2.1.0
[INFO] [stderr]    Compiling solana-transaction-error v2.1.0
[INFO] [stderr]    Compiling solana-bincode v2.1.0
[INFO] [stderr]    Compiling solana-account-info v2.1.0
[INFO] [stderr]    Compiling solana-program-pack v2.1.0
[INFO] [stderr]    Compiling solana-cpi v2.1.0
[INFO] [stderr]    Compiling solana-program-entrypoint v2.1.0
[INFO] [stderr]    Compiling quinn v0.11.5
[INFO] [stderr]    Compiling solana-version v2.1.0
[INFO] [stderr]    Compiling solana-secp256k1-recover v2.1.0
[INFO] [stderr]    Compiling hyper v0.14.31
[INFO] [stderr]    Compiling solana-program v2.1.0
[INFO] [stderr]    Compiling hyper-rustls v0.24.2
[INFO] [stderr]    Compiling reqwest v0.11.27
[INFO] [stderr]    Compiling ark-poly v0.4.2
[INFO] [stderr]    Compiling reqwest-middleware v0.2.5
[INFO] [stderr]    Compiling solana-account v2.1.0
[INFO] [stderr]    Compiling spl-program-error v0.5.0
[INFO] [stderr]    Compiling spl-discriminator v0.3.0
[INFO] [stderr]    Compiling spl-token v6.0.0
[INFO] [stderr]    Compiling spl-memo v5.0.0
[INFO] [stderr]    Compiling ark-ec v0.4.2
[INFO] [stderr]    Compiling solana-account-decoder-client-types v2.1.0
[INFO] [stderr]    Compiling ark-bn254 v0.4.0
[INFO] [stderr]    Compiling solana-bn254 v2.1.0
[INFO] [stderr]    Compiling solana-sdk v2.1.0
[INFO] [stderr]    Compiling solana-metrics v2.1.0
[INFO] [stderr]    Compiling solana-compute-budget v2.1.0
[INFO] [stderr]    Compiling solana-vote v2.1.0
[INFO] [stderr]    Compiling solana-timings v2.1.0
[INFO] [stderr]    Compiling solana-zk-token-sdk v2.1.0
[INFO] [stderr]    Compiling solana-transaction-status-client-types v2.1.0
[INFO] [stderr]    Compiling solana-net-utils v2.1.0
[INFO] [stderr]    Compiling solana-connection-cache v2.1.0
[INFO] [stderr]    Compiling solana-program-runtime v2.1.0
[INFO] [stderr]    Compiling solana-rpc-client-api v2.1.0
[INFO] [stderr]    Compiling solana-vote-program v2.1.0
[INFO] [stderr]    Compiling solana-config-program v2.1.0
[INFO] [stderr]    Compiling solana-transaction-metrics-tracker v2.1.0
[INFO] [stderr]    Compiling solana-streamer v2.1.0
[INFO] [stderr]    Compiling solana-rpc-client v2.1.0
[INFO] [stderr]    Compiling spl-pod v0.3.1
[INFO] [stderr]    Compiling spl-type-length-value v0.5.0
[INFO] [stderr]    Compiling spl-token-group-interface v0.3.0
[INFO] [stderr]    Compiling solana-quic-client v2.1.0
[INFO] [stderr]    Compiling solana-udp-client v2.1.0
[INFO] [stderr]    Compiling spl-tlv-account-resolution v0.7.0
[INFO] [stderr]    Compiling spl-token-metadata-interface v0.4.0
[INFO] [stderr]    Compiling spl-transfer-hook-interface v0.7.0
[INFO] [stderr]    Compiling spl-token-2022 v4.0.0
[INFO] [stderr]    Compiling solana-thin-client v2.1.0
[INFO] [stderr]    Compiling solana-rpc-client-nonce-utils v2.1.0
[INFO] [stderr]    Compiling solana-account-decoder v2.1.0
[INFO] [stderr]    Compiling solana-pubsub-client v2.1.0
[INFO] [stderr]    Compiling solana-tpu-client v2.1.0
[INFO] [stderr]    Compiling solana-client v2.1.0
[INFO] [stderr]    Compiling solana_client_ext v0.1.0 (/opt/rustwide/workdir)
[INFO] [stderr]     Finished `dev` profile [unoptimized + debuginfo] target(s) in 1m 53s
[INFO] running `Command { std: "docker" "inspect" "75a8d0102555ab24986e554909dd01bd7f87fa0864a8003506f12cc2adbf2a1e", kill_on_drop: false }`
[INFO] running `Command { std: "docker" "rm" "-f" "75a8d0102555ab24986e554909dd01bd7f87fa0864a8003506f12cc2adbf2a1e", kill_on_drop: false }`
[INFO] [stdout] 75a8d0102555ab24986e554909dd01bd7f87fa0864a8003506f12cc2adbf2a1e
[INFO] running `Command { std: "docker" "create" "-v" "/var/lib/crater-agent-workspace/builds/worker-5-tc1/target:/opt/rustwide/target:rw,Z" "-v" "/var/lib/crater-agent-workspace/builds/worker-5-tc1/source:/opt/rustwide/workdir:ro,Z" "-v" "/var/lib/crater-agent-workspace/cargo-home:/opt/rustwide/cargo-home:ro,Z" "-v" "/var/lib/crater-agent-workspace/rustup-home:/opt/rustwide/rustup-home:ro,Z" "-e" "SOURCE_DIR=/opt/rustwide/workdir" "-e" "CARGO_TARGET_DIR=/opt/rustwide/target" "-e" "CARGO_INCREMENTAL=0" "-e" "RUST_BACKTRACE=full" "-e" "RUSTFLAGS=--cap-lints=forbid" "-e" "RUSTDOCFLAGS=--cap-lints=forbid" "-e" "CARGO_HOME=/opt/rustwide/cargo-home" "-e" "RUSTUP_HOME=/opt/rustwide/rustup-home" "-w" "/opt/rustwide/workdir" "-m" "1610612736" "--user" "0:0" "--network" "none" "ghcr.io/rust-lang/crates-build-env/linux@sha256:4a844ea9eb2546a2d2c7022eacef16ef2e8229c7fbb2c7d4d55a9ceca922f72d" "/opt/rustwide/cargo-home/bin/cargo" "+nightly-2024-10-28" "test" "--frozen" "--no-run" "--message-format=json", kill_on_drop: false }`
[INFO] [stdout] a47229a386a70a63555755d38b5735a3931e0d91fa37581f7b5b4e0ae8ec6fd0
[INFO] running `Command { std: "docker" "start" "-a" "a47229a386a70a63555755d38b5735a3931e0d91fa37581f7b5b4e0ae8ec6fd0", kill_on_drop: false }`
[INFO] [stderr]    Compiling solana_client_ext v0.1.0 (/opt/rustwide/workdir)
[INFO] [stderr]     Finished `test` profile [unoptimized + debuginfo] target(s) in 7.89s
[INFO] running `Command { std: "docker" "inspect" "a47229a386a70a63555755d38b5735a3931e0d91fa37581f7b5b4e0ae8ec6fd0", kill_on_drop: false }`
[INFO] running `Command { std: "docker" "rm" "-f" "a47229a386a70a63555755d38b5735a3931e0d91fa37581f7b5b4e0ae8ec6fd0", kill_on_drop: false }`
[INFO] [stdout] a47229a386a70a63555755d38b5735a3931e0d91fa37581f7b5b4e0ae8ec6fd0
[INFO] running `Command { std: "docker" "create" "-v" "/var/lib/crater-agent-workspace/builds/worker-5-tc1/target:/opt/rustwide/target:rw,Z" "-v" "/var/lib/crater-agent-workspace/builds/worker-5-tc1/source:/opt/rustwide/workdir:ro,Z" "-v" "/var/lib/crater-agent-workspace/cargo-home:/opt/rustwide/cargo-home:ro,Z" "-v" "/var/lib/crater-agent-workspace/rustup-home:/opt/rustwide/rustup-home:ro,Z" "-e" "SOURCE_DIR=/opt/rustwide/workdir" "-e" "CARGO_TARGET_DIR=/opt/rustwide/target" "-e" "CARGO_INCREMENTAL=0" "-e" "RUST_BACKTRACE=full" "-e" "RUSTFLAGS=--cap-lints=forbid" "-e" "RUSTDOCFLAGS=--cap-lints=forbid" "-e" "CARGO_HOME=/opt/rustwide/cargo-home" "-e" "RUSTUP_HOME=/opt/rustwide/rustup-home" "-w" "/opt/rustwide/workdir" "-m" "1610612736" "--user" "0:0" "--network" "none" "ghcr.io/rust-lang/crates-build-env/linux@sha256:4a844ea9eb2546a2d2c7022eacef16ef2e8229c7fbb2c7d4d55a9ceca922f72d" "/opt/rustwide/cargo-home/bin/cargo" "+nightly-2024-10-28" "test" "--frozen", kill_on_drop: false }`
[INFO] [stdout] 5e5fa72c421829386e06c8c2d06ef020fedbc1065762529f41302501e4ddaf7a
[INFO] running `Command { std: "docker" "start" "-a" "5e5fa72c421829386e06c8c2d06ef020fedbc1065762529f41302501e4ddaf7a", kill_on_drop: false }`
[INFO] [stderr]     Finished `test` profile [unoptimized + debuginfo] target(s) in 0.36s
[INFO] [stderr]      Running unittests src/lib.rs (/opt/rustwide/target/debug/deps/solana_client_ext-c87b870d00f2211d)
[INFO] [stdout] 
[INFO] [stdout] running 1 test
[INFO] [stdout] test tests::cu ... FAILED
[INFO] [stdout] 
[INFO] [stdout] failures:
[INFO] [stdout] 
[INFO] [stdout] ---- tests::cu stdout ----
[INFO] [stdout] thread 'tests::cu' panicked at src/lib.rs:181:14:
[INFO] [stdout] called `Result::unwrap()` on an `Err` value: Error { request: None, kind: RpcError(ForUser("airdrop request failed. This can happen when the rate limit is reached.")) }
[INFO] [stdout] stack backtrace:
[INFO] [stdout]    0:     0x64a9a6982f6a - std::backtrace_rs::backtrace::libunwind::trace::h207520d6e9873551
[INFO] [stdout]                                at /rustc/df4ca44d3fbc9301ee17f30f4d474e6ae4b05252/library/std/src/../../backtrace/src/backtrace/libunwind.rs:116:5
[INFO] [stdout]    1:     0x64a9a6982f6a - std::backtrace_rs::backtrace::trace_unsynchronized::h2ed7433f370e3eca
[INFO] [stdout]                                at /rustc/df4ca44d3fbc9301ee17f30f4d474e6ae4b05252/library/std/src/../../backtrace/src/backtrace/mod.rs:66:5
[INFO] [stdout]    2:     0x64a9a6982f6a - std::sys::backtrace::_print_fmt::h916fac51166b18d7
[INFO] [stdout]                                at /rustc/df4ca44d3fbc9301ee17f30f4d474e6ae4b05252/library/std/src/sys/backtrace.rs:66:9
[INFO] [stdout]    3:     0x64a9a6982f6a - <std::sys::backtrace::BacktraceLock::print::DisplayBacktrace as core::fmt::Display>::fmt::ha0a4c9b8ce3802e6
[INFO] [stdout]                                at /rustc/df4ca44d3fbc9301ee17f30f4d474e6ae4b05252/library/std/src/sys/backtrace.rs:39:26
[INFO] [stdout]    4:     0x64a9a69ae013 - core::fmt::rt::Argument::fmt::h4cfc8587d52b3eb5
[INFO] [stdout]                                at /rustc/df4ca44d3fbc9301ee17f30f4d474e6ae4b05252/library/core/src/fmt/rt.rs:177:76
[INFO] [stdout]    5:     0x64a9a69ae013 - core::fmt::write::h522cc39e5b36ae9f
[INFO] [stdout]                                at /rustc/df4ca44d3fbc9301ee17f30f4d474e6ae4b05252/library/core/src/fmt/mod.rs:1190:21
[INFO] [stdout]    6:     0x64a9a697eee3 - std::io::Write::write_fmt::h7d3c26752da97734
[INFO] [stdout]                                at /rustc/df4ca44d3fbc9301ee17f30f4d474e6ae4b05252/library/std/src/io/mod.rs:1839:15
[INFO] [stdout]    7:     0x64a9a6982db2 - std::sys::backtrace::BacktraceLock::print::h4b9e00b29e9c0942
[INFO] [stdout]                                at /rustc/df4ca44d3fbc9301ee17f30f4d474e6ae4b05252/library/std/src/sys/backtrace.rs:42:9
[INFO] [stdout]    8:     0x64a9a69843fa - std::panicking::default_hook::{{closure}}::hb59b88280d0324d9
[INFO] [stdout]                                at /rustc/df4ca44d3fbc9301ee17f30f4d474e6ae4b05252/library/std/src/panicking.rs:268:22
[INFO] [stdout]    9:     0x64a9a6984204 - std::panicking::default_hook::he1dd496665be4a29
[INFO] [stdout]                                at /rustc/df4ca44d3fbc9301ee17f30f4d474e6ae4b05252/library/std/src/panicking.rs:292:9
[INFO] [stdout]   10:     0x64a9a610b949 - <alloc::boxed::Box<F,A> as core::ops::function::Fn<Args>>::call::h4ff71de18744e1dc
[INFO] [stdout]                                at /rustc/df4ca44d3fbc9301ee17f30f4d474e6ae4b05252/library/alloc/src/boxed.rs:2468:9
[INFO] [stdout]   11:     0x64a9a610b949 - test::test_main::{{closure}}::hcf7c055ce117aa81
[INFO] [stdout]                                at /rustc/df4ca44d3fbc9301ee17f30f4d474e6ae4b05252/library/test/src/lib.rs:133:21
[INFO] [stdout]   12:     0x64a9a6984af8 - <alloc::boxed::Box<F,A> as core::ops::function::Fn<Args>>::call::h1d66c6bbd60c9692
[INFO] [stdout]                                at /rustc/df4ca44d3fbc9301ee17f30f4d474e6ae4b05252/library/alloc/src/boxed.rs:2468:9
[INFO] [stdout]   13:     0x64a9a6984af8 - std::panicking::rust_panic_with_hook::h2ff17fe8f26dfcf8
[INFO] [stdout]                                at /rustc/df4ca44d3fbc9301ee17f30f4d474e6ae4b05252/library/std/src/panicking.rs:809:13
[INFO] [stdout]   14:     0x64a9a69848ba - std::panicking::begin_panic_handler::{{closure}}::h4fad77951c07e101
[INFO] [stdout]                                at /rustc/df4ca44d3fbc9301ee17f30f4d474e6ae4b05252/library/std/src/panicking.rs:674:13
[INFO] [stdout]   15:     0x64a9a6983449 - std::sys::backtrace::__rust_end_short_backtrace::hb1a25b3da5d0ea08
[INFO] [stdout]                                at /rustc/df4ca44d3fbc9301ee17f30f4d474e6ae4b05252/library/std/src/sys/backtrace.rs:170:18
[INFO] [stdout]   16:     0x64a9a698454c - rust_begin_unwind
[INFO] [stdout]                                at /rustc/df4ca44d3fbc9301ee17f30f4d474e6ae4b05252/library/std/src/panicking.rs:665:5
[INFO] [stdout]   17:     0x64a9a69ab020 - core::panicking::panic_fmt::ha9db07b529f9b256
[INFO] [stdout]                                at /rustc/df4ca44d3fbc9301ee17f30f4d474e6ae4b05252/library/core/src/panicking.rs:75:14
[INFO] [stdout]   18:     0x64a9a69ab506 - core::result::unwrap_failed::h5e8218e4d4338b8a
[INFO] [stdout]                                at /rustc/df4ca44d3fbc9301ee17f30f4d474e6ae4b05252/library/core/src/result.rs:1698:5
[INFO] [stdout]   19:     0x64a9a60c2a89 - core::result::Result<T,E>::unwrap::hd47008b81fcb106b
[INFO] [stdout]                                at /rustc/df4ca44d3fbc9301ee17f30f4d474e6ae4b05252/library/core/src/result.rs:1103:23
[INFO] [stdout]   20:     0x64a9a60c2a89 - solana_client_ext::tests::cu::hf51330d1a4a1d56d
[INFO] [stdout]                                at /opt/rustwide/workdir/src/lib.rs:179:9
[INFO] [stdout]   21:     0x64a9a60c2937 - solana_client_ext::tests::cu::{{closure}}::heebb13bcea417c82
[INFO] [stdout]                                at /opt/rustwide/workdir/src/lib.rs:176:12
[INFO] [stdout]   22:     0x64a9a60b5916 - core::ops::function::FnOnce::call_once::h25d644d0e71fe0a6
[INFO] [stdout]                                at /rustc/df4ca44d3fbc9301ee17f30f4d474e6ae4b05252/library/core/src/ops/function.rs:250:5
[INFO] [stdout]   23:     0x64a9a611021b - core::ops::function::FnOnce::call_once::h22c3ba5715e93f05
[INFO] [stdout]                                at /rustc/df4ca44d3fbc9301ee17f30f4d474e6ae4b05252/library/core/src/ops/function.rs:250:5
[INFO] [stdout]   24:     0x64a9a611021b - test::__rust_begin_short_backtrace::h8e82d8113d0da17f
[INFO] [stdout]                                at /rustc/df4ca44d3fbc9301ee17f30f4d474e6ae4b05252/library/test/src/lib.rs:621:18
[INFO] [stdout]   25:     0x64a9a610fb97 - test::run_test_in_process::{{closure}}::h33235f4f20b7b7c7
[INFO] [stdout]                                at /rustc/df4ca44d3fbc9301ee17f30f4d474e6ae4b05252/library/test/src/lib.rs:644:60
[INFO] [stdout]   26:     0x64a9a610fb97 - <core::panic::unwind_safe::AssertUnwindSafe<F> as core::ops::function::FnOnce<()>>::call_once::hb5043206310c586f
[INFO] [stdout]                                at /rustc/df4ca44d3fbc9301ee17f30f4d474e6ae4b05252/library/core/src/panic/unwind_safe.rs:272:9
[INFO] [stdout]   27:     0x64a9a610fb97 - std::panicking::try::do_call::h9ad4731a60ab23e2
[INFO] [stdout]                                at /rustc/df4ca44d3fbc9301ee17f30f4d474e6ae4b05252/library/std/src/panicking.rs:557:40
[INFO] [stdout]   28:     0x64a9a610fb97 - std::panicking::try::h3824d23db772a716
[INFO] [stdout]                                at /rustc/df4ca44d3fbc9301ee17f30f4d474e6ae4b05252/library/std/src/panicking.rs:520:19
[INFO] [stdout]   29:     0x64a9a610fb97 - std::panic::catch_unwind::h5afd514605fde46b
[INFO] [stdout]                                at /rustc/df4ca44d3fbc9301ee17f30f4d474e6ae4b05252/library/std/src/panic.rs:358:14
[INFO] [stdout]   30:     0x64a9a610fb97 - test::run_test_in_process::h0d5cbfa7067d1720
[INFO] [stdout]                                at /rustc/df4ca44d3fbc9301ee17f30f4d474e6ae4b05252/library/test/src/lib.rs:644:27
[INFO] [stdout]   31:     0x64a9a610fb97 - test::run_test::{{closure}}::h708eb8872708115d
[INFO] [stdout]                                at /rustc/df4ca44d3fbc9301ee17f30f4d474e6ae4b05252/library/test/src/lib.rs:565:43
[INFO] [stdout]   32:     0x64a9a60d32b4 - test::run_test::{{closure}}::h392c51cee94713ab
[INFO] [stdout]                                at /rustc/df4ca44d3fbc9301ee17f30f4d474e6ae4b05252/library/test/src/lib.rs:595:41
[INFO] [stdout]   33:     0x64a9a60d32b4 - std::sys::backtrace::__rust_begin_short_backtrace::h2f40290710935a8b
[INFO] [stdout]                                at /rustc/df4ca44d3fbc9301ee17f30f4d474e6ae4b05252/library/std/src/sys/backtrace.rs:154:18
[INFO] [stdout]   34:     0x64a9a60d6a5e - std::thread::Builder::spawn_unchecked_::{{closure}}::{{closure}}::h3fd968d89053a903
[INFO] [stdout]                                at /rustc/df4ca44d3fbc9301ee17f30f4d474e6ae4b05252/library/std/src/thread/mod.rs:541:17
[INFO] [stdout]   35:     0x64a9a60d6a5e - <core::panic::unwind_safe::AssertUnwindSafe<F> as core::ops::function::FnOnce<()>>::call_once::h743f637ba4229880
[INFO] [stdout]                                at /rustc/df4ca44d3fbc9301ee17f30f4d474e6ae4b05252/library/core/src/panic/unwind_safe.rs:272:9
[INFO] [stdout]   36:     0x64a9a60d6a5e - std::panicking::try::do_call::h07440897322525a6
[INFO] [stdout]                                at /rustc/df4ca44d3fbc9301ee17f30f4d474e6ae4b05252/library/std/src/panicking.rs:557:40
[INFO] [stdout]   37:     0x64a9a60d6a5e - std::panicking::try::he5a2e00188156637
[INFO] [stdout]                                at /rustc/df4ca44d3fbc9301ee17f30f4d474e6ae4b05252/library/std/src/panicking.rs:520:19
[INFO] [stdout]   38:     0x64a9a60d6a5e - std::panic::catch_unwind::hbaf3cae49b3c6433
[INFO] [stdout]                                at /rustc/df4ca44d3fbc9301ee17f30f4d474e6ae4b05252/library/std/src/panic.rs:358:14
[INFO] [stdout]   39:     0x64a9a60d6a5e - std::thread::Builder::spawn_unchecked_::{{closure}}::h8e141ea224820bce
[INFO] [stdout]                                at /rustc/df4ca44d3fbc9301ee17f30f4d474e6ae4b05252/library/std/src/thread/mod.rs:540:30
[INFO] [stdout]   40:     0x64a9a60d6a5e - core::ops::function::FnOnce::call_once{{vtable.shim}}::h90d312fedd7b8ea8
[INFO] [stdout]                                at /rustc/df4ca44d3fbc9301ee17f30f4d474e6ae4b05252/library/core/src/ops/function.rs:250:5
[INFO] [stdout]   41:     0x64a9a6988b7b - <alloc::boxed::Box<F,A> as core::ops::function::FnOnce<Args>>::call_once::h69aa08ddb6adb8b6
[INFO] [stdout]                                at /rustc/df4ca44d3fbc9301ee17f30f4d474e6ae4b05252/library/alloc/src/boxed.rs:2454:9
[INFO] [stdout]   42:     0x64a9a6988b7b - <alloc::boxed::Box<F,A> as core::ops::function::FnOnce<Args>>::call_once::h5aa36efdb79c806f
[INFO] [stdout]                                at /rustc/df4ca44d3fbc9301ee17f30f4d474e6ae4b05252/library/alloc/src/boxed.rs:2454:9
[INFO] [stdout]   43:     0x64a9a6988b7b - std::sys::pal::unix::thread::Thread::new::thread_start::h6cd80a1b4be5158d
[INFO] [stdout]                                at /rustc/df4ca44d3fbc9301ee17f30f4d474e6ae4b05252/library/std/src/sys/pal/unix/thread.rs:105:17
[INFO] [stdout]   44:     0x7214cc1edac3 - <unknown>
[INFO] [stdout]   45:     0x7214cc27ea04 - clone
[INFO] [stdout]   46:                0x0 - <unknown>
[INFO] [stdout] 
[INFO] [stdout] 
[INFO] [stdout] failures:
[INFO] [stdout]     tests::cu
[INFO] [stdout] 
[INFO] [stdout] test result: FAILED. 0 passed; 1 failed; 0 ignored; 0 measured; 0 filtered out; finished in 0.17s
[INFO] [stdout] 
[INFO] [stderr] error: test failed, to rerun pass `--lib`
[INFO] running `Command { std: "docker" "inspect" "5e5fa72c421829386e06c8c2d06ef020fedbc1065762529f41302501e4ddaf7a", kill_on_drop: false }`
[INFO] running `Command { std: "docker" "rm" "-f" "5e5fa72c421829386e06c8c2d06ef020fedbc1065762529f41302501e4ddaf7a", kill_on_drop: false }`
[INFO] [stdout] 5e5fa72c421829386e06c8c2d06ef020fedbc1065762529f41302501e4ddaf7a
