[INFO] fetching crate solana-rpc-client 2.0.14...
[INFO] testing solana-rpc-client-2.0.14 against nightly-2024-10-28 for randomize-layout
[INFO] extracting crate solana-rpc-client 2.0.14 into /workspace/builds/worker-4-tc1/source
[INFO] validating manifest of crates.io crate solana-rpc-client 2.0.14 on toolchain nightly-2024-10-28
[INFO] running `Command { std: CARGO_HOME="/workspace/cargo-home" RUSTUP_HOME="/workspace/rustup-home" "/workspace/cargo-home/bin/cargo" "+nightly-2024-10-28" "metadata" "--manifest-path" "Cargo.toml" "--no-deps", kill_on_drop: false }`
[INFO] started tweaking crates.io crate solana-rpc-client 2.0.14
[INFO] finished tweaking crates.io crate solana-rpc-client 2.0.14
[INFO] tweaked toml for crates.io crate solana-rpc-client 2.0.14 written to /workspace/builds/worker-4-tc1/source/Cargo.toml
[INFO] running `Command { std: CARGO_HOME="/workspace/cargo-home" RUSTUP_HOME="/workspace/rustup-home" "/workspace/cargo-home/bin/cargo" "+nightly-2024-10-28" "generate-lockfile" "--manifest-path" "Cargo.toml", kill_on_drop: false }`
[INFO] [stderr]     Updating crates.io index
[INFO] [stderr]      Locking 364 packages to latest compatible versions
[INFO] [stderr]       Adding blake3 v1.5.1 (available: v1.5.4)
[INFO] [stderr]       Adding reqwest v0.11.27 (available: v0.12.9)
[INFO] [stderr]       Adding reqwest-middleware v0.2.5 (available: v0.3.3)
[INFO] [stderr]       Adding solana-account-decoder v2.0.14 (available: v2.1.0)
[INFO] [stderr]       Adding solana-compute-budget v2.0.14 (available: v2.1.0)
[INFO] [stderr]       Adding solana-config-program v2.0.14 (available: v2.1.0)
[INFO] [stderr]       Adding solana-curve25519 v2.0.14 (available: v2.1.0)
[INFO] [stderr]       Adding solana-inline-spl v2.0.14 (available: v2.1.0)
[INFO] [stderr]       Adding solana-measure v2.0.14 (available: v2.1.0)
[INFO] [stderr]       Adding solana-metrics v2.0.14 (available: v2.1.0)
[INFO] [stderr]       Adding solana-program v2.0.14 (available: v2.1.0)
[INFO] [stderr]       Adding solana-program-runtime v2.0.14 (available: v2.1.0)
[INFO] [stderr]       Adding solana-rpc-client-api v2.0.14 (available: v2.1.0)
[INFO] [stderr]       Adding solana-sdk v2.0.14 (available: v2.1.0)
[INFO] [stderr]       Adding solana-sdk-macro v2.0.14 (available: v2.1.0)
[INFO] [stderr]       Adding solana-transaction-status v2.0.14 (available: v2.1.0)
[INFO] [stderr]       Adding solana-type-overrides v2.0.14 (available: v2.1.0)
[INFO] [stderr]       Adding solana-version v2.0.14 (available: v2.1.0)
[INFO] [stderr]       Adding solana-vote v2.0.14 (available: v2.1.0)
[INFO] [stderr]       Adding solana-vote-program v2.0.14 (available: v2.1.0)
[INFO] [stderr]       Adding solana-zk-token-sdk v2.0.14 (available: v2.1.0)
[INFO] [stderr]       Adding solana_rbpf v0.8.4 (available: v0.8.5)
[INFO] [stderr]       Adding spl-token-2022 v4.0.0 (available: v4.0.1)
[INFO] [stderr]       Adding zeroize v1.3.0 (available: v1.8.1)
[INFO] running `Command { std: CARGO_HOME="/workspace/cargo-home" RUSTUP_HOME="/workspace/rustup-home" "/workspace/cargo-home/bin/cargo" "+nightly-2024-10-28" "fetch" "--manifest-path" "Cargo.toml", kill_on_drop: false }`
[INFO] [stderr]  Downloading crates ...
[INFO] [stderr]   Downloaded solana-measure v2.0.14
[INFO] [stderr]   Downloaded solana-vote v2.0.14
[INFO] [stderr]   Downloaded spl-memo v5.0.0
[INFO] [stderr]   Downloaded spl-discriminator v0.3.0
[INFO] [stderr]   Downloaded spl-program-error v0.5.0
[INFO] [stderr]   Downloaded solana-compute-budget v2.0.14
[INFO] [stderr]   Downloaded solana-type-overrides v2.0.14
[INFO] [stderr]   Downloaded solana-config-program v2.0.14
[INFO] [stderr]   Downloaded spl-associated-token-account v4.0.0
[INFO] [stderr]   Downloaded task-local-extensions v0.1.4
[INFO] [stderr]   Downloaded jsonrpc-http-server v18.0.0
[INFO] [stderr]   Downloaded reqwest-middleware v0.2.5
[INFO] [stderr]   Downloaded solana-inline-spl v2.0.14
[INFO] [stderr]   Downloaded spl-token-group-interface v0.3.0
[INFO] [stderr]   Downloaded spl-type-length-value v0.5.0
[INFO] [stderr]   Downloaded solana-account-decoder v2.0.14
[INFO] [stderr]   Downloaded globset v0.4.15
[INFO] [stderr]   Downloaded solana-transaction-status v2.0.14
[INFO] [stderr]   Downloaded solana_rbpf v0.8.4
[INFO] [stderr]   Downloaded jsonrpc-server-utils v18.0.0
[INFO] [stderr]   Downloaded solana-rpc-client-api v2.0.14
[INFO] [stderr]   Downloaded spl-token-2022 v4.0.0
[INFO] [stderr]   Downloaded solana-sdk v2.0.14
[INFO] [stderr]   Downloaded aes-gcm-siv v0.11.1
[INFO] [stderr]   Downloaded solana-metrics v2.0.14
[INFO] [stderr]   Downloaded solana-program-runtime v2.0.14
[INFO] [stderr]   Downloaded solana-vote-program v2.0.14
[INFO] [stderr]   Downloaded spl-tlv-account-resolution v0.7.0
[INFO] [stderr]   Downloaded spl-transfer-hook-interface v0.7.0
[INFO] [stderr]   Downloaded spl-pod v0.3.1
[INFO] [stderr]   Downloaded solana-curve25519 v2.0.14
[INFO] [stderr]   Downloaded spl-token-metadata-interface v0.4.0
[INFO] [stderr]   Downloaded solana-version v2.0.14
[INFO] [stderr]   Downloaded solana-zk-token-sdk v2.0.14
[INFO] running `Command { std: "docker" "create" "-v" "/var/lib/crater-agent-workspace/builds/worker-4-tc1/target:/opt/rustwide/target:rw,Z" "-v" "/var/lib/crater-agent-workspace/builds/worker-4-tc1/source:/opt/rustwide/workdir:ro,Z" "-v" "/var/lib/crater-agent-workspace/cargo-home:/opt/rustwide/cargo-home:ro,Z" "-v" "/var/lib/crater-agent-workspace/rustup-home:/opt/rustwide/rustup-home:ro,Z" "-e" "SOURCE_DIR=/opt/rustwide/workdir" "-e" "CARGO_TARGET_DIR=/opt/rustwide/target" "-e" "CARGO_HOME=/opt/rustwide/cargo-home" "-e" "RUSTUP_HOME=/opt/rustwide/rustup-home" "-w" "/opt/rustwide/workdir" "-m" "1610612736" "--user" "0:0" "--network" "none" "ghcr.io/rust-lang/crates-build-env/linux@sha256:4a844ea9eb2546a2d2c7022eacef16ef2e8229c7fbb2c7d4d55a9ceca922f72d" "/opt/rustwide/cargo-home/bin/cargo" "+nightly-2024-10-28" "metadata" "--no-deps" "--format-version=1", kill_on_drop: false }`
[INFO] [stdout] a934e48e1e4392615085959f9d294ca6c6b4d3c2e4fda5de1ea3bc7355b07d0a
[INFO] running `Command { std: "docker" "start" "-a" "a934e48e1e4392615085959f9d294ca6c6b4d3c2e4fda5de1ea3bc7355b07d0a", kill_on_drop: false }`
[INFO] running `Command { std: "docker" "inspect" "a934e48e1e4392615085959f9d294ca6c6b4d3c2e4fda5de1ea3bc7355b07d0a", kill_on_drop: false }`
[INFO] running `Command { std: "docker" "rm" "-f" "a934e48e1e4392615085959f9d294ca6c6b4d3c2e4fda5de1ea3bc7355b07d0a", kill_on_drop: false }`
[INFO] [stdout] a934e48e1e4392615085959f9d294ca6c6b4d3c2e4fda5de1ea3bc7355b07d0a
[INFO] running `Command { std: "docker" "create" "-v" "/var/lib/crater-agent-workspace/builds/worker-4-tc1/target:/opt/rustwide/target:rw,Z" "-v" "/var/lib/crater-agent-workspace/builds/worker-4-tc1/source:/opt/rustwide/workdir:ro,Z" "-v" "/var/lib/crater-agent-workspace/cargo-home:/opt/rustwide/cargo-home:ro,Z" "-v" "/var/lib/crater-agent-workspace/rustup-home:/opt/rustwide/rustup-home:ro,Z" "-e" "SOURCE_DIR=/opt/rustwide/workdir" "-e" "CARGO_TARGET_DIR=/opt/rustwide/target" "-e" "CARGO_INCREMENTAL=0" "-e" "RUST_BACKTRACE=full" "-e" "RUSTFLAGS=--cap-lints=forbid" "-e" "RUSTDOCFLAGS=--cap-lints=forbid" "-e" "CARGO_HOME=/opt/rustwide/cargo-home" "-e" "RUSTUP_HOME=/opt/rustwide/rustup-home" "-w" "/opt/rustwide/workdir" "-m" "1610612736" "--user" "0:0" "--network" "none" "ghcr.io/rust-lang/crates-build-env/linux@sha256:4a844ea9eb2546a2d2c7022eacef16ef2e8229c7fbb2c7d4d55a9ceca922f72d" "/opt/rustwide/cargo-home/bin/cargo" "+nightly-2024-10-28" "build" "--frozen" "--message-format=json", kill_on_drop: false }`
[INFO] [stdout] e13c92552cea6b3673e79ab714a9b86f2a17dfc76269e481b55251a77250c94d
[INFO] running `Command { std: "docker" "start" "-a" "e13c92552cea6b3673e79ab714a9b86f2a17dfc76269e481b55251a77250c94d", kill_on_drop: false }`
[INFO] [stderr]    Compiling proc-macro2 v1.0.89
[INFO] [stderr]    Compiling unicode-ident v1.0.13
[INFO] [stderr]    Compiling libc v0.2.161
[INFO] [stderr]    Compiling version_check v0.9.5
[INFO] [stderr]    Compiling autocfg v1.4.0
[INFO] [stderr]    Compiling typenum v1.17.0
[INFO] [stderr]    Compiling serde v1.0.214
[INFO] [stderr]    Compiling byteorder v1.5.0
[INFO] [stderr]    Compiling subtle v2.6.1
[INFO] [stderr]    Compiling shlex v1.3.0
[INFO] [stderr]    Compiling semver v1.0.23
[INFO] [stderr]    Compiling syn v1.0.109
[INFO] [stderr]    Compiling once_cell v1.20.2
[INFO] [stderr]    Compiling equivalent v1.0.1
[INFO] [stderr]    Compiling hashbrown v0.15.0
[INFO] [stderr]    Compiling cpufeatures v0.2.14
[INFO] [stderr]    Compiling memchr v2.7.4
[INFO] [stderr]    Compiling getrandom v0.1.16
[INFO] [stderr]    Compiling crunchy v0.2.2
[INFO] [stderr]    Compiling log v0.4.22
[INFO] [stderr]    Compiling either v1.13.0
[INFO] [stderr]    Compiling opaque-debug v0.3.1
[INFO] [stderr]    Compiling fnv v1.0.7
[INFO] [stderr]    Compiling toml_datetime v0.6.8
[INFO] [stderr]    Compiling generic-array v0.14.7
[INFO] [stderr]    Compiling ahash v0.8.11
[INFO] [stderr]    Compiling proc-macro-error-attr v1.0.4
[INFO] [stderr]    Compiling winnow v0.6.20
[INFO] [stderr]    Compiling block-padding v0.2.1
[INFO] [stderr]    Compiling thiserror v1.0.66
[INFO] [stderr]    Compiling rustc_version v0.4.1
[INFO] [stderr]    Compiling paste v1.0.15
[INFO] [stderr]    Compiling num-traits v0.2.19
[INFO] [stderr]    Compiling proc-macro-error v1.0.4
[INFO] [stderr]    Compiling lazy_static v1.5.0
[INFO] [stderr]    Compiling itertools v0.10.5
[INFO] [stderr]    Compiling itoa v1.0.11
[INFO] [stderr]    Compiling indexmap v2.6.0
[INFO] [stderr]    Compiling quote v1.0.37
[INFO] [stderr]    Compiling cfg_aliases v0.2.1
[INFO] [stderr]    Compiling feature-probe v0.1.1
[INFO] [stderr]    Compiling rustversion v1.0.18
[INFO] [stderr]    Compiling keccak v0.1.5
[INFO] [stderr]    Compiling syn v2.0.86
[INFO] [stderr]    Compiling getrandom v0.2.15
[INFO] [stderr]    Compiling jobserver v0.1.32
[INFO] [stderr]    Compiling rand_core v0.6.4
[INFO] [stderr]    Compiling bv v0.11.1
[INFO] [stderr]    Compiling rand_core v0.5.1
[INFO] [stderr]    Compiling borsh v1.5.1
[INFO] [stderr]    Compiling memoffset v0.9.1
[INFO] [stderr]    Compiling arrayref v0.3.9
[INFO] [stderr]    Compiling cc v1.1.31
[INFO] [stderr]    Compiling num-integer v0.1.46
[INFO] [stderr]    Compiling solana-program v2.0.14
[INFO] [stderr]    Compiling arrayvec v0.7.6
[INFO] [stderr]    Compiling bs58 v0.5.1
[INFO] [stderr]    Compiling base64 v0.12.3
[INFO] [stderr]    Compiling digest v0.9.0
[INFO] [stderr]    Compiling constant_time_eq v0.3.1
[INFO] [stderr]    Compiling percent-encoding v2.3.1
[INFO] [stderr]    Compiling libsecp256k1-core v0.2.2
[INFO] [stderr]    Compiling num-bigint v0.4.6
[INFO] [stderr]    Compiling base64 v0.22.1
[INFO] [stderr]    Compiling serde_json v1.0.132
[INFO] [stderr]    Compiling ryu v1.0.18
[INFO] [stderr]    Compiling ident_case v1.0.1
[INFO] [stderr]    Compiling strsim v0.11.1
[INFO] [stderr]    Compiling signature v1.6.4
[INFO] [stderr]    Compiling solana-sdk v2.0.14
[INFO] [stderr]    Compiling iana-time-zone v0.1.61
[INFO] [stderr]    Compiling ed25519 v1.5.3
[INFO] [stderr]    Compiling derivation-path v0.2.0
[INFO] [stderr]    Compiling qstring v0.7.2
[INFO] [stderr]    Compiling memmap2 v0.5.10
[INFO] [stderr]    Compiling uriparse v0.6.4
[INFO] [stderr]    Compiling itertools v0.12.1
[INFO] [stderr]    Compiling siphasher v0.3.11
[INFO] [stderr]    Compiling pin-project-lite v0.2.15
[INFO] [stderr]    Compiling lock_api v0.4.12
[INFO] [stderr]    Compiling parking_lot_core v0.9.10
[INFO] [stderr]    Compiling futures-core v0.3.31
[INFO] [stderr]    Compiling toml_edit v0.22.22
[INFO] [stderr]    Compiling block-buffer v0.10.4
[INFO] [stderr]    Compiling crypto-common v0.1.6
[INFO] [stderr]    Compiling slab v0.4.9
[INFO] [stderr]    Compiling smallvec v1.13.2
[INFO] [stderr]    Compiling scopeguard v1.2.0
[INFO] [stderr]    Compiling futures-sink v0.3.31
[INFO] [stderr]    Compiling bytes v1.8.0
[INFO] [stderr]    Compiling digest v0.10.7
[INFO] [stderr]    Compiling pin-utils v0.1.0
[INFO] [stderr]    Compiling futures-channel v0.3.31
[INFO] [stderr]    Compiling sha2 v0.10.8
[INFO] [stderr]    Compiling socket2 v0.5.7
[INFO] [stderr]    Compiling mio v1.0.2
[INFO] [stderr]    Compiling parking_lot v0.12.3
[INFO] [stderr]    Compiling signal-hook-registry v1.4.2
[INFO] [stderr]    Compiling toml v0.5.11
[INFO] [stderr]    Compiling libsecp256k1-gen-genmult v0.2.1
[INFO] [stderr]    Compiling libsecp256k1-gen-ecmult v0.2.1
[INFO] [stderr]    Compiling futures-io v0.3.31
[INFO] [stderr]    Compiling futures-task v0.3.31
[INFO] [stderr]    Compiling untrusted v0.9.0
[INFO] [stderr]    Compiling spin v0.9.8
[INFO] [stderr]    Compiling libsecp256k1 v0.6.0
[INFO] [stderr]    Compiling http v0.2.12
[INFO] [stderr]    Compiling tracing-core v0.1.32
[INFO] [stderr]    Compiling alloc-no-stdlib v2.0.4
[INFO] [stderr]    Compiling tinyvec_macros v0.1.1
[INFO] [stderr]    Compiling blake3 v1.5.1
[INFO] [stderr]    Compiling ring v0.17.8
[INFO] [stderr]    Compiling httparse v1.9.5
[INFO] [stderr]    Compiling rustls v0.21.12
[INFO] [stderr]    Compiling alloc-stdlib v0.2.2
[INFO] [stderr]    Compiling tinyvec v1.8.0
[INFO] [stderr]    Compiling try-lock v0.2.5
[INFO] [stderr]    Compiling adler2 v2.0.0
[INFO] [stderr]    Compiling unicase v2.8.0
[INFO] [stderr]    Compiling brotli-decompressor v4.0.1
[INFO] [stderr]    Compiling miniz_oxide v0.8.0
[INFO] [stderr]    Compiling want v0.3.1
[INFO] [stderr]    Compiling proc-macro-crate v0.1.5
[INFO] [stderr]    Compiling form_urlencoded v1.2.1
[INFO] [stderr]    Compiling mime_guess v2.0.5
[INFO] [stderr]    Compiling tracing v0.1.40
[INFO] [stderr]    Compiling proc-macro-crate v3.2.0
[INFO] [stderr]    Compiling darling_core v0.20.10
[INFO] [stderr]    Compiling unicode-normalization v0.1.24
[INFO] [stderr]    Compiling http-body v0.4.6
[INFO] [stderr]    Compiling num-bigint v0.2.6
[INFO] [stderr]    Compiling crc32fast v1.4.2
[INFO] [stderr]    Compiling httpdate v1.0.3
[INFO] [stderr]    Compiling unicode-bidi v0.3.17
[INFO] [stderr]    Compiling tower-service v0.3.3
[INFO] [stderr]    Compiling num-complex v0.2.4
[INFO] [stderr]    Compiling num-rational v0.2.4
[INFO] [stderr]    Compiling crossbeam-utils v0.8.20
[INFO] [stderr]    Compiling flate2 v1.0.34
[INFO] [stderr]    Compiling base64 v0.21.7
[INFO] [stderr]    Compiling mime v0.3.17
[INFO] [stderr]    Compiling borsh-schema-derive-internal v0.10.4
[INFO] [stderr]    Compiling borsh-derive-internal v0.10.4
[INFO] [stderr]    Compiling brotli v7.0.0
[INFO] [stderr]    Compiling idna v0.5.0
[INFO] [stderr]    Compiling encoding_rs v0.8.35
[INFO] [stderr]    Compiling sync_wrapper v0.1.2
[INFO] [stderr]    Compiling webpki-roots v0.25.4
[INFO] [stderr]    Compiling rustls-pemfile v1.0.4
[INFO] [stderr]    Compiling void v1.0.2
[INFO] [stderr]    Compiling ipnet v2.10.1
[INFO] [stderr]    Compiling pkg-config v0.3.31
[INFO] [stderr]    Compiling unreachable v1.0.0
[INFO] [stderr]    Compiling num-iter v0.1.45
[INFO] [stderr]    Compiling solana-compute-budget v2.0.14
[INFO] [stderr]    Compiling url v2.5.2
[INFO] [stderr]    Compiling solana-vote v2.0.14
[INFO] [stderr]    Compiling plain v0.2.3
[INFO] [stderr]    Compiling ascii v0.9.3
[INFO] [stderr]    Compiling gethostname v0.2.3
[INFO] [stderr]    Compiling combine v3.8.1
[INFO] [stderr]    Compiling crossbeam-channel v0.5.13
[INFO] [stderr]    Compiling solana-program-runtime v2.0.14
[INFO] [stderr]    Compiling hash32 v0.2.1
[INFO] [stderr]    Compiling rustc-demangle v0.1.24
[INFO] [stderr]    Compiling zstd-sys v2.0.13+zstd.1.5.6
[INFO] [stderr]    Compiling aho-corasick v1.1.3
[INFO] [stderr]    Compiling num v0.2.1
[INFO] [stderr]    Compiling percentage v0.1.0
[INFO] [stderr]    Compiling eager v0.1.0
[INFO] [stderr]    Compiling zstd-safe v5.0.2+zstd.1.5.2
[INFO] [stderr]    Compiling regex-syntax v0.8.5
[INFO] [stderr]    Compiling solana-security-txt v1.1.1
[INFO] [stderr]    Compiling anyhow v1.0.92
[INFO] [stderr]    Compiling solana-version v2.0.14
[INFO] [stderr]    Compiling assert_matches v1.5.0
[INFO] [stderr]    Compiling portable-atomic v1.9.0
[INFO] [stderr]    Compiling task-local-extensions v0.1.4
[INFO] [stderr]    Compiling solana-vote-program v2.0.14
[INFO] [stderr]    Compiling serde_derive v1.0.214
[INFO] [stderr]    Compiling zerocopy-derive v0.7.35
[INFO] [stderr]    Compiling zeroize_derive v1.4.2
[INFO] [stderr]    Compiling thiserror-impl v1.0.66
[INFO] [stderr]    Compiling syn_derive v0.1.8
[INFO] [stderr]    Compiling bytemuck_derive v1.8.0
[INFO] [stderr]    Compiling solana-sdk-macro v2.0.14
[INFO] [stderr]    Compiling ark-serialize-derive v0.4.2
[INFO] [stderr]    Compiling ark-ff-asm v0.4.2
[INFO] [stderr]    Compiling zeroize v1.3.0
[INFO] [stderr]    Compiling ark-ff-macros v0.4.2
[INFO] [stderr]    Compiling derivative v2.2.0
[INFO] [stderr]    Compiling borsh-derive v1.5.1
[INFO] [stderr]    Compiling borsh-derive v0.10.4
[INFO] [stderr]    Compiling zerocopy v0.7.35
[INFO] [stderr]    Compiling num-derive v0.4.2
[INFO] [stderr]    Compiling darling_macro v0.20.10
[INFO] [stderr]    Compiling num_enum_derive v0.7.3
[INFO] [stderr]    Compiling darling v0.20.10
[INFO] [stderr]    Compiling ppv-lite86 v0.2.20
[INFO] [stderr]    Compiling bytemuck v1.19.0
[INFO] [stderr]    Compiling serde_with_macros v2.3.3
[INFO] [stderr]    Compiling tokio-macros v2.4.0
[INFO] [stderr]    Compiling futures-macro v0.3.31
[INFO] [stderr]    Compiling rand_chacha v0.3.1
[INFO] [stderr]    Compiling rand_chacha v0.2.2
[INFO] [stderr]    Compiling hashbrown v0.13.2
[INFO] [stderr]    Compiling spl-discriminator-syn v0.2.0
[INFO] [stderr]    Compiling rand v0.8.5
[INFO] [stderr]    Compiling rand v0.7.3
[INFO] [stderr]    Compiling borsh v0.10.4
[INFO] [stderr]    Compiling num_enum v0.7.3
[INFO] [stderr]    Compiling tokio v1.41.0
[INFO] [stderr]    Compiling merlin v3.0.0
[INFO] [stderr]    Compiling spl-program-error-derive v0.4.1
[INFO] [stderr]    Compiling spl-discriminator-derive v0.2.0
[INFO] [stderr]    Compiling scroll_derive v0.11.1
[INFO] [stderr]    Compiling futures-util v0.3.31
[INFO] [stderr]    Compiling enum-iterator-derive v1.4.0
[INFO] [stderr]    Compiling regex-automata v0.4.8
[INFO] [stderr]    Compiling async-trait v0.1.83
[INFO] [stderr]    Compiling ark-std v0.4.0
[INFO] [stderr]    Compiling rustls-webpki v0.101.7
[INFO] [stderr]    Compiling sct v0.7.1
[INFO] [stderr]    Compiling scroll v0.11.0
[INFO] [stderr]    Compiling solana-type-overrides v2.0.14
[INFO] [stderr]    Compiling unicode-width v0.1.14
[INFO] [stderr]    Compiling number_prefix v0.4.0
[INFO] [stderr]    Compiling goblin v0.5.4
[INFO] [stderr]    Compiling console v0.15.8
[INFO] [stderr]    Compiling enum-iterator v1.5.0
[INFO] [stderr]    Compiling indicatif v0.17.8
[INFO] [stderr]    Compiling futures-executor v0.3.31
[INFO] [stderr]    Compiling futures v0.3.31
[INFO] [stderr]    Compiling regex v1.11.1
[INFO] [stderr]    Compiling Inflector v0.11.4
[INFO] [stderr]    Compiling serde_bytes v0.11.15
[INFO] [stderr]    Compiling bitflags v2.6.0
[INFO] [stderr]    Compiling bincode v1.3.3
[INFO] [stderr]    Compiling serde_with v2.3.3
[INFO] [stderr]    Compiling chrono v0.4.38
[INFO] [stderr]    Compiling serde_urlencoded v0.7.1
[INFO] [stderr]    Compiling solana_rbpf v0.8.4
[INFO] [stderr]    Compiling zstd v0.11.2+zstd.1.5.2
[INFO] [stderr]    Compiling block-buffer v0.9.0
[INFO] [stderr]    Compiling crypto-mac v0.8.0
[INFO] [stderr]    Compiling inout v0.1.3
[INFO] [stderr]    Compiling universal-hash v0.5.1
[INFO] [stderr]    Compiling aead v0.5.2
[INFO] [stderr]    Compiling tokio-util v0.7.12
[INFO] [stderr]    Compiling sha2 v0.9.9
[INFO] [stderr]    Compiling hmac v0.8.1
[INFO] [stderr]    Compiling curve25519-dalek v3.2.1
[INFO] [stderr]    Compiling ark-serialize v0.4.2
[INFO] [stderr]    Compiling hmac-drbg v0.3.0
[INFO] [stderr]    Compiling sha3 v0.10.8
[INFO] [stderr]    Compiling hmac v0.12.1
[INFO] [stderr]    Compiling ark-ff v0.4.2
[INFO] [stderr]    Compiling pbkdf2 v0.11.0
[INFO] [stderr]    Compiling cipher v0.4.4
[INFO] [stderr]    Compiling polyval v0.6.2
[INFO] [stderr]    Compiling sha3 v0.9.1
[INFO] [stderr]    Compiling tokio-rustls v0.24.1
[INFO] [stderr]    Compiling async-compression v0.4.17
[INFO] [stderr]    Compiling ctr v0.9.2
[INFO] [stderr]    Compiling aes v0.8.4
[INFO] [stderr]    Compiling jsonrpc-core v18.0.0
[INFO] [stderr]    Compiling h2 v0.3.26
[INFO] [stderr]    Compiling ed25519-dalek v1.0.1
[INFO] [stderr]    Compiling ed25519-dalek-bip32 v0.2.0
[INFO] [stderr]    Compiling aes-gcm-siv v0.11.1
[INFO] [stderr]    Compiling hyper v0.14.31
[INFO] [stderr]    Compiling hyper-rustls v0.24.2
[INFO] [stderr]    Compiling reqwest v0.11.27
[INFO] [stderr]    Compiling reqwest-middleware v0.2.5
[INFO] [stderr]    Compiling ark-poly v0.4.2
[INFO] [stderr]    Compiling ark-ec v0.4.2
[INFO] [stderr]    Compiling ark-bn254 v0.4.0
[INFO] [stderr]    Compiling solana-curve25519 v2.0.14
[INFO] [stderr]    Compiling spl-program-error v0.5.0
[INFO] [stderr]    Compiling spl-discriminator v0.3.0
[INFO] [stderr]    Compiling spl-token v6.0.0
[INFO] [stderr]    Compiling spl-memo v5.0.0
[INFO] [stderr]    Compiling solana-zk-token-sdk v2.0.14
[INFO] [stderr]    Compiling solana-measure v2.0.14
[INFO] [stderr]    Compiling solana-metrics v2.0.14
[INFO] [stderr]    Compiling solana-inline-spl v2.0.14
[INFO] [stderr]    Compiling solana-config-program v2.0.14
[INFO] [stderr]    Compiling spl-pod v0.3.1
[INFO] [stderr]    Compiling spl-type-length-value v0.5.0
[INFO] [stderr]    Compiling spl-token-group-interface v0.3.0
[INFO] [stderr]    Compiling spl-tlv-account-resolution v0.7.0
[INFO] [stderr]    Compiling spl-token-metadata-interface v0.4.0
[INFO] [stderr]    Compiling spl-transfer-hook-interface v0.7.0
[INFO] [stderr]    Compiling spl-token-2022 v4.0.0
[INFO] [stderr]    Compiling solana-account-decoder v2.0.14
[INFO] [stderr]    Compiling spl-associated-token-account v4.0.0
[INFO] [stderr]    Compiling solana-transaction-status v2.0.14
[INFO] [stderr]    Compiling solana-rpc-client-api v2.0.14
[INFO] [stderr]    Compiling solana-rpc-client v2.0.14 (/opt/rustwide/workdir)
[INFO] [stderr]     Finished `dev` profile [unoptimized + debuginfo] target(s) in 1m 36s
[INFO] running `Command { std: "docker" "inspect" "e13c92552cea6b3673e79ab714a9b86f2a17dfc76269e481b55251a77250c94d", kill_on_drop: false }`
[INFO] running `Command { std: "docker" "rm" "-f" "e13c92552cea6b3673e79ab714a9b86f2a17dfc76269e481b55251a77250c94d", kill_on_drop: false }`
[INFO] [stdout] e13c92552cea6b3673e79ab714a9b86f2a17dfc76269e481b55251a77250c94d
[INFO] running `Command { std: "docker" "create" "-v" "/var/lib/crater-agent-workspace/builds/worker-4-tc1/target:/opt/rustwide/target:rw,Z" "-v" "/var/lib/crater-agent-workspace/builds/worker-4-tc1/source:/opt/rustwide/workdir:ro,Z" "-v" "/var/lib/crater-agent-workspace/cargo-home:/opt/rustwide/cargo-home:ro,Z" "-v" "/var/lib/crater-agent-workspace/rustup-home:/opt/rustwide/rustup-home:ro,Z" "-e" "SOURCE_DIR=/opt/rustwide/workdir" "-e" "CARGO_TARGET_DIR=/opt/rustwide/target" "-e" "CARGO_INCREMENTAL=0" "-e" "RUST_BACKTRACE=full" "-e" "RUSTFLAGS=--cap-lints=forbid" "-e" "RUSTDOCFLAGS=--cap-lints=forbid" "-e" "CARGO_HOME=/opt/rustwide/cargo-home" "-e" "RUSTUP_HOME=/opt/rustwide/rustup-home" "-w" "/opt/rustwide/workdir" "-m" "1610612736" "--user" "0:0" "--network" "none" "ghcr.io/rust-lang/crates-build-env/linux@sha256:4a844ea9eb2546a2d2c7022eacef16ef2e8229c7fbb2c7d4d55a9ceca922f72d" "/opt/rustwide/cargo-home/bin/cargo" "+nightly-2024-10-28" "test" "--frozen" "--no-run" "--message-format=json", kill_on_drop: false }`
[INFO] [stdout] a8cf9dc57c6e848156a5022b37c106f8ad3ffc5745e930ea4c0f2cb900e27f5b
[INFO] running `Command { std: "docker" "start" "-a" "a8cf9dc57c6e848156a5022b37c106f8ad3ffc5745e930ea4c0f2cb900e27f5b", kill_on_drop: false }`
[INFO] [stderr]    Compiling hyper v0.14.31
[INFO] [stderr]    Compiling aho-corasick v1.1.3
[INFO] [stderr]    Compiling parking_lot_core v0.8.6
[INFO] [stderr]    Compiling instant v0.1.13
[INFO] [stderr]    Compiling bstr v1.10.0
[INFO] [stderr]    Compiling tokio-stream v0.1.16
[INFO] [stderr]    Compiling tokio-util v0.6.10
[INFO] [stderr]    Compiling cfg-if v0.1.10
[INFO] [stderr]    Compiling net2 v0.2.39
[INFO] [stderr]    Compiling parking_lot v0.11.2
[INFO] [stderr]    Compiling regex-automata v0.4.8
[INFO] [stderr]    Compiling hyper-rustls v0.24.2
[INFO] [stderr]    Compiling reqwest v0.11.27
[INFO] [stderr]    Compiling regex v1.11.1
[INFO] [stderr]    Compiling globset v0.4.15
[INFO] [stderr]    Compiling jsonrpc-server-utils v18.0.0
[INFO] [stderr]    Compiling Inflector v0.11.4
[INFO] [stderr]    Compiling jsonrpc-http-server v18.0.0
[INFO] [stderr]    Compiling solana-metrics v2.0.14
[INFO] [stderr]    Compiling reqwest-middleware v0.2.5
[INFO] [stderr]    Compiling solana-program-runtime v2.0.14
[INFO] [stderr]    Compiling solana-config-program v2.0.14
[INFO] [stderr]    Compiling solana-vote-program v2.0.14
[INFO] [stderr]    Compiling solana-account-decoder v2.0.14
[INFO] [stderr]    Compiling solana-transaction-status v2.0.14
[INFO] [stderr]    Compiling solana-rpc-client-api v2.0.14
[INFO] [stderr]    Compiling solana-rpc-client v2.0.14 (/opt/rustwide/workdir)
[INFO] [stderr]     Finished `test` profile [unoptimized + debuginfo] target(s) in 28.60s
[INFO] running `Command { std: "docker" "inspect" "a8cf9dc57c6e848156a5022b37c106f8ad3ffc5745e930ea4c0f2cb900e27f5b", kill_on_drop: false }`
[INFO] running `Command { std: "docker" "rm" "-f" "a8cf9dc57c6e848156a5022b37c106f8ad3ffc5745e930ea4c0f2cb900e27f5b", kill_on_drop: false }`
[INFO] [stdout] a8cf9dc57c6e848156a5022b37c106f8ad3ffc5745e930ea4c0f2cb900e27f5b
[INFO] running `Command { std: "docker" "create" "-v" "/var/lib/crater-agent-workspace/builds/worker-4-tc1/target:/opt/rustwide/target:rw,Z" "-v" "/var/lib/crater-agent-workspace/builds/worker-4-tc1/source:/opt/rustwide/workdir:ro,Z" "-v" "/var/lib/crater-agent-workspace/cargo-home:/opt/rustwide/cargo-home:ro,Z" "-v" "/var/lib/crater-agent-workspace/rustup-home:/opt/rustwide/rustup-home:ro,Z" "-e" "SOURCE_DIR=/opt/rustwide/workdir" "-e" "CARGO_TARGET_DIR=/opt/rustwide/target" "-e" "CARGO_INCREMENTAL=0" "-e" "RUST_BACKTRACE=full" "-e" "RUSTFLAGS=--cap-lints=forbid" "-e" "RUSTDOCFLAGS=--cap-lints=forbid" "-e" "CARGO_HOME=/opt/rustwide/cargo-home" "-e" "RUSTUP_HOME=/opt/rustwide/rustup-home" "-w" "/opt/rustwide/workdir" "-m" "1610612736" "--user" "0:0" "--network" "none" "ghcr.io/rust-lang/crates-build-env/linux@sha256:4a844ea9eb2546a2d2c7022eacef16ef2e8229c7fbb2c7d4d55a9ceca922f72d" "/opt/rustwide/cargo-home/bin/cargo" "+nightly-2024-10-28" "test" "--frozen", kill_on_drop: false }`
[INFO] [stdout] 949fccab318c4d18f1b44d5b109a58bc73b397627055394daaa2e090f1c33214
[INFO] running `Command { std: "docker" "start" "-a" "949fccab318c4d18f1b44d5b109a58bc73b397627055394daaa2e090f1c33214", kill_on_drop: false }`
[INFO] [stderr]     Finished `test` profile [unoptimized + debuginfo] target(s) in 0.61s
[INFO] [stderr]      Running unittests src/lib.rs (/opt/rustwide/target/debug/deps/solana_rpc_client-00c3c56e765b4aac)
[INFO] [stdout] 
[INFO] [stdout] running 14 tests
[INFO] [stdout] test rpc_client::tests::test_custom_request ... ok
[INFO] [stdout] test rpc_client::tests::test_get_latest_blockhash ... ok
[INFO] [stdout] test rpc_client::tests::get_block_production_with_config_no_error ... ok
[INFO] [stdout] test rpc_client::tests::test_get_program_accounts_with_config ... ok
[INFO] [stdout] test rpc_client::tests::test_rpc_client_thread ... ok
[INFO] [stdout] test rpc_client::tests::test_get_signature_status ... ok
[INFO] [stdout] test rpc_client::tests::test_get_stake_minimum_delegation ... ok
[INFO] [stdout] test rpc_client::tests::test_send_transaction ... ok
[INFO] [stdout] test http_sender::tests::http_sender_on_tokio_current_thread ... ok
[INFO] [stdout] test http_sender::tests::http_sender_on_tokio_multi_thread ... ok
[INFO] [stdout] test rpc_client::tests::test_send_async_multi_thread ... ok
[INFO] [stdout] test rpc_client::tests::test_send_and_confirm_transaction ... ok
[INFO] [stdout] test rpc_client::tests::test_send ... ok
[INFO] [stdout] test rpc_client::tests::test_send_async_current_thread - should panic ... ok
[INFO] [stdout] 
[INFO] [stdout] test result: ok. 14 passed; 0 failed; 0 ignored; 0 measured; 0 filtered out; finished in 0.09s
[INFO] [stdout] 
[INFO] [stderr]    Doc-tests solana_rpc_client
[INFO] [stdout] 
[INFO] [stdout] running 162 tests
[INFO] [stdout] test src/nonblocking/rpc_client.rs - nonblocking::rpc_client::RpcClient::get_block (line 2253) ... FAILED
[INFO] [stdout] test src/nonblocking/rpc_client.rs - nonblocking::rpc_client::RpcClient::confirm_transaction (line 950) ... FAILED
[INFO] [stdout] test src/nonblocking/rpc_client.rs - nonblocking::rpc_client::RpcClient::get_block_production (line 1888) ... FAILED
[INFO] [stdout] test src/nonblocking/rpc_client.rs - nonblocking::rpc_client::RpcClient (line 117) ... FAILED
[INFO] [stdout] test src/nonblocking/rpc_client.rs - nonblocking::rpc_client::RpcClient::get_block_time (line 2816) ... FAILED
[INFO] [stdout] test src/nonblocking/rpc_client.rs - nonblocking::rpc_client::RpcClient::get_block_height_with_commitment (line 1813) ... FAILED
[INFO] [stdout] test src/nonblocking/rpc_client.rs - nonblocking::rpc_client::RpcClient::get_block_height (line 1786) ... FAILED
[INFO] [stdout] test src/nonblocking/rpc_client.rs - nonblocking::rpc_client::RpcClient::get_account (line 3349) ... FAILED
[INFO] [stdout] test src/nonblocking/rpc_client.rs - nonblocking::rpc_client::RpcClient::get_block_production_with_config (line 1912) ... FAILED
[INFO] [stdout] test src/nonblocking/rpc_client.rs - nonblocking::rpc_client::RpcClient::get_account_data (line 3740) ... FAILED
[INFO] [stdout] test src/nonblocking/rpc_client.rs - nonblocking::rpc_client::RpcClient::get_block_with_config (line 2314) ... FAILED
[INFO] [stdout] test src/nonblocking/rpc_client.rs - nonblocking::rpc_client::RpcClient::confirm_transaction_with_commitment (line 1009) has been running for over 60 seconds
[INFO] [stdout] test src/nonblocking/rpc_client.rs - nonblocking::rpc_client::RpcClient::get_account_with_commitment (line 3390) has been running for over 60 seconds
[INFO] [stdout] test src/nonblocking/rpc_client.rs - nonblocking::rpc_client::RpcClient::get_account_with_config (line 3445) has been running for over 60 seconds
[INFO] [stdout] test src/nonblocking/rpc_client.rs - nonblocking::rpc_client::RpcClient::get_balance (line 3818) has been running for over 60 seconds
[INFO] [stdout] test src/nonblocking/rpc_client.rs - nonblocking::rpc_client::RpcClient::get_balance_with_commitment (line 3850) has been running for over 60 seconds
[INFO] [stdout] test src/nonblocking/rpc_client.rs - nonblocking::rpc_client::RpcClient::confirm_transaction_with_commitment (line 1009) ... FAILED
[INFO] [stdout] test src/nonblocking/rpc_client.rs - nonblocking::rpc_client::RpcClient::get_account_with_config (line 3445) ... FAILED
[INFO] [stdout] test src/nonblocking/rpc_client.rs - nonblocking::rpc_client::RpcClient::get_balance (line 3818) ... FAILED
[INFO] [stdout] test src/nonblocking/rpc_client.rs - nonblocking::rpc_client::RpcClient::get_block_with_encoding (line 2279) has been running for over 60 seconds
[INFO] [stdout] test src/nonblocking/rpc_client.rs - nonblocking::rpc_client::RpcClient::get_blocks (line 2380) has been running for over 60 seconds
[INFO] [stdout] test src/nonblocking/rpc_client.rs - nonblocking::rpc_client::RpcClient::get_account_with_commitment (line 3390) ... FAILED
[INFO] [stdout] test src/nonblocking/rpc_client.rs - nonblocking::rpc_client::RpcClient::get_epoch_info_with_commitment (line 2883) ... FAILED
[INFO] [stdout] test src/nonblocking/rpc_client.rs - nonblocking::rpc_client::RpcClient::get_balance_with_commitment (line 3850) ... FAILED
[INFO] [stdout] test src/nonblocking/rpc_client.rs - nonblocking::rpc_client::RpcClient::get_blocks_with_limit (line 2490) ... FAILED
[INFO] [stdout] test src/nonblocking/rpc_client.rs - nonblocking::rpc_client::RpcClient::get_block_with_encoding (line 2279) ... FAILED
[INFO] [stdout] test src/nonblocking/rpc_client.rs - nonblocking::rpc_client::RpcClient::get_blocks_with_commitment (line 2436) has been running for over 60 seconds
[INFO] [stdout] test src/nonblocking/rpc_client.rs - nonblocking::rpc_client::RpcClient::get_blocks_with_limit_and_commitment (line 2533) has been running for over 60 seconds
[INFO] [stdout] test src/nonblocking/rpc_client.rs - nonblocking::rpc_client::RpcClient::get_cluster_nodes (line 2221) has been running for over 60 seconds
[INFO] [stdout] test src/nonblocking/rpc_client.rs - nonblocking::rpc_client::RpcClient::get_epoch_info (line 2859) has been running for over 60 seconds
[INFO] [stdout] test src/nonblocking/rpc_client.rs - nonblocking::rpc_client::RpcClient::get_blocks_with_limit_and_commitment (line 2533) ... FAILED
[INFO] [stdout] test src/nonblocking/rpc_client.rs - nonblocking::rpc_client::RpcClient::get_epoch_schedule (line 3034) has been running for over 60 seconds
[INFO] [stdout] test src/nonblocking/rpc_client.rs - nonblocking::rpc_client::RpcClient::get_highest_snapshot_slot (line 1328) has been running for over 60 seconds
[INFO] [stdout] test src/nonblocking/rpc_client.rs - nonblocking::rpc_client::RpcClient::get_blocks (line 2380) ... FAILED
[INFO] [stdout] test src/nonblocking/rpc_client.rs - nonblocking::rpc_client::RpcClient::get_identity (line 3135) has been running for over 60 seconds
[INFO] [stdout] test src/nonblocking/rpc_client.rs - nonblocking::rpc_client::RpcClient::get_inflation_governor (line 3172) has been running for over 60 seconds
[INFO] [stdout] test src/nonblocking/rpc_client.rs - nonblocking::rpc_client::RpcClient::get_inflation_rate (line 3197) has been running for over 60 seconds
[INFO] [stdout] test src/nonblocking/rpc_client.rs - nonblocking::rpc_client::RpcClient::get_inflation_reward (line 3225) has been running for over 60 seconds
[INFO] [stdout] test src/nonblocking/rpc_client.rs - nonblocking::rpc_client::RpcClient::get_epoch_schedule (line 3034) ... FAILED
[INFO] [stdout] test src/nonblocking/rpc_client.rs - nonblocking::rpc_client::RpcClient::get_largest_accounts_with_config (line 2025) has been running for over 60 seconds
[INFO] [stdout] test src/nonblocking/rpc_client.rs - nonblocking::rpc_client::RpcClient::get_leader_schedule (line 2919) has been running for over 60 seconds
[INFO] [stdout] test src/nonblocking/rpc_client.rs - nonblocking::rpc_client::RpcClient::get_leader_schedule_with_commitment (line 2951) has been running for over 60 seconds
[INFO] [stdout] test src/nonblocking/rpc_client.rs - nonblocking::rpc_client::RpcClient::get_epoch_info (line 2859) ... FAILED
[INFO] [stdout] test src/nonblocking/rpc_client.rs - nonblocking::rpc_client::RpcClient::get_leader_schedule_with_config (line 2992) has been running for over 60 seconds
[INFO] [stdout] test src/nonblocking/rpc_client.rs - nonblocking::rpc_client::RpcClient::get_max_retransmit_slot (line 3527) has been running for over 60 seconds
[INFO] [stdout] test src/nonblocking/rpc_client.rs - nonblocking::rpc_client::RpcClient::get_blocks_with_commitment (line 2436) ... FAILED
[INFO] [stdout] test src/nonblocking/rpc_client.rs - nonblocking::rpc_client::RpcClient::get_cluster_nodes (line 2221) ... FAILED
[INFO] [stdout] test src/nonblocking/rpc_client.rs - nonblocking::rpc_client::RpcClient::get_max_shred_insert_slot (line 3552) has been running for over 60 seconds
[INFO] [stdout] test src/nonblocking/rpc_client.rs - nonblocking::rpc_client::RpcClient::get_minimum_balance_for_rent_exemption (line 3773) has been running for over 60 seconds
[INFO] [stdout] test src/nonblocking/rpc_client.rs - nonblocking::rpc_client::RpcClient::get_highest_snapshot_slot (line 1328) ... FAILED
[INFO] [stdout] test src/nonblocking/rpc_client.rs - nonblocking::rpc_client::RpcClient::get_identity (line 3135) ... FAILED
[INFO] [stdout] test src/nonblocking/rpc_client.rs - nonblocking::rpc_client::RpcClient::get_inflation_governor (line 3172) ... FAILED
[INFO] [stdout] test src/nonblocking/rpc_client.rs - nonblocking::rpc_client::RpcClient::get_inflation_reward (line 3225) ... FAILED
[INFO] [stdout] test src/nonblocking/rpc_client.rs - nonblocking::rpc_client::RpcClient::get_multiple_accounts (line 3580) has been running for over 60 seconds
[INFO] [stdout] test src/nonblocking/rpc_client.rs - nonblocking::rpc_client::RpcClient::get_multiple_accounts_with_commitment (line 3617) has been running for over 60 seconds
[INFO] [stdout] test src/nonblocking/rpc_client.rs - nonblocking::rpc_client::RpcClient::get_inflation_rate (line 3197) ... FAILED
[INFO] [stdout] test src/nonblocking/rpc_client.rs - nonblocking::rpc_client::RpcClient::get_largest_accounts_with_config (line 2025) ... FAILED
[INFO] [stdout] test src/nonblocking/rpc_client.rs - nonblocking::rpc_client::RpcClient::get_max_retransmit_slot (line 3527) ... FAILED
[INFO] [stdout] test src/nonblocking/rpc_client.rs - nonblocking::rpc_client::RpcClient::get_multiple_accounts_with_config (line 3666) has been running for over 60 seconds
[INFO] [stdout] test src/nonblocking/rpc_client.rs - nonblocking::rpc_client::RpcClient::get_leader_schedule (line 2919) ... FAILED
[INFO] [stdout] test src/nonblocking/rpc_client.rs - nonblocking::rpc_client::RpcClient::get_program_accounts (line 3897) has been running for over 60 seconds
[INFO] [stdout] test src/nonblocking/rpc_client.rs - nonblocking::rpc_client::RpcClient::get_leader_schedule_with_commitment (line 2951) ... FAILED
[INFO] [stdout] test src/nonblocking/rpc_client.rs - nonblocking::rpc_client::RpcClient::get_program_accounts_with_config (line 3939) has been running for over 60 seconds
[INFO] [stdout] test src/nonblocking/rpc_client.rs - nonblocking::rpc_client::RpcClient::get_recent_performance_samples (line 3061) has been running for over 60 seconds
[INFO] [stdout] test src/nonblocking/rpc_client.rs - nonblocking::rpc_client::RpcClient::get_leader_schedule_with_config (line 2992) ... FAILED
[INFO] [stdout] test src/nonblocking/rpc_client.rs - nonblocking::rpc_client::RpcClient::get_recent_prioritization_fees (line 3097) has been running for over 60 seconds
[INFO] [stdout] test src/nonblocking/rpc_client.rs - nonblocking::rpc_client::RpcClient::get_signature_status (line 1375) has been running for over 60 seconds
[INFO] [stdout] test src/nonblocking/rpc_client.rs - nonblocking::rpc_client::RpcClient::get_multiple_accounts (line 3580) ... FAILED
[INFO] [stdout] test src/nonblocking/rpc_client.rs - nonblocking::rpc_client::RpcClient::get_signature_status_with_commitment (line 1595) has been running for over 60 seconds
[INFO] [stdout] test src/nonblocking/rpc_client.rs - nonblocking::rpc_client::RpcClient::get_signature_status_with_commitment_and_history (line 1667) has been running for over 60 seconds
[INFO] [stdout] test src/nonblocking/rpc_client.rs - nonblocking::rpc_client::RpcClient::get_signature_statuses (line 1444) has been running for over 60 seconds
[INFO] [stdout] test src/nonblocking/rpc_client.rs - nonblocking::rpc_client::RpcClient::get_max_shred_insert_slot (line 3552) ... FAILED
[INFO] [stdout] test src/nonblocking/rpc_client.rs - nonblocking::rpc_client::RpcClient::get_minimum_balance_for_rent_exemption (line 3773) ... FAILED
[INFO] [stdout] test src/nonblocking/rpc_client.rs - nonblocking::rpc_client::RpcClient::get_signature_statuses_with_history (line 1524) has been running for over 60 seconds
[INFO] [stdout] test src/nonblocking/rpc_client.rs - nonblocking::rpc_client::RpcClient::get_multiple_accounts_with_config (line 3666) ... FAILED
[INFO] [stdout] test src/nonblocking/rpc_client.rs - nonblocking::rpc_client::RpcClient::get_program_accounts (line 3897) ... FAILED
[INFO] [stdout] test src/nonblocking/rpc_client.rs - nonblocking::rpc_client::RpcClient::get_multiple_accounts_with_commitment (line 3617) ... FAILED
[INFO] [stdout] test src/nonblocking/rpc_client.rs - nonblocking::rpc_client::RpcClient::get_signatures_for_address (line 2583) has been running for over 60 seconds
[INFO] [stdout] test src/nonblocking/rpc_client.rs - nonblocking::rpc_client::RpcClient::get_signatures_for_address_with_config (line 2631) has been running for over 60 seconds
[INFO] [stdout] test src/nonblocking/rpc_client.rs - nonblocking::rpc_client::RpcClient::get_signature_status (line 1375) ... FAILED
[INFO] [stdout] test src/nonblocking/rpc_client.rs - nonblocking::rpc_client::RpcClient::get_slot (line 1728) has been running for over 60 seconds
[INFO] [stdout] test src/nonblocking/rpc_client.rs - nonblocking::rpc_client::RpcClient::get_program_accounts_with_config (line 3939) ... FAILED
[INFO] [stdout] test src/nonblocking/rpc_client.rs - nonblocking::rpc_client::RpcClient::get_recent_performance_samples (line 3061) ... FAILED
[INFO] [stdout] test src/nonblocking/rpc_client.rs - nonblocking::rpc_client::RpcClient::get_recent_prioritization_fees (line 3097) ... FAILED
[INFO] [stdout] test src/nonblocking/rpc_client.rs - nonblocking::rpc_client::RpcClient::get_slot_leaders (line 1845) has been running for over 60 seconds
[INFO] [stdout] test src/nonblocking/rpc_client.rs - nonblocking::rpc_client::RpcClient::get_slot_with_commitment (line 1754) has been running for over 60 seconds
[INFO] [stdout] test src/nonblocking/rpc_client.rs - nonblocking::rpc_client::RpcClient::get_signature_status_with_commitment (line 1595) ... FAILED
[INFO] [stdout] test src/nonblocking/rpc_client.rs - nonblocking::rpc_client::RpcClient::get_signature_statuses_with_history (line 1524) ... FAILED
[INFO] [stdout] test src/nonblocking/rpc_client.rs - nonblocking::rpc_client::RpcClient::get_signatures_for_address (line 2583) ... FAILED
[INFO] [stdout] test src/nonblocking/rpc_client.rs - nonblocking::rpc_client::RpcClient::get_slot (line 1728) ... FAILED
[INFO] [stdout] test src/nonblocking/rpc_client.rs - nonblocking::rpc_client::RpcClient::get_stake_minimum_delegation (line 4019) has been running for over 60 seconds
[INFO] [stdout] test src/nonblocking/rpc_client.rs - nonblocking::rpc_client::RpcClient::get_signature_statuses (line 1444) ... FAILED
[INFO] [stdout] test src/nonblocking/rpc_client.rs - nonblocking::rpc_client::RpcClient::get_signatures_for_address_with_config (line 2631) ... FAILED
[INFO] [stdout] test src/nonblocking/rpc_client.rs - nonblocking::rpc_client::RpcClient::get_stake_minimum_delegation_with_commitment (line 4044) has been running for over 60 seconds
[INFO] [stdout] test src/nonblocking/rpc_client.rs - nonblocking::rpc_client::RpcClient::get_transaction (line 2703) has been running for over 60 seconds
[INFO] [stdout] test src/nonblocking/rpc_client.rs - nonblocking::rpc_client::RpcClient::get_signature_status_with_commitment_and_history (line 1667) ... FAILED
[INFO] [stdout] test src/nonblocking/rpc_client.rs - nonblocking::rpc_client::RpcClient::get_stake_minimum_delegation_with_commitment (line 4044) ... FAILED
[INFO] [stdout] test src/nonblocking/rpc_client.rs - nonblocking::rpc_client::RpcClient::get_stake_minimum_delegation (line 4019) ... FAILED
[INFO] [stdout] test src/nonblocking/rpc_client.rs - nonblocking::rpc_client::RpcClient::get_slot_leaders (line 1845) ... FAILED
[INFO] [stdout] test src/nonblocking/rpc_client.rs - nonblocking::rpc_client::RpcClient::get_transaction_with_config (line 2759) has been running for over 60 seconds
[INFO] [stdout] test src/nonblocking/rpc_client.rs - nonblocking::rpc_client::RpcClient::get_slot_with_commitment (line 1754) ... FAILED
[INFO] [stdout] test src/nonblocking/rpc_client.rs - nonblocking::rpc_client::RpcClient::get_transaction_with_config (line 2759) ... FAILED
[INFO] [stdout] test src/nonblocking/rpc_client.rs - nonblocking::rpc_client::RpcClient::get_version (line 3277) has been running for over 60 seconds
[INFO] [stdout] test src/nonblocking/rpc_client.rs - nonblocking::rpc_client::RpcClient::get_vote_accounts (line 2075) has been running for over 60 seconds
[INFO] [stdout] test src/nonblocking/rpc_client.rs - nonblocking::rpc_client::RpcClient::get_transaction (line 2703) ... FAILED
[INFO] [stdout] test src/nonblocking/rpc_client.rs - nonblocking::rpc_client::RpcClient::get_version (line 3277) ... FAILED
[INFO] [stdout] test src/nonblocking/rpc_client.rs - nonblocking::rpc_client::RpcClient::get_vote_accounts_with_commitment (line 2103) has been running for over 60 seconds
[INFO] [stdout] test src/nonblocking/rpc_client.rs - nonblocking::rpc_client::RpcClient::minimum_ledger_slot (line 3309) ... FAILED
[INFO] [stdout] test src/nonblocking/rpc_client.rs - nonblocking::rpc_client::RpcClient::get_vote_accounts_with_config (line 2141) has been running for over 60 seconds
[INFO] [stdout] test src/nonblocking/rpc_client.rs - nonblocking::rpc_client::RpcClient::get_vote_accounts_with_config (line 2141) ... FAILED
[INFO] [stdout] test src/nonblocking/rpc_client.rs - nonblocking::rpc_client::RpcClient::new (line 174) has been running for over 60 seconds
[INFO] [stdout] test src/nonblocking/rpc_client.rs - nonblocking::rpc_client::RpcClient::new_mock (line 348) has been running for over 60 seconds
[INFO] [stdout] test src/nonblocking/rpc_client.rs - nonblocking::rpc_client::RpcClient::new_mock (line 355) has been running for over 60 seconds
[INFO] [stdout] test src/nonblocking/rpc_client.rs - nonblocking::rpc_client::RpcClient::new_mock_with_mocks (line 410) has been running for over 60 seconds
[INFO] [stdout] test src/nonblocking/rpc_client.rs - nonblocking::rpc_client::RpcClient::new_socket (line 446) has been running for over 60 seconds
[INFO] [stdout] test src/nonblocking/rpc_client.rs - nonblocking::rpc_client::RpcClient::new_socket_with_commitment (line 465) has been running for over 60 seconds
[INFO] [stdout] test src/nonblocking/rpc_client.rs - nonblocking::rpc_client::RpcClient::new_socket_with_timeout (line 491) has been running for over 60 seconds
[INFO] [stdout] test src/nonblocking/rpc_client.rs - nonblocking::rpc_client::RpcClient::new_with_commitment (line 195) has been running for over 60 seconds
[INFO] [stdout] test src/nonblocking/rpc_client.rs - nonblocking::rpc_client::RpcClient::new_with_timeout (line 221) has been running for over 60 seconds
[INFO] [stdout] test src/nonblocking/rpc_client.rs - nonblocking::rpc_client::RpcClient::new_with_timeout_and_commitment (line 244) has been running for over 60 seconds
[INFO] [stdout] test src/nonblocking/rpc_client.rs - nonblocking::rpc_client::RpcClient::get_vote_accounts_with_commitment (line 2103) ... FAILED
[INFO] [stdout] test src/nonblocking/rpc_client.rs - nonblocking::rpc_client::RpcClient::new_with_timeouts_and_commitment (line 285) has been running for over 60 seconds
[INFO] [stdout] test src/nonblocking/rpc_client.rs - nonblocking::rpc_client::RpcClient::send_and_confirm_transaction (line 571) has been running for over 60 seconds
[INFO] [stdout] test src/nonblocking/rpc_client.rs - nonblocking::rpc_client::RpcClient::get_vote_accounts (line 2075) ... FAILED
[INFO] [stdout] test src/nonblocking/rpc_client.rs - nonblocking::rpc_client::RpcClient::send_transaction (line 742) has been running for over 60 seconds
[INFO] [stdout] test src/nonblocking/rpc_client.rs - nonblocking::rpc_client::RpcClient::new_mock_with_mocks (line 410) ... FAILED
[INFO] [stdout] test src/nonblocking/rpc_client.rs - nonblocking::rpc_client::RpcClient::send_transaction_with_config (line 827) has been running for over 60 seconds
[INFO] [stdout] test src/nonblocking/rpc_client.rs - nonblocking::rpc_client::RpcClient::new_mock (line 348) ... FAILED
[INFO] [stdout] test src/nonblocking/rpc_client.rs - nonblocking::rpc_client::RpcClient::new_mock (line 355) ... FAILED
[INFO] [stdout] test src/nonblocking/rpc_client.rs - nonblocking::rpc_client::RpcClient::new (line 174) ... FAILED
[INFO] [stdout] test src/nonblocking/rpc_client.rs - nonblocking::rpc_client::RpcClient::new_socket_with_timeout (line 491) ... FAILED
[INFO] [stdout] test src/nonblocking/rpc_client.rs - nonblocking::rpc_client::RpcClient::new_socket_with_commitment (line 465) ... FAILED
[INFO] [stdout] test src/nonblocking/rpc_client.rs - nonblocking::rpc_client::RpcClient::new_socket (line 446) ... FAILED
[INFO] [stdout] test src/nonblocking/rpc_client.rs - nonblocking::rpc_client::RpcClient::send_and_confirm_transaction (line 571) ... FAILED
[INFO] [stdout] test src/nonblocking/rpc_client.rs - nonblocking::rpc_client::RpcClient::new_with_timeouts_and_commitment (line 285) ... FAILED
[INFO] [stdout] test src/nonblocking/rpc_client.rs - nonblocking::rpc_client::RpcClient::new_with_timeout_and_commitment (line 244) ... FAILED
[INFO] [stdout] test src/nonblocking/rpc_client.rs - nonblocking::rpc_client::RpcClient::new_with_timeout (line 221) ... FAILED
[INFO] [stdout] test src/nonblocking/rpc_client.rs - nonblocking::rpc_client::RpcClient::simulate_transaction (line 1181) has been running for over 60 seconds
[INFO] [stdout] test src/nonblocking/rpc_client.rs - nonblocking::rpc_client::RpcClient::simulate_transaction_with_config (line 1261) has been running for over 60 seconds
[INFO] [stdout] test src/nonblocking/rpc_client.rs - nonblocking::rpc_client::RpcClient::supply (line 1968) has been running for over 60 seconds
[INFO] [stdout] test src/nonblocking/rpc_client.rs - nonblocking::rpc_client::RpcClient::supply_with_commitment (line 1992) has been running for over 60 seconds
[INFO] [stdout] test src/rpc_client.rs - rpc_client::RpcClient (line 166) has been running for over 60 seconds
[INFO] [stdout] test src/rpc_client.rs - rpc_client::RpcClient::confirm_transaction (line 901) has been running for over 60 seconds
[INFO] [stdout] test src/rpc_client.rs - rpc_client::RpcClient::confirm_transaction_with_commitment (line 954) has been running for over 60 seconds
[INFO] [stdout] test src/rpc_client.rs - rpc_client::RpcClient::get_account (line 2876) has been running for over 60 seconds
[INFO] [stdout] test src/rpc_client.rs - rpc_client::RpcClient::get_account_data (line 3172) has been running for over 60 seconds
[INFO] [stdout] test src/rpc_client.rs - rpc_client::RpcClient::get_account_with_commitment (line 2911) has been running for over 60 seconds
[INFO] [stdout] test src/rpc_client.rs - rpc_client::RpcClient::get_account_with_config (line 2958) has been running for over 60 seconds
[INFO] [stdout] test src/nonblocking/rpc_client.rs - nonblocking::rpc_client::RpcClient::new_with_commitment (line 195) ... FAILED
[INFO] [stdout] test src/rpc_client.rs - rpc_client::RpcClient::get_balance (line 3228) has been running for over 60 seconds
[INFO] [stdout] test src/rpc_client.rs - rpc_client::RpcClient::get_balance_with_commitment (line 3254) has been running for over 60 seconds
[INFO] [stdout] test src/nonblocking/rpc_client.rs - nonblocking::rpc_client::RpcClient::send_transaction (line 742) ... FAILED
[INFO] [stdout] test src/nonblocking/rpc_client.rs - nonblocking::rpc_client::RpcClient::simulate_transaction_with_config (line 1261) ... FAILED
[INFO] [stdout] test src/nonblocking/rpc_client.rs - nonblocking::rpc_client::RpcClient::send_transaction_with_config (line 827) ... FAILED
[INFO] [stdout] test src/nonblocking/rpc_client.rs - nonblocking::rpc_client::RpcClient::simulate_transaction (line 1181) ... FAILED
[INFO] [stdout] test src/nonblocking/rpc_client.rs - nonblocking::rpc_client::RpcClient::supply (line 1968) ... FAILED
[INFO] [stdout] test src/rpc_client.rs - rpc_client::RpcClient::confirm_transaction_with_commitment (line 954) ... FAILED
[INFO] [stdout] test src/rpc_client.rs - rpc_client::RpcClient (line 166) ... FAILED
[INFO] [stdout] test src/rpc_client.rs - rpc_client::RpcClient::confirm_transaction (line 901) ... FAILED
[INFO] [stdout] test src/rpc_client.rs - rpc_client::RpcClient::get_account_data (line 3172) ... FAILED
[INFO] [stdout] test src/nonblocking/rpc_client.rs - nonblocking::rpc_client::RpcClient::supply_with_commitment (line 1992) ... FAILED
[INFO] [stdout] test src/rpc_client.rs - rpc_client::RpcClient::get_block (line 1946) has been running for over 60 seconds
[INFO] [stdout] test src/rpc_client.rs - rpc_client::RpcClient::get_block_height (line 1573) has been running for over 60 seconds
[INFO] [stdout] test src/rpc_client.rs - rpc_client::RpcClient::get_account (line 2876) ... FAILED
[INFO] [stdout] test src/rpc_client.rs - rpc_client::RpcClient::get_block_height_with_commitment (line 1596) has been running for over 60 seconds
[INFO] [stdout] test src/rpc_client.rs - rpc_client::RpcClient::get_block_production (line 1648) has been running for over 60 seconds
[INFO] [stdout] test src/rpc_client.rs - rpc_client::RpcClient::get_block_production_with_config (line 1669) has been running for over 60 seconds
[INFO] [stdout] test src/rpc_client.rs - rpc_client::RpcClient::get_account_with_commitment (line 2911) ... FAILED
[INFO] [stdout] test src/rpc_client.rs - rpc_client::RpcClient::get_balance (line 3228) ... FAILED
[INFO] [stdout] test src/rpc_client.rs - rpc_client::RpcClient::get_block_time (line 2437) has been running for over 60 seconds
[INFO] [stdout] test src/rpc_client.rs - rpc_client::RpcClient::get_balance_with_commitment (line 3254) ... FAILED
[INFO] [stdout] test src/rpc_client.rs - rpc_client::RpcClient::get_account_with_config (line 2958) ... FAILED
[INFO] [stdout] test src/rpc_client.rs - rpc_client::RpcClient::get_block (line 1946) ... FAILED
[INFO] [stdout] test src/rpc_client.rs - rpc_client::RpcClient::get_block_height_with_commitment (line 1596) ... FAILED
[INFO] [stdout] test src/rpc_client.rs - rpc_client::RpcClient::get_block_with_config (line 1999) has been running for over 60 seconds
[INFO] [stdout] test src/rpc_client.rs - rpc_client::RpcClient::get_block_with_encoding (line 1968) has been running for over 60 seconds
[INFO] [stdout] test src/rpc_client.rs - rpc_client::RpcClient::get_block_production (line 1648) ... FAILED
[INFO] [stdout] test src/rpc_client.rs - rpc_client::RpcClient::get_blocks (line 2062) has been running for over 60 seconds
[INFO] [stdout] test src/rpc_client.rs - rpc_client::RpcClient::get_blocks_with_commitment (line 2110) has been running for over 60 seconds
[INFO] [stdout] test src/rpc_client.rs - rpc_client::RpcClient::get_block_with_config (line 1999) ... FAILED
[INFO] [stdout] test src/rpc_client.rs - rpc_client::RpcClient::get_block_time (line 2437) ... FAILED
[INFO] [stdout] test src/rpc_client.rs - rpc_client::RpcClient::get_blocks_with_limit (line 2160) has been running for over 60 seconds
[INFO] [stdout] test src/rpc_client.rs - rpc_client::RpcClient::get_block_height (line 1573) ... FAILED
[INFO] [stdout] test src/rpc_client.rs - rpc_client::RpcClient::get_block_production_with_config (line 1669) ... FAILED
[INFO] [stdout] test src/rpc_client.rs - rpc_client::RpcClient::get_blocks_with_limit_and_commitment (line 2195) has been running for over 60 seconds
[INFO] [stdout] test src/rpc_client.rs - rpc_client::RpcClient::get_blocks_with_limit (line 2160) ... FAILED
[INFO] [stdout] test src/rpc_client.rs - rpc_client::RpcClient::get_blocks_with_commitment (line 2110) ... FAILED
[INFO] [stdout] test src/rpc_client.rs - rpc_client::RpcClient::get_cluster_nodes (line 1917) has been running for over 60 seconds
[INFO] [stdout] test src/rpc_client.rs - rpc_client::RpcClient::get_block_with_encoding (line 1968) ... FAILED
[INFO] [stdout] test src/rpc_client.rs - rpc_client::RpcClient::get_epoch_info (line 2464) has been running for over 60 seconds
[INFO] [stdout] test src/rpc_client.rs - rpc_client::RpcClient::get_epoch_info_with_commitment (line 2485) has been running for over 60 seconds
[INFO] [stdout] test src/rpc_client.rs - rpc_client::RpcClient::get_epoch_schedule (line 2616) has been running for over 60 seconds
[INFO] [stdout] test src/rpc_client.rs - rpc_client::RpcClient::get_blocks_with_limit_and_commitment (line 2195) ... FAILED
[INFO] [stdout] test src/rpc_client.rs - rpc_client::RpcClient::get_highest_snapshot_slot (line 1162) has been running for over 60 seconds
[INFO] [stdout] test src/rpc_client.rs - rpc_client::RpcClient::get_identity (line 2702) has been running for over 60 seconds
[INFO] [stdout] test src/rpc_client.rs - rpc_client::RpcClient::get_inflation_governor (line 2729) has been running for over 60 seconds
[INFO] [stdout] test src/rpc_client.rs - rpc_client::RpcClient::get_inflation_rate (line 2750) has been running for over 60 seconds
[INFO] [stdout] test src/rpc_client.rs - rpc_client::RpcClient::get_inflation_reward (line 2775) has been running for over 60 seconds
[INFO] [stdout] test src/rpc_client.rs - rpc_client::RpcClient::get_largest_accounts_with_config (line 1770) has been running for over 60 seconds
[INFO] [stdout] test src/rpc_client.rs - rpc_client::RpcClient::get_leader_schedule (line 2517) has been running for over 60 seconds
[INFO] [stdout] test src/rpc_client.rs - rpc_client::RpcClient::get_leader_schedule_with_commitment (line 2545) has been running for over 60 seconds
[INFO] [stdout] test src/rpc_client.rs - rpc_client::RpcClient::get_leader_schedule_with_config (line 2578) has been running for over 60 seconds
[INFO] [stdout] test src/rpc_client.rs - rpc_client::RpcClient::get_max_retransmit_slot (line 3007) has been running for over 60 seconds
[INFO] [stdout] test src/rpc_client.rs - rpc_client::RpcClient::get_max_shred_insert_slot (line 3028) has been running for over 60 seconds
[INFO] [stdout] test src/rpc_client.rs - rpc_client::RpcClient::get_blocks (line 2062) ... FAILED
[INFO] [stdout] test src/rpc_client.rs - rpc_client::RpcClient::get_cluster_nodes (line 1917) ... FAILED
[INFO] [stdout] test src/rpc_client.rs - rpc_client::RpcClient::get_epoch_info_with_commitment (line 2485) ... FAILED
[INFO] [stdout] test src/rpc_client.rs - rpc_client::RpcClient::get_epoch_schedule (line 2616) ... FAILED
[INFO] [stdout] test src/rpc_client.rs - rpc_client::RpcClient::get_epoch_info (line 2464) ... FAILED
[INFO] [stdout] test src/rpc_client.rs - rpc_client::RpcClient::get_highest_snapshot_slot (line 1162) ... FAILED
[INFO] [stdout] test src/rpc_client.rs - rpc_client::RpcClient::get_identity (line 2702) ... FAILED
[INFO] [stdout] test src/rpc_client.rs - rpc_client::RpcClient::get_inflation_governor (line 2729) ... FAILED
[INFO] [stdout] test src/rpc_client.rs - rpc_client::RpcClient::get_minimum_balance_for_rent_exemption (line 3202) has been running for over 60 seconds
[INFO] [stdout] test src/rpc_client.rs - rpc_client::RpcClient::get_largest_accounts_with_config (line 1770) ... FAILED
[INFO] [stdout] test src/rpc_client.rs - rpc_client::RpcClient::get_multiple_accounts (line 3052) has been running for over 60 seconds
[INFO] [stdout] test src/rpc_client.rs - rpc_client::RpcClient::get_inflation_rate (line 2750) ... FAILED
[INFO] [stdout] test src/rpc_client.rs - rpc_client::RpcClient::get_multiple_accounts_with_commitment (line 3080) has been running for over 60 seconds
[INFO] [stdout] test src/rpc_client.rs - rpc_client::RpcClient::get_multiple_accounts_with_config (line 3120) has been running for over 60 seconds
[INFO] [stdout] test src/rpc_client.rs - rpc_client::RpcClient::get_program_accounts (line 3296) has been running for over 60 seconds
[INFO] [stdout] test src/rpc_client.rs - rpc_client::RpcClient::get_inflation_reward (line 2775) ... FAILED
[INFO] [stdout] test src/rpc_client.rs - rpc_client::RpcClient::get_leader_schedule (line 2517) ... FAILED
[INFO] [stdout] test src/rpc_client.rs - rpc_client::RpcClient::get_leader_schedule_with_config (line 2578) ... FAILED
[INFO] [stdout] test src/rpc_client.rs - rpc_client::RpcClient::get_max_retransmit_slot (line 3007) ... FAILED
[INFO] [stdout] test src/rpc_client.rs - rpc_client::RpcClient::get_program_accounts_with_config (line 3322) has been running for over 60 seconds
[INFO] [stdout] test src/rpc_client.rs - rpc_client::RpcClient::get_recent_performance_samples (line 2640) has been running for over 60 seconds
[INFO] [stdout] test src/rpc_client.rs - rpc_client::RpcClient::get_leader_schedule_with_commitment (line 2545) ... FAILED
[INFO] [stdout] test src/rpc_client.rs - rpc_client::RpcClient::get_recent_prioritization_fees (line 2672) has been running for over 60 seconds
[ERROR] error running command: command timed out after 900 seconds
[INFO] running `Command { std: "docker" "inspect" "949fccab318c4d18f1b44d5b109a58bc73b397627055394daaa2e090f1c33214", kill_on_drop: false }`
[INFO] running `Command { std: "docker" "rm" "-f" "949fccab318c4d18f1b44d5b109a58bc73b397627055394daaa2e090f1c33214", kill_on_drop: false }`
[INFO] [stderr] Error response from daemon: Could not kill running container 949fccab318c4d18f1b44d5b109a58bc73b397627055394daaa2e090f1c33214, cannot remove - tried to kill container, but did not receive an exit event
[ERROR] failed to delete container 949fccab318c4d18f1b44d5b109a58bc73b397627055394daaa2e090f1c33214
[ERROR] caused by: command failed: exit status: 1
