[INFO] fetching crate solana-randomness-service-lite 1.0.1...
[INFO] testing solana-randomness-service-lite-1.0.1 against nightly-2024-10-28 for randomize-layout
[INFO] extracting crate solana-randomness-service-lite 1.0.1 into /workspace/builds/worker-2-tc1/source
[INFO] validating manifest of crates.io crate solana-randomness-service-lite 1.0.1 on toolchain nightly-2024-10-28
[INFO] running `Command { std: CARGO_HOME="/workspace/cargo-home" RUSTUP_HOME="/workspace/rustup-home" "/workspace/cargo-home/bin/cargo" "+nightly-2024-10-28" "metadata" "--manifest-path" "Cargo.toml" "--no-deps", kill_on_drop: false }`
[INFO] started tweaking crates.io crate solana-randomness-service-lite 1.0.1
[INFO] finished tweaking crates.io crate solana-randomness-service-lite 1.0.1
[INFO] tweaked toml for crates.io crate solana-randomness-service-lite 1.0.1 written to /workspace/builds/worker-2-tc1/source/Cargo.toml
[INFO] running `Command { std: CARGO_HOME="/workspace/cargo-home" RUSTUP_HOME="/workspace/rustup-home" "/workspace/cargo-home/bin/cargo" "+nightly-2024-10-28" "generate-lockfile" "--manifest-path" "Cargo.toml", kill_on_drop: false }`
[INFO] [stderr]     Updating crates.io index
[INFO] [stderr]      Locking 162 packages to latest compatible versions
[INFO] [stderr]       Adding borsh v0.10.4 (available: v1.5.1)
[INFO] running `Command { std: CARGO_HOME="/workspace/cargo-home" RUSTUP_HOME="/workspace/rustup-home" "/workspace/cargo-home/bin/cargo" "+nightly-2024-10-28" "fetch" "--manifest-path" "Cargo.toml", kill_on_drop: false }`
[INFO] [stderr]  Downloading crates ...
[INFO] [stderr]   Downloaded solana-transaction-error v2.1.0
[INFO] [stderr]   Downloaded solana-atomic-u64 v2.1.0
[INFO] [stderr]   Downloaded solana-hash v2.1.0
[INFO] [stderr]   Downloaded solana-pubkey v2.1.0
[INFO] [stderr]   Downloaded solana-sha256-hasher v2.1.0
[INFO] [stderr]   Downloaded solana-sanitize v2.1.0
[INFO] [stderr]   Downloaded solana-instruction v2.1.0
[INFO] [stderr]   Downloaded solana-bincode v2.1.0
[INFO] [stderr]   Downloaded solana-cpi v2.1.0
[INFO] [stderr]   Downloaded solana-borsh v2.1.0
[INFO] [stderr]   Downloaded solana-epoch-schedule v2.1.0
[INFO] [stderr]   Downloaded solana-clock v2.1.0
[INFO] [stderr]   Downloaded solana-program-option v2.1.0
[INFO] [stderr]   Downloaded solana-last-restart-slot v2.1.0
[INFO] [stderr]   Downloaded solana-program-entrypoint v2.1.0
[INFO] [stderr]   Downloaded solana-program-pack v2.1.0
[INFO] [stderr]   Downloaded solana-decode-error v2.1.0
[INFO] [stderr]   Downloaded solana-sdk-macro v2.1.0
[INFO] [stderr]   Downloaded solana-secp256k1-recover v2.1.0
[INFO] [stderr]   Downloaded solana-account-info v2.1.0
[INFO] [stderr]   Downloaded solana-serialize-utils v2.1.0
[INFO] [stderr]   Downloaded solana-short-vec v2.1.0
[INFO] [stderr]   Downloaded solana-slot-history v2.1.0
[INFO] [stderr]   Downloaded solana-stable-layout v2.1.0
[INFO] [stderr]   Downloaded five8_core v0.1.1
[INFO] [stderr]   Downloaded solana-program v2.1.0
[INFO] [stderr]   Downloaded solana-native-token v2.1.0
[INFO] [stderr]   Downloaded solana-program-memory v2.1.0
[INFO] [stderr]   Downloaded solana-msg v2.1.0
[INFO] [stderr]   Downloaded solana-program-error v2.1.0
[INFO] [stderr]   Downloaded solana-rent v2.1.0
[INFO] [stderr]   Downloaded solana-serde-varint v2.1.0
[INFO] [stderr]   Downloaded solana-slot-hashes v2.1.0
[INFO] [stderr]   Downloaded five8_const v0.1.3
[INFO] [stderr]   Downloaded solana-define-syscall v2.1.0
[INFO] [stderr]   Downloaded solana-fee-calculator v2.1.0
[INFO] running `Command { std: "docker" "create" "-v" "/var/lib/crater-agent-workspace/builds/worker-2-tc1/target:/opt/rustwide/target:rw,Z" "-v" "/var/lib/crater-agent-workspace/builds/worker-2-tc1/source:/opt/rustwide/workdir:ro,Z" "-v" "/var/lib/crater-agent-workspace/cargo-home:/opt/rustwide/cargo-home:ro,Z" "-v" "/var/lib/crater-agent-workspace/rustup-home:/opt/rustwide/rustup-home:ro,Z" "-e" "SOURCE_DIR=/opt/rustwide/workdir" "-e" "CARGO_TARGET_DIR=/opt/rustwide/target" "-e" "CARGO_HOME=/opt/rustwide/cargo-home" "-e" "RUSTUP_HOME=/opt/rustwide/rustup-home" "-w" "/opt/rustwide/workdir" "-m" "1610612736" "--user" "0:0" "--network" "none" "ghcr.io/rust-lang/crates-build-env/linux@sha256:4a844ea9eb2546a2d2c7022eacef16ef2e8229c7fbb2c7d4d55a9ceca922f72d" "/opt/rustwide/cargo-home/bin/cargo" "+nightly-2024-10-28" "metadata" "--no-deps" "--format-version=1", kill_on_drop: false }`
[INFO] [stdout] b916972603c48b0a756e5f1c1a8ab8ba9e872d4c25fecaf3fe6fcd4b160baf76
[INFO] running `Command { std: "docker" "start" "-a" "b916972603c48b0a756e5f1c1a8ab8ba9e872d4c25fecaf3fe6fcd4b160baf76", kill_on_drop: false }`
[INFO] running `Command { std: "docker" "inspect" "b916972603c48b0a756e5f1c1a8ab8ba9e872d4c25fecaf3fe6fcd4b160baf76", kill_on_drop: false }`
[INFO] running `Command { std: "docker" "rm" "-f" "b916972603c48b0a756e5f1c1a8ab8ba9e872d4c25fecaf3fe6fcd4b160baf76", kill_on_drop: false }`
[INFO] [stdout] b916972603c48b0a756e5f1c1a8ab8ba9e872d4c25fecaf3fe6fcd4b160baf76
[INFO] running `Command { std: "docker" "create" "-v" "/var/lib/crater-agent-workspace/builds/worker-2-tc1/target:/opt/rustwide/target:rw,Z" "-v" "/var/lib/crater-agent-workspace/builds/worker-2-tc1/source:/opt/rustwide/workdir:ro,Z" "-v" "/var/lib/crater-agent-workspace/cargo-home:/opt/rustwide/cargo-home:ro,Z" "-v" "/var/lib/crater-agent-workspace/rustup-home:/opt/rustwide/rustup-home:ro,Z" "-e" "SOURCE_DIR=/opt/rustwide/workdir" "-e" "CARGO_TARGET_DIR=/opt/rustwide/target" "-e" "CARGO_INCREMENTAL=0" "-e" "RUST_BACKTRACE=full" "-e" "RUSTFLAGS=--cap-lints=forbid" "-e" "RUSTDOCFLAGS=--cap-lints=forbid" "-e" "CARGO_HOME=/opt/rustwide/cargo-home" "-e" "RUSTUP_HOME=/opt/rustwide/rustup-home" "-w" "/opt/rustwide/workdir" "-m" "1610612736" "--user" "0:0" "--network" "none" "ghcr.io/rust-lang/crates-build-env/linux@sha256:4a844ea9eb2546a2d2c7022eacef16ef2e8229c7fbb2c7d4d55a9ceca922f72d" "/opt/rustwide/cargo-home/bin/cargo" "+nightly-2024-10-28" "build" "--frozen" "--message-format=json", kill_on_drop: false }`
[INFO] [stdout] 9adc398c61df535e04a40e6bbb57e53430eb0610151af5a21602b8a08cc98dbc
[INFO] running `Command { std: "docker" "start" "-a" "9adc398c61df535e04a40e6bbb57e53430eb0610151af5a21602b8a08cc98dbc", kill_on_drop: false }`
[INFO] [stderr]    Compiling subtle v2.6.1
[INFO] [stderr]    Compiling libc v0.2.161
[INFO] [stderr]    Compiling byteorder v1.5.0
[INFO] [stderr]    Compiling equivalent v1.0.1
[INFO] [stderr]    Compiling hashbrown v0.15.0
[INFO] [stderr]    Compiling winnow v0.6.20
[INFO] [stderr]    Compiling toml_datetime v0.6.8
[INFO] [stderr]    Compiling bs58 v0.5.1
[INFO] [stderr]    Compiling syn v1.0.109
[INFO] [stderr]    Compiling proc-macro-error-attr v1.0.4
[INFO] [stderr]    Compiling proc-macro-error v1.0.4
[INFO] [stderr]    Compiling serde v1.0.214
[INFO] [stderr]    Compiling cfg_aliases v0.2.1
[INFO] [stderr]    Compiling syn v2.0.86
[INFO] [stderr]    Compiling once_cell v1.20.2
[INFO] [stderr]    Compiling semver v1.0.23
[INFO] [stderr]    Compiling borsh v1.5.1
[INFO] [stderr]    Compiling solana-sanitize v2.1.0
[INFO] [stderr]    Compiling solana-atomic-u64 v2.1.0
[INFO] [stderr]    Compiling bytemuck v1.19.0
[INFO] [stderr]    Compiling digest v0.10.7
[INFO] [stderr]    Compiling five8_core v0.1.1
[INFO] [stderr]    Compiling zeroize v1.8.1
[INFO] [stderr]    Compiling solana-decode-error v2.1.0
[INFO] [stderr]    Compiling generic-array v0.14.7
[INFO] [stderr]    Compiling five8_const v0.1.3
[INFO] [stderr]    Compiling getrandom v0.1.16
[INFO] [stderr]    Compiling solana-msg v2.1.0
[INFO] [stderr]    Compiling digest v0.9.0
[INFO] [stderr]    Compiling feature-probe v0.1.1
[INFO] [stderr]    Compiling sha2 v0.10.8
[INFO] [stderr]    Compiling rustc_version v0.4.1
[INFO] [stderr]    Compiling cc v1.1.31
[INFO] [stderr]    Compiling solana-program-memory v2.1.0
[INFO] [stderr]    Compiling block-buffer v0.9.0
[INFO] [stderr]    Compiling bv v0.11.1
[INFO] [stderr]    Compiling opaque-debug v0.3.1
[INFO] [stderr]    Compiling libsecp256k1-core v0.2.2
[INFO] [stderr]    Compiling memoffset v0.9.1
[INFO] [stderr]    Compiling indexmap v2.6.0
[INFO] [stderr]    Compiling sha2 v0.9.9
[INFO] [stderr]    Compiling base64 v0.12.3
[INFO] [stderr]    Compiling getrandom v0.2.15
[INFO] [stderr]    Compiling curve25519-dalek v4.1.3
[INFO] [stderr]    Compiling rand_core v0.5.1
[INFO] [stderr]    Compiling arrayvec v0.7.6
[INFO] [stderr]    Compiling rand_core v0.6.4
[INFO] [stderr]    Compiling keccak v0.1.5
[INFO] [stderr]    Compiling bitflags v2.6.0
[INFO] [stderr]    Compiling solana-program-option v2.1.0
[INFO] [stderr]    Compiling solana-native-token v2.1.0
[INFO] [stderr]    Compiling sha3 v0.10.8
[INFO] [stderr]    Compiling blake3 v1.5.4
[INFO] [stderr]    Compiling libsecp256k1-gen-ecmult v0.2.1
[INFO] [stderr]    Compiling libsecp256k1-gen-genmult v0.2.1
[INFO] [stderr]    Compiling libsecp256k1 v0.6.0
[INFO] [stderr]    Compiling toml_edit v0.22.22
[INFO] [stderr]    Compiling borsh-schema-derive-internal v0.10.4
[INFO] [stderr]    Compiling borsh-derive-internal v0.10.4
[INFO] [stderr]    Compiling toml v0.5.11
[INFO] [stderr]    Compiling serde_derive v1.0.214
[INFO] [stderr]    Compiling zerocopy-derive v0.7.35
[INFO] [stderr]    Compiling syn_derive v0.1.8
[INFO] [stderr]    Compiling bytemuck_derive v1.8.0
[INFO] [stderr]    Compiling curve25519-dalek-derive v0.1.1
[INFO] [stderr]    Compiling solana-sdk-macro v2.1.0
[INFO] [stderr]    Compiling thiserror-impl v1.0.66
[INFO] [stderr]    Compiling num-derive v0.4.2
[INFO] [stderr]    Compiling proc-macro-crate v3.2.0
[INFO] [stderr]    Compiling zerocopy v0.7.35
[INFO] [stderr]    Compiling proc-macro-crate v0.1.5
[INFO] [stderr]    Compiling thiserror v1.0.66
[INFO] [stderr]    Compiling borsh-derive v0.10.4
[INFO] [stderr]    Compiling borsh-derive v1.5.1
[INFO] [stderr]    Compiling ahash v0.8.11
[INFO] [stderr]    Compiling ppv-lite86 v0.2.20
[INFO] [stderr]    Compiling hashbrown v0.13.2
[INFO] [stderr]    Compiling rand_chacha v0.2.2
[INFO] [stderr]    Compiling rand_chacha v0.3.1
[INFO] [stderr]    Compiling rand v0.7.3
[INFO] [stderr]    Compiling rand v0.8.5
[INFO] [stderr]    Compiling borsh v0.10.4
[INFO] [stderr]    Compiling solana-borsh v2.1.0
[INFO] [stderr]    Compiling solana-hash v2.1.0
[INFO] [stderr]    Compiling bincode v1.3.3
[INFO] [stderr]    Compiling solana-last-restart-slot v2.1.0
[INFO] [stderr]    Compiling solana-clock v2.1.0
[INFO] [stderr]    Compiling solana-epoch-schedule v2.1.0
[INFO] [stderr]    Compiling solana-serde-varint v2.1.0
[INFO] [stderr]    Compiling serde_bytes v0.11.15
[INFO] [stderr]    Compiling solana-fee-calculator v2.1.0
[INFO] [stderr]    Compiling solana-short-vec v2.1.0
[INFO] [stderr]    Compiling solana-rent v2.1.0
[INFO] [stderr]    Compiling solana-sha256-hasher v2.1.0
[INFO] [stderr]    Compiling solana-slot-hashes v2.1.0
[INFO] [stderr]    Compiling solana-pubkey v2.1.0
[INFO] [stderr]    Compiling solana-instruction v2.1.0
[INFO] [stderr]    Compiling solana-program-error v2.1.0
[INFO] [stderr]    Compiling solana-transaction-error v2.1.0
[INFO] [stderr]    Compiling solana-bincode v2.1.0
[INFO] [stderr]    Compiling solana-stable-layout v2.1.0
[INFO] [stderr]    Compiling solana-serialize-utils v2.1.0
[INFO] [stderr]    Compiling solana-account-info v2.1.0
[INFO] [stderr]    Compiling solana-program-pack v2.1.0
[INFO] [stderr]    Compiling solana-slot-history v2.1.0
[INFO] [stderr]    Compiling solana-program-entrypoint v2.1.0
[INFO] [stderr]    Compiling solana-cpi v2.1.0
[INFO] [stderr]    Compiling solana-secp256k1-recover v2.1.0
[INFO] [stderr]    Compiling solana-program v2.1.0
[INFO] [stderr]    Compiling solana-randomness-service-lite v1.0.1 (/opt/rustwide/workdir)
[INFO] [stdout] warning: unexpected `cfg` condition name: `doc_cfg`
[INFO] [stdout]  --> src/lib.rs:1:13
[INFO] [stdout]   |
[INFO] [stdout] 1 | #![cfg_attr(doc_cfg, feature(doc_cfg))]
[INFO] [stdout]   |             ^^^^^^^
[INFO] [stdout]   |
[INFO] [stdout]   = help: expected names are: `clippy`, `debug_assertions`, `doc`, `docsrs`, `doctest`, `feature`, `fmt_debug`, `miri`, `overflow_checks`, `panic`, `proc_macro`, `relocation_model`, `rustfmt`, `sanitize`, `sanitizer_cfi_generalize_pointers`, `sanitizer_cfi_normalize_integers`, `target_abi`, `target_arch`, `target_endian`, `target_env`, `target_family`, `target_feature`, `target_has_atomic`, `target_has_atomic_equal_alignment`, `target_has_atomic_load_store`, `target_os`, `target_pointer_width`, `target_thread_local`, `target_vendor`, `test`, `ub_checks`, `unix`, and `windows`
[INFO] [stdout]   = help: consider using a Cargo feature instead
[INFO] [stdout]   = help: or consider adding in `Cargo.toml` the `check-cfg` lint config for the lint:
[INFO] [stdout]            [lints.rust]
[INFO] [stdout]            unexpected_cfgs = { level = "warn", check-cfg = ['cfg(doc_cfg)'] }
[INFO] [stdout]   = help: or consider adding `println!("cargo::rustc-check-cfg=cfg(doc_cfg)");` to the top of the `build.rs`
[INFO] [stdout]   = note: see <https://doc.rust-lang.org/nightly/rustc/check-cfg/cargo-specifics.html> for more information about checking conditional configuration
[INFO] [stdout]   = note: `#[warn(unexpected_cfgs)]` on by default
[INFO] [stdout] 
[INFO] [stdout] 
[INFO] [stderr]     Finished `dev` profile [unoptimized + debuginfo] target(s) in 23.82s
[INFO] running `Command { std: "docker" "inspect" "9adc398c61df535e04a40e6bbb57e53430eb0610151af5a21602b8a08cc98dbc", kill_on_drop: false }`
[INFO] running `Command { std: "docker" "rm" "-f" "9adc398c61df535e04a40e6bbb57e53430eb0610151af5a21602b8a08cc98dbc", kill_on_drop: false }`
[INFO] [stdout] 9adc398c61df535e04a40e6bbb57e53430eb0610151af5a21602b8a08cc98dbc
[INFO] running `Command { std: "docker" "create" "-v" "/var/lib/crater-agent-workspace/builds/worker-2-tc1/target:/opt/rustwide/target:rw,Z" "-v" "/var/lib/crater-agent-workspace/builds/worker-2-tc1/source:/opt/rustwide/workdir:ro,Z" "-v" "/var/lib/crater-agent-workspace/cargo-home:/opt/rustwide/cargo-home:ro,Z" "-v" "/var/lib/crater-agent-workspace/rustup-home:/opt/rustwide/rustup-home:ro,Z" "-e" "SOURCE_DIR=/opt/rustwide/workdir" "-e" "CARGO_TARGET_DIR=/opt/rustwide/target" "-e" "CARGO_INCREMENTAL=0" "-e" "RUST_BACKTRACE=full" "-e" "RUSTFLAGS=--cap-lints=forbid" "-e" "RUSTDOCFLAGS=--cap-lints=forbid" "-e" "CARGO_HOME=/opt/rustwide/cargo-home" "-e" "RUSTUP_HOME=/opt/rustwide/rustup-home" "-w" "/opt/rustwide/workdir" "-m" "1610612736" "--user" "0:0" "--network" "none" "ghcr.io/rust-lang/crates-build-env/linux@sha256:4a844ea9eb2546a2d2c7022eacef16ef2e8229c7fbb2c7d4d55a9ceca922f72d" "/opt/rustwide/cargo-home/bin/cargo" "+nightly-2024-10-28" "test" "--frozen" "--no-run" "--message-format=json", kill_on_drop: false }`
[INFO] [stdout] 4f42b6edb24c07b69911ed9ca24c31eba4eea863beefd830e7c9b8f1d8b3c239
[INFO] running `Command { std: "docker" "start" "-a" "4f42b6edb24c07b69911ed9ca24c31eba4eea863beefd830e7c9b8f1d8b3c239", kill_on_drop: false }`
[INFO] [stderr]    Compiling solana-randomness-service-lite v1.0.1 (/opt/rustwide/workdir)
[INFO] [stdout] warning: unexpected `cfg` condition name: `doc_cfg`
[INFO] [stdout]  --> src/lib.rs:1:13
[INFO] [stdout]   |
[INFO] [stdout] 1 | #![cfg_attr(doc_cfg, feature(doc_cfg))]
[INFO] [stdout]   |             ^^^^^^^
[INFO] [stdout]   |
[INFO] [stdout]   = help: expected names are: `clippy`, `debug_assertions`, `doc`, `docsrs`, `doctest`, `feature`, `fmt_debug`, `miri`, `overflow_checks`, `panic`, `proc_macro`, `relocation_model`, `rustfmt`, `sanitize`, `sanitizer_cfi_generalize_pointers`, `sanitizer_cfi_normalize_integers`, `target_abi`, `target_arch`, `target_endian`, `target_env`, `target_family`, `target_feature`, `target_has_atomic`, `target_has_atomic_equal_alignment`, `target_has_atomic_load_store`, `target_os`, `target_pointer_width`, `target_thread_local`, `target_vendor`, `test`, `ub_checks`, `unix`, and `windows`
[INFO] [stdout]   = help: consider using a Cargo feature instead
[INFO] [stdout]   = help: or consider adding in `Cargo.toml` the `check-cfg` lint config for the lint:
[INFO] [stdout]            [lints.rust]
[INFO] [stdout]            unexpected_cfgs = { level = "warn", check-cfg = ['cfg(doc_cfg)'] }
[INFO] [stdout]   = help: or consider adding `println!("cargo::rustc-check-cfg=cfg(doc_cfg)");` to the top of the `build.rs`
[INFO] [stdout]   = note: see <https://doc.rust-lang.org/nightly/rustc/check-cfg/cargo-specifics.html> for more information about checking conditional configuration
[INFO] [stdout]   = note: `#[warn(unexpected_cfgs)]` on by default
[INFO] [stdout] 
[INFO] [stdout] 
[INFO] [stdout] warning: unexpected `cfg` condition name: `doc_cfg`
[INFO] [stdout]  --> src/lib.rs:1:13
[INFO] [stdout]   |
[INFO] [stdout] 1 | #![cfg_attr(doc_cfg, feature(doc_cfg))]
[INFO] [stdout]   |             ^^^^^^^
[INFO] [stdout]   |
[INFO] [stdout]   = help: expected names are: `clippy`, `debug_assertions`, `doc`, `docsrs`, `doctest`, `feature`, `fmt_debug`, `miri`, `overflow_checks`, `panic`, `proc_macro`, `relocation_model`, `rustfmt`, `sanitize`, `sanitizer_cfi_generalize_pointers`, `sanitizer_cfi_normalize_integers`, `target_abi`, `target_arch`, `target_endian`, `target_env`, `target_family`, `target_feature`, `target_has_atomic`, `target_has_atomic_equal_alignment`, `target_has_atomic_load_store`, `target_os`, `target_pointer_width`, `target_thread_local`, `target_vendor`, `test`, `ub_checks`, `unix`, and `windows`
[INFO] [stdout]   = help: consider using a Cargo feature instead
[INFO] [stdout]   = help: or consider adding in `Cargo.toml` the `check-cfg` lint config for the lint:
[INFO] [stdout]            [lints.rust]
[INFO] [stdout]            unexpected_cfgs = { level = "warn", check-cfg = ['cfg(doc_cfg)'] }
[INFO] [stdout]   = help: or consider adding `println!("cargo::rustc-check-cfg=cfg(doc_cfg)");` to the top of the `build.rs`
[INFO] [stdout]   = note: see <https://doc.rust-lang.org/nightly/rustc/check-cfg/cargo-specifics.html> for more information about checking conditional configuration
[INFO] [stdout]   = note: `#[warn(unexpected_cfgs)]` on by default
[INFO] [stdout] 
[INFO] [stdout] 
[INFO] [stderr]     Finished `test` profile [unoptimized + debuginfo] target(s) in 0.56s
[INFO] running `Command { std: "docker" "inspect" "4f42b6edb24c07b69911ed9ca24c31eba4eea863beefd830e7c9b8f1d8b3c239", kill_on_drop: false }`
[INFO] running `Command { std: "docker" "rm" "-f" "4f42b6edb24c07b69911ed9ca24c31eba4eea863beefd830e7c9b8f1d8b3c239", kill_on_drop: false }`
[INFO] [stdout] 4f42b6edb24c07b69911ed9ca24c31eba4eea863beefd830e7c9b8f1d8b3c239
[INFO] running `Command { std: "docker" "create" "-v" "/var/lib/crater-agent-workspace/builds/worker-2-tc1/target:/opt/rustwide/target:rw,Z" "-v" "/var/lib/crater-agent-workspace/builds/worker-2-tc1/source:/opt/rustwide/workdir:ro,Z" "-v" "/var/lib/crater-agent-workspace/cargo-home:/opt/rustwide/cargo-home:ro,Z" "-v" "/var/lib/crater-agent-workspace/rustup-home:/opt/rustwide/rustup-home:ro,Z" "-e" "SOURCE_DIR=/opt/rustwide/workdir" "-e" "CARGO_TARGET_DIR=/opt/rustwide/target" "-e" "CARGO_INCREMENTAL=0" "-e" "RUST_BACKTRACE=full" "-e" "RUSTFLAGS=--cap-lints=forbid" "-e" "RUSTDOCFLAGS=--cap-lints=forbid" "-e" "CARGO_HOME=/opt/rustwide/cargo-home" "-e" "RUSTUP_HOME=/opt/rustwide/rustup-home" "-w" "/opt/rustwide/workdir" "-m" "1610612736" "--user" "0:0" "--network" "none" "ghcr.io/rust-lang/crates-build-env/linux@sha256:4a844ea9eb2546a2d2c7022eacef16ef2e8229c7fbb2c7d4d55a9ceca922f72d" "/opt/rustwide/cargo-home/bin/cargo" "+nightly-2024-10-28" "test" "--frozen", kill_on_drop: false }`
[INFO] [stdout] a499edb45b307efa37d7a31daab5865a983ec1dc363ca9ec5cd1071505558303
[INFO] running `Command { std: "docker" "start" "-a" "a499edb45b307efa37d7a31daab5865a983ec1dc363ca9ec5cd1071505558303", kill_on_drop: false }`
[INFO] [stderr] warning: unexpected `cfg` condition name: `doc_cfg`
[INFO] [stderr]  --> src/lib.rs:1:13
[INFO] [stderr]   |
[INFO] [stderr] 1 | #![cfg_attr(doc_cfg, feature(doc_cfg))]
[INFO] [stderr]   |             ^^^^^^^
[INFO] [stderr]   |
[INFO] [stderr]   = help: expected names are: `clippy`, `debug_assertions`, `doc`, `docsrs`, `doctest`, `feature`, `fmt_debug`, `miri`, `overflow_checks`, `panic`, `proc_macro`, `relocation_model`, `rustfmt`, `sanitize`, `sanitizer_cfi_generalize_pointers`, `sanitizer_cfi_normalize_integers`, `target_abi`, `target_arch`, `target_endian`, `target_env`, `target_family`, `target_feature`, `target_has_atomic`, `target_has_atomic_equal_alignment`, `target_has_atomic_load_store`, `target_os`, `target_pointer_width`, `target_thread_local`, `target_vendor`, `test`, `ub_checks`, `unix`, and `windows`
[INFO] [stderr]   = help: consider using a Cargo feature instead
[INFO] [stderr]   = help: or consider adding in `Cargo.toml` the `check-cfg` lint config for the lint:
[INFO] [stderr]            [lints.rust]
[INFO] [stderr]            unexpected_cfgs = { level = "warn", check-cfg = ['cfg(doc_cfg)'] }
[INFO] [stderr]   = help: or consider adding `println!("cargo::rustc-check-cfg=cfg(doc_cfg)");` to the top of the `build.rs`
[INFO] [stderr]   = note: see <https://doc.rust-lang.org/nightly/rustc/check-cfg/cargo-specifics.html> for more information about checking conditional configuration
[INFO] [stderr]   = note: `#[warn(unexpected_cfgs)]` on by default
[INFO] [stderr] 
[INFO] [stderr] warning: `solana-randomness-service-lite` (lib) generated 1 warning
[INFO] [stderr] warning: `solana-randomness-service-lite` (lib test) generated 1 warning (1 duplicate)
[INFO] [stderr]     Finished `test` profile [unoptimized + debuginfo] target(s) in 0.38s
[INFO] [stderr]      Running unittests src/lib.rs (/opt/rustwide/target/debug/deps/solana_randomness_service_lite-9b6d112a99ec1ed9)
[INFO] [stdout] 
[INFO] [stdout] running 1 test
[INFO] [stdout] test test_id ... ok
[INFO] [stdout] 
[INFO] [stdout] test result: ok. 1 passed; 0 failed; 0 ignored; 0 measured; 0 filtered out; finished in 0.00s
[INFO] [stdout] 
[INFO] [stderr]    Doc-tests solana_randomness_service_lite
[INFO] [stdout] 
[INFO] [stdout] running 1 test
[INFO] [stdout] test src/lib.rs - (line 11) ... FAILED
[INFO] [stdout] 
[INFO] [stdout] failures:
[INFO] [stdout] 
[INFO] [stdout] ---- src/lib.rs - (line 11) stdout ----
[INFO] [stdout] error[E0433]: failed to resolve: use of undeclared crate or module `anchor_lang`
[INFO] [stdout]  --> src/lib.rs:13:5
[INFO] [stdout]   |
[INFO] [stdout] 5 | use anchor_lang::prelude::*;
[INFO] [stdout]   |     ^^^^^^^^^^^ use of undeclared crate or module `anchor_lang`
[INFO] [stdout] 
[INFO] [stdout] error: cannot find derive macro `Accounts` in this scope
[INFO] [stdout]   --> src/lib.rs:56:10
[INFO] [stdout]    |
[INFO] [stdout] 48 | #[derive(Accounts)]
[INFO] [stdout]    |          ^^^^^^^^
[INFO] [stdout] 
[INFO] [stdout] error: cannot find attribute `account` in this scope
[INFO] [stdout]   --> src/lib.rs:59:7
[INFO] [stdout]    |
[INFO] [stdout] 51 |     #[account(
[INFO] [stdout]    |       ^^^^^^^
[INFO] [stdout] 
[INFO] [stdout] error: cannot find attribute `account` in this scope
[INFO] [stdout]   --> src/lib.rs:68:7
[INFO] [stdout]    |
[INFO] [stdout] 60 |     #[account(
[INFO] [stdout]    |       ^^^^^^^
[INFO] [stdout] 
[INFO] [stdout] error: cannot find attribute `account` in this scope
[INFO] [stdout]   --> src/lib.rs:78:7
[INFO] [stdout]    |
[INFO] [stdout] 70 |     #[account(
[INFO] [stdout]    |       ^^^^^^^
[INFO] [stdout] 
[INFO] [stdout] error: cannot find attribute `account` in this scope
[INFO] [stdout]   --> src/lib.rs:87:7
[INFO] [stdout]    |
[INFO] [stdout] 79 |     #[account(
[INFO] [stdout]    |       ^^^^^^^
[INFO] [stdout] 
[INFO] [stdout] error: cannot find attribute `account` in this scope
[INFO] [stdout]   --> src/lib.rs:95:7
[INFO] [stdout]    |
[INFO] [stdout] 87 |     #[account(address = NativeMint::ID)]
[INFO] [stdout]    |       ^^^^^^^
[INFO] [stdout] 
[INFO] [stdout] error: cannot find attribute `account` in this scope
[INFO] [stdout]   --> src/lib.rs:99:7
[INFO] [stdout]    |
[INFO] [stdout] 91 |     #[account(mut)]
[INFO] [stdout]    |       ^^^^^^^
[INFO] [stdout] 
[INFO] [stdout] error: cannot find attribute `program` in this scope
[INFO] [stdout]  --> src/lib.rs:16:3
[INFO] [stdout]   |
[INFO] [stdout] 8 | #[program]
[INFO] [stdout]   |   ^^^^^^^
[INFO] [stdout] 
[INFO] [stdout] error: cannot find macro `msg` in this scope
[INFO] [stdout]   --> src/lib.rs:21:9
[INFO] [stdout]    |
[INFO] [stdout] 13 |         msg!("Requesting randomness...");
[INFO] [stdout]    |         ^^^
[INFO] [stdout]    |
[INFO] [stdout] help: consider importing this macro
[INFO] [stdout]    |
[INFO] [stdout] 10 +     use solana_program::msg;
[INFO] [stdout]    |
[INFO] [stdout] 
[INFO] [stdout] error[E0433]: failed to resolve: use of undeclared crate or module `anchor_lang`
[INFO] [stdout]   --> src/lib.rs:20:67
[INFO] [stdout]    |
[INFO] [stdout] 12 |     pub fn request_randomness(ctx: Context<RequestRandomness>) -> anchor_lang::prelude::Result<()> {
[INFO] [stdout]    |                                                                   ^^^^^^^^^^^ use of undeclared crate or module `anchor_lang`
[INFO] [stdout] 
[INFO] [stdout] error[E0412]: cannot find type `Context` in this scope
[INFO] [stdout]   --> src/lib.rs:20:36
[INFO] [stdout]    |
[INFO] [stdout] 12 |     pub fn request_randomness(ctx: Context<RequestRandomness>) -> anchor_lang::prelude::Result<()> {
[INFO] [stdout]    |                                    ^^^^^^^ not found in this scope
[INFO] [stdout]    |
[INFO] [stdout] help: consider importing this struct
[INFO] [stdout]    |
[INFO] [stdout] 10 +     use std::task::Context;
[INFO] [stdout]    |
[INFO] [stdout] 
[INFO] [stdout] error[E0412]: cannot find type `RequestRandomness` in this scope
[INFO] [stderr] error: doctest failed, to rerun pass `--doc`
[INFO] [stdout]   --> src/lib.rs:20:44
[INFO] [stdout]    |
[INFO] [stdout] 12 |     pub fn request_randomness(ctx: Context<RequestRandomness>) -> anchor_lang::prelude::Result<()> {
[INFO] [stdout]    |                                            ^^^^^^^^^^^^^^^^^ not found in this scope
[INFO] [stdout]    |
[INFO] [stdout] help: you might be missing a type parameter
[INFO] [stdout]    |
[INFO] [stdout] 12 |     pub fn request_randomness<RequestRandomness>(ctx: Context<RequestRandomness>) -> anchor_lang::prelude::Result<()> {
[INFO] [stdout]    |                              +++++++++++++++++++
[INFO] [stdout] 
[INFO] [stdout] error[E0422]: cannot find struct, variant or union type `SimpleRandomnessV1Request` in this scope
[INFO] [stdout]   --> src/lib.rs:23:23
[INFO] [stdout]    |
[INFO] [stdout] 15 |         let request = SimpleRandomnessV1Request {
[INFO] [stdout]    |                       ^^^^^^^^^^^^^^^^^^^^^^^^^ not found in this scope
[INFO] [stdout]    |
[INFO] [stdout] help: consider importing this struct
[INFO] [stdout]    |
[INFO] [stdout] 10 +     use solana_randomness_service_lite::SimpleRandomnessV1Request;
[INFO] [stdout]    |
[INFO] [stdout] 
[INFO] [stdout] error[E0425]: cannot find value `ID` in this scope
[INFO] [stdout]   --> src/lib.rs:37:17
[INFO] [stdout]    |
[INFO] [stdout] 29 |                 ID,
[INFO] [stdout]    |                 ^^ not found in this scope
[INFO] [stdout]    |
[INFO] [stdout] help: consider importing one of these constants
[INFO] [stdout]    |
[INFO] [stdout] 10 +     use solana_program::address_lookup_table::program::ID;
[INFO] [stdout]    |
[INFO] [stdout] 10 +     use solana_program::bpf_loader::ID;
[INFO] [stdout]    |
[INFO] [stdout] 10 +     use solana_program::bpf_loader_deprecated::ID;
[INFO] [stdout]    |
[INFO] [stdout] 10 +     use solana_program::bpf_loader_upgradeable::ID;
[INFO] [stdout]    |
[INFO] [stdout]      and 23 other candidates
[INFO] [stdout] 
[INFO] [stdout] error[E0433]: failed to resolve: use of undeclared type `AccountMeta`
[INFO] [stdout]   --> src/lib.rs:39:21
[INFO] [stdout]    |
[INFO] [stdout] 31 |                     AccountMeta::new_readonly(ctx.accounts.randomness_state.key(), true).into(),
[INFO] [stdout]    |                     ^^^^^^^^^^^ use of undeclared type `AccountMeta`
[INFO] [stdout]    |
[INFO] [stdout] help: consider importing one of these structs
[INFO] [stdout]    |
[INFO] [stdout] 10 +     use solana_program::instruction::AccountMeta;
[INFO] [stdout]    |
[INFO] [stdout] 10 +     use solana_randomness_service_lite::AccountMeta;
[INFO] [stdout]    |
[INFO] [stdout] 
[INFO] [stdout] error[E0433]: failed to resolve: use of undeclared type `AccountMeta`
[INFO] [stdout]   --> src/lib.rs:40:21
[INFO] [stdout]    |
[INFO] [stdout] 32 |                     AccountMeta::new_readonly(ctx.accounts.randomness_request.key(), false).into(),
[INFO] [stdout]    |                     ^^^^^^^^^^^ use of undeclared type `AccountMeta`
[INFO] [stdout]    |
[INFO] [stdout] help: consider importing one of these structs
[INFO] [stdout]    |
[INFO] [stdout] 10 +     use solana_program::instruction::AccountMeta;
[INFO] [stdout]    |
[INFO] [stdout] 10 +     use solana_randomness_service_lite::AccountMeta;
[INFO] [stdout]    |
[INFO] [stdout] 
[INFO] [stdout] error[E0412]: cannot find type `AccountInfo` in this scope
[INFO] [stdout]   --> src/lib.rs:63:29
[INFO] [stdout]    |
[INFO] [stdout] 55 |     pub randomness_service: AccountInfo<'info>,
[INFO] [stdout]    |                             ^^^^^^^^^^^ not found in this scope
[INFO] [stdout]    |
[INFO] [stdout] help: consider importing one of these structs
[INFO] [stdout]    |
[INFO] [stdout] 2  + use solana_program::sysvar::slot_history::AccountInfo;
[INFO] [stdout]    |
[INFO] [stdout] 2  + use solana_randomness_service_lite::AccountInfo;
[INFO] [stdout]    |
[INFO] [stdout] 
[INFO] [stdout] error[E0412]: cannot find type `AccountInfo` in this scope
[INFO] [stdout]   --> src/lib.rs:74:29
[INFO] [stdout]    |
[INFO] [stdout] 66 |     pub randomness_request: AccountInfo<'info>,
[INFO] [stdout]    |                             ^^^^^^^^^^^ not found in this scope
[INFO] [stdout]    |
[INFO] [stdout] help: consider importing one of these structs
[INFO] [stdout]    |
[INFO] [stdout] 2  + use solana_program::sysvar::slot_history::AccountInfo;
[INFO] [stdout]    |
[INFO] [stdout] 2  + use solana_randomness_service_lite::AccountInfo;
[INFO] [stdout]    |
[INFO] [stdout] 
[INFO] [stdout] error[E0412]: cannot find type `AccountInfo` in this scope
[INFO] [stdout]   --> src/lib.rs:83:28
[INFO] [stdout]    |
[INFO] [stdout] 75 |     pub randomness_escrow: AccountInfo<'info>,
[INFO] [stdout]    |                            ^^^^^^^^^^^ not found in this scope
[INFO] [stdout]    |
[INFO] [stdout] help: consider importing one of these structs
[INFO] [stdout]    |
[INFO] [stdout] 2  + use solana_program::sysvar::slot_history::AccountInfo;
[INFO] [stdout]    |
[INFO] [stdout] 2  + use solana_randomness_service_lite::AccountInfo;
[INFO] [stdout]    |
[INFO] [stdout] 
[INFO] [stdout] error[E0412]: cannot find type `Account` in this scope
[INFO] [stdout]   --> src/lib.rs:92:31
[INFO] [stdout]    |
[INFO] [stdout] 84 |     pub randomness_state: Box<Account<'info, solana_randomness_service::State>>,
[INFO] [stdout]    |                               ^^^^^^^ not found in this scope
[INFO] [stdout] 
[INFO] [stdout] error[E0412]: cannot find type `Account` in this scope
[INFO] [stdout]   --> src/lib.rs:96:26
[INFO] [stdout]    |
[INFO] [stdout] 88 |     pub randomness_mint: Account<'info, Mint>,
[INFO] [stdout]    |                          ^^^^^^^ not found in this scope
[INFO] [stdout] 
[INFO] [stdout] error[E0412]: cannot find type `Mint` in this scope
[INFO] [stdout]   --> src/lib.rs:96:41
[INFO] [stdout]    |
[INFO] [stdout] 88 |     pub randomness_mint: Account<'info, Mint>,
[INFO] [stdout]    |                                         ^^^^ not found in this scope
[INFO] [stdout]    |
[INFO] [stdout] help: you might be missing a type parameter
[INFO] [stdout]    |
[INFO] [stdout] 49 | pub struct RequestRandomness<'info, Mint> {
[INFO] [stdout]    |                                   ++++++
[INFO] [stdout] 
[INFO] [stdout] error[E0412]: cannot find type `Signer` in this scope
[INFO] [stdout]   --> src/lib.rs:100:16
[INFO] [stdout]    |
[INFO] [stdout] 92 |     pub payer: Signer<'info>,
[INFO] [stdout]    |                ^^^^^^ not found in this scope
[INFO] [stdout] 
[INFO] [stdout] error[E0412]: cannot find type `Program` in this scope
[INFO] [stdout]   --> src/lib.rs:103:25
[INFO] [stdout]    |
[INFO] [stdout] 95 |     pub system_program: Program<'info, System>,
[INFO] [stdout]    |                         ^^^^^^^ not found in this scope
[INFO] [stdout]    |
[INFO] [stdout] help: there is an enum variant `solana_program::bpf_loader_upgradeable::UpgradeableLoaderState::Program`; try using the variant's enum
[INFO] [stdout]    |
[INFO] [stdout] 95 |     pub system_program: solana_program::bpf_loader_upgradeable::UpgradeableLoaderState,
[INFO] [stdout]    |                         ~~~~~~~~~~~~~~~~~~~~~~~~~~~~~~~~~~~~~~~~~~~~~~~~~~~~~~~~~~~~~~
[INFO] [stdout] 
[INFO] [stdout] error[E0412]: cannot find type `System` in this scope
[INFO] [stdout]   --> src/lib.rs:103:40
[INFO] [stdout]    |
[INFO] [stdout] 95 |     pub system_program: Program<'info, System>,
[INFO] [stdout]    |                                        ^^^^^^ not found in this scope
[INFO] [stdout]    |
[INFO] [stdout] help: consider importing this struct
[INFO] [stdout]    |
[INFO] [stdout] 2  + use std::alloc::System;
[INFO] [stdout]    |
[INFO] [stdout] 
[INFO] [stdout] error[E0412]: cannot find type `Program` in this scope
[INFO] [stdout]   --> src/lib.rs:106:24
[INFO] [stdout]    |
[INFO] [stdout] 98 |     pub token_program: Program<'info, Token>,
[INFO] [stdout]    |                        ^^^^^^^ not found in this scope
[INFO] [stdout]    |
[INFO] [stdout] help: there is an enum variant `solana_program::bpf_loader_upgradeable::UpgradeableLoaderState::Program`; try using the variant's enum
[INFO] [stdout]    |
[INFO] [stdout] 98 |     pub token_program: solana_program::bpf_loader_upgradeable::UpgradeableLoaderState,
[INFO] [stdout]    |                        ~~~~~~~~~~~~~~~~~~~~~~~~~~~~~~~~~~~~~~~~~~~~~~~~~~~~~~~~~~~~~~
[INFO] [stdout] 
[INFO] [stdout] error[E0412]: cannot find type `Token` in this scope
[INFO] [stdout]   --> src/lib.rs:106:39
[INFO] [stdout]    |
[INFO] [stdout] 98 |     pub token_program: Program<'info, Token>,
[INFO] [stdout]    |                                       ^^^^^ not found in this scope
[INFO] [stdout]    |
[INFO] [stdout] help: you might be missing a type parameter
[INFO] [stdout]    |
[INFO] [stdout] 49 | pub struct RequestRandomness<'info, Token> {
[INFO] [stdout]    |                                   +++++++
[INFO] [stdout] 
[INFO] [stdout] error[E0412]: cannot find type `Program` in this scope
[INFO] [stdout]    --> src/lib.rs:109:35
[INFO] [stdout]     |
[INFO] [stdout] 101 |     pub associated_token_program: Program<'info, AssociatedToken>,
[INFO] [stdout]     |                                   ^^^^^^^ not found in this scope
[INFO] [stdout]     |
[INFO] [stdout] help: there is an enum variant `solana_program::bpf_loader_upgradeable::UpgradeableLoaderState::Program`; try using the variant's enum
[INFO] [stdout]     |
[INFO] [stdout] 101 |     pub associated_token_program: solana_program::bpf_loader_upgradeable::UpgradeableLoaderState,
[INFO] [stdout]     |                                   ~~~~~~~~~~~~~~~~~~~~~~~~~~~~~~~~~~~~~~~~~~~~~~~~~~~~~~~~~~~~~~
[INFO] [stdout] 
[INFO] [stdout] error[E0412]: cannot find type `AssociatedToken` in this scope
[INFO] [stdout]    --> src/lib.rs:109:50
[INFO] [stdout]     |
[INFO] [stdout] 101 |     pub associated_token_program: Program<'info, AssociatedToken>,
[INFO] [stdout]     |                                                  ^^^^^^^^^^^^^^^ not found in this scope
[INFO] [stdout]     |
[INFO] [stdout] help: you might be missing a type parameter
[INFO] [stdout]     |
[INFO] [stdout] 49  | pub struct RequestRandomness<'info, AssociatedToken> {
[INFO] [stdout]     |                                   +++++++++++++++++
[INFO] [stdout] 
[INFO] [stdout] error[E0433]: failed to resolve: use of undeclared crate or module `solana_randomness_service`
[INFO] [stdout]   --> src/lib.rs:92:46
[INFO] [stdout]    |
[INFO] [stdout] 84 |     pub randomness_state: Box<Account<'info, solana_randomness_service::State>>,
[INFO] [stdout]    |                                              ^^^^^^^^^^^^^^^^^^^^^^^^^ use of undeclared crate or module `solana_randomness_service`
[INFO] [stdout]    |
[INFO] [stdout] help: there is a crate or module with a similar name
[INFO] [stdout]    |
[INFO] [stdout] 84 |     pub randomness_state: Box<Account<'info, solana_randomness_service_lite::State>>,
[INFO] [stdout]    |                                              ~~~~~~~~~~~~~~~~~~~~~~~~~~~~~~
[INFO] [stdout] 
[INFO] [stdout] error: aborting due to 31 previous errors
[INFO] [stdout] 
[INFO] [stdout] Some errors have detailed explanations: E0412, E0422, E0425, E0433.
[INFO] [stdout] For more information about an error, try `rustc --explain E0412`.
[INFO] [stdout] Couldn't compile the test.
[INFO] [stdout] 
[INFO] [stdout] failures:
[INFO] [stdout]     src/lib.rs - (line 11)
[INFO] [stdout] 
[INFO] [stdout] test result: FAILED. 0 passed; 1 failed; 0 ignored; 0 measured; 0 filtered out; finished in 0.34s
[INFO] [stdout] 
[INFO] running `Command { std: "docker" "inspect" "a499edb45b307efa37d7a31daab5865a983ec1dc363ca9ec5cd1071505558303", kill_on_drop: false }`
[INFO] running `Command { std: "docker" "rm" "-f" "a499edb45b307efa37d7a31daab5865a983ec1dc363ca9ec5cd1071505558303", kill_on_drop: false }`
[INFO] [stdout] a499edb45b307efa37d7a31daab5865a983ec1dc363ca9ec5cd1071505558303
