[INFO] fetching crate solana-instruction 0.0.2...
[INFO] testing solana-instruction-0.0.2 against nightly-2024-10-28 for randomize-layout
[INFO] extracting crate solana-instruction 0.0.2 into /workspace/builds/worker-2-tc1/source
[INFO] validating manifest of crates.io crate solana-instruction 0.0.2 on toolchain nightly-2024-10-28
[INFO] running `Command { std: CARGO_HOME="/workspace/cargo-home" RUSTUP_HOME="/workspace/rustup-home" "/workspace/cargo-home/bin/cargo" "+nightly-2024-10-28" "metadata" "--manifest-path" "Cargo.toml" "--no-deps", kill_on_drop: false }`
[INFO] started tweaking crates.io crate solana-instruction 0.0.2
[INFO] finished tweaking crates.io crate solana-instruction 0.0.2
[INFO] tweaked toml for crates.io crate solana-instruction 0.0.2 written to /workspace/builds/worker-2-tc1/source/Cargo.toml
[INFO] running `Command { std: CARGO_HOME="/workspace/cargo-home" RUSTUP_HOME="/workspace/rustup-home" "/workspace/cargo-home/bin/cargo" "+nightly-2024-10-28" "generate-lockfile" "--manifest-path" "Cargo.toml", kill_on_drop: false }`
[INFO] [stderr]     Updating crates.io index
[INFO] [stderr]      Locking 91 packages to latest compatible versions
[INFO] [stderr]       Adding solana-define-syscall v0.0.2 (available: v2.1.0)
[INFO] [stderr]       Adding solana-pubkey v0.0.2 (available: v2.1.0)
[INFO] running `Command { std: CARGO_HOME="/workspace/cargo-home" RUSTUP_HOME="/workspace/rustup-home" "/workspace/cargo-home/bin/cargo" "+nightly-2024-10-28" "fetch" "--manifest-path" "Cargo.toml", kill_on_drop: false }`
[INFO] [stderr]  Downloading crates ...
[INFO] [stderr]   Downloaded five8_const v0.1.3
[INFO] [stderr]   Downloaded solana-define-syscall v0.0.2
[INFO] [stderr]   Downloaded solana-decode-error v0.0.2
[INFO] [stderr]   Downloaded solana-atomic-u64 v0.0.2
[INFO] [stderr]   Downloaded five8_core v0.1.1
[INFO] [stderr]   Downloaded solana-frozen-abi-macro v2.1.0
[INFO] [stderr]   Downloaded solana-sanitize v0.0.2
[INFO] [stderr]   Downloaded solana-frozen-abi v2.1.0
[INFO] [stderr]   Downloaded solana-sha256-hasher v0.0.2
[INFO] [stderr]   Downloaded solana-pubkey v0.0.2
[INFO] [stderr]   Downloaded solana-hash v0.0.2
[INFO] running `Command { std: "docker" "create" "-v" "/var/lib/crater-agent-workspace/builds/worker-2-tc1/target:/opt/rustwide/target:rw,Z" "-v" "/var/lib/crater-agent-workspace/builds/worker-2-tc1/source:/opt/rustwide/workdir:ro,Z" "-v" "/var/lib/crater-agent-workspace/cargo-home:/opt/rustwide/cargo-home:ro,Z" "-v" "/var/lib/crater-agent-workspace/rustup-home:/opt/rustwide/rustup-home:ro,Z" "-e" "SOURCE_DIR=/opt/rustwide/workdir" "-e" "CARGO_TARGET_DIR=/opt/rustwide/target" "-e" "CARGO_HOME=/opt/rustwide/cargo-home" "-e" "RUSTUP_HOME=/opt/rustwide/rustup-home" "-w" "/opt/rustwide/workdir" "-m" "1610612736" "--user" "0:0" "--network" "none" "ghcr.io/rust-lang/crates-build-env/linux@sha256:4a844ea9eb2546a2d2c7022eacef16ef2e8229c7fbb2c7d4d55a9ceca922f72d" "/opt/rustwide/cargo-home/bin/cargo" "+nightly-2024-10-28" "metadata" "--no-deps" "--format-version=1", kill_on_drop: false }`
[INFO] [stdout] db2ae9aa1fd3e378425a0496bb93dc5b03017f7554b3c87a0e561097dbd3053d
[INFO] running `Command { std: "docker" "start" "-a" "db2ae9aa1fd3e378425a0496bb93dc5b03017f7554b3c87a0e561097dbd3053d", kill_on_drop: false }`
[INFO] running `Command { std: "docker" "inspect" "db2ae9aa1fd3e378425a0496bb93dc5b03017f7554b3c87a0e561097dbd3053d", kill_on_drop: false }`
[INFO] running `Command { std: "docker" "rm" "-f" "db2ae9aa1fd3e378425a0496bb93dc5b03017f7554b3c87a0e561097dbd3053d", kill_on_drop: false }`
[INFO] [stdout] db2ae9aa1fd3e378425a0496bb93dc5b03017f7554b3c87a0e561097dbd3053d
[INFO] running `Command { std: "docker" "create" "-v" "/var/lib/crater-agent-workspace/builds/worker-2-tc1/target:/opt/rustwide/target:rw,Z" "-v" "/var/lib/crater-agent-workspace/builds/worker-2-tc1/source:/opt/rustwide/workdir:ro,Z" "-v" "/var/lib/crater-agent-workspace/cargo-home:/opt/rustwide/cargo-home:ro,Z" "-v" "/var/lib/crater-agent-workspace/rustup-home:/opt/rustwide/rustup-home:ro,Z" "-e" "SOURCE_DIR=/opt/rustwide/workdir" "-e" "CARGO_TARGET_DIR=/opt/rustwide/target" "-e" "CARGO_INCREMENTAL=0" "-e" "RUST_BACKTRACE=full" "-e" "RUSTFLAGS=--cap-lints=forbid" "-e" "RUSTDOCFLAGS=--cap-lints=forbid" "-e" "CARGO_HOME=/opt/rustwide/cargo-home" "-e" "RUSTUP_HOME=/opt/rustwide/rustup-home" "-w" "/opt/rustwide/workdir" "-m" "1610612736" "--user" "0:0" "--network" "none" "ghcr.io/rust-lang/crates-build-env/linux@sha256:4a844ea9eb2546a2d2c7022eacef16ef2e8229c7fbb2c7d4d55a9ceca922f72d" "/opt/rustwide/cargo-home/bin/cargo" "+nightly-2024-10-28" "build" "--frozen" "--message-format=json", kill_on_drop: false }`
[INFO] [stdout] 66b7747d3cab00ee28cee32a2fb3e1040d432998d156f045c202e5b8b71dd7e0
[INFO] running `Command { std: "docker" "start" "-a" "66b7747d3cab00ee28cee32a2fb3e1040d432998d156f045c202e5b8b71dd7e0", kill_on_drop: false }`
[INFO] [stderr]    Compiling five8_core v0.1.1
[INFO] [stderr]    Compiling solana-sanitize v0.0.2
[INFO] [stderr]    Compiling solana-atomic-u64 v0.0.2
[INFO] [stderr]    Compiling bs58 v0.5.1
[INFO] [stderr]    Compiling solana-decode-error v0.0.2
[INFO] [stderr]    Compiling five8_const v0.1.3
[INFO] [stderr]    Compiling solana-pubkey v0.0.2
[INFO] [stderr]    Compiling solana-instruction v0.0.2 (/opt/rustwide/workdir)
[INFO] [stderr]     Finished `dev` profile [unoptimized + debuginfo] target(s) in 0.63s
[INFO] running `Command { std: "docker" "inspect" "66b7747d3cab00ee28cee32a2fb3e1040d432998d156f045c202e5b8b71dd7e0", kill_on_drop: false }`
[INFO] running `Command { std: "docker" "rm" "-f" "66b7747d3cab00ee28cee32a2fb3e1040d432998d156f045c202e5b8b71dd7e0", kill_on_drop: false }`
[INFO] [stdout] 66b7747d3cab00ee28cee32a2fb3e1040d432998d156f045c202e5b8b71dd7e0
[INFO] running `Command { std: "docker" "create" "-v" "/var/lib/crater-agent-workspace/builds/worker-2-tc1/target:/opt/rustwide/target:rw,Z" "-v" "/var/lib/crater-agent-workspace/builds/worker-2-tc1/source:/opt/rustwide/workdir:ro,Z" "-v" "/var/lib/crater-agent-workspace/cargo-home:/opt/rustwide/cargo-home:ro,Z" "-v" "/var/lib/crater-agent-workspace/rustup-home:/opt/rustwide/rustup-home:ro,Z" "-e" "SOURCE_DIR=/opt/rustwide/workdir" "-e" "CARGO_TARGET_DIR=/opt/rustwide/target" "-e" "CARGO_INCREMENTAL=0" "-e" "RUST_BACKTRACE=full" "-e" "RUSTFLAGS=--cap-lints=forbid" "-e" "RUSTDOCFLAGS=--cap-lints=forbid" "-e" "CARGO_HOME=/opt/rustwide/cargo-home" "-e" "RUSTUP_HOME=/opt/rustwide/rustup-home" "-w" "/opt/rustwide/workdir" "-m" "1610612736" "--user" "0:0" "--network" "none" "ghcr.io/rust-lang/crates-build-env/linux@sha256:4a844ea9eb2546a2d2c7022eacef16ef2e8229c7fbb2c7d4d55a9ceca922f72d" "/opt/rustwide/cargo-home/bin/cargo" "+nightly-2024-10-28" "test" "--frozen" "--no-run" "--message-format=json", kill_on_drop: false }`
[INFO] [stdout] ae914c0b754b930ddf3b6ff17ff73bd3ad085e957d7cafd8cc8c7a105b1245e5
[INFO] running `Command { std: "docker" "start" "-a" "ae914c0b754b930ddf3b6ff17ff73bd3ad085e957d7cafd8cc8c7a105b1245e5", kill_on_drop: false }`
[INFO] [stderr]    Compiling solana-instruction v0.0.2 (/opt/rustwide/workdir)
[INFO] [stderr]     Finished `test` profile [unoptimized + debuginfo] target(s) in 0.34s
[INFO] running `Command { std: "docker" "inspect" "ae914c0b754b930ddf3b6ff17ff73bd3ad085e957d7cafd8cc8c7a105b1245e5", kill_on_drop: false }`
[INFO] running `Command { std: "docker" "rm" "-f" "ae914c0b754b930ddf3b6ff17ff73bd3ad085e957d7cafd8cc8c7a105b1245e5", kill_on_drop: false }`
[INFO] [stdout] ae914c0b754b930ddf3b6ff17ff73bd3ad085e957d7cafd8cc8c7a105b1245e5
[INFO] running `Command { std: "docker" "create" "-v" "/var/lib/crater-agent-workspace/builds/worker-2-tc1/target:/opt/rustwide/target:rw,Z" "-v" "/var/lib/crater-agent-workspace/builds/worker-2-tc1/source:/opt/rustwide/workdir:ro,Z" "-v" "/var/lib/crater-agent-workspace/cargo-home:/opt/rustwide/cargo-home:ro,Z" "-v" "/var/lib/crater-agent-workspace/rustup-home:/opt/rustwide/rustup-home:ro,Z" "-e" "SOURCE_DIR=/opt/rustwide/workdir" "-e" "CARGO_TARGET_DIR=/opt/rustwide/target" "-e" "CARGO_INCREMENTAL=0" "-e" "RUST_BACKTRACE=full" "-e" "RUSTFLAGS=--cap-lints=forbid" "-e" "RUSTDOCFLAGS=--cap-lints=forbid" "-e" "CARGO_HOME=/opt/rustwide/cargo-home" "-e" "RUSTUP_HOME=/opt/rustwide/rustup-home" "-w" "/opt/rustwide/workdir" "-m" "1610612736" "--user" "0:0" "--network" "none" "ghcr.io/rust-lang/crates-build-env/linux@sha256:4a844ea9eb2546a2d2c7022eacef16ef2e8229c7fbb2c7d4d55a9ceca922f72d" "/opt/rustwide/cargo-home/bin/cargo" "+nightly-2024-10-28" "test" "--frozen", kill_on_drop: false }`
[INFO] [stdout] b09c10d4f41d2950bf645f985f69527c7c959996a442e4a230f0915a8646c4b3
[INFO] running `Command { std: "docker" "start" "-a" "b09c10d4f41d2950bf645f985f69527c7c959996a442e4a230f0915a8646c4b3", kill_on_drop: false }`
[INFO] [stderr]     Finished `test` profile [unoptimized + debuginfo] target(s) in 0.04s
[INFO] [stderr]      Running unittests src/lib.rs (/opt/rustwide/target/debug/deps/solana_instruction-fdca3a18e6d4dbdd)
[INFO] [stdout] 
[INFO] [stdout] running 0 tests
[INFO] [stdout] 
[INFO] [stdout] test result: ok. 0 passed; 0 failed; 0 ignored; 0 measured; 0 filtered out; finished in 0.00s
[INFO] [stdout] 
[INFO] [stderr]    Doc-tests solana_instruction
[INFO] [stdout] 
[INFO] [stdout] running 3 tests
[INFO] [stdout] test src/account_meta.rs - account_meta::AccountMeta::new (line 39) ... FAILED
[INFO] [stdout] test src/lib.rs - Instruction::new_with_bytes (line 239) ... FAILED
[INFO] [stdout] test src/account_meta.rs - account_meta::AccountMeta::new_readonly (line 73) ... FAILED
[INFO] [stdout] 
[INFO] [stdout] failures:
[INFO] [stdout] 
[INFO] [stdout] ---- src/account_meta.rs - account_meta::AccountMeta::new (line 39) stdout ----
[INFO] [stdout] error[E0432]: unresolved import `borsh`
[INFO] [stdout]  --> src/account_meta.rs:43:5
[INFO] [stdout]   |
[INFO] [stdout] 7 | use borsh::{BorshSerialize, BorshDeserialize};
[INFO] [stdout]   |     ^^^^^ use of undeclared crate or module `borsh`
[INFO] [stdout] 
[INFO] [stdout] error: cannot find attribute `borsh` in this scope
[INFO] [stdout]   --> src/account_meta.rs:46:3
[INFO] [stdout]    |
[INFO] [stdout] 10 | #[borsh(crate = "borsh")]
[INFO] [stdout]    |   ^^^^^
[INFO] [stdout] 
[INFO] [stdout] error[E0599]: no function or associated item named `new_with_borsh` found for struct `Instruction` in the current scope
[INFO] [stdout]    --> src/account_meta.rs:53:26
[INFO] [stdout]     |
[INFO] [stdout] 17  | let instr = Instruction::new_with_borsh(
[INFO] [stdout]     |                          ^^^^^^^^^^^^^^ function or associated item not found in `Instruction`
[INFO] [stdout]     |
[INFO] [stdout] note: if you're trying to build a new `Instruction`, consider using `Instruction::new_with_bytes` which returns `Instruction`
[INFO] [stdout]    --> /opt/rustwide/workdir/src/lib.rs:272:5
[INFO] [stdout]     |
[INFO] [stdout] 272 |     pub fn new_with_bytes(program_id: Pubkey, data: &[u8], accounts: Vec<AccountMeta>) -> Self {
[INFO] [stdout]     |     ^^^^^^^^^^^^^^^^^^^^^^^^^^^^^^^^^^^^^^^^^^^^^^^^^^^^^^^^^^^^^^^^^^^^^^^^^^^^^^^^^^^^^^^^^^
[INFO] [stdout] help: there is an associated function `new_with_bytes` with a similar name
[INFO] [stdout]     |
[INFO] [stdout] 17  | let instr = Instruction::new_with_bytes(
[INFO] [stdout]     |                          ~~~~~~~~~~~~~~
[INFO] [stdout] 
[INFO] [stdout] error: aborting due to 3 previous errors
[INFO] [stdout] 
[INFO] [stdout] Some errors have detailed explanations: E0432, E0599.
[INFO] [stdout] For more information about an error, try `rustc --explain E0432`.
[INFO] [stdout] Couldn't compile the test.
[INFO] [stdout] ---- src/lib.rs - Instruction::new_with_bytes (line 239) stdout ----
[INFO] [stdout] error[E0433]: failed to resolve: use of undeclared crate or module `borsh`
[INFO] [stdout]  --> src/lib.rs:244:5
[INFO] [stdout]   |
[INFO] [stdout] 8 | use borsh::{io::Error, BorshSerialize, BorshDeserialize};
[INFO] [stdout]   |     ^^^^^ use of undeclared crate or module `borsh`
[INFO] [stdout] 
[INFO] [stdout] error[E0432]: unresolved import `borsh`
[INFO] [stdout]  --> src/lib.rs:244:5
[INFO] [stdout]   |
[INFO] [stdout] 8 | use borsh::{io::Error, BorshSerialize, BorshDeserialize};
[INFO] [stdout]   |     ^^^^^ use of undeclared crate or module `borsh`
[INFO] [stdout] 
[INFO] [stdout] error: cannot find attribute `borsh` in this scope
[INFO] [stdout]   --> src/lib.rs:247:3
[INFO] [stdout]    |
[INFO] [stdout] 11 | #[borsh(crate = "borsh")]
[INFO] [stdout]    |   ^^^^^
[INFO] [stdout] 
[INFO] [stdout] error[E0599]: no method named `serialize` found for struct `MyInstruction` in the current scope
[INFO] [stdout]   --> src/lib.rs:261:11
[INFO] [stdout]    |
[INFO] [stdout] 12 | pub struct MyInstruction {
[INFO] [stdout]    | ------------------------ method `serialize` not found for this struct
[INFO] [stdout] ...
[INFO] [stdout] 25 |     instr.serialize(&mut instr_in_bytes)?;
[INFO] [stdout]    |           ^^^^^^^^^ method not found in `MyInstruction`
[INFO] [stdout] 
[INFO] [stdout] error: aborting due to 4 previous errors
[INFO] [stdout] 
[INFO] [stdout] Some errors have detailed explanations: E0432, E0433, E0599.
[INFO] [stdout] For more information about an error, try `rustc --explain E0432`.
[INFO] [stdout] Couldn't compile the test.
[INFO] [stdout] ---- src/account_meta.rs - account_meta::AccountMeta::new_readonly (line 73) stdout ----
[INFO] [stdout] error[E0432]: unresolved import `borsh`
[INFO] [stdout]  --> src/account_meta.rs:77:5
[INFO] [stdout]   |
[INFO] [stdout] 7 | use borsh::{BorshSerialize, BorshDeserialize};
[INFO] [stdout]   |     ^^^^^ use of undeclared crate or module `borsh`
[INFO] [stdout] 
[INFO] [stdout] error: cannot find attribute `borsh` in this scope
[INFO] [stdout]   --> src/account_meta.rs:80:3
[INFO] [stdout]    |
[INFO] [stdout] 10 | #[borsh(crate = "borsh")]
[INFO] [stdout]    |   ^^^^^
[INFO] [stdout] 
[INFO] [stdout] error[E0599]: no function or associated item named `new_with_borsh` found for struct `Instruction` in the current scope
[INFO] [stdout]    --> src/account_meta.rs:88:26
[INFO] [stdout]     |
[INFO] [stdout] 18  | let instr = Instruction::new_with_borsh(
[INFO] [stdout]     |                          ^^^^^^^^^^^^^^ function or associated item not found in `Instruction`
[INFO] [stdout]     |
[INFO] [stdout] note: if you're trying to build a new `Instruction`, consider using `Instruction::new_with_bytes` which returns `Instruction`
[INFO] [stdout]    --> /opt/rustwide/workdir/src/lib.rs:272:5
[INFO] [stdout]     |
[INFO] [stdout] 272 |     pub fn new_with_bytes(program_id: Pubkey, data: &[u8], accounts: Vec<AccountMeta>) -> Self {
[INFO] [stdout]     |     ^^^^^^^^^^^^^^^^^^^^^^^^^^^^^^^^^^^^^^^^^^^^^^^^^^^^^^^^^^^^^^^^^^^^^^^^^^^^^^^^^^^^^^^^^^
[INFO] [stdout] help: there is an associated function `new_with_bytes` with a similar name
[INFO] [stdout]     |
[INFO] [stdout] 18  | let instr = Instruction::new_with_bytes(
[INFO] [stdout]     |                          ~~~~~~~~~~~~~~
[INFO] [stdout] 
[INFO] [stdout] error: aborting due to 3 previous errors
[INFO] [stdout] 
[INFO] [stdout] Some errors have detailed explanations: E0432, E0599.
[INFO] [stdout] For more information about an error, try `rustc --explain E0432`.
[INFO] [stdout] Couldn't compile the test.
[INFO] [stdout] 
[INFO] [stdout] failures:
[INFO] [stdout]     src/account_meta.rs - account_meta::AccountMeta::new (line 39)
[INFO] [stdout]     src/account_meta.rs - account_meta::AccountMeta::new_readonly (line 73)
[INFO] [stdout]     src/lib.rs - Instruction::new_with_bytes (line 239)
[INFO] [stdout] 
[INFO] [stdout] test result: FAILED. 0 passed; 3 failed; 0 ignored; 0 measured; 0 filtered out; finished in 0.12s
[INFO] [stdout] 
[INFO] [stderr] error: doctest failed, to rerun pass `--doc`
[INFO] running `Command { std: "docker" "inspect" "b09c10d4f41d2950bf645f985f69527c7c959996a442e4a230f0915a8646c4b3", kill_on_drop: false }`
[INFO] running `Command { std: "docker" "rm" "-f" "b09c10d4f41d2950bf645f985f69527c7c959996a442e4a230f0915a8646c4b3", kill_on_drop: false }`
[INFO] [stdout] b09c10d4f41d2950bf645f985f69527c7c959996a442e4a230f0915a8646c4b3
