[INFO] fetching crate socketcan-isotp 1.0.2...
[INFO] testing socketcan-isotp-1.0.2 against nightly-2024-10-28 for randomize-layout
[INFO] extracting crate socketcan-isotp 1.0.2 into /workspace/builds/worker-4-tc1/source
[INFO] validating manifest of crates.io crate socketcan-isotp 1.0.2 on toolchain nightly-2024-10-28
[INFO] running `Command { std: CARGO_HOME="/workspace/cargo-home" RUSTUP_HOME="/workspace/rustup-home" "/workspace/cargo-home/bin/cargo" "+nightly-2024-10-28" "metadata" "--manifest-path" "Cargo.toml" "--no-deps", kill_on_drop: false }`
[INFO] started tweaking crates.io crate socketcan-isotp 1.0.2
[INFO] finished tweaking crates.io crate socketcan-isotp 1.0.2
[INFO] tweaked toml for crates.io crate socketcan-isotp 1.0.2 written to /workspace/builds/worker-4-tc1/source/Cargo.toml
[INFO] crate crates.io crate socketcan-isotp 1.0.2 already has a lockfile, it will not be regenerated
[INFO] running `Command { std: CARGO_HOME="/workspace/cargo-home" RUSTUP_HOME="/workspace/rustup-home" "/workspace/cargo-home/bin/cargo" "+nightly-2024-10-28" "fetch" "--manifest-path" "Cargo.toml", kill_on_drop: false }`
[INFO] [stderr]  Downloading crates ...
[INFO] [stderr]   Downloaded embedded-can v0.4.1
[INFO] running `Command { std: "docker" "create" "-v" "/var/lib/crater-agent-workspace/builds/worker-4-tc1/target:/opt/rustwide/target:rw,Z" "-v" "/var/lib/crater-agent-workspace/builds/worker-4-tc1/source:/opt/rustwide/workdir:ro,Z" "-v" "/var/lib/crater-agent-workspace/cargo-home:/opt/rustwide/cargo-home:ro,Z" "-v" "/var/lib/crater-agent-workspace/rustup-home:/opt/rustwide/rustup-home:ro,Z" "-e" "SOURCE_DIR=/opt/rustwide/workdir" "-e" "CARGO_TARGET_DIR=/opt/rustwide/target" "-e" "CARGO_HOME=/opt/rustwide/cargo-home" "-e" "RUSTUP_HOME=/opt/rustwide/rustup-home" "-w" "/opt/rustwide/workdir" "-m" "1610612736" "--user" "0:0" "--network" "none" "ghcr.io/rust-lang/crates-build-env/linux@sha256:4a844ea9eb2546a2d2c7022eacef16ef2e8229c7fbb2c7d4d55a9ceca922f72d" "/opt/rustwide/cargo-home/bin/cargo" "+nightly-2024-10-28" "metadata" "--no-deps" "--format-version=1", kill_on_drop: false }`
[INFO] [stdout] 703e4d744e44be1674ccc7d692e8fbef51b73745ff16541f0c13188b77f1474b
[INFO] running `Command { std: "docker" "start" "-a" "703e4d744e44be1674ccc7d692e8fbef51b73745ff16541f0c13188b77f1474b", kill_on_drop: false }`
[INFO] running `Command { std: "docker" "inspect" "703e4d744e44be1674ccc7d692e8fbef51b73745ff16541f0c13188b77f1474b", kill_on_drop: false }`
[INFO] running `Command { std: "docker" "rm" "-f" "703e4d744e44be1674ccc7d692e8fbef51b73745ff16541f0c13188b77f1474b", kill_on_drop: false }`
[INFO] [stdout] 703e4d744e44be1674ccc7d692e8fbef51b73745ff16541f0c13188b77f1474b
[INFO] running `Command { std: "docker" "create" "-v" "/var/lib/crater-agent-workspace/builds/worker-4-tc1/target:/opt/rustwide/target:rw,Z" "-v" "/var/lib/crater-agent-workspace/builds/worker-4-tc1/source:/opt/rustwide/workdir:ro,Z" "-v" "/var/lib/crater-agent-workspace/cargo-home:/opt/rustwide/cargo-home:ro,Z" "-v" "/var/lib/crater-agent-workspace/rustup-home:/opt/rustwide/rustup-home:ro,Z" "-e" "SOURCE_DIR=/opt/rustwide/workdir" "-e" "CARGO_TARGET_DIR=/opt/rustwide/target" "-e" "CARGO_INCREMENTAL=0" "-e" "RUST_BACKTRACE=full" "-e" "RUSTFLAGS=--cap-lints=forbid" "-e" "RUSTDOCFLAGS=--cap-lints=forbid" "-e" "CARGO_HOME=/opt/rustwide/cargo-home" "-e" "RUSTUP_HOME=/opt/rustwide/rustup-home" "-w" "/opt/rustwide/workdir" "-m" "1610612736" "--user" "0:0" "--network" "none" "ghcr.io/rust-lang/crates-build-env/linux@sha256:4a844ea9eb2546a2d2c7022eacef16ef2e8229c7fbb2c7d4d55a9ceca922f72d" "/opt/rustwide/cargo-home/bin/cargo" "+nightly-2024-10-28" "build" "--frozen" "--message-format=json", kill_on_drop: false }`
[INFO] [stdout] 81c779a28da9214598cf961440abcf945beed82006aa7bb33363415e37552d9c
[INFO] running `Command { std: "docker" "start" "-a" "81c779a28da9214598cf961440abcf945beed82006aa7bb33363415e37552d9c", kill_on_drop: false }`
[INFO] [stderr]    Compiling proc-macro2 v1.0.39
[INFO] [stderr]    Compiling unicode-ident v1.0.0
[INFO] [stderr]    Compiling syn v1.0.95
[INFO] [stderr]    Compiling libc v0.2.147
[INFO] [stderr]    Compiling nb v1.0.0
[INFO] [stderr]    Compiling static_assertions v1.1.0
[INFO] [stderr]    Compiling memoffset v0.7.1
[INFO] [stderr]    Compiling bitflags v2.3.3
[INFO] [stderr]    Compiling embedded-can v0.4.1
[INFO] [stderr]    Compiling quote v1.0.18
[INFO] [stderr]    Compiling nix v0.26.2
[INFO] [stderr]    Compiling thiserror-impl v1.0.31
[INFO] [stderr]    Compiling thiserror v1.0.31
[INFO] [stderr]    Compiling socketcan-isotp v1.0.2 (/opt/rustwide/workdir)
[INFO] [stderr]     Finished `dev` profile [unoptimized + debuginfo] target(s) in 6.69s
[INFO] running `Command { std: "docker" "inspect" "81c779a28da9214598cf961440abcf945beed82006aa7bb33363415e37552d9c", kill_on_drop: false }`
[INFO] running `Command { std: "docker" "rm" "-f" "81c779a28da9214598cf961440abcf945beed82006aa7bb33363415e37552d9c", kill_on_drop: false }`
[INFO] [stdout] 81c779a28da9214598cf961440abcf945beed82006aa7bb33363415e37552d9c
[INFO] running `Command { std: "docker" "create" "-v" "/var/lib/crater-agent-workspace/builds/worker-4-tc1/target:/opt/rustwide/target:rw,Z" "-v" "/var/lib/crater-agent-workspace/builds/worker-4-tc1/source:/opt/rustwide/workdir:ro,Z" "-v" "/var/lib/crater-agent-workspace/cargo-home:/opt/rustwide/cargo-home:ro,Z" "-v" "/var/lib/crater-agent-workspace/rustup-home:/opt/rustwide/rustup-home:ro,Z" "-e" "SOURCE_DIR=/opt/rustwide/workdir" "-e" "CARGO_TARGET_DIR=/opt/rustwide/target" "-e" "CARGO_INCREMENTAL=0" "-e" "RUST_BACKTRACE=full" "-e" "RUSTFLAGS=--cap-lints=forbid" "-e" "RUSTDOCFLAGS=--cap-lints=forbid" "-e" "CARGO_HOME=/opt/rustwide/cargo-home" "-e" "RUSTUP_HOME=/opt/rustwide/rustup-home" "-w" "/opt/rustwide/workdir" "-m" "1610612736" "--user" "0:0" "--network" "none" "ghcr.io/rust-lang/crates-build-env/linux@sha256:4a844ea9eb2546a2d2c7022eacef16ef2e8229c7fbb2c7d4d55a9ceca922f72d" "/opt/rustwide/cargo-home/bin/cargo" "+nightly-2024-10-28" "test" "--frozen" "--no-run" "--message-format=json", kill_on_drop: false }`
[INFO] [stdout] ac0e1f6a31b47a13414d89a9a243880030d81ab1f1122a09b6d8300653b3e77c
[INFO] running `Command { std: "docker" "start" "-a" "ac0e1f6a31b47a13414d89a9a243880030d81ab1f1122a09b6d8300653b3e77c", kill_on_drop: false }`
[INFO] [stderr]    Compiling socketcan-isotp v1.0.2 (/opt/rustwide/workdir)
[INFO] [stderr]     Finished `test` profile [unoptimized + debuginfo] target(s) in 0.69s
[INFO] running `Command { std: "docker" "inspect" "ac0e1f6a31b47a13414d89a9a243880030d81ab1f1122a09b6d8300653b3e77c", kill_on_drop: false }`
[INFO] running `Command { std: "docker" "rm" "-f" "ac0e1f6a31b47a13414d89a9a243880030d81ab1f1122a09b6d8300653b3e77c", kill_on_drop: false }`
[INFO] [stdout] ac0e1f6a31b47a13414d89a9a243880030d81ab1f1122a09b6d8300653b3e77c
[INFO] running `Command { std: "docker" "create" "-v" "/var/lib/crater-agent-workspace/builds/worker-4-tc1/target:/opt/rustwide/target:rw,Z" "-v" "/var/lib/crater-agent-workspace/builds/worker-4-tc1/source:/opt/rustwide/workdir:ro,Z" "-v" "/var/lib/crater-agent-workspace/cargo-home:/opt/rustwide/cargo-home:ro,Z" "-v" "/var/lib/crater-agent-workspace/rustup-home:/opt/rustwide/rustup-home:ro,Z" "-e" "SOURCE_DIR=/opt/rustwide/workdir" "-e" "CARGO_TARGET_DIR=/opt/rustwide/target" "-e" "CARGO_INCREMENTAL=0" "-e" "RUST_BACKTRACE=full" "-e" "RUSTFLAGS=--cap-lints=forbid" "-e" "RUSTDOCFLAGS=--cap-lints=forbid" "-e" "CARGO_HOME=/opt/rustwide/cargo-home" "-e" "RUSTUP_HOME=/opt/rustwide/rustup-home" "-w" "/opt/rustwide/workdir" "-m" "1610612736" "--user" "0:0" "--network" "none" "ghcr.io/rust-lang/crates-build-env/linux@sha256:4a844ea9eb2546a2d2c7022eacef16ef2e8229c7fbb2c7d4d55a9ceca922f72d" "/opt/rustwide/cargo-home/bin/cargo" "+nightly-2024-10-28" "test" "--frozen", kill_on_drop: false }`
[INFO] [stdout] f4b24203e10f212f8d2f295ebcdd3f7928cd59f72606d3601aea818320e64e27
[INFO] running `Command { std: "docker" "start" "-a" "f4b24203e10f212f8d2f295ebcdd3f7928cd59f72606d3601aea818320e64e27", kill_on_drop: false }`
[INFO] [stderr]     Finished `test` profile [unoptimized + debuginfo] target(s) in 0.03s
[INFO] [stderr]      Running unittests src/lib.rs (/opt/rustwide/target/debug/deps/socketcan_isotp-c6df1915d2ca2724)
[INFO] [stdout] 
[INFO] [stdout] running 0 tests
[INFO] [stdout] 
[INFO] [stdout] test result: ok. 0 passed; 0 failed; 0 ignored; 0 measured; 0 filtered out; finished in 0.00s
[INFO] [stdout] 
[INFO] [stderr]    Doc-tests socketcan_isotp
[INFO] [stdout] 
[INFO] [stdout] running 1 test
[INFO] [stdout] test src/lib.rs - (line 17) - compile ... FAILED
[INFO] [stdout] 
[INFO] [stdout] failures:
[INFO] [stdout] 
[INFO] [stdout] ---- src/lib.rs - (line 17) stdout ----
[INFO] [stdout] error[E0277]: the trait bound `Id: From<{integer}>` is not satisfied
[INFO] [stdout]    --> src/lib.rs:24:9
[INFO] [stdout]     |
[INFO] [stdout] 7   |     let mut tp_socket = IsoTpSocket::open(
[INFO] [stdout]     |                         ----------------- required by a bound introduced by this call
[INFO] [stdout] 8   |         "vcan0",
[INFO] [stdout] 9   |         0x123,
[INFO] [stdout]     |         ^^^^^ the trait `From<{integer}>` is not implemented for `Id`, which is required by `{integer}: Into<Id>`
[INFO] [stdout]     |
[INFO] [stdout]     = help: the following other types implement trait `From<T>`:
[INFO] [stdout]               `Id` implements `From<ExtendedId>`
[INFO] [stdout]               `Id` implements `From<StandardId>`
[INFO] [stdout]     = note: required for `{integer}` to implement `Into<Id>`
[INFO] [stdout] note: required by a bound in `IsoTpSocket::open`
[INFO] [stdout]    --> /opt/rustwide/workdir/src/lib.rs:419:43
[INFO] [stdout]     |
[INFO] [stdout] 419 |     pub fn open(ifname: &str, rx_id: impl Into<Id>, tx_id: impl Into<Id>) -> Result<Self, Error> {
[INFO] [stdout]     |                                           ^^^^^^^^ required by this bound in `IsoTpSocket::open`
[INFO] [stdout] 
[INFO] [stdout] error[E0277]: the trait bound `Id: From<{integer}>` is not satisfied
[INFO] [stdout]    --> src/lib.rs:25:9
[INFO] [stdout]     |
[INFO] [stdout] 7   |     let mut tp_socket = IsoTpSocket::open(
[INFO] [stdout]     |                         ----------------- required by a bound introduced by this call
[INFO] [stdout] ...
[INFO] [stdout] 10  |         0x321
[INFO] [stdout]     |         ^^^^^ the trait `From<{integer}>` is not implemented for `Id`, which is required by `{integer}: Into<Id>`
[INFO] [stdout]     |
[INFO] [stdout]     = help: the following other types implement trait `From<T>`:
[INFO] [stdout]               `Id` implements `From<ExtendedId>`
[INFO] [stdout]               `Id` implements `From<StandardId>`
[INFO] [stdout]     = note: required for `{integer}` to implement `Into<Id>`
[INFO] [stdout] note: required by a bound in `IsoTpSocket::open`
[INFO] [stdout]    --> /opt/rustwide/workdir/src/lib.rs:419:65
[INFO] [stdout]     |
[INFO] [stdout] 419 |     pub fn open(ifname: &str, rx_id: impl Into<Id>, tx_id: impl Into<Id>) -> Result<Self, Error> {
[INFO] [stdout]     |                                                                 ^^^^^^^^ required by this bound in `IsoTpSocket::open`
[INFO] [stdout] 
[INFO] [stdout] error: aborting due to 2 previous errors
[INFO] [stdout] 
[INFO] [stdout] For more information about this error, try `rustc --explain E0277`.
[INFO] [stdout] Couldn't compile the test.
[INFO] [stdout] 
[INFO] [stdout] failures:
[INFO] [stdout]     src/lib.rs - (line 17)
[INFO] [stdout] 
[INFO] [stdout] test result: FAILED. 0 passed; 1 failed; 0 ignored; 0 measured; 0 filtered out; finished in 0.08s
[INFO] [stdout] 
[INFO] [stderr] error: doctest failed, to rerun pass `--doc`
[INFO] running `Command { std: "docker" "inspect" "f4b24203e10f212f8d2f295ebcdd3f7928cd59f72606d3601aea818320e64e27", kill_on_drop: false }`
[INFO] running `Command { std: "docker" "rm" "-f" "f4b24203e10f212f8d2f295ebcdd3f7928cd59f72606d3601aea818320e64e27", kill_on_drop: false }`
[INFO] [stdout] f4b24203e10f212f8d2f295ebcdd3f7928cd59f72606d3601aea818320e64e27
