[INFO] fetching crate socket-server-mocker 0.5.0...
[INFO] testing socket-server-mocker-0.5.0 against nightly-2024-10-28 for randomize-layout
[INFO] extracting crate socket-server-mocker 0.5.0 into /workspace/builds/worker-4-tc1/source
[INFO] validating manifest of crates.io crate socket-server-mocker 0.5.0 on toolchain nightly-2024-10-28
[INFO] running `Command { std: CARGO_HOME="/workspace/cargo-home" RUSTUP_HOME="/workspace/rustup-home" "/workspace/cargo-home/bin/cargo" "+nightly-2024-10-28" "metadata" "--manifest-path" "Cargo.toml" "--no-deps", kill_on_drop: false }`
[INFO] started tweaking crates.io crate socket-server-mocker 0.5.0
[INFO] removed 0 missing tests
[INFO] finished tweaking crates.io crate socket-server-mocker 0.5.0
[INFO] tweaked toml for crates.io crate socket-server-mocker 0.5.0 written to /workspace/builds/worker-4-tc1/source/Cargo.toml
[INFO] running `Command { std: CARGO_HOME="/workspace/cargo-home" RUSTUP_HOME="/workspace/rustup-home" "/workspace/cargo-home/bin/cargo" "+nightly-2024-10-28" "generate-lockfile" "--manifest-path" "Cargo.toml", kill_on_drop: false }`
[INFO] [stderr]     Updating crates.io index
[INFO] [stderr]      Locking 222 packages to latest compatible versions
[INFO] running `Command { std: CARGO_HOME="/workspace/cargo-home" RUSTUP_HOME="/workspace/rustup-home" "/workspace/cargo-home/bin/cargo" "+nightly-2024-10-28" "fetch" "--manifest-path" "Cargo.toml", kill_on_drop: false }`
[INFO] [stderr]  Downloading crates ...
[INFO] [stderr]   Downloaded email-encoding v0.3.0
[INFO] [stderr]   Downloaded quoted_printable v0.5.1
[INFO] [stderr]   Downloaded lettre v0.11.10
[INFO] [stderr]   Downloaded trust-dns-client v0.23.2
[INFO] running `Command { std: "docker" "create" "-v" "/var/lib/crater-agent-workspace/builds/worker-4-tc1/target:/opt/rustwide/target:rw,Z" "-v" "/var/lib/crater-agent-workspace/builds/worker-4-tc1/source:/opt/rustwide/workdir:ro,Z" "-v" "/var/lib/crater-agent-workspace/cargo-home:/opt/rustwide/cargo-home:ro,Z" "-v" "/var/lib/crater-agent-workspace/rustup-home:/opt/rustwide/rustup-home:ro,Z" "-e" "SOURCE_DIR=/opt/rustwide/workdir" "-e" "CARGO_TARGET_DIR=/opt/rustwide/target" "-e" "CARGO_HOME=/opt/rustwide/cargo-home" "-e" "RUSTUP_HOME=/opt/rustwide/rustup-home" "-w" "/opt/rustwide/workdir" "-m" "1610612736" "--user" "0:0" "--network" "none" "ghcr.io/rust-lang/crates-build-env/linux@sha256:4a844ea9eb2546a2d2c7022eacef16ef2e8229c7fbb2c7d4d55a9ceca922f72d" "/opt/rustwide/cargo-home/bin/cargo" "+nightly-2024-10-28" "metadata" "--no-deps" "--format-version=1", kill_on_drop: false }`
[INFO] [stdout] 0bdeb0bb900215686438572576ac37b4d671f4b82fddf295b7dff04ea04f0dfe
[INFO] running `Command { std: "docker" "start" "-a" "0bdeb0bb900215686438572576ac37b4d671f4b82fddf295b7dff04ea04f0dfe", kill_on_drop: false }`
[INFO] running `Command { std: "docker" "inspect" "0bdeb0bb900215686438572576ac37b4d671f4b82fddf295b7dff04ea04f0dfe", kill_on_drop: false }`
[INFO] running `Command { std: "docker" "rm" "-f" "0bdeb0bb900215686438572576ac37b4d671f4b82fddf295b7dff04ea04f0dfe", kill_on_drop: false }`
[INFO] [stdout] 0bdeb0bb900215686438572576ac37b4d671f4b82fddf295b7dff04ea04f0dfe
[INFO] running `Command { std: "docker" "create" "-v" "/var/lib/crater-agent-workspace/builds/worker-4-tc1/target:/opt/rustwide/target:rw,Z" "-v" "/var/lib/crater-agent-workspace/builds/worker-4-tc1/source:/opt/rustwide/workdir:ro,Z" "-v" "/var/lib/crater-agent-workspace/cargo-home:/opt/rustwide/cargo-home:ro,Z" "-v" "/var/lib/crater-agent-workspace/rustup-home:/opt/rustwide/rustup-home:ro,Z" "-e" "SOURCE_DIR=/opt/rustwide/workdir" "-e" "CARGO_TARGET_DIR=/opt/rustwide/target" "-e" "CARGO_INCREMENTAL=0" "-e" "RUST_BACKTRACE=full" "-e" "RUSTFLAGS=--cap-lints=forbid" "-e" "RUSTDOCFLAGS=--cap-lints=forbid" "-e" "CARGO_HOME=/opt/rustwide/cargo-home" "-e" "RUSTUP_HOME=/opt/rustwide/rustup-home" "-w" "/opt/rustwide/workdir" "-m" "1610612736" "--user" "0:0" "--network" "none" "ghcr.io/rust-lang/crates-build-env/linux@sha256:4a844ea9eb2546a2d2c7022eacef16ef2e8229c7fbb2c7d4d55a9ceca922f72d" "/opt/rustwide/cargo-home/bin/cargo" "+nightly-2024-10-28" "build" "--frozen" "--message-format=json", kill_on_drop: false }`
[INFO] [stdout] 5ccf6e27923d97802202078b09b1dee77c062e1cc50f8b4de9929b85d67ec135
[INFO] running `Command { std: "docker" "start" "-a" "5ccf6e27923d97802202078b09b1dee77c062e1cc50f8b4de9929b85d67ec135", kill_on_drop: false }`
[INFO] [stderr]    Compiling socket-server-mocker v0.5.0 (/opt/rustwide/workdir)
[INFO] [stderr]     Finished `dev` profile [unoptimized + debuginfo] target(s) in 0.69s
[INFO] running `Command { std: "docker" "inspect" "5ccf6e27923d97802202078b09b1dee77c062e1cc50f8b4de9929b85d67ec135", kill_on_drop: false }`
[INFO] running `Command { std: "docker" "rm" "-f" "5ccf6e27923d97802202078b09b1dee77c062e1cc50f8b4de9929b85d67ec135", kill_on_drop: false }`
[INFO] [stdout] 5ccf6e27923d97802202078b09b1dee77c062e1cc50f8b4de9929b85d67ec135
[INFO] running `Command { std: "docker" "create" "-v" "/var/lib/crater-agent-workspace/builds/worker-4-tc1/target:/opt/rustwide/target:rw,Z" "-v" "/var/lib/crater-agent-workspace/builds/worker-4-tc1/source:/opt/rustwide/workdir:ro,Z" "-v" "/var/lib/crater-agent-workspace/cargo-home:/opt/rustwide/cargo-home:ro,Z" "-v" "/var/lib/crater-agent-workspace/rustup-home:/opt/rustwide/rustup-home:ro,Z" "-e" "SOURCE_DIR=/opt/rustwide/workdir" "-e" "CARGO_TARGET_DIR=/opt/rustwide/target" "-e" "CARGO_INCREMENTAL=0" "-e" "RUST_BACKTRACE=full" "-e" "RUSTFLAGS=--cap-lints=forbid" "-e" "RUSTDOCFLAGS=--cap-lints=forbid" "-e" "CARGO_HOME=/opt/rustwide/cargo-home" "-e" "RUSTUP_HOME=/opt/rustwide/rustup-home" "-w" "/opt/rustwide/workdir" "-m" "1610612736" "--user" "0:0" "--network" "none" "ghcr.io/rust-lang/crates-build-env/linux@sha256:4a844ea9eb2546a2d2c7022eacef16ef2e8229c7fbb2c7d4d55a9ceca922f72d" "/opt/rustwide/cargo-home/bin/cargo" "+nightly-2024-10-28" "test" "--frozen" "--no-run" "--message-format=json", kill_on_drop: false }`
[INFO] [stdout] d4ec728c3bb4fee779912d28eb38c725b5ad6456d74ea4564934a6289985d417
[INFO] running `Command { std: "docker" "start" "-a" "d4ec728c3bb4fee779912d28eb38c725b5ad6456d74ea4564934a6289985d417", kill_on_drop: false }`
[INFO] [stderr]    Compiling syn v2.0.86
[INFO] [stderr]    Compiling bytes v1.8.0
[INFO] [stderr]    Compiling memchr v2.7.4
[INFO] [stderr]    Compiling futures-core v0.3.31
[INFO] [stderr]    Compiling slab v0.4.9
[INFO] [stderr]    Compiling tinyvec_macros v0.1.1
[INFO] [stderr]    Compiling futures-sink v0.3.31
[INFO] [stderr]    Compiling unicode-bidi v0.3.17
[INFO] [stderr]    Compiling stable_deref_trait v1.2.0
[INFO] [stderr]    Compiling futures-task v0.3.31
[INFO] [stderr]    Compiling futures-io v0.3.31
[INFO] [stderr]    Compiling pin-utils v0.1.0
[INFO] [stderr]    Compiling socket2 v0.5.7
[INFO] [stderr]    Compiling mio v1.0.2
[INFO] [stderr]    Compiling percent-encoding v2.3.1
[INFO] [stderr]    Compiling openssl v0.10.68
[INFO] [stderr]    Compiling tinyvec v1.8.0
[INFO] [stderr]    Compiling litemap v0.7.3
[INFO] [stderr]    Compiling base64 v0.22.1
[INFO] [stderr]    Compiling writeable v0.5.5
[INFO] [stderr]    Compiling futures-channel v0.3.31
[INFO] [stderr]    Compiling foreign-types-shared v0.1.1
[INFO] [stderr]    Compiling log v0.4.22
[INFO] [stderr]    Compiling foreign-types v0.3.2
[INFO] [stderr]    Compiling form_urlencoded v1.2.1
[INFO] [stderr]    Compiling httparse v1.9.5
[INFO] [stderr]    Compiling bitflags v2.6.0
[INFO] [stderr]    Compiling native-tls v0.2.12
[INFO] [stderr]    Compiling indexmap v2.6.0
[INFO] [stderr]    Compiling psm v0.1.23
[INFO] [stderr]    Compiling unicode-properties v0.1.3
[INFO] [stderr]    Compiling try-lock v0.2.5
[INFO] [stderr]    Compiling atomic-waker v1.1.2
[INFO] [stderr]    Compiling icu_locid_transform_data v1.5.0
[INFO] [stderr]    Compiling sha2 v0.10.8
[INFO] [stderr]    Compiling want v0.3.1
[INFO] [stderr]    Compiling md-5 v0.10.6
[INFO] [stderr]    Compiling hmac v0.12.1
[INFO] [stderr]    Compiling stacker v0.1.17
[INFO] [stderr]    Compiling icu_properties_data v1.5.0
[INFO] [stderr]    Compiling fallible-iterator v0.2.0
[INFO] [stderr]    Compiling serde v1.0.214
[INFO] [stderr]    Compiling siphasher v0.3.11
[INFO] [stderr]    Compiling tokio v1.41.0
[INFO] [stderr]    Compiling http v1.1.0
[INFO] [stderr]    Compiling heck v0.5.0
[INFO] [stderr]    Compiling icu_normalizer_data v1.5.0
[INFO] [stderr]    Compiling tower-service v0.3.3
[INFO] [stderr]    Compiling ipnet v2.10.1
[INFO] [stderr]    Compiling utf16_iter v1.0.5
[INFO] [stderr]    Compiling write16 v1.0.0
[INFO] [stderr]    Compiling utf8_iter v1.0.4
[INFO] [stderr]    Compiling phf_shared v0.11.2
[INFO] [stderr]    Compiling nibble_vec v0.1.0
[INFO] [stderr]    Compiling phf v0.11.2
[INFO] [stderr]    Compiling mime v0.3.17
[INFO] [stderr]    Compiling endian-type v0.1.2
[INFO] [stderr]    Compiling data-encoding v2.6.0
[INFO] [stderr]    Compiling whoami v1.5.2
[INFO] [stderr]    Compiling rustls-pki-types v1.10.0
[INFO] [stderr]    Compiling nom v7.1.3
[INFO] [stderr]    Compiling radix_trie v0.2.1
[INFO] [stderr]    Compiling email-encoding v0.3.0
[INFO] [stderr]    Compiling sync_wrapper v1.0.1
[INFO] [stderr]    Compiling hostname v0.4.0
[INFO] [stderr]    Compiling encoding_rs v0.8.35
[INFO] [stderr]    Compiling quoted_printable v0.5.1
[INFO] [stderr]    Compiling unicode-normalization v0.1.24
[INFO] [stderr]    Compiling httpdate v1.0.3
[INFO] [stderr]    Compiling email_address v0.2.9
[INFO] [stderr]    Compiling rustls-pemfile v2.2.0
[INFO] [stderr]    Compiling http-body v1.0.1
[INFO] [stderr]    Compiling idna v0.5.0
[INFO] [stderr]    Compiling stringprep v0.1.5
[INFO] [stderr]    Compiling idna v0.4.0
[INFO] [stderr]    Compiling url v2.5.2
[INFO] [stderr]    Compiling serde_urlencoded v0.7.1
[INFO] [stderr]    Compiling synstructure v0.13.1
[INFO] [stderr]    Compiling tokio-util v0.7.12
[INFO] [stderr]    Compiling zerocopy-derive v0.7.35
[INFO] [stderr]    Compiling zerofrom-derive v0.1.4
[INFO] [stderr]    Compiling yoke-derive v0.7.4
[INFO] [stderr]    Compiling futures-macro v0.3.31
[INFO] [stderr]    Compiling zerovec-derive v0.10.3
[INFO] [stderr]    Compiling displaydoc v0.2.5
[INFO] [stderr]    Compiling tracing-attributes v0.1.27
[INFO] [stderr]    Compiling openssl-macros v0.1.1
[INFO] [stderr]    Compiling icu_provider_macros v1.5.0
[INFO] [stderr]    Compiling async-trait v0.1.83
[INFO] [stderr]    Compiling thiserror-impl v1.0.66
[INFO] [stderr]    Compiling enum-as-inner v0.6.1
[INFO] [stderr]    Compiling futures-util v0.3.31
[INFO] [stderr]    Compiling zerocopy v0.7.35
[INFO] [stderr]    Compiling zerofrom v0.1.4
[INFO] [stderr]    Compiling thiserror v1.0.66
[INFO] [stderr]    Compiling socket-server-mocker v0.5.0 (/opt/rustwide/workdir)
[INFO] [stderr]    Compiling tracing v0.1.40
[INFO] [stderr]    Compiling yoke v0.7.4
[INFO] [stderr]    Compiling h2 v0.4.6
[INFO] [stderr]    Compiling zerovec v0.10.4
[INFO] [stderr]    Compiling ppv-lite86 v0.2.20
[INFO] [stderr]    Compiling ahash v0.8.11
[INFO] [stderr]    Compiling hashbrown v0.14.5
[INFO] [stderr]    Compiling rand_chacha v0.3.1
[INFO] [stderr]    Compiling rand v0.8.5
[INFO] [stderr]    Compiling tinystr v0.7.6
[INFO] [stderr]    Compiling icu_collections v1.5.0
[INFO] [stderr]    Compiling icu_locid v1.5.0
[INFO] [stderr]    Compiling chumsky v0.9.3
[INFO] [stderr]    Compiling postgres-protocol v0.6.7
[INFO] [stderr]    Compiling postgres-types v0.2.8
[INFO] [stderr]    Compiling icu_provider v1.5.0
[INFO] [stderr]    Compiling tokio-native-tls v0.3.1
[INFO] [stderr]    Compiling icu_locid_transform v1.5.0
[INFO] [stderr]    Compiling http-body-util v0.1.2
[INFO] [stderr]    Compiling tokio-postgres v0.7.12
[INFO] [stderr]    Compiling trust-dns-proto v0.23.2
[INFO] [stderr]    Compiling hyper v1.5.0
[INFO] [stderr]    Compiling icu_properties v1.5.1
[INFO] [stderr]    Compiling hyper-util v0.1.10
[INFO] [stderr]    Compiling icu_normalizer v1.5.0
[INFO] [stderr]    Compiling hyper-tls v0.6.0
[INFO] [stderr]    Compiling postgres v0.19.9
[INFO] [stderr]    Compiling reqwest v0.12.9
[INFO] [stderr]    Compiling trust-dns-client v0.23.2
[INFO] [stderr]    Compiling idna v1.0.2
[INFO] [stderr]    Compiling lettre v0.11.10
[INFO] [stdout] warning: missing documentation for the crate
[INFO] [stdout]   --> tests/simple_receiving_tcp_message.rs:1:1
[INFO] [stdout]    |
[INFO] [stdout] 1  | / use std::io::Write;
[INFO] [stdout] 2  | | use std::net::TcpStream;
[INFO] [stdout] 3  | |
[INFO] [stdout] 4  | | use socket_server_mocker::Instruction::{ReceiveMessage, StopExchange};
[INFO] [stdout] ...  |
[INFO] [stdout] 21 | |     assert!(server.pop_server_error().is_none());
[INFO] [stdout] 22 | | }
[INFO] [stdout]    | |_^
[INFO] [stdout]    |
[INFO] [stdout]    = note: requested on the command line with `-W missing-docs`
[INFO] [stdout] 
[INFO] [stdout] 
[INFO] [stdout] warning: missing documentation for the crate
[INFO] [stdout]    --> tests/simple_udp.rs:1:1
[INFO] [stdout]     |
[INFO] [stdout] 1   | / use std::net::UdpSocket;
[INFO] [stdout] 2   | | use std::str::from_utf8;
[INFO] [stdout] 3   | | use std::thread::sleep;
[INFO] [stdout] ...   |
[INFO] [stdout] 142 | |     assert!(!mocked_server_error_received.unwrap().is_fatal());
[INFO] [stdout] 143 | | }
[INFO] [stdout]     | |_^
[INFO] [stdout]     |
[INFO] [stdout]     = note: requested on the command line with `-W missing-docs`
[INFO] [stdout] 
[INFO] [stdout] 
[INFO] [stdout] warning: missing documentation for the crate
[INFO] [stdout]   --> tests/simple_sending_tcp_message.rs:1:1
[INFO] [stdout]    |
[INFO] [stdout] 1  | / use std::io::Read;
[INFO] [stdout] 2  | | use std::net::TcpStream;
[INFO] [stdout] 3  | |
[INFO] [stdout] 4  | | use socket_server_mocker::Instruction::SendMessage;
[INFO] [stdout] ...  |
[INFO] [stdout] 29 | |     assert!(server.pop_server_error().is_none());
[INFO] [stdout] 30 | | }
[INFO] [stdout]    | |_^
[INFO] [stdout]    |
[INFO] [stdout]    = note: requested on the command line with `-W missing-docs`
[INFO] [stdout] 
[INFO] [stdout] 
[INFO] [stdout] warning: missing documentation for the crate
[INFO] [stdout]   --> tests/http_reqwest_api_mock.rs:1:1
[INFO] [stdout]    |
[INFO] [stdout] 1  | / use std::str::from_utf8;
[INFO] [stdout] 2  | |
[INFO] [stdout] 3  | | use socket_server_mocker::Instruction::{ReceiveMessage, SendMessage, StopExchange};
[INFO] [stdout] 4  | | use socket_server_mocker::ServerMocker;
[INFO] [stdout] ...  |
[INFO] [stdout] 43 | |     assert!(server.pop_server_error().is_none());
[INFO] [stdout] 44 | | }
[INFO] [stdout]    | |_^
[INFO] [stdout]    |
[INFO] [stdout]    = note: requested on the command line with `-W missing-docs`
[INFO] [stdout] 
[INFO] [stdout] 
[INFO] [stdout] warning: missing documentation for the crate
[INFO] [stdout]    --> tests/simple_tcp.rs:1:1
[INFO] [stdout]     |
[INFO] [stdout] 1   | / use std::io::{Read, Write};
[INFO] [stdout] 2   | | use std::net::TcpStream;
[INFO] [stdout] 3   | | use std::str::from_utf8;
[INFO] [stdout] 4   | | use std::thread::sleep;
[INFO] [stdout] ...   |
[INFO] [stdout] 136 | |     assert!(!err.is_fatal());
[INFO] [stdout] 137 | | }
[INFO] [stdout]     | |_^
[INFO] [stdout]     |
[INFO] [stdout]     = note: requested on the command line with `-W missing-docs`
[INFO] [stdout] 
[INFO] [stdout] 
[INFO] [stdout] warning: missing documentation for the crate
[INFO] [stdout]    --> tests/smtp_mock.rs:1:1
[INFO] [stdout]     |
[INFO] [stdout] 1   | / use std::time::Duration;
[INFO] [stdout] 2   | |
[INFO] [stdout] 3   | | use lettre::transport::smtp::client::Tls;
[INFO] [stdout] 4   | | use lettre::{Message, SmtpTransport, Transport};
[INFO] [stdout] ...   |
[INFO] [stdout] 102 | |     assert!(server.pop_server_error().is_none());
[INFO] [stdout] 103 | | }
[INFO] [stdout]     | |_^
[INFO] [stdout]     |
[INFO] [stdout]     = note: requested on the command line with `-W missing-docs`
[INFO] [stdout] 
[INFO] [stdout] 
[INFO] [stdout] warning: missing documentation for the crate
[INFO] [stdout]   --> tests/dns_mock.rs:1:1
[INFO] [stdout]    |
[INFO] [stdout] 1  | / use std::net::Ipv4Addr;
[INFO] [stdout] 2  | | use std::str::FromStr;
[INFO] [stdout] 3  | |
[INFO] [stdout] 4  | | use socket_server_mocker::Instruction::{
[INFO] [stdout] ...  |
[INFO] [stdout] 66 | |     assert!(server.pop_server_error().is_none());
[INFO] [stdout] 67 | | }
[INFO] [stdout]    | |_^
[INFO] [stdout]    |
[INFO] [stdout]    = note: requested on the command line with `-W missing-docs`
[INFO] [stdout] 
[INFO] [stdout] 
[INFO] [stderr]     Finished `test` profile [unoptimized + debuginfo] target(s) in 41.97s
[INFO] running `Command { std: "docker" "inspect" "d4ec728c3bb4fee779912d28eb38c725b5ad6456d74ea4564934a6289985d417", kill_on_drop: false }`
[INFO] running `Command { std: "docker" "rm" "-f" "d4ec728c3bb4fee779912d28eb38c725b5ad6456d74ea4564934a6289985d417", kill_on_drop: false }`
[INFO] [stdout] d4ec728c3bb4fee779912d28eb38c725b5ad6456d74ea4564934a6289985d417
[INFO] running `Command { std: "docker" "create" "-v" "/var/lib/crater-agent-workspace/builds/worker-4-tc1/target:/opt/rustwide/target:rw,Z" "-v" "/var/lib/crater-agent-workspace/builds/worker-4-tc1/source:/opt/rustwide/workdir:ro,Z" "-v" "/var/lib/crater-agent-workspace/cargo-home:/opt/rustwide/cargo-home:ro,Z" "-v" "/var/lib/crater-agent-workspace/rustup-home:/opt/rustwide/rustup-home:ro,Z" "-e" "SOURCE_DIR=/opt/rustwide/workdir" "-e" "CARGO_TARGET_DIR=/opt/rustwide/target" "-e" "CARGO_INCREMENTAL=0" "-e" "RUST_BACKTRACE=full" "-e" "RUSTFLAGS=--cap-lints=forbid" "-e" "RUSTDOCFLAGS=--cap-lints=forbid" "-e" "CARGO_HOME=/opt/rustwide/cargo-home" "-e" "RUSTUP_HOME=/opt/rustwide/rustup-home" "-w" "/opt/rustwide/workdir" "-m" "1610612736" "--user" "0:0" "--network" "none" "ghcr.io/rust-lang/crates-build-env/linux@sha256:4a844ea9eb2546a2d2c7022eacef16ef2e8229c7fbb2c7d4d55a9ceca922f72d" "/opt/rustwide/cargo-home/bin/cargo" "+nightly-2024-10-28" "test" "--frozen", kill_on_drop: false }`
[INFO] [stdout] eb0151959497e2083b8d7980368be90f12c910ddb0a1271de8ea0e8eb10c0d4d
[INFO] running `Command { std: "docker" "start" "-a" "eb0151959497e2083b8d7980368be90f12c910ddb0a1271de8ea0e8eb10c0d4d", kill_on_drop: false }`
[INFO] [stderr] warning: missing documentation for the crate
[INFO] [stderr]   --> tests/simple_receiving_tcp_message.rs:1:1
[INFO] [stderr]    |
[INFO] [stderr] 1  | / use std::io::Write;
[INFO] [stderr] 2  | | use std::net::TcpStream;
[INFO] [stderr] 3  | |
[INFO] [stderr] 4  | | use socket_server_mocker::Instruction::{ReceiveMessage, StopExchange};
[INFO] [stderr] ...  |
[INFO] [stderr] 21 | |     assert!(server.pop_server_error().is_none());
[INFO] [stderr] 22 | | }
[INFO] [stderr]    | |_^
[INFO] [stderr]    |
[INFO] [stderr]    = note: requested on the command line with `-W missing-docs`
[INFO] [stderr] 
[INFO] [stderr] warning: missing documentation for the crate
[INFO] [stderr]    --> tests/simple_tcp.rs:1:1
[INFO] [stderr]     |
[INFO] [stderr] 1   | / use std::io::{Read, Write};
[INFO] [stderr] 2   | | use std::net::TcpStream;
[INFO] [stderr] 3   | | use std::str::from_utf8;
[INFO] [stderr] 4   | | use std::thread::sleep;
[INFO] [stderr] ...   |
[INFO] [stderr] 136 | |     assert!(!err.is_fatal());
[INFO] [stderr] 137 | | }
[INFO] [stderr]     | |_^
[INFO] [stderr]     |
[INFO] [stderr]     = note: requested on the command line with `-W missing-docs`
[INFO] [stderr] 
[INFO] [stderr] warning: missing documentation for the crate
[INFO] [stderr]   --> tests/http_reqwest_api_mock.rs:1:1
[INFO] [stderr]    |
[INFO] [stderr] 1  | / use std::str::from_utf8;
[INFO] [stderr] 2  | |
[INFO] [stderr] 3  | | use socket_server_mocker::Instruction::{ReceiveMessage, SendMessage, StopExchange};
[INFO] [stderr] 4  | | use socket_server_mocker::ServerMocker;
[INFO] [stderr] ...  |
[INFO] [stderr] 43 | |     assert!(server.pop_server_error().is_none());
[INFO] [stderr] 44 | | }
[INFO] [stderr]    | |_^
[INFO] [stderr]    |
[INFO] [stderr]    = note: requested on the command line with `-W missing-docs`
[INFO] [stderr] 
[INFO] [stderr] warning: missing documentation for the crate
[INFO] [stderr]   --> tests/simple_sending_tcp_message.rs:1:1
[INFO] [stderr]    |
[INFO] [stderr] 1  | / use std::io::Read;
[INFO] [stderr] 2  | | use std::net::TcpStream;
[INFO] [stderr] 3  | |
[INFO] [stderr] 4  | | use socket_server_mocker::Instruction::SendMessage;
[INFO] [stderr] ...  |
[INFO] [stderr] 29 | |     assert!(server.pop_server_error().is_none());
[INFO] [stderr] 30 | | }
[INFO] [stderr]    | |_^
[INFO] [stderr]    |
[INFO] [stderr]    = note: requested on the command line with `-W missing-docs`
[INFO] [stderr] 
[INFO] [stderr] warning: missing documentation for the crate
[INFO] [stderr]    --> tests/simple_udp.rs:1:1
[INFO] [stderr]     |
[INFO] [stderr] 1   | / use std::net::UdpSocket;
[INFO] [stderr] 2   | | use std::str::from_utf8;
[INFO] [stderr] 3   | | use std::thread::sleep;
[INFO] [stderr] ...   |
[INFO] [stderr] 142 | |     assert!(!mocked_server_error_received.unwrap().is_fatal());
[INFO] [stderr] 143 | | }
[INFO] [stderr]     | |_^
[INFO] [stderr]     |
[INFO] [stderr]     = note: requested on the command line with `-W missing-docs`
[INFO] [stderr] 
[INFO] [stderr] warning: missing documentation for the crate
[INFO] [stderr]   --> tests/dns_mock.rs:1:1
[INFO] [stderr]    |
[INFO] [stderr] 1  | / use std::net::Ipv4Addr;
[INFO] [stderr] 2  | | use std::str::FromStr;
[INFO] [stderr] 3  | |
[INFO] [stderr] 4  | | use socket_server_mocker::Instruction::{
[INFO] [stderr] ...  |
[INFO] [stderr] 66 | |     assert!(server.pop_server_error().is_none());
[INFO] [stderr] 67 | | }
[INFO] [stderr]    | |_^
[INFO] [stderr]    |
[INFO] [stderr]    = note: requested on the command line with `-W missing-docs`
[INFO] [stderr] 
[INFO] [stderr] warning: missing documentation for the crate
[INFO] [stderr]    --> tests/smtp_mock.rs:1:1
[INFO] [stderr]     |
[INFO] [stderr] 1   | / use std::time::Duration;
[INFO] [stderr] 2   | |
[INFO] [stderr] 3   | | use lettre::transport::smtp::client::Tls;
[INFO] [stderr] 4   | | use lettre::{Message, SmtpTransport, Transport};
[INFO] [stderr] ...   |
[INFO] [stderr] 102 | |     assert!(server.pop_server_error().is_none());
[INFO] [stderr] 103 | | }
[INFO] [stderr]     | |_^
[INFO] [stderr]     |
[INFO] [stderr]     = note: requested on the command line with `-W missing-docs`
[INFO] [stderr] 
[INFO] [stderr] warning: `socket-server-mocker` (test "simple_receiving_tcp_message") generated 1 warning
[INFO] [stderr] warning: `socket-server-mocker` (test "simple_tcp") generated 1 warning
[INFO] [stderr] warning: `socket-server-mocker` (test "http_reqwest_api_mock") generated 1 warning
[INFO] [stderr] warning: `socket-server-mocker` (test "simple_sending_tcp_message") generated 1 warning
[INFO] [stderr] warning: `socket-server-mocker` (test "simple_udp") generated 1 warning
[INFO] [stderr] warning: `socket-server-mocker` (test "dns_mock") generated 1 warning
[INFO] [stderr] warning: `socket-server-mocker` (test "smtp_mock") generated 1 warning
[INFO] [stderr]     Finished `test` profile [unoptimized + debuginfo] target(s) in 0.23s
[INFO] [stderr]      Running unittests src/lib.rs (/opt/rustwide/target/debug/deps/socket_server_mocker-46cac54d51e9fbb4)
[INFO] [stdout] 
[INFO] [stdout] running 0 tests
[INFO] [stdout] 
[INFO] [stdout] test result: ok. 0 passed; 0 failed; 0 ignored; 0 measured; 0 filtered out; finished in 0.00s
[INFO] [stdout] 
[INFO] [stderr]      Running tests/dns_mock.rs (/opt/rustwide/target/debug/deps/dns_mock-fd6fbe121515c314)
[INFO] [stdout] 
[INFO] [stdout] running 1 test
[INFO] [stdout] test test_dns_mock ... ok
[INFO] [stdout] 
[INFO] [stderr]      Running tests/http_reqwest_api_mock.rs (/opt/rustwide/target/debug/deps/http_reqwest_api_mock-23017da16ac44d95)
[INFO] [stdout] test result: ok. 1 passed; 0 failed; 0 ignored; 0 measured; 0 filtered out; finished in 0.00s
[INFO] [stdout] 
[INFO] [stdout] 
[INFO] [stdout] running 1 test
[INFO] [stdout] test http_get ... ok
[INFO] [stdout] 
[INFO] [stdout] test result: ok. 1 passed; 0 failed; 0 ignored; 0 measured; 0 filtered out; finished in 0.09s
[INFO] [stdout] 
[INFO] [stderr]      Running tests/postgres_mock.rs (/opt/rustwide/target/debug/deps/postgres_mock-b454f4323d57c92d)
[INFO] [stdout] 
[INFO] [stdout] running 2 tests
[INFO] [stdout] test postgres_insert_mock ... ok
[INFO] [stdout] test postgres_select_mock ... FAILED
[INFO] [stdout] 
[INFO] [stdout] failures:
[INFO] [stdout] 
[INFO] [stdout] ---- postgres_select_mock stdout ----
[INFO] [stdout] thread 'postgres_select_mock' panicked at tests/postgres_mock.rs:139:62:
[INFO] [stdout] called `Result::unwrap()` on an `Err` value: Error { kind: Closed, cause: None }
[INFO] [stdout] stack backtrace:
[INFO] [stdout]    0:     0x5c8abdcea15a - std::backtrace_rs::backtrace::libunwind::trace::h207520d6e9873551
[INFO] [stdout]                                at /rustc/df4ca44d3fbc9301ee17f30f4d474e6ae4b05252/library/std/src/../../backtrace/src/backtrace/libunwind.rs:116:5
[INFO] [stdout]    1:     0x5c8abdcea15a - std::backtrace_rs::backtrace::trace_unsynchronized::h2ed7433f370e3eca
[INFO] [stdout]                                at /rustc/df4ca44d3fbc9301ee17f30f4d474e6ae4b05252/library/std/src/../../backtrace/src/backtrace/mod.rs:66:5
[INFO] [stdout]    2:     0x5c8abdcea15a - std::sys::backtrace::_print_fmt::h916fac51166b18d7
[INFO] [stdout]                                at /rustc/df4ca44d3fbc9301ee17f30f4d474e6ae4b05252/library/std/src/sys/backtrace.rs:66:9
[INFO] [stdout]    3:     0x5c8abdcea15a - <std::sys::backtrace::BacktraceLock::print::DisplayBacktrace as core::fmt::Display>::fmt::ha0a4c9b8ce3802e6
[INFO] [stdout]                                at /rustc/df4ca44d3fbc9301ee17f30f4d474e6ae4b05252/library/std/src/sys/backtrace.rs:39:26
[INFO] [stdout]    4:     0x5c8abdd14423 - core::fmt::rt::Argument::fmt::h4cfc8587d52b3eb5
[INFO] [stdout]                                at /rustc/df4ca44d3fbc9301ee17f30f4d474e6ae4b05252/library/core/src/fmt/rt.rs:177:76
[INFO] [stdout]    5:     0x5c8abdd14423 - core::fmt::write::h522cc39e5b36ae9f
[INFO] [stdout]                                at /rustc/df4ca44d3fbc9301ee17f30f4d474e6ae4b05252/library/core/src/fmt/mod.rs:1190:21
[INFO] [stdout]    6:     0x5c8abdce5d93 - std::io::Write::write_fmt::h7d3c26752da97734
[INFO] [stdout]                                at /rustc/df4ca44d3fbc9301ee17f30f4d474e6ae4b05252/library/std/src/io/mod.rs:1839:15
[INFO] [stdout]    7:     0x5c8abdce9fa2 - std::sys::backtrace::BacktraceLock::print::h4b9e00b29e9c0942
[INFO] [stdout]                                at /rustc/df4ca44d3fbc9301ee17f30f4d474e6ae4b05252/library/std/src/sys/backtrace.rs:42:9
[INFO] [stdout]    8:     0x5c8abdceb5ea - std::panicking::default_hook::{{closure}}::hb59b88280d0324d9
[INFO] [stdout]                                at /rustc/df4ca44d3fbc9301ee17f30f4d474e6ae4b05252/library/std/src/panicking.rs:268:22
[INFO] [stdout]    9:     0x5c8abdceb3f4 - std::panicking::default_hook::he1dd496665be4a29
[INFO] [stdout]                                at /rustc/df4ca44d3fbc9301ee17f30f4d474e6ae4b05252/library/std/src/panicking.rs:292:9
[INFO] [stdout]   10:     0x5c8abdb1d579 - <alloc::boxed::Box<F,A> as core::ops::function::Fn<Args>>::call::h4ff71de18744e1dc
[INFO] [stdout]                                at /rustc/df4ca44d3fbc9301ee17f30f4d474e6ae4b05252/library/alloc/src/boxed.rs:2468:9
[INFO] [stdout]   11:     0x5c8abdb1d579 - test::test_main::{{closure}}::hcf7c055ce117aa81
[INFO] [stdout]                                at /rustc/df4ca44d3fbc9301ee17f30f4d474e6ae4b05252/library/test/src/lib.rs:133:21
[INFO] [stdout]   12:     0x5c8abdcebce8 - <alloc::boxed::Box<F,A> as core::ops::function::Fn<Args>>::call::h1d66c6bbd60c9692
[INFO] [stdout]                                at /rustc/df4ca44d3fbc9301ee17f30f4d474e6ae4b05252/library/alloc/src/boxed.rs:2468:9
[INFO] [stdout]   13:     0x5c8abdcebce8 - std::panicking::rust_panic_with_hook::h2ff17fe8f26dfcf8
[INFO] [stdout]                                at /rustc/df4ca44d3fbc9301ee17f30f4d474e6ae4b05252/library/std/src/panicking.rs:809:13
[INFO] [stdout]   14:     0x5c8abdcebaaa - std::panicking::begin_panic_handler::{{closure}}::h4fad77951c07e101
[INFO] [stdout]                                at /rustc/df4ca44d3fbc9301ee17f30f4d474e6ae4b05252/library/std/src/panicking.rs:674:13
[INFO] [stdout]   15:     0x5c8abdcea639 - std::sys::backtrace::__rust_end_short_backtrace::hb1a25b3da5d0ea08
[INFO] [stdout]                                at /rustc/df4ca44d3fbc9301ee17f30f4d474e6ae4b05252/library/std/src/sys/backtrace.rs:170:18
[INFO] [stdout]   16:     0x5c8abdceb73c - rust_begin_unwind
[INFO] [stdout]                                at /rustc/df4ca44d3fbc9301ee17f30f4d474e6ae4b05252/library/std/src/panicking.rs:665:5
[INFO] [stdout]   17:     0x5c8abdd12940 - core::panicking::panic_fmt::ha9db07b529f9b256
[INFO] [stdout]                                at /rustc/df4ca44d3fbc9301ee17f30f4d474e6ae4b05252/library/core/src/panicking.rs:75:14
[INFO] [stdout]   18:     0x5c8abdd12e26 - core::result::unwrap_failed::h5e8218e4d4338b8a
[INFO] [stdout]                                at /rustc/df4ca44d3fbc9301ee17f30f4d474e6ae4b05252/library/core/src/result.rs:1698:5
[INFO] [stdout]   19:     0x5c8abdaa89ca - core::result::Result<T,E>::unwrap::h60d9f92993e5e690
[INFO] [stdout]                                at /rustc/df4ca44d3fbc9301ee17f30f4d474e6ae4b05252/library/core/src/result.rs:1103:23
[INFO] [stdout]   20:     0x5c8abdaa89ca - postgres_mock::postgres_select_mock::h35a6f4b23fd15c4b
[INFO] [stdout]                                at /opt/rustwide/workdir/tests/postgres_mock.rs:139:16
[INFO] [stdout]   21:     0x5c8abdaa7d17 - postgres_mock::postgres_select_mock::{{closure}}::h4cc6b537eb9cd5c2
[INFO] [stdout]                                at /opt/rustwide/workdir/tests/postgres_mock.rs:85:26
[INFO] [stdout]   22:     0x5c8abda93296 - core::ops::function::FnOnce::call_once::hebe80bd8a3a3a77c
[INFO] [stdout]                                at /rustc/df4ca44d3fbc9301ee17f30f4d474e6ae4b05252/library/core/src/ops/function.rs:250:5
[INFO] [stdout]   23:     0x5c8abdb21e4b - core::ops::function::FnOnce::call_once::h22c3ba5715e93f05
[INFO] [stdout]                                at /rustc/df4ca44d3fbc9301ee17f30f4d474e6ae4b05252/library/core/src/ops/function.rs:250:5
[INFO] [stdout]   24:     0x5c8abdb21e4b - test::__rust_begin_short_backtrace::h8e82d8113d0da17f
[INFO] [stdout]                                at /rustc/df4ca44d3fbc9301ee17f30f4d474e6ae4b05252/library/test/src/lib.rs:621:18
[INFO] [stdout]   25:     0x5c8abdb217c7 - test::run_test_in_process::{{closure}}::h33235f4f20b7b7c7
[INFO] [stdout]                                at /rustc/df4ca44d3fbc9301ee17f30f4d474e6ae4b05252/library/test/src/lib.rs:644:60
[INFO] [stdout]   26:     0x5c8abdb217c7 - <core::panic::unwind_safe::AssertUnwindSafe<F> as core::ops::function::FnOnce<()>>::call_once::hb5043206310c586f
[INFO] [stdout]                                at /rustc/df4ca44d3fbc9301ee17f30f4d474e6ae4b05252/library/core/src/panic/unwind_safe.rs:272:9
[INFO] [stdout]   27:     0x5c8abdb217c7 - std::panicking::try::do_call::h9ad4731a60ab23e2
[INFO] [stdout]                                at /rustc/df4ca44d3fbc9301ee17f30f4d474e6ae4b05252/library/std/src/panicking.rs:557:40
[INFO] [stdout]   28:     0x5c8abdb217c7 - std::panicking::try::h3824d23db772a716
[INFO] [stdout]                                at /rustc/df4ca44d3fbc9301ee17f30f4d474e6ae4b05252/library/std/src/panicking.rs:520:19
[INFO] [stdout]   29:     0x5c8abdb217c7 - std::panic::catch_unwind::h5afd514605fde46b
[INFO] [stdout]                                at /rustc/df4ca44d3fbc9301ee17f30f4d474e6ae4b05252/library/std/src/panic.rs:358:14
[INFO] [stdout]   30:     0x5c8abdb217c7 - test::run_test_in_process::h0d5cbfa7067d1720
[INFO] [stdout]                                at /rustc/df4ca44d3fbc9301ee17f30f4d474e6ae4b05252/library/test/src/lib.rs:644:27
[INFO] [stdout]   31:     0x5c8abdb217c7 - test::run_test::{{closure}}::h708eb8872708115d
[INFO] [stdout]                                at /rustc/df4ca44d3fbc9301ee17f30f4d474e6ae4b05252/library/test/src/lib.rs:565:43
[INFO] [stdout]   32:     0x5c8abdae4ee4 - test::run_test::{{closure}}::h392c51cee94713ab
[INFO] [stdout]                                at /rustc/df4ca44d3fbc9301ee17f30f4d474e6ae4b05252/library/test/src/lib.rs:595:41
[INFO] [stdout]   33:     0x5c8abdae4ee4 - std::sys::backtrace::__rust_begin_short_backtrace::h2f40290710935a8b
[INFO] [stdout]                                at /rustc/df4ca44d3fbc9301ee17f30f4d474e6ae4b05252/library/std/src/sys/backtrace.rs:154:18
[INFO] [stdout]   34:     0x5c8abdae868e - std::thread::Builder::spawn_unchecked_::{{closure}}::{{closure}}::h3fd968d89053a903
[INFO] [stdout]                                at /rustc/df4ca44d3fbc9301ee17f30f4d474e6ae4b05252/library/std/src/thread/mod.rs:541:17
[INFO] [stdout]   35:     0x5c8abdae868e - <core::panic::unwind_safe::AssertUnwindSafe<F> as core::ops::function::FnOnce<()>>::call_once::h743f637ba4229880
[INFO] [stdout]                                at /rustc/df4ca44d3fbc9301ee17f30f4d474e6ae4b05252/library/core/src/panic/unwind_safe.rs:272:9
[INFO] [stdout]   36:     0x5c8abdae868e - std::panicking::try::do_call::h07440897322525a6
[INFO] [stdout]                                at /rustc/df4ca44d3fbc9301ee17f30f4d474e6ae4b05252/library/std/src/panicking.rs:557:40
[INFO] [stdout]   37:     0x5c8abdae868e - std::panicking::try::he5a2e00188156637
[INFO] [stdout]                                at /rustc/df4ca44d3fbc9301ee17f30f4d474e6ae4b05252/library/std/src/panicking.rs:520:19
[INFO] [stdout]   38:     0x5c8abdae868e - std::panic::catch_unwind::hbaf3cae49b3c6433
[INFO] [stdout]                                at /rustc/df4ca44d3fbc9301ee17f30f4d474e6ae4b05252/library/std/src/panic.rs:358:14
[INFO] [stdout]   39:     0x5c8abdae868e - std::thread::Builder::spawn_unchecked_::{{closure}}::h8e141ea224820bce
[INFO] [stdout]                                at /rustc/df4ca44d3fbc9301ee17f30f4d474e6ae4b05252/library/std/src/thread/mod.rs:540:30
[INFO] [stdout]   40:     0x5c8abdae868e - core::ops::function::FnOnce::call_once{{vtable.shim}}::h90d312fedd7b8ea8
[INFO] [stdout]                                at /rustc/df4ca44d3fbc9301ee17f30f4d474e6ae4b05252/library/core/src/ops/function.rs:250:5
[INFO] [stdout]   41:     0x5c8abdcefccb - <alloc::boxed::Box<F,A> as core::ops::function::FnOnce<Args>>::call_once::h69aa08ddb6adb8b6
[INFO] [stdout]                                at /rustc/df4ca44d3fbc9301ee17f30f4d474e6ae4b05252/library/alloc/src/boxed.rs:2454:9
[INFO] [stdout]   42:     0x5c8abdcefccb - <alloc::boxed::Box<F,A> as core::ops::function::FnOnce<Args>>::call_once::h5aa36efdb79c806f
[INFO] [stdout]                                at /rustc/df4ca44d3fbc9301ee17f30f4d474e6ae4b05252/library/alloc/src/boxed.rs:2454:9
[INFO] [stdout]   43:     0x5c8abdcefccb - std::sys::pal::unix::thread::Thread::new::thread_start::h6cd80a1b4be5158d
[INFO] [stdout]                                at /rustc/df4ca44d3fbc9301ee17f30f4d474e6ae4b05252/library/std/src/sys/pal/unix/thread.rs:105:17
[INFO] [stdout]   44:     0x7d5327b19ac3 - <unknown>
[INFO] [stdout]   45:     0x7d5327baaa04 - clone
[INFO] [stdout]   46:                0x0 - <unknown>
[INFO] [stdout] 
[INFO] [stdout] 
[INFO] [stdout] failures:
[INFO] [stdout]     postgres_select_mock
[INFO] [stdout] 
[INFO] [stdout] test result: FAILED. 1 passed; 1 failed; 0 ignored; 0 measured; 0 filtered out; finished in 0.05s
[INFO] [stdout] 
[INFO] [stderr] error: test failed, to rerun pass `--test postgres_mock`
[INFO] running `Command { std: "docker" "inspect" "eb0151959497e2083b8d7980368be90f12c910ddb0a1271de8ea0e8eb10c0d4d", kill_on_drop: false }`
[INFO] running `Command { std: "docker" "rm" "-f" "eb0151959497e2083b8d7980368be90f12c910ddb0a1271de8ea0e8eb10c0d4d", kill_on_drop: false }`
[INFO] [stdout] eb0151959497e2083b8d7980368be90f12c910ddb0a1271de8ea0e8eb10c0d4d
