[INFO] fetching crate snippy 0.1.3...
[INFO] testing snippy-0.1.3 against nightly-2024-10-28+rustflags=-Zrandomize-layout for randomize-layout
[INFO] extracting crate snippy 0.1.3 into /workspace/builds/worker-4-tc2/source
[INFO] validating manifest of crates.io crate snippy 0.1.3 on toolchain nightly-2024-10-28
[INFO] running `Command { std: CARGO_HOME="/workspace/cargo-home" RUSTUP_HOME="/workspace/rustup-home" "/workspace/cargo-home/bin/cargo" "+nightly-2024-10-28" "metadata" "--manifest-path" "Cargo.toml" "--no-deps", kill_on_drop: false }`
[INFO] started tweaking crates.io crate snippy 0.1.3
[INFO] removed 0 missing tests
[INFO] finished tweaking crates.io crate snippy 0.1.3
[INFO] tweaked toml for crates.io crate snippy 0.1.3 written to /workspace/builds/worker-4-tc2/source/Cargo.toml
[INFO] crate crates.io crate snippy 0.1.3 already has a lockfile, it will not be regenerated
[INFO] running `Command { std: CARGO_HOME="/workspace/cargo-home" RUSTUP_HOME="/workspace/rustup-home" "/workspace/cargo-home/bin/cargo" "+nightly-2024-10-28" "fetch" "--manifest-path" "Cargo.toml", kill_on_drop: false }`
[INFO] running `Command { std: "docker" "create" "-v" "/var/lib/crater-agent-workspace/builds/worker-4-tc2/target:/opt/rustwide/target:rw,Z" "-v" "/var/lib/crater-agent-workspace/builds/worker-4-tc2/source:/opt/rustwide/workdir:ro,Z" "-v" "/var/lib/crater-agent-workspace/cargo-home:/opt/rustwide/cargo-home:ro,Z" "-v" "/var/lib/crater-agent-workspace/rustup-home:/opt/rustwide/rustup-home:ro,Z" "-e" "SOURCE_DIR=/opt/rustwide/workdir" "-e" "CARGO_TARGET_DIR=/opt/rustwide/target" "-e" "CARGO_HOME=/opt/rustwide/cargo-home" "-e" "RUSTUP_HOME=/opt/rustwide/rustup-home" "-w" "/opt/rustwide/workdir" "-m" "1610612736" "--user" "0:0" "--network" "none" "ghcr.io/rust-lang/crates-build-env/linux@sha256:4a844ea9eb2546a2d2c7022eacef16ef2e8229c7fbb2c7d4d55a9ceca922f72d" "/opt/rustwide/cargo-home/bin/cargo" "+nightly-2024-10-28" "metadata" "--no-deps" "--format-version=1", kill_on_drop: false }`
[INFO] [stdout] a295028273bd53b463ca16554cbfc9b75abea18d6d82737568adcc4ded0857bc
[INFO] running `Command { std: "docker" "start" "-a" "a295028273bd53b463ca16554cbfc9b75abea18d6d82737568adcc4ded0857bc", kill_on_drop: false }`
[INFO] running `Command { std: "docker" "inspect" "a295028273bd53b463ca16554cbfc9b75abea18d6d82737568adcc4ded0857bc", kill_on_drop: false }`
[INFO] running `Command { std: "docker" "rm" "-f" "a295028273bd53b463ca16554cbfc9b75abea18d6d82737568adcc4ded0857bc", kill_on_drop: false }`
[INFO] [stdout] a295028273bd53b463ca16554cbfc9b75abea18d6d82737568adcc4ded0857bc
[INFO] running `Command { std: "docker" "create" "-v" "/var/lib/crater-agent-workspace/builds/worker-4-tc2/target:/opt/rustwide/target:rw,Z" "-v" "/var/lib/crater-agent-workspace/builds/worker-4-tc2/source:/opt/rustwide/workdir:ro,Z" "-v" "/var/lib/crater-agent-workspace/cargo-home:/opt/rustwide/cargo-home:ro,Z" "-v" "/var/lib/crater-agent-workspace/rustup-home:/opt/rustwide/rustup-home:ro,Z" "-e" "SOURCE_DIR=/opt/rustwide/workdir" "-e" "CARGO_TARGET_DIR=/opt/rustwide/target" "-e" "CARGO_INCREMENTAL=0" "-e" "RUST_BACKTRACE=full" "-e" "RUSTFLAGS=--cap-lints=forbid -Zrandomize-layout" "-e" "RUSTDOCFLAGS=--cap-lints=forbid" "-e" "CARGO_HOME=/opt/rustwide/cargo-home" "-e" "RUSTUP_HOME=/opt/rustwide/rustup-home" "-w" "/opt/rustwide/workdir" "-m" "1610612736" "--user" "0:0" "--network" "none" "ghcr.io/rust-lang/crates-build-env/linux@sha256:4a844ea9eb2546a2d2c7022eacef16ef2e8229c7fbb2c7d4d55a9ceca922f72d" "/opt/rustwide/cargo-home/bin/cargo" "+nightly-2024-10-28" "build" "--frozen" "--message-format=json", kill_on_drop: false }`
[INFO] [stdout] 567c1e1bfcf822b0fa8dd85fcfd4d220944b5e7dd3b76cafd4ec1ff2ab9fec22
[INFO] running `Command { std: "docker" "start" "-a" "567c1e1bfcf822b0fa8dd85fcfd4d220944b5e7dd3b76cafd4ec1ff2ab9fec22", kill_on_drop: false }`
[INFO] [stderr]    Compiling proc-macro2 v1.0.86
[INFO] [stderr]    Compiling libc v0.2.158
[INFO] [stderr]    Compiling memchr v2.7.4
[INFO] [stderr]    Compiling parking_lot_core v0.9.10
[INFO] [stderr]    Compiling regex-syntax v0.8.4
[INFO] [stderr]    Compiling lock_api v0.4.12
[INFO] [stderr]    Compiling once_cell v1.19.0
[INFO] [stderr]    Compiling smallvec v1.13.2
[INFO] [stderr]    Compiling num-traits v0.2.19
[INFO] [stderr]    Compiling rustix v0.38.35
[INFO] [stderr]    Compiling scopeguard v1.2.0
[INFO] [stderr]    Compiling adler2 v2.0.0
[INFO] [stderr]    Compiling miniz_oxide v0.8.0
[INFO] [stderr]    Compiling crc32fast v1.4.2
[INFO] [stderr]    Compiling utf8parse v0.2.2
[INFO] [stderr]    Compiling aho-corasick v1.1.3
[INFO] [stderr]    Compiling bitflags v2.6.0
[INFO] [stderr]    Compiling linux-raw-sys v0.4.14
[INFO] [stderr]    Compiling quote v1.0.37
[INFO] [stderr]    Compiling syn v2.0.77
[INFO] [stderr]    Compiling miniz_oxide v0.7.4
[INFO] [stderr]    Compiling anstyle-parse v0.2.5
[INFO] [stderr]    Compiling flate2 v1.0.33
[INFO] [stderr]    Compiling parking_lot v0.12.3
[INFO] [stderr]    Compiling fdeflate v0.3.4
[INFO] [stderr]    Compiling tracing-core v0.1.32
[INFO] [stderr]    Compiling bit-vec v0.6.3
[INFO] [stderr]    Compiling anstyle-query v1.1.1
[INFO] [stderr]    Compiling colorchoice v1.0.2
[INFO] [stderr]    Compiling lazy_static v1.5.0
[INFO] [stderr]    Compiling anstyle v1.0.8
[INFO] [stderr]    Compiling anyhow v1.0.86
[INFO] [stderr]    Compiling log v0.4.22
[INFO] [stderr]    Compiling serde v1.0.209
[INFO] [stderr]    Compiling is_terminal_polyfill v1.70.1
[INFO] [stderr]    Compiling regex-automata v0.4.7
[INFO] [stderr]    Compiling regex-syntax v0.6.29
[INFO] [stderr]    Compiling pin-project-lite v0.2.14
[INFO] [stderr]    Compiling png v0.17.13
[INFO] [stderr]    Compiling anstream v0.6.15
[INFO] [stderr]    Compiling bit-set v0.5.3
[INFO] [stderr]    Compiling bytemuck v1.17.1
[INFO] [stderr]    Compiling clap_lex v0.7.2
[INFO] [stderr]    Compiling byteorder-lite v0.1.0
[INFO] [stderr]    Compiling overload v0.1.1
[INFO] [stderr]    Compiling thiserror v1.0.63
[INFO] [stderr]    Compiling strsim v0.11.1
[INFO] [stderr]    Compiling heck v0.5.0
[INFO] [stderr]    Compiling x11rb-protocol v0.13.1
[INFO] [stderr]    Compiling serde_json v1.0.127
[INFO] [stderr]    Compiling regex-automata v0.1.10
[INFO] [stderr]    Compiling clap_builder v4.5.15
[INFO] [stderr]    Compiling image v0.25.2
[INFO] [stderr]    Compiling regex v1.10.6
[INFO] [stderr]    Compiling bstr v1.10.0
[INFO] [stderr]    Compiling matchers v0.1.0
[INFO] [stderr]    Compiling fancy-regex v0.12.0
[INFO] [stderr]    Compiling nu-ansi-term v0.46.0
[INFO] [stderr]    Compiling x11rb v0.13.1
[INFO] [stderr]    Compiling tracing-log v0.2.0
[INFO] [stderr]    Compiling sharded-slab v0.1.7
[INFO] [stderr]    Compiling signal-hook-registry v1.4.2
[INFO] [stderr]    Compiling mio v1.0.2
[INFO] [stderr]    Compiling serde_derive v1.0.209
[INFO] [stderr]    Compiling tracing-attributes v0.1.27
[INFO] [stderr]    Compiling thiserror-impl v1.0.63
[INFO] [stderr]    Compiling tokio-macros v2.4.0
[INFO] [stderr]    Compiling clap_derive v4.5.13
[INFO] [stderr]    Compiling socket2 v0.5.7
[INFO] [stderr]    Compiling getrandom v0.2.15
[INFO] [stderr]    Compiling thread_local v1.1.8
[INFO] [stderr]    Compiling nu-ansi-term v0.50.1
[INFO] [stderr]    Compiling bytes v1.7.1
[INFO] [stderr]    Compiling base64 v0.21.7
[INFO] [stderr]    Compiling same-file v1.0.6
[INFO] [stderr]    Compiling tracing v0.1.40
[INFO] [stderr]    Compiling unicode-id v0.3.5
[INFO] [stderr]    Compiling fastrand v2.1.1
[INFO] [stderr]    Compiling rustc-hash v1.1.0
[INFO] [stderr]    Compiling tiktoken-rs v0.5.9
[INFO] [stderr]    Compiling tracing-subscriber v0.3.18
[INFO] [stderr]    Compiling tempfile v3.12.0
[INFO] [stderr]    Compiling markdown v1.0.0-alpha.21
[INFO] [stderr]    Compiling tokio v1.40.0
[INFO] [stderr]    Compiling chrono v0.4.38
[INFO] [stderr]    Compiling clap v4.5.16
[INFO] [stderr]    Compiling walkdir v2.5.0
[INFO] [stderr]    Compiling diffy v0.4.0
[INFO] [stderr]    Compiling uuid v1.10.0
[INFO] [stderr]    Compiling arboard v3.4.0
[INFO] [stderr]    Compiling async-trait v0.1.82
[INFO] [stderr]    Compiling glob v0.3.1
[INFO] [stderr]    Compiling snippy v0.1.3 (/opt/rustwide/workdir)
[INFO] [stdout] warning: field `temp_dir` is never read
[INFO] [stdout]   --> src/copy.rs:33:5
[INFO] [stdout]    |
[INFO] [stdout] 30 | pub struct BasicClipboardCopier {
[INFO] [stdout]    |            -------------------- field in this struct
[INFO] [stdout] ...
[INFO] [stdout] 33 |     temp_dir: Option<TempDir>,
[INFO] [stdout]    |     ^^^^^^^^
[INFO] [stdout]    |
[INFO] [stdout] note: the lint level is defined here
[INFO] [stdout]   --> src/copy.rs:29:8
[INFO] [stdout]    |
[INFO] [stdout] 29 | #[warn(dead_code)]
[INFO] [stdout]    |        ^^^^^^^^^
[INFO] [stdout] 
[INFO] [stdout] 
[INFO] [stderr]     Finished `dev` profile [unoptimized + debuginfo] target(s) in 1m 09s
[INFO] running `Command { std: "docker" "inspect" "567c1e1bfcf822b0fa8dd85fcfd4d220944b5e7dd3b76cafd4ec1ff2ab9fec22", kill_on_drop: false }`
[INFO] running `Command { std: "docker" "rm" "-f" "567c1e1bfcf822b0fa8dd85fcfd4d220944b5e7dd3b76cafd4ec1ff2ab9fec22", kill_on_drop: false }`
[INFO] [stdout] 567c1e1bfcf822b0fa8dd85fcfd4d220944b5e7dd3b76cafd4ec1ff2ab9fec22
[INFO] running `Command { std: "docker" "create" "-v" "/var/lib/crater-agent-workspace/builds/worker-4-tc2/target:/opt/rustwide/target:rw,Z" "-v" "/var/lib/crater-agent-workspace/builds/worker-4-tc2/source:/opt/rustwide/workdir:ro,Z" "-v" "/var/lib/crater-agent-workspace/cargo-home:/opt/rustwide/cargo-home:ro,Z" "-v" "/var/lib/crater-agent-workspace/rustup-home:/opt/rustwide/rustup-home:ro,Z" "-e" "SOURCE_DIR=/opt/rustwide/workdir" "-e" "CARGO_TARGET_DIR=/opt/rustwide/target" "-e" "CARGO_INCREMENTAL=0" "-e" "RUST_BACKTRACE=full" "-e" "RUSTFLAGS=--cap-lints=forbid -Zrandomize-layout" "-e" "RUSTDOCFLAGS=--cap-lints=forbid" "-e" "CARGO_HOME=/opt/rustwide/cargo-home" "-e" "RUSTUP_HOME=/opt/rustwide/rustup-home" "-w" "/opt/rustwide/workdir" "-m" "1610612736" "--user" "0:0" "--network" "none" "ghcr.io/rust-lang/crates-build-env/linux@sha256:4a844ea9eb2546a2d2c7022eacef16ef2e8229c7fbb2c7d4d55a9ceca922f72d" "/opt/rustwide/cargo-home/bin/cargo" "+nightly-2024-10-28" "test" "--frozen" "--no-run" "--message-format=json", kill_on_drop: false }`
[INFO] [stdout] 02860cea0975587e74ae98c8a60d0d2d84fcff61d0cc0a5bca8a11d8f2b4807a
[INFO] running `Command { std: "docker" "start" "-a" "02860cea0975587e74ae98c8a60d0d2d84fcff61d0cc0a5bca8a11d8f2b4807a", kill_on_drop: false }`
[INFO] [stderr]    Compiling tracing-test-macro v0.2.5
[INFO] [stdout] warning: field `temp_dir` is never read
[INFO] [stdout]   --> src/copy.rs:33:5
[INFO] [stdout]    |
[INFO] [stdout] 30 | pub struct BasicClipboardCopier {
[INFO] [stdout]    |            -------------------- field in this struct
[INFO] [stdout] ...
[INFO] [stdout] 33 |     temp_dir: Option<TempDir>,
[INFO] [stdout]    |     ^^^^^^^^
[INFO] [stdout]    |
[INFO] [stdout] note: the lint level is defined here
[INFO] [stdout]   --> src/copy.rs:29:8
[INFO] [stdout]    |
[INFO] [stdout] 29 | #[warn(dead_code)]
[INFO] [stdout]    |        ^^^^^^^^^
[INFO] [stdout] 
[INFO] [stdout] 
[INFO] [stderr]    Compiling tracing-test v0.2.5
[INFO] [stderr]    Compiling snippy v0.1.3 (/opt/rustwide/workdir)
[INFO] [stdout] warning: unused import: `TempDir`
[INFO] [stdout]  --> tests/copy_git_repository_tests.rs:4:25
[INFO] [stdout]   |
[INFO] [stdout] 4 | use tempfile::{tempdir, TempDir};
[INFO] [stdout]   |                         ^^^^^^^
[INFO] [stdout]   |
[INFO] [stdout]   = note: `#[warn(unused_imports)]` on by default
[INFO] [stdout] 
[INFO] [stdout] 
[INFO] [stdout] warning: field `temp_dir` is never read
[INFO] [stdout]   --> src/copy.rs:33:5
[INFO] [stdout]    |
[INFO] [stdout] 30 | pub struct BasicClipboardCopier {
[INFO] [stdout]    |            -------------------- field in this struct
[INFO] [stdout] ...
[INFO] [stdout] 33 |     temp_dir: Option<TempDir>,
[INFO] [stdout]    |     ^^^^^^^^
[INFO] [stdout]    |
[INFO] [stdout] note: the lint level is defined here
[INFO] [stdout]   --> src/copy.rs:29:8
[INFO] [stdout]    |
[INFO] [stdout] 29 | #[warn(dead_code)]
[INFO] [stdout]    |        ^^^^^^^^^
[INFO] [stdout] 
[INFO] [stdout] 
[INFO] [stderr]     Finished `test` profile [unoptimized + debuginfo] target(s) in 6.71s
[INFO] running `Command { std: "docker" "inspect" "02860cea0975587e74ae98c8a60d0d2d84fcff61d0cc0a5bca8a11d8f2b4807a", kill_on_drop: false }`
[INFO] running `Command { std: "docker" "rm" "-f" "02860cea0975587e74ae98c8a60d0d2d84fcff61d0cc0a5bca8a11d8f2b4807a", kill_on_drop: false }`
[INFO] [stdout] 02860cea0975587e74ae98c8a60d0d2d84fcff61d0cc0a5bca8a11d8f2b4807a
[INFO] running `Command { std: "docker" "create" "-v" "/var/lib/crater-agent-workspace/builds/worker-4-tc2/target:/opt/rustwide/target:rw,Z" "-v" "/var/lib/crater-agent-workspace/builds/worker-4-tc2/source:/opt/rustwide/workdir:ro,Z" "-v" "/var/lib/crater-agent-workspace/cargo-home:/opt/rustwide/cargo-home:ro,Z" "-v" "/var/lib/crater-agent-workspace/rustup-home:/opt/rustwide/rustup-home:ro,Z" "-e" "SOURCE_DIR=/opt/rustwide/workdir" "-e" "CARGO_TARGET_DIR=/opt/rustwide/target" "-e" "CARGO_INCREMENTAL=0" "-e" "RUST_BACKTRACE=full" "-e" "RUSTFLAGS=--cap-lints=forbid -Zrandomize-layout" "-e" "RUSTDOCFLAGS=--cap-lints=forbid" "-e" "CARGO_HOME=/opt/rustwide/cargo-home" "-e" "RUSTUP_HOME=/opt/rustwide/rustup-home" "-w" "/opt/rustwide/workdir" "-m" "1610612736" "--user" "0:0" "--network" "none" "ghcr.io/rust-lang/crates-build-env/linux@sha256:4a844ea9eb2546a2d2c7022eacef16ef2e8229c7fbb2c7d4d55a9ceca922f72d" "/opt/rustwide/cargo-home/bin/cargo" "+nightly-2024-10-28" "test" "--frozen", kill_on_drop: false }`
[INFO] [stdout] ffcbc8d61d7b45df94f934ee4e3c85ada9cf309689ef2cbcabc075b436fcb01e
[INFO] running `Command { std: "docker" "start" "-a" "ffcbc8d61d7b45df94f934ee4e3c85ada9cf309689ef2cbcabc075b436fcb01e", kill_on_drop: false }`
[INFO] [stderr] warning: field `temp_dir` is never read
[INFO] [stderr]   --> src/copy.rs:33:5
[INFO] [stderr]    |
[INFO] [stderr] 30 | pub struct BasicClipboardCopier {
[INFO] [stderr]    |            -------------------- field in this struct
[INFO] [stderr] ...
[INFO] [stderr] 33 |     temp_dir: Option<TempDir>,
[INFO] [stderr]    |     ^^^^^^^^
[INFO] [stderr]    |
[INFO] [stderr] note: the lint level is defined here
[INFO] [stderr]   --> src/copy.rs:29:8
[INFO] [stderr]    |
[INFO] [stderr] 29 | #[warn(dead_code)]
[INFO] [stderr]    |        ^^^^^^^^^
[INFO] [stderr] 
[INFO] [stderr] warning: `snippy` (lib) generated 1 warning
[INFO] [stderr] warning: unused import: `TempDir`
[INFO] [stderr]  --> tests/copy_git_repository_tests.rs:4:25
[INFO] [stderr]   |
[INFO] [stderr] 4 | use tempfile::{tempdir, TempDir};
[INFO] [stderr]   |                         ^^^^^^^
[INFO] [stderr]   |
[INFO] [stderr]   = note: `#[warn(unused_imports)]` on by default
[INFO] [stderr] 
[INFO] [stderr] warning: `snippy` (lib test) generated 1 warning (1 duplicate)
[INFO] [stderr] warning: `snippy` (test "copy_git_repository_tests") generated 1 warning (run `cargo fix --test "copy_git_repository_tests"` to apply 1 suggestion)
[INFO] [stderr]     Finished `test` profile [unoptimized + debuginfo] target(s) in 0.16s
[INFO] [stderr]      Running unittests src/lib.rs (/opt/rustwide/target/debug/deps/snippy-a4ec6aae7f0dcd87)
[INFO] [stdout] 
[INFO] [stdout] running 0 tests
[INFO] [stdout] 
[INFO] [stdout] test result: ok. 0 passed; 0 failed; 0 ignored; 0 measured; 0 filtered out; finished in 0.00s
[INFO] [stdout] 
[INFO] [stderr]      Running unittests src/main.rs (/opt/rustwide/target/debug/deps/snippy-e9a24e618a23bcc9)
[INFO] [stdout] 
[INFO] [stdout] running 0 tests
[INFO] [stdout] 
[INFO] [stdout] test result: ok. 0 passed; 0 failed; 0 ignored; 0 measured; 0 filtered out; finished in 0.00s
[INFO] [stdout] 
[INFO] [stderr]      Running tests/content_processor_applier_tests.rs (/opt/rustwide/target/debug/deps/content_processor_applier_tests-2b05de4ecaa54420)
[INFO] [stdout] 
[INFO] [stdout] running 11 tests
[INFO] [stdout] test test_content_applier_apply_valid_diff ... ok
[INFO] [stdout] test test_content_applier_apply_full_content_to_new_file ... ok
[INFO] [stdout] test test_content_applier_apply_full_content_to_existing_file_with_different_content ... ok
[INFO] [stdout] test test_content_applier_apply_full_content_to_existing_file_with_same_content ... ok
[INFO] [stdout] test test_content_applier_apply_search_replace_block_fail ... ok
[INFO] [stdout] test test_content_applier_apply_diff_with_error ... ok
[INFO] [stdout] test test_content_applier_apply_search_replace_block_success ... ok
[INFO] [stdout] test test_create_new_file_with_empty_search_block ... ok
[INFO] [stdout] test test_whitespace_file_deletion_with_empty_replace_block ... ok
[INFO] [stdout] test test_search_replace_blocks_in_file ... ok
[INFO] [stdout] test test_delete_file_with_empty_replace_block ... ok
[INFO] [stdout] 
[INFO] [stderr]      Running tests/content_processor_concurrency_tests.rs (/opt/rustwide/target/debug/deps/content_processor_concurrency_tests-826e7d219050ad30)
[INFO] [stdout] test result: ok. 11 passed; 0 failed; 0 ignored; 0 measured; 0 filtered out; finished in 0.06s
[INFO] [stdout] 
[INFO] [stdout] 
[INFO] [stdout] running 2 tests
[INFO] [stdout] test test_concurrent_diff_application ... ok
[INFO] [stdout] test test_concurrent_search_replace_application ... ok
[INFO] [stdout] 
[INFO] [stdout] test result: ok. 2 passed; 0 failed; 0 ignored; 0 measured; 0 filtered out; finished in 0.09s
[INFO] [stdout] 
[INFO] [stderr]      Running tests/content_processor_extractor_tests.rs (/opt/rustwide/target/debug/deps/content_processor_extractor_tests-fc0d6d721a30ed62)
[INFO] [stdout] 
[INFO] [stdout] running 17 tests
[INFO] [stdout] test test_markdown_extractor_mixed_blocks_with_backticks ... ok
[INFO] [stdout] test test_markdown_extractor_non_standard_file_extensions ... ok
[INFO] [stdout] test test_markdown_extractor_with_backticks_in_content ... ok
[INFO] [stdout] test test_markdown_extractor_simple_filename_as_heading ... ok
[INFO] [stdout] test test_markdown_extractor_simple_filename_as_comment ... ok
[INFO] [stdout] test test_markdown_extractor_no_filename ... ok
[INFO] [stdout] test test_markdown_extractor_simple_diff_block ... ok
[INFO] [stdout] test test_search_replace_block_with_different_number_of_delimiters ... ok
[INFO] [stdout] test test_markdown_extractor_multiple_blocks ... ok
[INFO] [stdout] test test_markdown_extractor_blocks_with_different_languages ... ok
[INFO] [stdout] test test_search_replace_block_with_filename_heading ... ok
[INFO] [stdout] test test_search_replace_block_with_additional_delimiters ... ok
[INFO] [stdout] test test_search_replace_block_with_filename_comment ... ok
[INFO] [stdout] test test_search_replace_block_without_filename ... ok
[INFO] [stdout] test test_mixed_search_replace_blocks_with_and_without_headings ... ok
[INFO] [stdout] test test_mixed_search_replace_blocks_with_headings_and_comments ... ok
[INFO] [stdout] test test_search_replace_multiple_blocks_in_one_code_block ... ok
[INFO] [stdout] 
[INFO] [stdout] test result: ok. 17 passed; 0 failed; 0 ignored; 0 measured; 0 filtered out; finished in 0.06s
[INFO] [stdout] 
[INFO] [stderr]      Running tests/content_processor_performance_tests.rs (/opt/rustwide/target/debug/deps/content_processor_performance_tests-4504d11b1c1fab19)
[INFO] [stdout] 
[INFO] [stdout] running 3 tests
[INFO] [stdout] test test_large_file_apply_full_content_performance ... ok
[INFO] [stdout] test test_large_diff_apply_performance has been running for over 60 seconds
[INFO] [stdout] test test_large_file_extraction_performance has been running for over 60 seconds
[INFO] [stdout] test test_large_file_extraction_performance ... FAILED
[INFO] [stdout] test test_large_diff_apply_performance ... FAILED
[INFO] [stdout] 
[INFO] [stdout] failures:
[INFO] [stdout] 
[INFO] [stdout] ---- test_large_file_extraction_performance stdout ----
[INFO] [stdout] thread 'test_large_file_extraction_performance' panicked at tests/content_processor_performance_tests.rs:38:5:
[INFO] [stdout] Extraction took too long: 63.958847849s
[INFO] [stdout] stack backtrace:
[INFO] [stdout]    0:     0x62f6a1f3483a - std::backtrace_rs::backtrace::libunwind::trace::h207520d6e9873551
[INFO] [stdout]                                at /rustc/df4ca44d3fbc9301ee17f30f4d474e6ae4b05252/library/std/src/../../backtrace/src/backtrace/libunwind.rs:116:5
[INFO] [stdout]    1:     0x62f6a1f3483a - std::backtrace_rs::backtrace::trace_unsynchronized::h2ed7433f370e3eca
[INFO] [stdout]                                at /rustc/df4ca44d3fbc9301ee17f30f4d474e6ae4b05252/library/std/src/../../backtrace/src/backtrace/mod.rs:66:5
[INFO] [stdout]    2:     0x62f6a1f3483a - std::sys::backtrace::_print_fmt::h916fac51166b18d7
[INFO] [stdout]                                at /rustc/df4ca44d3fbc9301ee17f30f4d474e6ae4b05252/library/std/src/sys/backtrace.rs:66:9
[INFO] [stdout]    3:     0x62f6a1f3483a - <std::sys::backtrace::BacktraceLock::print::DisplayBacktrace as core::fmt::Display>::fmt::ha0a4c9b8ce3802e6
[INFO] [stdout]                                at /rustc/df4ca44d3fbc9301ee17f30f4d474e6ae4b05252/library/std/src/sys/backtrace.rs:39:26
[INFO] [stdout]    4:     0x62f6a1f5df83 - core::fmt::rt::Argument::fmt::h4cfc8587d52b3eb5
[INFO] [stdout]                                at /rustc/df4ca44d3fbc9301ee17f30f4d474e6ae4b05252/library/core/src/fmt/rt.rs:177:76
[INFO] [stdout]    5:     0x62f6a1f5df83 - core::fmt::write::h522cc39e5b36ae9f
[INFO] [stdout]                                at /rustc/df4ca44d3fbc9301ee17f30f4d474e6ae4b05252/library/core/src/fmt/mod.rs:1190:21
[INFO] [stdout]    6:     0x62f6a1f30fd3 - std::io::Write::write_fmt::h7d3c26752da97734
[INFO] [stdout]                                at /rustc/df4ca44d3fbc9301ee17f30f4d474e6ae4b05252/library/std/src/io/mod.rs:1839:15
[INFO] [stdout]    7:     0x62f6a1f34682 - std::sys::backtrace::BacktraceLock::print::h4b9e00b29e9c0942
[INFO] [stdout]                                at /rustc/df4ca44d3fbc9301ee17f30f4d474e6ae4b05252/library/std/src/sys/backtrace.rs:42:9
[INFO] [stdout]    8:     0x62f6a1f35cca - std::panicking::default_hook::{{closure}}::hb59b88280d0324d9
[INFO] [stdout]                                at /rustc/df4ca44d3fbc9301ee17f30f4d474e6ae4b05252/library/std/src/panicking.rs:268:22
[INFO] [stdout]    9:     0x62f6a1f35ad4 - std::panicking::default_hook::he1dd496665be4a29
[INFO] [stdout]                                at /rustc/df4ca44d3fbc9301ee17f30f4d474e6ae4b05252/library/std/src/panicking.rs:292:9
[INFO] [stdout]   10:     0x62f6a1b16b19 - <alloc::boxed::Box<F,A> as core::ops::function::Fn<Args>>::call::h4ff71de18744e1dc
[INFO] [stdout]                                at /rustc/df4ca44d3fbc9301ee17f30f4d474e6ae4b05252/library/alloc/src/boxed.rs:2468:9
[INFO] [stdout]   11:     0x62f6a1b16b19 - test::test_main::{{closure}}::hcf7c055ce117aa81
[INFO] [stdout]                                at /rustc/df4ca44d3fbc9301ee17f30f4d474e6ae4b05252/library/test/src/lib.rs:133:21
[INFO] [stdout]   12:     0x62f6a1f363c8 - <alloc::boxed::Box<F,A> as core::ops::function::Fn<Args>>::call::h1d66c6bbd60c9692
[INFO] [stdout]                                at /rustc/df4ca44d3fbc9301ee17f30f4d474e6ae4b05252/library/alloc/src/boxed.rs:2468:9
[INFO] [stdout]   13:     0x62f6a1f363c8 - std::panicking::rust_panic_with_hook::h2ff17fe8f26dfcf8
[INFO] [stdout]                                at /rustc/df4ca44d3fbc9301ee17f30f4d474e6ae4b05252/library/std/src/panicking.rs:809:13
[INFO] [stdout]   14:     0x62f6a1f3618a - std::panicking::begin_panic_handler::{{closure}}::h4fad77951c07e101
[INFO] [stdout]                                at /rustc/df4ca44d3fbc9301ee17f30f4d474e6ae4b05252/library/std/src/panicking.rs:674:13
[INFO] [stdout]   15:     0x62f6a1f34d19 - std::sys::backtrace::__rust_end_short_backtrace::hb1a25b3da5d0ea08
[INFO] [stdout]                                at /rustc/df4ca44d3fbc9301ee17f30f4d474e6ae4b05252/library/std/src/sys/backtrace.rs:170:18
[INFO] [stdout]   16:     0x62f6a1f35e1c - rust_begin_unwind
[INFO] [stdout]                                at /rustc/df4ca44d3fbc9301ee17f30f4d474e6ae4b05252/library/std/src/panicking.rs:665:5
[INFO] [stdout]   17:     0x62f6a1f5c530 - core::panicking::panic_fmt::ha9db07b529f9b256
[INFO] [stdout]                                at /rustc/df4ca44d3fbc9301ee17f30f4d474e6ae4b05252/library/core/src/panicking.rs:75:14
[INFO] [stdout]   18:     0x62f6a1ad943d - content_processor_performance_tests::test_large_file_extraction_performance::{{closure}}::ha0f7cbe84502ecf5
[INFO] [stdout]                                at /opt/rustwide/workdir/tests/content_processor_performance_tests.rs:38:5
[INFO] [stdout]   19:     0x62f6a1ad8b52 - <core::pin::Pin<P> as core::future::future::Future>::poll::hf28fd339e6cacd97
[INFO] [stdout]                                at /rustc/df4ca44d3fbc9301ee17f30f4d474e6ae4b05252/library/core/src/future/future.rs:123:9
[INFO] [stdout]   20:     0x62f6a1ad8acd - <core::pin::Pin<P> as core::future::future::Future>::poll::he415398bae7900c4
[INFO] [stdout]                                at /rustc/df4ca44d3fbc9301ee17f30f4d474e6ae4b05252/library/core/src/future/future.rs:123:9
[INFO] [stdout]   21:     0x62f6a1ad36ef - tokio::runtime::scheduler::current_thread::CoreGuard::block_on::{{closure}}::{{closure}}::{{closure}}::hb62bf44e5f6128f8
[INFO] [stdout]                                at /opt/rustwide/cargo-home/registry/src/index.crates.io-6f17d22bba15001f/tokio-1.40.0/src/runtime/scheduler/current_thread/mod.rs:696:57
[INFO] [stdout]   22:     0x62f6a1ad35e5 - tokio::runtime::coop::with_budget::h2533994ed0c0ea30
[INFO] [stdout]                                at /opt/rustwide/cargo-home/registry/src/index.crates.io-6f17d22bba15001f/tokio-1.40.0/src/runtime/coop.rs:107:5
[INFO] [stdout]   23:     0x62f6a1ad35e5 - tokio::runtime::coop::budget::h96ab20d6f4e9510e
[INFO] [stdout]                                at /opt/rustwide/cargo-home/registry/src/index.crates.io-6f17d22bba15001f/tokio-1.40.0/src/runtime/coop.rs:73:5
[INFO] [stdout]   24:     0x62f6a1ad35e5 - tokio::runtime::scheduler::current_thread::CoreGuard::block_on::{{closure}}::{{closure}}::hb5fe74dae54da2f1
[INFO] [stdout]                                at /opt/rustwide/cargo-home/registry/src/index.crates.io-6f17d22bba15001f/tokio-1.40.0/src/runtime/scheduler/current_thread/mod.rs:696:25
[INFO] [stdout]   25:     0x62f6a1ad0f80 - tokio::runtime::scheduler::current_thread::Context::enter::h9c00e7abf1e1bc35
[INFO] [stdout]                                at /opt/rustwide/cargo-home/registry/src/index.crates.io-6f17d22bba15001f/tokio-1.40.0/src/runtime/scheduler/current_thread/mod.rs:423:19
[INFO] [stdout]   26:     0x62f6a1ad2cbb - tokio::runtime::scheduler::current_thread::CoreGuard::block_on::{{closure}}::hc3ab67e2efc5df75
[INFO] [stdout]                                at /opt/rustwide/cargo-home/registry/src/index.crates.io-6f17d22bba15001f/tokio-1.40.0/src/runtime/scheduler/current_thread/mod.rs:695:36
[INFO] [stdout]   27:     0x62f6a1ad2134 - tokio::runtime::scheduler::current_thread::CoreGuard::enter::{{closure}}::hc502fe6dd4d2eedb
[INFO] [stdout]                                at /opt/rustwide/cargo-home/registry/src/index.crates.io-6f17d22bba15001f/tokio-1.40.0/src/runtime/scheduler/current_thread/mod.rs:774:68
[INFO] [stdout]   28:     0x62f6a1ad6c6b - tokio::runtime::context::scoped::Scoped<T>::set::hdf33880681ced578
[INFO] [stdout]                                at /opt/rustwide/cargo-home/registry/src/index.crates.io-6f17d22bba15001f/tokio-1.40.0/src/runtime/context/scoped.rs:40:9
[INFO] [stdout]   29:     0x62f6a1ad8219 - tokio::runtime::context::set_scheduler::{{closure}}::h5ea7c440b51efd00
[INFO] [stdout]                                at /opt/rustwide/cargo-home/registry/src/index.crates.io-6f17d22bba15001f/tokio-1.40.0/src/runtime/context.rs:180:26
[INFO] [stdout]   30:     0x62f6a1ac799d - std::thread::local::LocalKey<T>::try_with::hdf32c307fb139b0c
[INFO] [stdout]                                at /rustc/df4ca44d3fbc9301ee17f30f4d474e6ae4b05252/library/std/src/thread/local.rs:283:12
[INFO] [stdout]   31:     0x62f6a1ac6caa - std::thread::local::LocalKey<T>::with::h1d00685dfbe80543
[INFO] [stdout]                                at /rustc/df4ca44d3fbc9301ee17f30f4d474e6ae4b05252/library/std/src/thread/local.rs:260:9
[INFO] [stdout]   32:     0x62f6a1ad814d - tokio::runtime::context::set_scheduler::h5537794d6499a732
[INFO] [stdout]                                at /opt/rustwide/cargo-home/registry/src/index.crates.io-6f17d22bba15001f/tokio-1.40.0/src/runtime/context.rs:180:9
[INFO] [stdout]   33:     0x62f6a1ad1ec8 - tokio::runtime::scheduler::current_thread::CoreGuard::enter::he52f41204fd46ec8
[INFO] [stdout]                                at /opt/rustwide/cargo-home/registry/src/index.crates.io-6f17d22bba15001f/tokio-1.40.0/src/runtime/scheduler/current_thread/mod.rs:774:27
[INFO] [stdout]   34:     0x62f6a1ad2153 - tokio::runtime::scheduler::current_thread::CoreGuard::block_on::h1976ed22a1aad96f
[INFO] [stdout]                                at /opt/rustwide/cargo-home/registry/src/index.crates.io-6f17d22bba15001f/tokio-1.40.0/src/runtime/scheduler/current_thread/mod.rs:683:19
[INFO] [stdout]   35:     0x62f6a1ad03dd - tokio::runtime::scheduler::current_thread::CurrentThread::block_on::{{closure}}::h8513afcc789b4944
[INFO] [stdout]                                at /opt/rustwide/cargo-home/registry/src/index.crates.io-6f17d22bba15001f/tokio-1.40.0/src/runtime/scheduler/current_thread/mod.rs:191:28
[INFO] [stdout]   36:     0x62f6a1acb006 - tokio::runtime::context::runtime::enter_runtime::h2fe8aaa20dd8831c
[INFO] [stdout]                                at /opt/rustwide/cargo-home/registry/src/index.crates.io-6f17d22bba15001f/tokio-1.40.0/src/runtime/context/runtime.rs:65:16
[INFO] [stdout]   37:     0x62f6a1acfcd1 - tokio::runtime::scheduler::current_thread::CurrentThread::block_on::hd4ba808e0ea857ab
[INFO] [stdout]                                at /opt/rustwide/cargo-home/registry/src/index.crates.io-6f17d22bba15001f/tokio-1.40.0/src/runtime/scheduler/current_thread/mod.rs:179:9
[INFO] [stdout]   38:     0x62f6a1ad6efe - tokio::runtime::runtime::Runtime::block_on_inner::h101114843c4308cb
[INFO] [stdout]                                at /opt/rustwide/cargo-home/registry/src/index.crates.io-6f17d22bba15001f/tokio-1.40.0/src/runtime/runtime.rs:361:47
[INFO] [stdout]   39:     0x62f6a1ad7135 - tokio::runtime::runtime::Runtime::block_on::h22146017286a6ef2
[INFO] [stdout]                                at /opt/rustwide/cargo-home/registry/src/index.crates.io-6f17d22bba15001f/tokio-1.40.0/src/runtime/runtime.rs:335:13
[INFO] [stdout]   40:     0x62f6a1ad8e37 - content_processor_performance_tests::test_large_file_extraction_performance::h6c8a8e9cccac7622
[INFO] [stdout]                                at /opt/rustwide/workdir/tests/content_processor_performance_tests.rs:44:5
[INFO] [stdout]   41:     0x62f6a1ad8d07 - content_processor_performance_tests::test_large_file_extraction_performance::{{closure}}::hcfb2b46706691828
[INFO] [stdout]                                at /opt/rustwide/workdir/tests/content_processor_performance_tests.rs:11:50
[INFO] [stdout]   42:     0x62f6a1ad4716 - core::ops::function::FnOnce::call_once::h78c46084c895b4bc
[INFO] [stdout]                                at /rustc/df4ca44d3fbc9301ee17f30f4d474e6ae4b05252/library/core/src/ops/function.rs:250:5
[INFO] [stdout]   43:     0x62f6a1b1b3eb - core::ops::function::FnOnce::call_once::h22c3ba5715e93f05
[INFO] [stdout]                                at /rustc/df4ca44d3fbc9301ee17f30f4d474e6ae4b05252/library/core/src/ops/function.rs:250:5
[INFO] [stdout]   44:     0x62f6a1b1b3eb - test::__rust_begin_short_backtrace::h8e82d8113d0da17f
[INFO] [stdout]                                at /rustc/df4ca44d3fbc9301ee17f30f4d474e6ae4b05252/library/test/src/lib.rs:621:18
[INFO] [stdout]   45:     0x62f6a1b1ad67 - test::run_test_in_process::{{closure}}::h33235f4f20b7b7c7
[INFO] [stdout]                                at /rustc/df4ca44d3fbc9301ee17f30f4d474e6ae4b05252/library/test/src/lib.rs:644:60
[INFO] [stdout]   46:     0x62f6a1b1ad67 - <core::panic::unwind_safe::AssertUnwindSafe<F> as core::ops::function::FnOnce<()>>::call_once::hb5043206310c586f
[INFO] [stdout]                                at /rustc/df4ca44d3fbc9301ee17f30f4d474e6ae4b05252/library/core/src/panic/unwind_safe.rs:272:9
[INFO] [stdout]   47:     0x62f6a1b1ad67 - std::panicking::try::do_call::h9ad4731a60ab23e2
[INFO] [stdout]                                at /rustc/df4ca44d3fbc9301ee17f30f4d474e6ae4b05252/library/std/src/panicking.rs:557:40
[INFO] [stdout]   48:     0x62f6a1b1ad67 - std::panicking::try::h3824d23db772a716
[INFO] [stdout]                                at /rustc/df4ca44d3fbc9301ee17f30f4d474e6ae4b05252/library/std/src/panicking.rs:520:19
[INFO] [stdout]   49:     0x62f6a1b1ad67 - std::panic::catch_unwind::h5afd514605fde46b
[INFO] [stdout]                                at /rustc/df4ca44d3fbc9301ee17f30f4d474e6ae4b05252/library/std/src/panic.rs:358:14
[INFO] [stdout]   50:     0x62f6a1b1ad67 - test::run_test_in_process::h0d5cbfa7067d1720
[INFO] [stdout]                                at /rustc/df4ca44d3fbc9301ee17f30f4d474e6ae4b05252/library/test/src/lib.rs:644:27
[INFO] [stdout]   51:     0x62f6a1b1ad67 - test::run_test::{{closure}}::h708eb8872708115d
[INFO] [stdout]                                at /rustc/df4ca44d3fbc9301ee17f30f4d474e6ae4b05252/library/test/src/lib.rs:565:43
[INFO] [stdout]   52:     0x62f6a1ade484 - test::run_test::{{closure}}::h392c51cee94713ab
[INFO] [stdout]                                at /rustc/df4ca44d3fbc9301ee17f30f4d474e6ae4b05252/library/test/src/lib.rs:595:41
[INFO] [stdout]   53:     0x62f6a1ade484 - std::sys::backtrace::__rust_begin_short_backtrace::h2f40290710935a8b
[INFO] [stdout]                                at /rustc/df4ca44d3fbc9301ee17f30f4d474e6ae4b05252/library/std/src/sys/backtrace.rs:154:18
[INFO] [stdout]   54:     0x62f6a1ae1c2e - std::thread::Builder::spawn_unchecked_::{{closure}}::{{closure}}::h3fd968d89053a903
[INFO] [stdout]                                at /rustc/df4ca44d3fbc9301ee17f30f4d474e6ae4b05252/library/std/src/thread/mod.rs:541:17
[INFO] [stdout]   55:     0x62f6a1ae1c2e - <core::panic::unwind_safe::AssertUnwindSafe<F> as core::ops::function::FnOnce<()>>::call_once::h743f637ba4229880
[INFO] [stdout]                                at /rustc/df4ca44d3fbc9301ee17f30f4d474e6ae4b05252/library/core/src/panic/unwind_safe.rs:272:9
[INFO] [stdout]   56:     0x62f6a1ae1c2e - std::panicking::try::do_call::h07440897322525a6
[INFO] [stdout]                                at /rustc/df4ca44d3fbc9301ee17f30f4d474e6ae4b05252/library/std/src/panicking.rs:557:40
[INFO] [stdout]   57:     0x62f6a1ae1c2e - std::panicking::try::he5a2e00188156637
[INFO] [stdout]                                at /rustc/df4ca44d3fbc9301ee17f30f4d474e6ae4b05252/library/std/src/panicking.rs:520:19
[INFO] [stdout]   58:     0x62f6a1ae1c2e - std::panic::catch_unwind::hbaf3cae49b3c6433
[INFO] [stdout]                                at /rustc/df4ca44d3fbc9301ee17f30f4d474e6ae4b05252/library/std/src/panic.rs:358:14
[INFO] [stdout]   59:     0x62f6a1ae1c2e - std::thread::Builder::spawn_unchecked_::{{closure}}::h8e141ea224820bce
[INFO] [stdout]                                at /rustc/df4ca44d3fbc9301ee17f30f4d474e6ae4b05252/library/std/src/thread/mod.rs:540:30
[INFO] [stdout]   60:     0x62f6a1ae1c2e - core::ops::function::FnOnce::call_once{{vtable.shim}}::h90d312fedd7b8ea8
[INFO] [stdout]                                at /rustc/df4ca44d3fbc9301ee17f30f4d474e6ae4b05252/library/core/src/ops/function.rs:250:5
[INFO] [stdout]   61:     0x62f6a1f3aedb - <alloc::boxed::Box<F,A> as core::ops::function::FnOnce<Args>>::call_once::h69aa08ddb6adb8b6
[INFO] [stdout]                                at /rustc/df4ca44d3fbc9301ee17f30f4d474e6ae4b05252/library/alloc/src/boxed.rs:2454:9
[INFO] [stdout]   62:     0x62f6a1f3aedb - <alloc::boxed::Box<F,A> as core::ops::function::FnOnce<Args>>::call_once::h5aa36efdb79c806f
[INFO] [stdout]                                at /rustc/df4ca44d3fbc9301ee17f30f4d474e6ae4b05252/library/alloc/src/boxed.rs:2454:9
[INFO] [stdout]   63:     0x62f6a1f3aedb - std::sys::pal::unix::thread::Thread::new::thread_start::h6cd80a1b4be5158d
[INFO] [stdout]                                at /rustc/df4ca44d3fbc9301ee17f30f4d474e6ae4b05252/library/std/src/sys/pal/unix/thread.rs:105:17
[INFO] [stdout]   64:     0x7302a87d6ac3 - <unknown>
[INFO] [stdout]   65:     0x7302a8867a04 - clone
[INFO] [stdout]   66:                0x0 - <unknown>
[INFO] [stdout] 
[INFO] [stdout] ---- test_large_diff_apply_performance stdout ----
[INFO] [stdout] thread 'test_large_diff_apply_performance' panicked at tests/content_processor_performance_tests.rs:121:5:
[INFO] [stdout] Application took too long: 161.510075875s
[INFO] [stdout] stack backtrace:
[INFO] [stdout]    0:     0x62f6a1f3483a - std::backtrace_rs::backtrace::libunwind::trace::h207520d6e9873551
[INFO] [stdout]                                at /rustc/df4ca44d3fbc9301ee17f30f4d474e6ae4b05252/library/std/src/../../backtrace/src/backtrace/libunwind.rs:116:5
[INFO] [stdout]    1:     0x62f6a1f3483a - std::backtrace_rs::backtrace::trace_unsynchronized::h2ed7433f370e3eca
[INFO] [stdout]                                at /rustc/df4ca44d3fbc9301ee17f30f4d474e6ae4b05252/library/std/src/../../backtrace/src/backtrace/mod.rs:66:5
[INFO] [stdout]    2:     0x62f6a1f3483a - std::sys::backtrace::_print_fmt::h916fac51166b18d7
[INFO] [stdout]                                at /rustc/df4ca44d3fbc9301ee17f30f4d474e6ae4b05252/library/std/src/sys/backtrace.rs:66:9
[INFO] [stdout]    3:     0x62f6a1f3483a - <std::sys::backtrace::BacktraceLock::print::DisplayBacktrace as core::fmt::Display>::fmt::ha0a4c9b8ce3802e6
[INFO] [stdout]                                at /rustc/df4ca44d3fbc9301ee17f30f4d474e6ae4b05252/library/std/src/sys/backtrace.rs:39:26
[INFO] [stdout]    4:     0x62f6a1f5df83 - core::fmt::rt::Argument::fmt::h4cfc8587d52b3eb5
[INFO] [stdout]                                at /rustc/df4ca44d3fbc9301ee17f30f4d474e6ae4b05252/library/core/src/fmt/rt.rs:177:76
[INFO] [stdout]    5:     0x62f6a1f5df83 - core::fmt::write::h522cc39e5b36ae9f
[INFO] [stdout]                                at /rustc/df4ca44d3fbc9301ee17f30f4d474e6ae4b05252/library/core/src/fmt/mod.rs:1190:21
[INFO] [stdout]    6:     0x62f6a1f30fd3 - std::io::Write::write_fmt::h7d3c26752da97734
[INFO] [stdout]                                at /rustc/df4ca44d3fbc9301ee17f30f4d474e6ae4b05252/library/std/src/io/mod.rs:1839:15
[INFO] [stdout]    7:     0x62f6a1f34682 - std::sys::backtrace::BacktraceLock::print::h4b9e00b29e9c0942
[INFO] [stdout]                                at /rustc/df4ca44d3fbc9301ee17f30f4d474e6ae4b05252/library/std/src/sys/backtrace.rs:42:9
[INFO] [stdout]    8:     0x62f6a1f35cca - std::panicking::default_hook::{{closure}}::hb59b88280d0324d9
[INFO] [stdout]                                at /rustc/df4ca44d3fbc9301ee17f30f4d474e6ae4b05252/library/std/src/panicking.rs:268:22
[INFO] [stdout]    9:     0x62f6a1f35ad4 - std::panicking::default_hook::he1dd496665be4a29
[INFO] [stdout]                                at /rustc/df4ca44d3fbc9301ee17f30f4d474e6ae4b05252/library/std/src/panicking.rs:292:9
[INFO] [stdout]   10:     0x62f6a1b16b19 - <alloc::boxed::Box<F,A> as core::ops::function::Fn<Args>>::call::h4ff71de18744e1dc
[INFO] [stdout]                                at /rustc/df4ca44d3fbc9301ee17f30f4d474e6ae4b05252/library/alloc/src/boxed.rs:2468:9
[INFO] [stdout]   11:     0x62f6a1b16b19 - test::test_main::{{closure}}::hcf7c055ce117aa81
[INFO] [stdout]                                at /rustc/df4ca44d3fbc9301ee17f30f4d474e6ae4b05252/library/test/src/lib.rs:133:21
[INFO] [stdout]   12:     0x62f6a1f363c8 - <alloc::boxed::Box<F,A> as core::ops::function::Fn<Args>>::call::h1d66c6bbd60c9692
[INFO] [stdout]                                at /rustc/df4ca44d3fbc9301ee17f30f4d474e6ae4b05252/library/alloc/src/boxed.rs:2468:9
[INFO] [stdout]   13:     0x62f6a1f363c8 - std::panicking::rust_panic_with_hook::h2ff17fe8f26dfcf8
[INFO] [stdout]                                at /rustc/df4ca44d3fbc9301ee17f30f4d474e6ae4b05252/library/std/src/panicking.rs:809:13
[INFO] [stdout]   14:     0x62f6a1f3618a - std::panicking::begin_panic_handler::{{closure}}::h4fad77951c07e101
[INFO] [stdout]                                at /rustc/df4ca44d3fbc9301ee17f30f4d474e6ae4b05252/library/std/src/panicking.rs:674:13
[INFO] [stdout]   15:     0x62f6a1f34d19 - std::sys::backtrace::__rust_end_short_backtrace::hb1a25b3da5d0ea08
[INFO] [stdout]                                at /rustc/df4ca44d3fbc9301ee17f30f4d474e6ae4b05252/library/std/src/sys/backtrace.rs:170:18
[INFO] [stdout]   16:     0x62f6a1f35e1c - rust_begin_unwind
[INFO] [stdout]                                at /rustc/df4ca44d3fbc9301ee17f30f4d474e6ae4b05252/library/std/src/panicking.rs:665:5
[INFO] [stdout]   17:     0x62f6a1f5c530 - core::panicking::panic_fmt::ha9db07b529f9b256
[INFO] [stdout]                                at /rustc/df4ca44d3fbc9301ee17f30f4d474e6ae4b05252/library/core/src/panicking.rs:75:14
[INFO] [stdout]   18:     0x62f6a1adc477 - content_processor_performance_tests::test_large_diff_apply_performance::{{closure}}::h472691f825c4ee20
[INFO] [stdout]                                at /opt/rustwide/workdir/tests/content_processor_performance_tests.rs:121:5
[INFO] [stdout]   19:     0x62f6a1ad8b52 - <core::pin::Pin<P> as core::future::future::Future>::poll::hf28fd339e6cacd97
[INFO] [stdout]                                at /rustc/df4ca44d3fbc9301ee17f30f4d474e6ae4b05252/library/core/src/future/future.rs:123:9
[INFO] [stdout]   20:     0x62f6a1ad8acd - <core::pin::Pin<P> as core::future::future::Future>::poll::he415398bae7900c4
[INFO] [stdout]                                at /rustc/df4ca44d3fbc9301ee17f30f4d474e6ae4b05252/library/core/src/future/future.rs:123:9
[INFO] [stdout]   21:     0x62f6a1ad36ef - tokio::runtime::scheduler::current_thread::CoreGuard::block_on::{{closure}}::{{closure}}::{{closure}}::hb62bf44e5f6128f8
[INFO] [stdout]                                at /opt/rustwide/cargo-home/registry/src/index.crates.io-6f17d22bba15001f/tokio-1.40.0/src/runtime/scheduler/current_thread/mod.rs:696:57
[INFO] [stdout]   22:     0x62f6a1ad35e5 - tokio::runtime::coop::with_budget::h2533994ed0c0ea30
[INFO] [stdout]                                at /opt/rustwide/cargo-home/registry/src/index.crates.io-6f17d22bba15001f/tokio-1.40.0/src/runtime/coop.rs:107:5
[INFO] [stdout]   23:     0x62f6a1ad35e5 - tokio::runtime::coop::budget::h96ab20d6f4e9510e
[INFO] [stdout]                                at /opt/rustwide/cargo-home/registry/src/index.crates.io-6f17d22bba15001f/tokio-1.40.0/src/runtime/coop.rs:73:5
[INFO] [stdout]   24:     0x62f6a1ad35e5 - tokio::runtime::scheduler::current_thread::CoreGuard::block_on::{{closure}}::{{closure}}::hb5fe74dae54da2f1
[INFO] [stdout]                                at /opt/rustwide/cargo-home/registry/src/index.crates.io-6f17d22bba15001f/tokio-1.40.0/src/runtime/scheduler/current_thread/mod.rs:696:25
[INFO] [stdout]   25:     0x62f6a1ad0f80 - tokio::runtime::scheduler::current_thread::Context::enter::h9c00e7abf1e1bc35
[INFO] [stdout]                                at /opt/rustwide/cargo-home/registry/src/index.crates.io-6f17d22bba15001f/tokio-1.40.0/src/runtime/scheduler/current_thread/mod.rs:423:19
[INFO] [stdout]   26:     0x62f6a1ad2cbb - tokio::runtime::scheduler::current_thread::CoreGuard::block_on::{{closure}}::hc3ab67e2efc5df75
[INFO] [stdout]                                at /opt/rustwide/cargo-home/registry/src/index.crates.io-6f17d22bba15001f/tokio-1.40.0/src/runtime/scheduler/current_thread/mod.rs:695:36
[INFO] [stdout]   27:     0x62f6a1ad2134 - tokio::runtime::scheduler::current_thread::CoreGuard::enter::{{closure}}::hc502fe6dd4d2eedb
[INFO] [stdout]                                at /opt/rustwide/cargo-home/registry/src/index.crates.io-6f17d22bba15001f/tokio-1.40.0/src/runtime/scheduler/current_thread/mod.rs:774:68
[INFO] [stdout]   28:     0x62f6a1ad6c6b - tokio::runtime::context::scoped::Scoped<T>::set::hdf33880681ced578
[INFO] [stdout]                                at /opt/rustwide/cargo-home/registry/src/index.crates.io-6f17d22bba15001f/tokio-1.40.0/src/runtime/context/scoped.rs:40:9
[INFO] [stdout]   29:     0x62f6a1ad8219 - tokio::runtime::context::set_scheduler::{{closure}}::h5ea7c440b51efd00
[INFO] [stdout]                                at /opt/rustwide/cargo-home/registry/src/index.crates.io-6f17d22bba15001f/tokio-1.40.0/src/runtime/context.rs:180:26
[INFO] [stdout]   30:     0x62f6a1ac799d - std::thread::local::LocalKey<T>::try_with::hdf32c307fb139b0c
[INFO] [stdout]                                at /rustc/df4ca44d3fbc9301ee17f30f4d474e6ae4b05252/library/std/src/thread/local.rs:283:12
[INFO] [stdout]   31:     0x62f6a1ac6caa - std::thread::local::LocalKey<T>::with::h1d00685dfbe80543
[INFO] [stdout]                                at /rustc/df4ca44d3fbc9301ee17f30f4d474e6ae4b05252/library/std/src/thread/local.rs:260:9
[INFO] [stdout]   32:     0x62f6a1ad814d - tokio::runtime::context::set_scheduler::h5537794d6499a732
[INFO] [stdout]                                at /opt/rustwide/cargo-home/registry/src/index.crates.io-6f17d22bba15001f/tokio-1.40.0/src/runtime/context.rs:180:9
[INFO] [stdout]   33:     0x62f6a1ad1ec8 - tokio::runtime::scheduler::current_thread::CoreGuard::enter::he52f41204fd46ec8
[INFO] [stdout]                                at /opt/rustwide/cargo-home/registry/src/index.crates.io-6f17d22bba15001f/tokio-1.40.0/src/runtime/scheduler/current_thread/mod.rs:774:27
[INFO] [stdout]   34:     0x62f6a1ad2153 - tokio::runtime::scheduler::current_thread::CoreGuard::block_on::h1976ed22a1aad96f
[INFO] [stdout]                                at /opt/rustwide/cargo-home/registry/src/index.crates.io-6f17d22bba15001f/tokio-1.40.0/src/runtime/scheduler/current_thread/mod.rs:683:19
[INFO] [stdout]   35:     0x62f6a1ad03dd - tokio::runtime::scheduler::current_thread::CurrentThread::block_on::{{closure}}::h8513afcc789b4944
[INFO] [stdout]                                at /opt/rustwide/cargo-home/registry/src/index.crates.io-6f17d22bba15001f/tokio-1.40.0/src/runtime/scheduler/current_thread/mod.rs:191:28
[INFO] [stdout]   36:     0x62f6a1acb006 - tokio::runtime::context::runtime::enter_runtime::h2fe8aaa20dd8831c
[INFO] [stdout]                                at /opt/rustwide/cargo-home/registry/src/index.crates.io-6f17d22bba15001f/tokio-1.40.0/src/runtime/context/runtime.rs:65:16
[INFO] [stdout]   37:     0x62f6a1acfcd1 - tokio::runtime::scheduler::current_thread::CurrentThread::block_on::hd4ba808e0ea857ab
[INFO] [stdout]                                at /opt/rustwide/cargo-home/registry/src/index.crates.io-6f17d22bba15001f/tokio-1.40.0/src/runtime/scheduler/current_thread/mod.rs:179:9
[INFO] [stdout]   38:     0x62f6a1ad6efe - tokio::runtime::runtime::Runtime::block_on_inner::h101114843c4308cb
[INFO] [stdout]                                at /opt/rustwide/cargo-home/registry/src/index.crates.io-6f17d22bba15001f/tokio-1.40.0/src/runtime/runtime.rs:361:47
[INFO] [stdout]   39:     0x62f6a1ad7135 - tokio::runtime::runtime::Runtime::block_on::h22146017286a6ef2
[INFO] [stdout]                                at /opt/rustwide/cargo-home/registry/src/index.crates.io-6f17d22bba15001f/tokio-1.40.0/src/runtime/runtime.rs:335:13
[INFO] [stdout]   40:     0x62f6a1adb033 - content_processor_performance_tests::test_large_diff_apply_performance::h10fa921e57a17363
[INFO] [stdout]                                at /opt/rustwide/workdir/tests/content_processor_performance_tests.rs:127:5
[INFO] [stdout]   41:     0x62f6a1adaed7 - content_processor_performance_tests::test_large_diff_apply_performance::{{closure}}::h157b5a528f16fa56
[INFO] [stdout]                                at /opt/rustwide/workdir/tests/content_processor_performance_tests.rs:80:45
[INFO] [stdout]   42:     0x62f6a1ad4646 - core::ops::function::FnOnce::call_once::h242322a2c67da5f4
[INFO] [stdout]                                at /rustc/df4ca44d3fbc9301ee17f30f4d474e6ae4b05252/library/core/src/ops/function.rs:250:5
[INFO] [stdout]   43:     0x62f6a1b1b3eb - core::ops::function::FnOnce::call_once::h22c3ba5715e93f05
[INFO] [stdout]                                at /rustc/df4ca44d3fbc9301ee17f30f4d474e6ae4b05252/library/core/src/ops/function.rs:250:5
[INFO] [stdout]   44:     0x62f6a1b1b3eb - test::__rust_begin_short_backtrace::h8e82d8113d0da17f
[INFO] [stdout]                                at /rustc/df4ca44d3fbc9301ee17f30f4d474e6ae4b05252/library/test/src/lib.rs:621:18
[INFO] [stdout]   45:     0x62f6a1b1ad67 - test::run_test_in_process::{{closure}}::h33235f4f20b7b7c7
[INFO] [stdout]                                at /rustc/df4ca44d3fbc9301ee17f30f4d474e6ae4b05252/library/test/src/lib.rs:644:60
[INFO] [stdout]   46:     0x62f6a1b1ad67 - <core::panic::unwind_safe::AssertUnwindSafe<F> as core::ops::function::FnOnce<()>>::call_once::hb5043206310c586f
[INFO] [stdout]                                at /rustc/df4ca44d3fbc9301ee17f30f4d474e6ae4b05252/library/core/src/panic/unwind_safe.rs:272:9
[INFO] [stdout]   47:     0x62f6a1b1ad67 - std::panicking::try::do_call::h9ad4731a60ab23e2
[INFO] [stdout]                                at /rustc/df4ca44d3fbc9301ee17f30f4d474e6ae4b05252/library/std/src/panicking.rs:557:40
[INFO] [stdout]   48:     0x62f6a1b1ad67 - std::panicking::try::h3824d23db772a716
[INFO] [stdout]                                at /rustc/df4ca44d3fbc9301ee17f30f4d474e6ae4b05252/library/std/src/panicking.rs:520:19
[INFO] [stdout]   49:     0x62f6a1b1ad67 - std::panic::catch_unwind::h5afd514605fde46b
[INFO] [stdout]                                at /rustc/df4ca44d3fbc9301ee17f30f4d474e6ae4b05252/library/std/src/panic.rs:358:14
[INFO] [stdout]   50:     0x62f6a1b1ad67 - test::run_test_in_process::h0d5cbfa7067d1720
[INFO] [stdout]                                at /rustc/df4ca44d3fbc9301ee17f30f4d474e6ae4b05252/library/test/src/lib.rs:644:27
[INFO] [stdout]   51:     0x62f6a1b1ad67 - test::run_test::{{closure}}::h708eb8872708115d
[INFO] [stdout]                                at /rustc/df4ca44d3fbc9301ee17f30f4d474e6ae4b05252/library/test/src/lib.rs:565:43
[INFO] [stdout]   52:     0x62f6a1ade484 - test::run_test::{{closure}}::h392c51cee94713ab
[INFO] [stdout]                                at /rustc/df4ca44d3fbc9301ee17f30f4d474e6ae4b05252/library/test/src/lib.rs:595:41
[INFO] [stdout]   53:     0x62f6a1ade484 - std::sys::backtrace::__rust_begin_short_backtrace::h2f40290710935a8b
[INFO] [stdout]                                at /rustc/df4ca44d3fbc9301ee17f30f4d474e6ae4b05252/library/std/src/sys/backtrace.rs:154:18
[INFO] [stdout]   54:     0x62f6a1ae1c2e - std::thread::Builder::spawn_unchecked_::{{closure}}::{{closure}}::h3fd968d89053a903
[INFO] [stdout]                                at /rustc/df4ca44d3fbc9301ee17f30f4d474e6ae4b05252/library/std/src/thread/mod.rs:541:17
[INFO] [stdout]   55:     0x62f6a1ae1c2e - <core::panic::unwind_safe::AssertUnwindSafe<F> as core::ops::function::FnOnce<()>>::call_once::h743f637ba4229880
[INFO] [stdout]                                at /rustc/df4ca44d3fbc9301ee17f30f4d474e6ae4b05252/library/core/src/panic/unwind_safe.rs:272:9
[INFO] [stdout]   56:     0x62f6a1ae1c2e - std::panicking::try::do_call::h07440897322525a6
[INFO] [stdout]                                at /rustc/df4ca44d3fbc9301ee17f30f4d474e6ae4b05252/library/std/src/panicking.rs:557:40
[INFO] [stdout]   57:     0x62f6a1ae1c2e - std::panicking::try::he5a2e00188156637
[INFO] [stdout]                                at /rustc/df4ca44d3fbc9301ee17f30f4d474e6ae4b05252/library/std/src/panicking.rs:520:19
[INFO] [stdout]   58:     0x62f6a1ae1c2e - std::panic::catch_unwind::hbaf3cae49b3c6433
[INFO] [stdout]                                at /rustc/df4ca44d3fbc9301ee17f30f4d474e6ae4b05252/library/std/src/panic.rs:358:14
[INFO] [stdout]   59:     0x62f6a1ae1c2e - std::thread::Builder::spawn_unchecked_::{{closure}}::h8e141ea224820bce
[INFO] [stdout]                                at /rustc/df4ca44d3fbc9301ee17f30f4d474e6ae4b05252/library/std/src/thread/mod.rs:540:30
[INFO] [stdout]   60:     0x62f6a1ae1c2e - core::ops::function::FnOnce::call_once{{vtable.shim}}::h90d312fedd7b8ea8
[INFO] [stdout]                                at /rustc/df4ca44d3fbc9301ee17f30f4d474e6ae4b05252/library/core/src/ops/function.rs:250:5
[INFO] [stdout]   61:     0x62f6a1f3aedb - <alloc::boxed::Box<F,A> as core::ops::function::FnOnce<Args>>::call_once::h69aa08ddb6adb8b6
[INFO] [stdout]                                at /rustc/df4ca44d3fbc9301ee17f30f4d474e6ae4b05252/library/alloc/src/boxed.rs:2454:9
[INFO] [stdout]   62:     0x62f6a1f3aedb - <alloc::boxed::Box<F,A> as core::ops::function::FnOnce<Args>>::call_once::h5aa36efdb79c806f
[INFO] [stdout]                                at /rustc/df4ca44d3fbc9301ee17f30f4d474e6ae4b05252/library/alloc/src/boxed.rs:2454:9
[INFO] [stdout]   63:     0x62f6a1f3aedb - std::sys::pal::unix::thread::Thread::new::thread_start::h6cd80a1b4be5158d
[INFO] [stdout]                                at /rustc/df4ca44d3fbc9301ee17f30f4d474e6ae4b05252/library/std/src/sys/pal/unix/thread.rs:105:17
[INFO] [stdout]   64:     0x7302a87d6ac3 - <unknown>
[INFO] [stdout]   65:     0x7302a8867a04 - clone
[INFO] [stdout]   66:                0x0 - <unknown>
[INFO] [stdout] 
[INFO] [stdout] 
[INFO] [stdout] failures:
[INFO] [stdout]     test_large_diff_apply_performance
[INFO] [stdout]     test_large_file_extraction_performance
[INFO] [stdout] 
[INFO] [stdout] test result: FAILED. 1 passed; 2 failed; 0 ignored; 0 measured; 0 filtered out; finished in 161.54s
[INFO] [stdout] 
[INFO] [stderr] error: test failed, to rerun pass `--test content_processor_performance_tests`
[INFO] running `Command { std: "docker" "inspect" "ffcbc8d61d7b45df94f934ee4e3c85ada9cf309689ef2cbcabc075b436fcb01e", kill_on_drop: false }`
[INFO] running `Command { std: "docker" "rm" "-f" "ffcbc8d61d7b45df94f934ee4e3c85ada9cf309689ef2cbcabc075b436fcb01e", kill_on_drop: false }`
[INFO] [stdout] ffcbc8d61d7b45df94f934ee4e3c85ada9cf309689ef2cbcabc075b436fcb01e
