[INFO] fetching crate snec_macros 1.0.0...
[INFO] testing snec_macros-1.0.0 against nightly-2024-10-28+rustflags=-Zrandomize-layout for randomize-layout
[INFO] extracting crate snec_macros 1.0.0 into /workspace/builds/worker-4-tc2/source
[INFO] validating manifest of crates.io crate snec_macros 1.0.0 on toolchain nightly-2024-10-28
[INFO] running `Command { std: CARGO_HOME="/workspace/cargo-home" RUSTUP_HOME="/workspace/rustup-home" "/workspace/cargo-home/bin/cargo" "+nightly-2024-10-28" "metadata" "--manifest-path" "Cargo.toml" "--no-deps", kill_on_drop: false }`
[INFO] started tweaking crates.io crate snec_macros 1.0.0
[INFO] finished tweaking crates.io crate snec_macros 1.0.0
[INFO] tweaked toml for crates.io crate snec_macros 1.0.0 written to /workspace/builds/worker-4-tc2/source/Cargo.toml
[INFO] running `Command { std: CARGO_HOME="/workspace/cargo-home" RUSTUP_HOME="/workspace/rustup-home" "/workspace/cargo-home/bin/cargo" "+nightly-2024-10-28" "generate-lockfile" "--manifest-path" "Cargo.toml", kill_on_drop: false }`
[INFO] [stderr]     Updating crates.io index
[INFO] [stderr]      Locking 4 packages to latest compatible versions
[INFO] [stderr]       Adding syn v1.0.109 (available: v2.0.86)
[INFO] running `Command { std: CARGO_HOME="/workspace/cargo-home" RUSTUP_HOME="/workspace/rustup-home" "/workspace/cargo-home/bin/cargo" "+nightly-2024-10-28" "fetch" "--manifest-path" "Cargo.toml", kill_on_drop: false }`
[INFO] running `Command { std: "docker" "create" "-v" "/var/lib/crater-agent-workspace/builds/worker-4-tc2/target:/opt/rustwide/target:rw,Z" "-v" "/var/lib/crater-agent-workspace/builds/worker-4-tc2/source:/opt/rustwide/workdir:ro,Z" "-v" "/var/lib/crater-agent-workspace/cargo-home:/opt/rustwide/cargo-home:ro,Z" "-v" "/var/lib/crater-agent-workspace/rustup-home:/opt/rustwide/rustup-home:ro,Z" "-e" "SOURCE_DIR=/opt/rustwide/workdir" "-e" "CARGO_TARGET_DIR=/opt/rustwide/target" "-e" "CARGO_HOME=/opt/rustwide/cargo-home" "-e" "RUSTUP_HOME=/opt/rustwide/rustup-home" "-w" "/opt/rustwide/workdir" "-m" "1610612736" "--user" "0:0" "--network" "none" "ghcr.io/rust-lang/crates-build-env/linux@sha256:4a844ea9eb2546a2d2c7022eacef16ef2e8229c7fbb2c7d4d55a9ceca922f72d" "/opt/rustwide/cargo-home/bin/cargo" "+nightly-2024-10-28" "metadata" "--no-deps" "--format-version=1", kill_on_drop: false }`
[INFO] [stdout] abb51ad9d6a9a59252330f5f5e8b83322772286afa71990830004115b6321853
[INFO] running `Command { std: "docker" "start" "-a" "abb51ad9d6a9a59252330f5f5e8b83322772286afa71990830004115b6321853", kill_on_drop: false }`
[INFO] running `Command { std: "docker" "inspect" "abb51ad9d6a9a59252330f5f5e8b83322772286afa71990830004115b6321853", kill_on_drop: false }`
[INFO] running `Command { std: "docker" "rm" "-f" "abb51ad9d6a9a59252330f5f5e8b83322772286afa71990830004115b6321853", kill_on_drop: false }`
[INFO] [stdout] abb51ad9d6a9a59252330f5f5e8b83322772286afa71990830004115b6321853
[INFO] running `Command { std: "docker" "create" "-v" "/var/lib/crater-agent-workspace/builds/worker-4-tc2/target:/opt/rustwide/target:rw,Z" "-v" "/var/lib/crater-agent-workspace/builds/worker-4-tc2/source:/opt/rustwide/workdir:ro,Z" "-v" "/var/lib/crater-agent-workspace/cargo-home:/opt/rustwide/cargo-home:ro,Z" "-v" "/var/lib/crater-agent-workspace/rustup-home:/opt/rustwide/rustup-home:ro,Z" "-e" "SOURCE_DIR=/opt/rustwide/workdir" "-e" "CARGO_TARGET_DIR=/opt/rustwide/target" "-e" "CARGO_INCREMENTAL=0" "-e" "RUST_BACKTRACE=full" "-e" "RUSTFLAGS=--cap-lints=forbid -Zrandomize-layout" "-e" "RUSTDOCFLAGS=--cap-lints=forbid" "-e" "CARGO_HOME=/opt/rustwide/cargo-home" "-e" "RUSTUP_HOME=/opt/rustwide/rustup-home" "-w" "/opt/rustwide/workdir" "-m" "1610612736" "--user" "0:0" "--network" "none" "ghcr.io/rust-lang/crates-build-env/linux@sha256:4a844ea9eb2546a2d2c7022eacef16ef2e8229c7fbb2c7d4d55a9ceca922f72d" "/opt/rustwide/cargo-home/bin/cargo" "+nightly-2024-10-28" "build" "--frozen" "--message-format=json", kill_on_drop: false }`
[INFO] [stdout] 191c70b5dc4948b9736f502441f40646604ac692510da1eb57ccec3d1d0361e2
[INFO] running `Command { std: "docker" "start" "-a" "191c70b5dc4948b9736f502441f40646604ac692510da1eb57ccec3d1d0361e2", kill_on_drop: false }`
[INFO] [stderr]    Compiling syn v1.0.109
[INFO] [stderr]    Compiling snec_macros v1.0.0 (/opt/rustwide/workdir)
[INFO] [stdout] warning: fields `pound`, `brackets`, and `parentheses` are never read
[INFO] [stdout]   --> src/drv_config_table/ast/snec_attribute.rs:20:9
[INFO] [stdout]    |
[INFO] [stdout] 19 | pub struct SnecAttribute {
[INFO] [stdout]    |            ------------- fields in this struct
[INFO] [stdout] 20 |     pub pound: Token![#],
[INFO] [stdout]    |         ^^^^^
[INFO] [stdout] 21 |     pub brackets: token::Bracket,
[INFO] [stdout]    |         ^^^^^^^^
[INFO] [stdout] 22 |     pub path_span: Span,
[INFO] [stdout] 23 |     pub parentheses: Option<token::Paren>,
[INFO] [stdout]    |         ^^^^^^^^^^^
[INFO] [stdout]    |
[INFO] [stdout]    = note: `#[warn(dead_code)]` on by default
[INFO] [stdout] 
[INFO] [stdout] 
[INFO] [stdout] warning: field `parentheses` is never read
[INFO] [stdout]    --> src/drv_config_table/ast/snec_attribute.rs:128:9
[INFO] [stdout]     |
[INFO] [stdout] 126 |     Entry {
[INFO] [stdout]     |     ----- field in this variant
[INFO] [stdout] 127 |         name: custom_token::Entry,
[INFO] [stdout] 128 |         parentheses: Option<token::Paren>,
[INFO] [stdout]     |         ^^^^^^^^^^^
[INFO] [stdout] 
[INFO] [stdout] 
[INFO] [stdout] warning: field `parentheses` is never read
[INFO] [stdout]    --> src/drv_config_table/ast/snec_attribute.rs:140:9
[INFO] [stdout]     |
[INFO] [stdout] 138 |     UseEntry {
[INFO] [stdout]     |     -------- field in this variant
[INFO] [stdout] 139 |         name: custom_token::UseEntry,
[INFO] [stdout] 140 |         parentheses: token::Paren,
[INFO] [stdout]     |         ^^^^^^^^^^^
[INFO] [stdout] 
[INFO] [stdout] 
[INFO] [stdout] warning: field `parentheses` is never read
[INFO] [stdout]    --> src/drv_config_table/ast/snec_attribute.rs:152:9
[INFO] [stdout]     |
[INFO] [stdout] 150 |     EntryModule {
[INFO] [stdout]     |     ----------- field in this variant
[INFO] [stdout] 151 |         name: custom_token::EntryModule,
[INFO] [stdout] 152 |         parentheses: token::Paren,
[INFO] [stdout]     |         ^^^^^^^^^^^
[INFO] [stdout] 
[INFO] [stdout] 
[INFO] [stdout] warning: field `parentheses` is never read
[INFO] [stdout]    --> src/drv_config_table/ast/snec_attribute.rs:163:9
[INFO] [stdout]     |
[INFO] [stdout] 161 |     EntryModuleVisibility {
[INFO] [stdout]     |     --------------------- field in this variant
[INFO] [stdout] 162 |         name: custom_token::EntryModuleVisibility,
[INFO] [stdout] 163 |         parentheses: token::Paren,
[INFO] [stdout]     |         ^^^^^^^^^^^
[INFO] [stdout] 
[INFO] [stdout] 
[INFO] [stdout] warning: field `parentheses` is never read
[INFO] [stdout]    --> src/drv_config_table/ast/snec_attribute.rs:177:9
[INFO] [stdout]     |
[INFO] [stdout] 175 |     EntryModuleAttributes {
[INFO] [stdout]     |     --------------------- field in this variant
[INFO] [stdout] 176 |         name: custom_token::EntryModuleAttributes,
[INFO] [stdout] 177 |         parentheses: token::Paren,
[INFO] [stdout]     |         ^^^^^^^^^^^
[INFO] [stdout] 
[INFO] [stdout] 
[INFO] [stdout] warning: fields `name`, `parentheses`, `braces`, and `colon` are never read
[INFO] [stdout]    --> src/drv_config_table/ast/snec_attribute.rs:187:9
[INFO] [stdout]     |
[INFO] [stdout] 186 |     Receiver {
[INFO] [stdout]     |     -------- fields in this variant
[INFO] [stdout] 187 |         name: custom_token::Receiver,
[INFO] [stdout]     |         ^^^^
[INFO] [stdout] 188 |         parentheses: token::Paren,
[INFO] [stdout]     |         ^^^^^^^^^^^
[INFO] [stdout] 189 |         braces: token::Brace,
[INFO] [stdout]     |         ^^^^^^
[INFO] [stdout] ...
[INFO] [stdout] 192 |         colon: Token![:],
[INFO] [stdout]     |         ^^^^^
[INFO] [stdout] 
[INFO] [stdout] 
[INFO] [stdout] warning: field `0` is never read
[INFO] [stdout]    --> src/drv_config_table/ast/snec_attribute.rs:379:31
[INFO] [stdout]     |
[INFO] [stdout] 379 |               pub struct $name (pub Span);
[INFO] [stdout]     |                                 ^^^^^^^^
[INFO] [stdout] ...
[INFO] [stdout] 401 | /     custom_tokens! {
[INFO] [stdout] 402 | |         // Root attribute name
[INFO] [stdout] 403 | |         (Snec, "snec"),
[INFO] [stdout]     | |          ---- field in this struct
[INFO] [stdout] ...   |
[INFO] [stdout] 411 | |         (EntryModuleAttributes, "entry_module_attributes"),
[INFO] [stdout] 412 | |     }
[INFO] [stdout]     | |_____- in this macro invocation
[INFO] [stdout]     |
[INFO] [stdout]     = help: consider removing this field
[INFO] [stdout]     = note: this warning originates in the macro `custom_tokens` (in Nightly builds, run with -Z macro-backtrace for more info)
[INFO] [stdout] 
[INFO] [stdout] 
[INFO] [stdout] warning: field `0` is never read
[INFO] [stdout]    --> src/drv_config_table/ast/snec_attribute.rs:379:31
[INFO] [stdout]     |
[INFO] [stdout] 379 |               pub struct $name (pub Span);
[INFO] [stdout]     |                                 ^^^^^^^^
[INFO] [stdout] ...
[INFO] [stdout] 401 | /     custom_tokens! {
[INFO] [stdout] 402 | |         // Root attribute name
[INFO] [stdout] 403 | |         (Snec, "snec"),
[INFO] [stdout] ...   |
[INFO] [stdout] 407 | |         (Receiver, "receiver"),
[INFO] [stdout]     | |          -------- field in this struct
[INFO] [stdout] ...   |
[INFO] [stdout] 411 | |         (EntryModuleAttributes, "entry_module_attributes"),
[INFO] [stdout] 412 | |     }
[INFO] [stdout]     | |_____- in this macro invocation
[INFO] [stdout]     |
[INFO] [stdout]     = help: consider removing this field
[INFO] [stdout]     = note: this warning originates in the macro `custom_tokens` (in Nightly builds, run with -Z macro-backtrace for more info)
[INFO] [stdout] 
[INFO] [stdout] 
[INFO] [stdout] warning: fields `visibility`, `struct_token`, `generics`, and `braces` are never read
[INFO] [stdout]   --> src/drv_config_table/ast/struct_input.rs:16:9
[INFO] [stdout]    |
[INFO] [stdout] 14 | pub struct ConfigTableStruct {
[INFO] [stdout]    |            ----------------- fields in this struct
[INFO] [stdout] 15 |     pub attrs: Vec<Attribute>,
[INFO] [stdout] 16 |     pub visibility: Visibility,
[INFO] [stdout]    |         ^^^^^^^^^^
[INFO] [stdout] 17 |     pub struct_token: Token![struct],
[INFO] [stdout]    |         ^^^^^^^^^^^^
[INFO] [stdout] 18 |     pub ident: Ident,
[INFO] [stdout] 19 |     pub generics: Generics,
[INFO] [stdout]    |         ^^^^^^^^
[INFO] [stdout] 20 |     pub braces: token::Brace,
[INFO] [stdout]    |         ^^^^^^
[INFO] [stdout] 
[INFO] [stdout] 
[INFO] [stderr]     Finished `dev` profile [unoptimized + debuginfo] target(s) in 2.30s
[INFO] running `Command { std: "docker" "inspect" "191c70b5dc4948b9736f502441f40646604ac692510da1eb57ccec3d1d0361e2", kill_on_drop: false }`
[INFO] running `Command { std: "docker" "rm" "-f" "191c70b5dc4948b9736f502441f40646604ac692510da1eb57ccec3d1d0361e2", kill_on_drop: false }`
[INFO] [stdout] 191c70b5dc4948b9736f502441f40646604ac692510da1eb57ccec3d1d0361e2
[INFO] running `Command { std: "docker" "create" "-v" "/var/lib/crater-agent-workspace/builds/worker-4-tc2/target:/opt/rustwide/target:rw,Z" "-v" "/var/lib/crater-agent-workspace/builds/worker-4-tc2/source:/opt/rustwide/workdir:ro,Z" "-v" "/var/lib/crater-agent-workspace/cargo-home:/opt/rustwide/cargo-home:ro,Z" "-v" "/var/lib/crater-agent-workspace/rustup-home:/opt/rustwide/rustup-home:ro,Z" "-e" "SOURCE_DIR=/opt/rustwide/workdir" "-e" "CARGO_TARGET_DIR=/opt/rustwide/target" "-e" "CARGO_INCREMENTAL=0" "-e" "RUST_BACKTRACE=full" "-e" "RUSTFLAGS=--cap-lints=forbid -Zrandomize-layout" "-e" "RUSTDOCFLAGS=--cap-lints=forbid" "-e" "CARGO_HOME=/opt/rustwide/cargo-home" "-e" "RUSTUP_HOME=/opt/rustwide/rustup-home" "-w" "/opt/rustwide/workdir" "-m" "1610612736" "--user" "0:0" "--network" "none" "ghcr.io/rust-lang/crates-build-env/linux@sha256:4a844ea9eb2546a2d2c7022eacef16ef2e8229c7fbb2c7d4d55a9ceca922f72d" "/opt/rustwide/cargo-home/bin/cargo" "+nightly-2024-10-28" "test" "--frozen" "--no-run" "--message-format=json", kill_on_drop: false }`
[INFO] [stdout] e4dd6db88a43b769a0b443e68782ce88c66a39582672721cbcaf388889319237
[INFO] running `Command { std: "docker" "start" "-a" "e4dd6db88a43b769a0b443e68782ce88c66a39582672721cbcaf388889319237", kill_on_drop: false }`
[INFO] [stderr]    Compiling snec_macros v1.0.0 (/opt/rustwide/workdir)
[INFO] [stdout] warning: fields `pound`, `brackets`, and `parentheses` are never read
[INFO] [stdout]   --> src/drv_config_table/ast/snec_attribute.rs:20:9
[INFO] [stdout]    |
[INFO] [stdout] 19 | pub struct SnecAttribute {
[INFO] [stdout]    |            ------------- fields in this struct
[INFO] [stdout] 20 |     pub pound: Token![#],
[INFO] [stdout]    |         ^^^^^
[INFO] [stdout] 21 |     pub brackets: token::Bracket,
[INFO] [stdout]    |         ^^^^^^^^
[INFO] [stdout] 22 |     pub path_span: Span,
[INFO] [stdout] 23 |     pub parentheses: Option<token::Paren>,
[INFO] [stdout]    |         ^^^^^^^^^^^
[INFO] [stdout]    |
[INFO] [stdout]    = note: `#[warn(dead_code)]` on by default
[INFO] [stdout] 
[INFO] [stdout] 
[INFO] [stdout] warning: field `parentheses` is never read
[INFO] [stdout]    --> src/drv_config_table/ast/snec_attribute.rs:128:9
[INFO] [stdout]     |
[INFO] [stdout] 126 |     Entry {
[INFO] [stdout]     |     ----- field in this variant
[INFO] [stdout] 127 |         name: custom_token::Entry,
[INFO] [stdout] 128 |         parentheses: Option<token::Paren>,
[INFO] [stdout]     |         ^^^^^^^^^^^
[INFO] [stdout] 
[INFO] [stdout] 
[INFO] [stdout] warning: field `parentheses` is never read
[INFO] [stdout]    --> src/drv_config_table/ast/snec_attribute.rs:140:9
[INFO] [stdout]     |
[INFO] [stdout] 138 |     UseEntry {
[INFO] [stdout]     |     -------- field in this variant
[INFO] [stdout] 139 |         name: custom_token::UseEntry,
[INFO] [stdout] 140 |         parentheses: token::Paren,
[INFO] [stdout]     |         ^^^^^^^^^^^
[INFO] [stdout] 
[INFO] [stdout] 
[INFO] [stdout] warning: field `parentheses` is never read
[INFO] [stdout]    --> src/drv_config_table/ast/snec_attribute.rs:152:9
[INFO] [stdout]     |
[INFO] [stdout] 150 |     EntryModule {
[INFO] [stdout]     |     ----------- field in this variant
[INFO] [stdout] 151 |         name: custom_token::EntryModule,
[INFO] [stdout] 152 |         parentheses: token::Paren,
[INFO] [stdout]     |         ^^^^^^^^^^^
[INFO] [stdout] 
[INFO] [stdout] 
[INFO] [stdout] warning: field `parentheses` is never read
[INFO] [stdout]    --> src/drv_config_table/ast/snec_attribute.rs:163:9
[INFO] [stdout]     |
[INFO] [stdout] 161 |     EntryModuleVisibility {
[INFO] [stdout]     |     --------------------- field in this variant
[INFO] [stdout] 162 |         name: custom_token::EntryModuleVisibility,
[INFO] [stdout] 163 |         parentheses: token::Paren,
[INFO] [stdout]     |         ^^^^^^^^^^^
[INFO] [stdout] 
[INFO] [stdout] 
[INFO] [stdout] warning: field `parentheses` is never read
[INFO] [stdout]    --> src/drv_config_table/ast/snec_attribute.rs:177:9
[INFO] [stdout]     |
[INFO] [stdout] 175 |     EntryModuleAttributes {
[INFO] [stdout]     |     --------------------- field in this variant
[INFO] [stdout] 176 |         name: custom_token::EntryModuleAttributes,
[INFO] [stdout] 177 |         parentheses: token::Paren,
[INFO] [stdout]     |         ^^^^^^^^^^^
[INFO] [stdout] 
[INFO] [stdout] 
[INFO] [stdout] warning: fields `name`, `parentheses`, `braces`, and `colon` are never read
[INFO] [stdout]    --> src/drv_config_table/ast/snec_attribute.rs:187:9
[INFO] [stdout]     |
[INFO] [stdout] 186 |     Receiver {
[INFO] [stdout]     |     -------- fields in this variant
[INFO] [stdout] 187 |         name: custom_token::Receiver,
[INFO] [stdout]     |         ^^^^
[INFO] [stdout] 188 |         parentheses: token::Paren,
[INFO] [stdout]     |         ^^^^^^^^^^^
[INFO] [stdout] 189 |         braces: token::Brace,
[INFO] [stdout]     |         ^^^^^^
[INFO] [stdout] ...
[INFO] [stdout] 192 |         colon: Token![:],
[INFO] [stdout]     |         ^^^^^
[INFO] [stdout] 
[INFO] [stdout] 
[INFO] [stdout] warning: field `0` is never read
[INFO] [stdout]    --> src/drv_config_table/ast/snec_attribute.rs:379:31
[INFO] [stdout]     |
[INFO] [stdout] 379 |               pub struct $name (pub Span);
[INFO] [stdout]     |                                 ^^^^^^^^
[INFO] [stdout] ...
[INFO] [stdout] 401 | /     custom_tokens! {
[INFO] [stdout] 402 | |         // Root attribute name
[INFO] [stdout] 403 | |         (Snec, "snec"),
[INFO] [stdout]     | |          ---- field in this struct
[INFO] [stdout] ...   |
[INFO] [stdout] 411 | |         (EntryModuleAttributes, "entry_module_attributes"),
[INFO] [stdout] 412 | |     }
[INFO] [stdout]     | |_____- in this macro invocation
[INFO] [stdout]     |
[INFO] [stdout]     = help: consider removing this field
[INFO] [stdout]     = note: this warning originates in the macro `custom_tokens` (in Nightly builds, run with -Z macro-backtrace for more info)
[INFO] [stdout] 
[INFO] [stdout] 
[INFO] [stdout] warning: field `0` is never read
[INFO] [stdout]    --> src/drv_config_table/ast/snec_attribute.rs:379:31
[INFO] [stdout]     |
[INFO] [stdout] 379 |               pub struct $name (pub Span);
[INFO] [stdout]     |                                 ^^^^^^^^
[INFO] [stdout] ...
[INFO] [stdout] 401 | /     custom_tokens! {
[INFO] [stdout] 402 | |         // Root attribute name
[INFO] [stdout] 403 | |         (Snec, "snec"),
[INFO] [stdout] ...   |
[INFO] [stdout] 407 | |         (Receiver, "receiver"),
[INFO] [stdout]     | |          -------- field in this struct
[INFO] [stdout] ...   |
[INFO] [stdout] 411 | |         (EntryModuleAttributes, "entry_module_attributes"),
[INFO] [stdout] 412 | |     }
[INFO] [stdout]     | |_____- in this macro invocation
[INFO] [stdout]     |
[INFO] [stdout]     = help: consider removing this field
[INFO] [stdout]     = note: this warning originates in the macro `custom_tokens` (in Nightly builds, run with -Z macro-backtrace for more info)
[INFO] [stdout] 
[INFO] [stdout] 
[INFO] [stdout] warning: fields `visibility`, `struct_token`, `generics`, and `braces` are never read
[INFO] [stdout]   --> src/drv_config_table/ast/struct_input.rs:16:9
[INFO] [stdout]    |
[INFO] [stdout] 14 | pub struct ConfigTableStruct {
[INFO] [stdout]    |            ----------------- fields in this struct
[INFO] [stdout] 15 |     pub attrs: Vec<Attribute>,
[INFO] [stdout] 16 |     pub visibility: Visibility,
[INFO] [stdout]    |         ^^^^^^^^^^
[INFO] [stdout] 17 |     pub struct_token: Token![struct],
[INFO] [stdout]    |         ^^^^^^^^^^^^
[INFO] [stdout] 18 |     pub ident: Ident,
[INFO] [stdout] 19 |     pub generics: Generics,
[INFO] [stdout]    |         ^^^^^^^^
[INFO] [stdout] 20 |     pub braces: token::Brace,
[INFO] [stdout]    |         ^^^^^^
[INFO] [stdout] 
[INFO] [stdout] 
[INFO] [stdout] warning: fields `pound`, `brackets`, and `parentheses` are never read
[INFO] [stdout]   --> src/drv_config_table/ast/snec_attribute.rs:20:9
[INFO] [stdout]    |
[INFO] [stdout] 19 | pub struct SnecAttribute {
[INFO] [stdout]    |            ------------- fields in this struct
[INFO] [stdout] 20 |     pub pound: Token![#],
[INFO] [stdout]    |         ^^^^^
[INFO] [stdout] 21 |     pub brackets: token::Bracket,
[INFO] [stdout]    |         ^^^^^^^^
[INFO] [stdout] 22 |     pub path_span: Span,
[INFO] [stdout] 23 |     pub parentheses: Option<token::Paren>,
[INFO] [stdout]    |         ^^^^^^^^^^^
[INFO] [stdout]    |
[INFO] [stdout]    = note: `#[warn(dead_code)]` on by default
[INFO] [stdout] 
[INFO] [stdout] 
[INFO] [stdout] warning: field `parentheses` is never read
[INFO] [stdout]    --> src/drv_config_table/ast/snec_attribute.rs:128:9
[INFO] [stdout]     |
[INFO] [stdout] 126 |     Entry {
[INFO] [stdout]     |     ----- field in this variant
[INFO] [stdout] 127 |         name: custom_token::Entry,
[INFO] [stdout] 128 |         parentheses: Option<token::Paren>,
[INFO] [stdout]     |         ^^^^^^^^^^^
[INFO] [stdout] 
[INFO] [stdout] 
[INFO] [stdout] warning: field `parentheses` is never read
[INFO] [stdout]    --> src/drv_config_table/ast/snec_attribute.rs:140:9
[INFO] [stdout]     |
[INFO] [stdout] 138 |     UseEntry {
[INFO] [stdout]     |     -------- field in this variant
[INFO] [stdout] 139 |         name: custom_token::UseEntry,
[INFO] [stdout] 140 |         parentheses: token::Paren,
[INFO] [stdout]     |         ^^^^^^^^^^^
[INFO] [stdout] 
[INFO] [stdout] 
[INFO] [stdout] warning: field `parentheses` is never read
[INFO] [stdout]    --> src/drv_config_table/ast/snec_attribute.rs:152:9
[INFO] [stdout]     |
[INFO] [stdout] 150 |     EntryModule {
[INFO] [stdout]     |     ----------- field in this variant
[INFO] [stdout] 151 |         name: custom_token::EntryModule,
[INFO] [stdout] 152 |         parentheses: token::Paren,
[INFO] [stdout]     |         ^^^^^^^^^^^
[INFO] [stdout] 
[INFO] [stdout] 
[INFO] [stdout] warning: field `parentheses` is never read
[INFO] [stdout]    --> src/drv_config_table/ast/snec_attribute.rs:163:9
[INFO] [stdout]     |
[INFO] [stdout] 161 |     EntryModuleVisibility {
[INFO] [stdout]     |     --------------------- field in this variant
[INFO] [stdout] 162 |         name: custom_token::EntryModuleVisibility,
[INFO] [stdout] 163 |         parentheses: token::Paren,
[INFO] [stdout]     |         ^^^^^^^^^^^
[INFO] [stdout] 
[INFO] [stdout] 
[INFO] [stdout] warning: field `parentheses` is never read
[INFO] [stdout]    --> src/drv_config_table/ast/snec_attribute.rs:177:9
[INFO] [stdout]     |
[INFO] [stdout] 175 |     EntryModuleAttributes {
[INFO] [stdout]     |     --------------------- field in this variant
[INFO] [stdout] 176 |         name: custom_token::EntryModuleAttributes,
[INFO] [stdout] 177 |         parentheses: token::Paren,
[INFO] [stdout]     |         ^^^^^^^^^^^
[INFO] [stdout] 
[INFO] [stdout] 
[INFO] [stdout] warning: fields `name`, `parentheses`, `braces`, and `colon` are never read
[INFO] [stdout]    --> src/drv_config_table/ast/snec_attribute.rs:187:9
[INFO] [stdout]     |
[INFO] [stdout] 186 |     Receiver {
[INFO] [stdout]     |     -------- fields in this variant
[INFO] [stdout] 187 |         name: custom_token::Receiver,
[INFO] [stdout]     |         ^^^^
[INFO] [stdout] 188 |         parentheses: token::Paren,
[INFO] [stdout]     |         ^^^^^^^^^^^
[INFO] [stdout] 189 |         braces: token::Brace,
[INFO] [stdout]     |         ^^^^^^
[INFO] [stdout] ...
[INFO] [stdout] 192 |         colon: Token![:],
[INFO] [stdout]     |         ^^^^^
[INFO] [stdout] 
[INFO] [stdout] 
[INFO] [stdout] warning: field `0` is never read
[INFO] [stdout]    --> src/drv_config_table/ast/snec_attribute.rs:379:31
[INFO] [stdout]     |
[INFO] [stdout] 379 |               pub struct $name (pub Span);
[INFO] [stdout]     |                                 ^^^^^^^^
[INFO] [stdout] ...
[INFO] [stdout] 401 | /     custom_tokens! {
[INFO] [stdout] 402 | |         // Root attribute name
[INFO] [stdout] 403 | |         (Snec, "snec"),
[INFO] [stdout]     | |          ---- field in this struct
[INFO] [stdout] ...   |
[INFO] [stdout] 411 | |         (EntryModuleAttributes, "entry_module_attributes"),
[INFO] [stdout] 412 | |     }
[INFO] [stdout]     | |_____- in this macro invocation
[INFO] [stdout]     |
[INFO] [stdout]     = help: consider removing this field
[INFO] [stdout]     = note: this warning originates in the macro `custom_tokens` (in Nightly builds, run with -Z macro-backtrace for more info)
[INFO] [stdout] 
[INFO] [stdout] 
[INFO] [stdout] warning: field `0` is never read
[INFO] [stdout]    --> src/drv_config_table/ast/snec_attribute.rs:379:31
[INFO] [stdout]     |
[INFO] [stdout] 379 |               pub struct $name (pub Span);
[INFO] [stdout]     |                                 ^^^^^^^^
[INFO] [stdout] ...
[INFO] [stdout] 401 | /     custom_tokens! {
[INFO] [stdout] 402 | |         // Root attribute name
[INFO] [stdout] 403 | |         (Snec, "snec"),
[INFO] [stdout] ...   |
[INFO] [stdout] 407 | |         (Receiver, "receiver"),
[INFO] [stdout]     | |          -------- field in this struct
[INFO] [stdout] ...   |
[INFO] [stdout] 411 | |         (EntryModuleAttributes, "entry_module_attributes"),
[INFO] [stdout] 412 | |     }
[INFO] [stdout]     | |_____- in this macro invocation
[INFO] [stdout]     |
[INFO] [stdout]     = help: consider removing this field
[INFO] [stdout]     = note: this warning originates in the macro `custom_tokens` (in Nightly builds, run with -Z macro-backtrace for more info)
[INFO] [stdout] 
[INFO] [stdout] 
[INFO] [stdout] warning: fields `visibility`, `struct_token`, `generics`, and `braces` are never read
[INFO] [stdout]   --> src/drv_config_table/ast/struct_input.rs:16:9
[INFO] [stdout]    |
[INFO] [stdout] 14 | pub struct ConfigTableStruct {
[INFO] [stdout]    |            ----------------- fields in this struct
[INFO] [stdout] 15 |     pub attrs: Vec<Attribute>,
[INFO] [stdout] 16 |     pub visibility: Visibility,
[INFO] [stdout]    |         ^^^^^^^^^^
[INFO] [stdout] 17 |     pub struct_token: Token![struct],
[INFO] [stdout]    |         ^^^^^^^^^^^^
[INFO] [stdout] 18 |     pub ident: Ident,
[INFO] [stdout] 19 |     pub generics: Generics,
[INFO] [stdout]    |         ^^^^^^^^
[INFO] [stdout] 20 |     pub braces: token::Brace,
[INFO] [stdout]    |         ^^^^^^
[INFO] [stdout] 
[INFO] [stdout] 
[INFO] [stderr]     Finished `test` profile [unoptimized + debuginfo] target(s) in 0.66s
[INFO] running `Command { std: "docker" "inspect" "e4dd6db88a43b769a0b443e68782ce88c66a39582672721cbcaf388889319237", kill_on_drop: false }`
[INFO] running `Command { std: "docker" "rm" "-f" "e4dd6db88a43b769a0b443e68782ce88c66a39582672721cbcaf388889319237", kill_on_drop: false }`
[INFO] [stdout] e4dd6db88a43b769a0b443e68782ce88c66a39582672721cbcaf388889319237
[INFO] running `Command { std: "docker" "create" "-v" "/var/lib/crater-agent-workspace/builds/worker-4-tc2/target:/opt/rustwide/target:rw,Z" "-v" "/var/lib/crater-agent-workspace/builds/worker-4-tc2/source:/opt/rustwide/workdir:ro,Z" "-v" "/var/lib/crater-agent-workspace/cargo-home:/opt/rustwide/cargo-home:ro,Z" "-v" "/var/lib/crater-agent-workspace/rustup-home:/opt/rustwide/rustup-home:ro,Z" "-e" "SOURCE_DIR=/opt/rustwide/workdir" "-e" "CARGO_TARGET_DIR=/opt/rustwide/target" "-e" "CARGO_INCREMENTAL=0" "-e" "RUST_BACKTRACE=full" "-e" "RUSTFLAGS=--cap-lints=forbid -Zrandomize-layout" "-e" "RUSTDOCFLAGS=--cap-lints=forbid" "-e" "CARGO_HOME=/opt/rustwide/cargo-home" "-e" "RUSTUP_HOME=/opt/rustwide/rustup-home" "-w" "/opt/rustwide/workdir" "-m" "1610612736" "--user" "0:0" "--network" "none" "ghcr.io/rust-lang/crates-build-env/linux@sha256:4a844ea9eb2546a2d2c7022eacef16ef2e8229c7fbb2c7d4d55a9ceca922f72d" "/opt/rustwide/cargo-home/bin/cargo" "+nightly-2024-10-28" "test" "--frozen", kill_on_drop: false }`
[INFO] [stdout] 960fd3bf5c58a481e18908e3bb137af9944c2942c3dde7bd7b248e8599f6b5b5
[INFO] running `Command { std: "docker" "start" "-a" "960fd3bf5c58a481e18908e3bb137af9944c2942c3dde7bd7b248e8599f6b5b5", kill_on_drop: false }`
[INFO] [stderr] warning: fields `pound`, `brackets`, and `parentheses` are never read
[INFO] [stderr]   --> src/drv_config_table/ast/snec_attribute.rs:20:9
[INFO] [stderr]    |
[INFO] [stderr] 19 | pub struct SnecAttribute {
[INFO] [stderr]    |            ------------- fields in this struct
[INFO] [stderr] 20 |     pub pound: Token![#],
[INFO] [stderr]    |         ^^^^^
[INFO] [stderr] 21 |     pub brackets: token::Bracket,
[INFO] [stderr]    |         ^^^^^^^^
[INFO] [stderr] 22 |     pub path_span: Span,
[INFO] [stderr] 23 |     pub parentheses: Option<token::Paren>,
[INFO] [stderr]    |         ^^^^^^^^^^^
[INFO] [stderr]    |
[INFO] [stderr]    = note: `#[warn(dead_code)]` on by default
[INFO] [stderr] 
[INFO] [stderr] warning: field `parentheses` is never read
[INFO] [stderr]    --> src/drv_config_table/ast/snec_attribute.rs:128:9
[INFO] [stderr]     |
[INFO] [stderr] 126 |     Entry {
[INFO] [stderr]     |     ----- field in this variant
[INFO] [stderr] 127 |         name: custom_token::Entry,
[INFO] [stderr] 128 |         parentheses: Option<token::Paren>,
[INFO] [stderr]     |         ^^^^^^^^^^^
[INFO] [stderr] 
[INFO] [stderr] warning: field `parentheses` is never read
[INFO] [stderr]    --> src/drv_config_table/ast/snec_attribute.rs:140:9
[INFO] [stderr]     |
[INFO] [stderr] 138 |     UseEntry {
[INFO] [stderr]     |     -------- field in this variant
[INFO] [stderr] 139 |         name: custom_token::UseEntry,
[INFO] [stderr] 140 |         parentheses: token::Paren,
[INFO] [stderr]     |         ^^^^^^^^^^^
[INFO] [stderr] 
[INFO] [stderr] warning: field `parentheses` is never read
[INFO] [stderr]    --> src/drv_config_table/ast/snec_attribute.rs:152:9
[INFO] [stderr]     |
[INFO] [stderr] 150 |     EntryModule {
[INFO] [stderr]     |     ----------- field in this variant
[INFO] [stderr] 151 |         name: custom_token::EntryModule,
[INFO] [stderr] 152 |         parentheses: token::Paren,
[INFO] [stderr]     |         ^^^^^^^^^^^
[INFO] [stderr] 
[INFO] [stderr] warning: field `parentheses` is never read
[INFO] [stderr]    --> src/drv_config_table/ast/snec_attribute.rs:163:9
[INFO] [stderr]     |
[INFO] [stderr] 161 |     EntryModuleVisibility {
[INFO] [stderr]     |     --------------------- field in this variant
[INFO] [stderr] 162 |         name: custom_token::EntryModuleVisibility,
[INFO] [stderr] 163 |         parentheses: token::Paren,
[INFO] [stderr]     |         ^^^^^^^^^^^
[INFO] [stderr] 
[INFO] [stderr] warning: field `parentheses` is never read
[INFO] [stderr]    --> src/drv_config_table/ast/snec_attribute.rs:177:9
[INFO] [stderr]     |
[INFO] [stderr] 175 |     EntryModuleAttributes {
[INFO] [stderr]     |     --------------------- field in this variant
[INFO] [stderr] 176 |         name: custom_token::EntryModuleAttributes,
[INFO] [stderr] 177 |         parentheses: token::Paren,
[INFO] [stderr]     |         ^^^^^^^^^^^
[INFO] [stderr] 
[INFO] [stderr] warning: fields `name`, `parentheses`, `braces`, and `colon` are never read
[INFO] [stderr]    --> src/drv_config_table/ast/snec_attribute.rs:187:9
[INFO] [stderr]     |
[INFO] [stderr] 186 |     Receiver {
[INFO] [stderr]     |     -------- fields in this variant
[INFO] [stderr] 187 |         name: custom_token::Receiver,
[INFO] [stderr]     |         ^^^^
[INFO] [stderr] 188 |         parentheses: token::Paren,
[INFO] [stderr]     |         ^^^^^^^^^^^
[INFO] [stderr] 189 |         braces: token::Brace,
[INFO] [stderr]     |         ^^^^^^
[INFO] [stderr] ...
[INFO] [stderr] 192 |         colon: Token![:],
[INFO] [stderr]     |         ^^^^^
[INFO] [stderr] 
[INFO] [stderr] warning: field `0` is never read
[INFO] [stderr]    --> src/drv_config_table/ast/snec_attribute.rs:379:31
[INFO] [stderr]     |
[INFO] [stderr] 379 |               pub struct $name (pub Span);
[INFO] [stderr]     |                                 ^^^^^^^^
[INFO] [stderr] ...
[INFO] [stderr] 401 | /     custom_tokens! {
[INFO] [stderr] 402 | |         // Root attribute name
[INFO] [stderr] 403 | |         (Snec, "snec"),
[INFO] [stderr]     | |          ---- field in this struct
[INFO] [stderr] ...   |
[INFO] [stderr] 411 | |         (EntryModuleAttributes, "entry_module_attributes"),
[INFO] [stderr] 412 | |     }
[INFO] [stderr]     | |_____- in this macro invocation
[INFO] [stderr]     |
[INFO] [stderr]     = help: consider removing this field
[INFO] [stderr]     = note: this warning originates in the macro `custom_tokens` (in Nightly builds, run with -Z macro-backtrace for more info)
[INFO] [stderr] 
[INFO] [stderr] warning: field `0` is never read
[INFO] [stderr]    --> src/drv_config_table/ast/snec_attribute.rs:379:31
[INFO] [stderr]     |
[INFO] [stderr] 379 |               pub struct $name (pub Span);
[INFO] [stderr]     |                                 ^^^^^^^^
[INFO] [stderr] ...
[INFO] [stderr] 401 | /     custom_tokens! {
[INFO] [stderr] 402 | |         // Root attribute name
[INFO] [stderr] 403 | |         (Snec, "snec"),
[INFO] [stderr] ...   |
[INFO] [stderr] 407 | |         (Receiver, "receiver"),
[INFO] [stderr]     | |          -------- field in this struct
[INFO] [stderr] ...   |
[INFO] [stderr] 411 | |         (EntryModuleAttributes, "entry_module_attributes"),
[INFO] [stderr] 412 | |     }
[INFO] [stderr]     | |_____- in this macro invocation
[INFO] [stderr]     |
[INFO] [stderr]     = help: consider removing this field
[INFO] [stderr]     = note: this warning originates in the macro `custom_tokens` (in Nightly builds, run with -Z macro-backtrace for more info)
[INFO] [stderr] 
[INFO] [stderr] warning: fields `visibility`, `struct_token`, `generics`, and `braces` are never read
[INFO] [stderr]   --> src/drv_config_table/ast/struct_input.rs:16:9
[INFO] [stderr]    |
[INFO] [stderr] 14 | pub struct ConfigTableStruct {
[INFO] [stderr]    |            ----------------- fields in this struct
[INFO] [stderr] 15 |     pub attrs: Vec<Attribute>,
[INFO] [stderr] 16 |     pub visibility: Visibility,
[INFO] [stderr]    |         ^^^^^^^^^^
[INFO] [stderr] 17 |     pub struct_token: Token![struct],
[INFO] [stderr]    |         ^^^^^^^^^^^^
[INFO] [stderr] 18 |     pub ident: Ident,
[INFO] [stderr] 19 |     pub generics: Generics,
[INFO] [stderr]    |         ^^^^^^^^
[INFO] [stderr] 20 |     pub braces: token::Brace,
[INFO] [stderr]    |         ^^^^^^
[INFO] [stderr] 
[INFO] [stderr] warning: `snec_macros` (lib) generated 10 warnings
[INFO] [stderr] warning: `snec_macros` (lib test) generated 10 warnings (10 duplicates)
[INFO] [stderr]     Finished `test` profile [unoptimized + debuginfo] target(s) in 0.02s
[INFO] [stderr]      Running unittests src/lib.rs (/opt/rustwide/target/debug/deps/snec_macros-92c48de38cf4d9da)
[INFO] [stdout] 
[INFO] [stdout] running 1 test
[INFO] [stderr] error: test failed, to rerun pass `--lib`
[INFO] [stdout] test drv_config_table::tests::basic ... FAILED
[INFO] [stdout] 
[INFO] [stdout] failures:
[INFO] [stdout] 
[INFO] [stdout] ---- drv_config_table::tests::basic stdout ----
[INFO] [stdout] mod entries { # [doc = "The entry identifier type for the `field` field in the `MyConfigTable` config table."] pub enum Field { } } impl :: snec :: Get < entries :: Field > for MyConfigTable { type Receiver = :: snec :: EmptyReceiver ; # [inline (always)] fn get_ref (& self) -> & < entries :: Field as :: snec :: Entry > :: Data { & self . field } # [inline] fn get_handle (& mut self) -> :: snec :: Handle < '_ , entries :: Field , :: snec :: EmptyReceiver > { let receiver = { :: snec :: EmptyReceiver } ; :: snec :: Handle :: new (& mut self . field , receiver) } } impl :: snec :: Entry for entries :: Field { type Data = String ; const NAME : & 'static str = "field" ; }
[INFO] [stdout] thread 'drv_config_table::tests::basic' panicked at src/drv_config_table/mod.rs:320:9:
[INFO] [stdout] assertion `left == right` failed
[INFO] [stdout]   left: "mod entries { # [doc = \"The entry identifier type for the `field` field in the `MyConfigTable` config table.\"] pub enum Field { } } impl :: snec :: Get < entries :: Field > for MyConfigTable { type Receiver = :: snec :: EmptyReceiver ; # [inline (always)] fn get_ref (& self) -> & < entries :: Field as :: snec :: Entry > :: Data { & self . field } # [inline] fn get_handle (& mut self) -> :: snec :: Handle < '_ , entries :: Field , :: snec :: EmptyReceiver > { let receiver = { :: snec :: EmptyReceiver } ; :: snec :: Handle :: new (& mut self . field , receiver) } } impl :: snec :: Entry for entries :: Field { type Data = String ; const NAME : & 'static str = \"field\" ; }"
[INFO] [stdout]  right: "mod entries { use super :: * ; # [doc = \"The entry identifier type for the `field` field in the `MyConfigTable` config table.\"] pub enum Field { } impl :: snec :: Entry for Field { type Data = String ; const NAME : & 'static str = \"field\" ; } } ; impl :: snec :: Get < entries :: Field > for MyConfigTable { type Receiver = :: snec :: EmptyReceiver ; # [inline (always)] fn get_ref (& self) -> & < entries :: Field as :: snec :: Entry > :: Data { & self . field } # [inline] fn get_handle (& mut self) -> :: snec :: Handle < '_ , entries :: Field , :: snec :: EmptyReceiver > { let receiver = { :: snec :: EmptyReceiver } ; :: snec :: Handle :: new (& mut self . field , receiver) } }"
[INFO] [stdout] stack backtrace:
[INFO] [stdout]    0:     0x7c15f202a60a - std::backtrace_rs::backtrace::libunwind::trace::h207520d6e9873551
[INFO] [stdout]                                at /rustc/df4ca44d3fbc9301ee17f30f4d474e6ae4b05252/library/std/src/../../backtrace/src/backtrace/libunwind.rs:116:5
[INFO] [stdout]    1:     0x7c15f202a60a - std::backtrace_rs::backtrace::trace_unsynchronized::h2ed7433f370e3eca
[INFO] [stdout]                                at /rustc/df4ca44d3fbc9301ee17f30f4d474e6ae4b05252/library/std/src/../../backtrace/src/backtrace/mod.rs:66:5
[INFO] [stdout]    2:     0x7c15f202a60a - std::sys::backtrace::_print_fmt::h916fac51166b18d7
[INFO] [stdout]                                at /rustc/df4ca44d3fbc9301ee17f30f4d474e6ae4b05252/library/std/src/sys/backtrace.rs:66:9
[INFO] [stdout]    3:     0x7c15f202a60a - <std::sys::backtrace::BacktraceLock::print::DisplayBacktrace as core::fmt::Display>::fmt::ha0a4c9b8ce3802e6
[INFO] [stdout]                                at /rustc/df4ca44d3fbc9301ee17f30f4d474e6ae4b05252/library/std/src/sys/backtrace.rs:39:26
[INFO] [stdout]    4:     0x7c15f207abb3 - core::fmt::rt::Argument::fmt::h4cfc8587d52b3eb5
[INFO] [stdout]                                at /rustc/df4ca44d3fbc9301ee17f30f4d474e6ae4b05252/library/core/src/fmt/rt.rs:177:76
[INFO] [stdout]    5:     0x7c15f207abb3 - core::fmt::write::h522cc39e5b36ae9f
[INFO] [stdout]                                at /rustc/df4ca44d3fbc9301ee17f30f4d474e6ae4b05252/library/core/src/fmt/mod.rs:1190:21
[INFO] [stdout]    6:     0x7c15f201dfa3 - std::io::Write::write_fmt::h7d3c26752da97734
[INFO] [stdout]                                at /rustc/df4ca44d3fbc9301ee17f30f4d474e6ae4b05252/library/std/src/io/mod.rs:1839:15
[INFO] [stdout]    7:     0x7c15f202a452 - std::sys::backtrace::BacktraceLock::print::h4b9e00b29e9c0942
[INFO] [stdout]                                at /rustc/df4ca44d3fbc9301ee17f30f4d474e6ae4b05252/library/std/src/sys/backtrace.rs:42:9
[INFO] [stdout]    8:     0x7c15f202ca8a - std::panicking::default_hook::{{closure}}::hb59b88280d0324d9
[INFO] [stdout]                                at /rustc/df4ca44d3fbc9301ee17f30f4d474e6ae4b05252/library/std/src/panicking.rs:268:22
[INFO] [stdout]    9:     0x7c15f202c894 - std::panicking::default_hook::he1dd496665be4a29
[INFO] [stdout]                                at /rustc/df4ca44d3fbc9301ee17f30f4d474e6ae4b05252/library/std/src/panicking.rs:292:9
[INFO] [stdout]   10:     0x6397252d9739 - <alloc::boxed::Box<F,A> as core::ops::function::Fn<Args>>::call::h4ff71de18744e1dc
[INFO] [stdout]                                at /rustc/df4ca44d3fbc9301ee17f30f4d474e6ae4b05252/library/alloc/src/boxed.rs:2468:9
[INFO] [stdout]   11:     0x6397252d9739 - test::test_main::{{closure}}::hcf7c055ce117aa81
[INFO] [stdout]                                at /rustc/df4ca44d3fbc9301ee17f30f4d474e6ae4b05252/library/test/src/lib.rs:133:21
[INFO] [stdout]   12:     0x7c15f202d1f8 - <alloc::boxed::Box<F,A> as core::ops::function::Fn<Args>>::call::h1d66c6bbd60c9692
[INFO] [stdout]                                at /rustc/df4ca44d3fbc9301ee17f30f4d474e6ae4b05252/library/alloc/src/boxed.rs:2468:9
[INFO] [stdout]   13:     0x7c15f202d1f8 - std::panicking::rust_panic_with_hook::h2ff17fe8f26dfcf8
[INFO] [stdout]                                at /rustc/df4ca44d3fbc9301ee17f30f4d474e6ae4b05252/library/std/src/panicking.rs:809:13
[INFO] [stdout]   14:     0x7c15f202cfba - std::panicking::begin_panic_handler::{{closure}}::h4fad77951c07e101
[INFO] [stdout]                                at /rustc/df4ca44d3fbc9301ee17f30f4d474e6ae4b05252/library/std/src/panicking.rs:674:13
[INFO] [stdout]   15:     0x7c15f202aae9 - std::sys::backtrace::__rust_end_short_backtrace::hb1a25b3da5d0ea08
[INFO] [stdout]                                at /rustc/df4ca44d3fbc9301ee17f30f4d474e6ae4b05252/library/std/src/sys/backtrace.rs:170:18
[INFO] [stdout]   16:     0x7c15f202cc4c - rust_begin_unwind
[INFO] [stdout]                                at /rustc/df4ca44d3fbc9301ee17f30f4d474e6ae4b05252/library/std/src/panicking.rs:665:5
[INFO] [stdout]   17:     0x7c15f2076fc0 - core::panicking::panic_fmt::ha9db07b529f9b256
[INFO] [stdout]                                at /rustc/df4ca44d3fbc9301ee17f30f4d474e6ae4b05252/library/core/src/panicking.rs:75:14
[INFO] [stdout]   18:     0x7c15f20774c6 - core::panicking::assert_failed_inner::h04f38944d74a80a8
[INFO] [stdout]   19:     0x63972528c261 - core::panicking::assert_failed::h49f82bc037da440c
[INFO] [stdout]                                at /rustc/df4ca44d3fbc9301ee17f30f4d474e6ae4b05252/library/core/src/panicking.rs:377:5
[INFO] [stdout]   20:     0x63972529dc9c - snec_macros::drv_config_table::tests::basic::h8661861c138422cb
[INFO] [stdout]                                at /opt/rustwide/workdir/src/drv_config_table/mod.rs:320:9
[INFO] [stdout]   21:     0x63972529c357 - snec_macros::drv_config_table::tests::basic::{{closure}}::hb08b6b043d810f35
[INFO] [stdout]                                at /opt/rustwide/workdir/src/drv_config_table/mod.rs:285:15
[INFO] [stdout]   22:     0x63972528b206 - core::ops::function::FnOnce::call_once::h6500384d6f49b80c
[INFO] [stdout]                                at /rustc/df4ca44d3fbc9301ee17f30f4d474e6ae4b05252/library/core/src/ops/function.rs:250:5
[INFO] [stdout]   23:     0x6397252de00b - core::ops::function::FnOnce::call_once::h22c3ba5715e93f05
[INFO] [stdout]                                at /rustc/df4ca44d3fbc9301ee17f30f4d474e6ae4b05252/library/core/src/ops/function.rs:250:5
[INFO] [stdout]   24:     0x6397252de00b - test::__rust_begin_short_backtrace::h8e82d8113d0da17f
[INFO] [stdout]                                at /rustc/df4ca44d3fbc9301ee17f30f4d474e6ae4b05252/library/test/src/lib.rs:621:18
[INFO] [stdout]   25:     0x6397252dd987 - test::run_test_in_process::{{closure}}::h33235f4f20b7b7c7
[INFO] [stdout]                                at /rustc/df4ca44d3fbc9301ee17f30f4d474e6ae4b05252/library/test/src/lib.rs:644:60
[INFO] [stdout]   26:     0x6397252dd987 - <core::panic::unwind_safe::AssertUnwindSafe<F> as core::ops::function::FnOnce<()>>::call_once::hb5043206310c586f
[INFO] [stdout]                                at /rustc/df4ca44d3fbc9301ee17f30f4d474e6ae4b05252/library/core/src/panic/unwind_safe.rs:272:9
[INFO] [stdout]   27:     0x6397252dd987 - std::panicking::try::do_call::h9ad4731a60ab23e2
[INFO] [stdout]                                at /rustc/df4ca44d3fbc9301ee17f30f4d474e6ae4b05252/library/std/src/panicking.rs:557:40
[INFO] [stdout]   28:     0x6397252dd987 - std::panicking::try::h3824d23db772a716
[INFO] [stdout]                                at /rustc/df4ca44d3fbc9301ee17f30f4d474e6ae4b05252/library/std/src/panicking.rs:520:19
[INFO] [stdout]   29:     0x6397252dd987 - std::panic::catch_unwind::h5afd514605fde46b
[INFO] [stdout]                                at /rustc/df4ca44d3fbc9301ee17f30f4d474e6ae4b05252/library/std/src/panic.rs:358:14
[INFO] [stdout]   30:     0x6397252dd987 - test::run_test_in_process::h0d5cbfa7067d1720
[INFO] [stdout]                                at /rustc/df4ca44d3fbc9301ee17f30f4d474e6ae4b05252/library/test/src/lib.rs:644:27
[INFO] [stdout]   31:     0x6397252dd987 - test::run_test::{{closure}}::h708eb8872708115d
[INFO] [stdout]                                at /rustc/df4ca44d3fbc9301ee17f30f4d474e6ae4b05252/library/test/src/lib.rs:565:43
[INFO] [stdout]   32:     0x6397252a10a4 - test::run_test::{{closure}}::h392c51cee94713ab
[INFO] [stdout]                                at /rustc/df4ca44d3fbc9301ee17f30f4d474e6ae4b05252/library/test/src/lib.rs:595:41
[INFO] [stdout]   33:     0x6397252a10a4 - std::sys::backtrace::__rust_begin_short_backtrace::h2f40290710935a8b
[INFO] [stdout]                                at /rustc/df4ca44d3fbc9301ee17f30f4d474e6ae4b05252/library/std/src/sys/backtrace.rs:154:18
[INFO] [stdout]   34:     0x6397252a484e - std::thread::Builder::spawn_unchecked_::{{closure}}::{{closure}}::h3fd968d89053a903
[INFO] [stdout]                                at /rustc/df4ca44d3fbc9301ee17f30f4d474e6ae4b05252/library/std/src/thread/mod.rs:541:17
[INFO] [stdout]   35:     0x6397252a484e - <core::panic::unwind_safe::AssertUnwindSafe<F> as core::ops::function::FnOnce<()>>::call_once::h743f637ba4229880
[INFO] [stdout]                                at /rustc/df4ca44d3fbc9301ee17f30f4d474e6ae4b05252/library/core/src/panic/unwind_safe.rs:272:9
[INFO] [stdout]   36:     0x6397252a484e - std::panicking::try::do_call::h07440897322525a6
[INFO] [stdout]                                at /rustc/df4ca44d3fbc9301ee17f30f4d474e6ae4b05252/library/std/src/panicking.rs:557:40
[INFO] [stdout]   37:     0x6397252a484e - std::panicking::try::he5a2e00188156637
[INFO] [stdout]                                at /rustc/df4ca44d3fbc9301ee17f30f4d474e6ae4b05252/library/std/src/panicking.rs:520:19
[INFO] [stdout]   38:     0x6397252a484e - std::panic::catch_unwind::hbaf3cae49b3c6433
[INFO] [stdout]                                at /rustc/df4ca44d3fbc9301ee17f30f4d474e6ae4b05252/library/std/src/panic.rs:358:14
[INFO] [stdout]   39:     0x6397252a484e - std::thread::Builder::spawn_unchecked_::{{closure}}::h8e141ea224820bce
[INFO] [stdout]                                at /rustc/df4ca44d3fbc9301ee17f30f4d474e6ae4b05252/library/std/src/thread/mod.rs:540:30
[INFO] [stdout]   40:     0x6397252a484e - core::ops::function::FnOnce::call_once{{vtable.shim}}::h90d312fedd7b8ea8
[INFO] [stdout]                                at /rustc/df4ca44d3fbc9301ee17f30f4d474e6ae4b05252/library/core/src/ops/function.rs:250:5
[INFO] [stdout]   41:     0x7c15f2036d2b - <alloc::boxed::Box<F,A> as core::ops::function::FnOnce<Args>>::call_once::h69aa08ddb6adb8b6
[INFO] [stdout]                                at /rustc/df4ca44d3fbc9301ee17f30f4d474e6ae4b05252/library/alloc/src/boxed.rs:2454:9
[INFO] [stdout]   42:     0x7c15f2036d2b - <alloc::boxed::Box<F,A> as core::ops::function::FnOnce<Args>>::call_once::h5aa36efdb79c806f
[INFO] [stdout]                                at /rustc/df4ca44d3fbc9301ee17f30f4d474e6ae4b05252/library/alloc/src/boxed.rs:2454:9
[INFO] [stdout]   43:     0x7c15f2036d2b - std::sys::pal::unix::thread::Thread::new::thread_start::h6cd80a1b4be5158d
[INFO] [stdout]                                at /rustc/df4ca44d3fbc9301ee17f30f4d474e6ae4b05252/library/std/src/sys/pal/unix/thread.rs:105:17
[INFO] [stdout]   44:     0x7c15f1caaac3 - <unknown>
[INFO] [stdout]   45:     0x7c15f1d3ba04 - clone
[INFO] [stdout]   46:                0x0 - <unknown>
[INFO] [stdout] 
[INFO] [stdout] 
[INFO] [stdout] failures:
[INFO] [stdout]     drv_config_table::tests::basic
[INFO] [stdout] 
[INFO] [stdout] test result: FAILED. 0 passed; 1 failed; 0 ignored; 0 measured; 0 filtered out; finished in 0.03s
[INFO] [stdout] 
[INFO] running `Command { std: "docker" "inspect" "960fd3bf5c58a481e18908e3bb137af9944c2942c3dde7bd7b248e8599f6b5b5", kill_on_drop: false }`
[INFO] running `Command { std: "docker" "rm" "-f" "960fd3bf5c58a481e18908e3bb137af9944c2942c3dde7bd7b248e8599f6b5b5", kill_on_drop: false }`
[INFO] [stdout] 960fd3bf5c58a481e18908e3bb137af9944c2942c3dde7bd7b248e8599f6b5b5
