[INFO] fetching crate sneak 0.1.0-rc1...
[INFO] testing sneak-0.1.0-rc1 against nightly-2024-10-28+rustflags=-Zrandomize-layout for randomize-layout
[INFO] extracting crate sneak 0.1.0-rc1 into /workspace/builds/worker-6-tc2/source
[INFO] validating manifest of crates.io crate sneak 0.1.0-rc1 on toolchain nightly-2024-10-28
[INFO] running `Command { std: CARGO_HOME="/workspace/cargo-home" RUSTUP_HOME="/workspace/rustup-home" "/workspace/cargo-home/bin/cargo" "+nightly-2024-10-28" "metadata" "--manifest-path" "Cargo.toml" "--no-deps", kill_on_drop: false }`
[INFO] removed /workspace/builds/worker-6-tc2/source/rust-toolchain.toml
[INFO] started tweaking crates.io crate sneak 0.1.0-rc1
[INFO] finished tweaking crates.io crate sneak 0.1.0-rc1
[INFO] tweaked toml for crates.io crate sneak 0.1.0-rc1 written to /workspace/builds/worker-6-tc2/source/Cargo.toml
[INFO] running `Command { std: CARGO_HOME="/workspace/cargo-home" RUSTUP_HOME="/workspace/rustup-home" "/workspace/cargo-home/bin/cargo" "+nightly-2024-10-28" "generate-lockfile" "--manifest-path" "Cargo.toml", kill_on_drop: false }`
[INFO] [stderr]     Updating crates.io index
[INFO] [stderr]      Locking 1 package to latest compatible version
[INFO] running `Command { std: CARGO_HOME="/workspace/cargo-home" RUSTUP_HOME="/workspace/rustup-home" "/workspace/cargo-home/bin/cargo" "+nightly-2024-10-28" "fetch" "--manifest-path" "Cargo.toml", kill_on_drop: false }`
[INFO] running `Command { std: "docker" "create" "-v" "/var/lib/crater-agent-workspace/builds/worker-6-tc2/target:/opt/rustwide/target:rw,Z" "-v" "/var/lib/crater-agent-workspace/builds/worker-6-tc2/source:/opt/rustwide/workdir:ro,Z" "-v" "/var/lib/crater-agent-workspace/cargo-home:/opt/rustwide/cargo-home:ro,Z" "-v" "/var/lib/crater-agent-workspace/rustup-home:/opt/rustwide/rustup-home:ro,Z" "-e" "SOURCE_DIR=/opt/rustwide/workdir" "-e" "CARGO_TARGET_DIR=/opt/rustwide/target" "-e" "CARGO_HOME=/opt/rustwide/cargo-home" "-e" "RUSTUP_HOME=/opt/rustwide/rustup-home" "-w" "/opt/rustwide/workdir" "-m" "1610612736" "--user" "0:0" "--network" "none" "ghcr.io/rust-lang/crates-build-env/linux@sha256:4a844ea9eb2546a2d2c7022eacef16ef2e8229c7fbb2c7d4d55a9ceca922f72d" "/opt/rustwide/cargo-home/bin/cargo" "+nightly-2024-10-28" "metadata" "--no-deps" "--format-version=1", kill_on_drop: false }`
[INFO] [stdout] 2eb0f52e5f3663fadec6bfe0c6703cde08c95bc0b8b194d7614d5f834dbc75dd
[INFO] running `Command { std: "docker" "start" "-a" "2eb0f52e5f3663fadec6bfe0c6703cde08c95bc0b8b194d7614d5f834dbc75dd", kill_on_drop: false }`
[INFO] running `Command { std: "docker" "inspect" "2eb0f52e5f3663fadec6bfe0c6703cde08c95bc0b8b194d7614d5f834dbc75dd", kill_on_drop: false }`
[INFO] running `Command { std: "docker" "rm" "-f" "2eb0f52e5f3663fadec6bfe0c6703cde08c95bc0b8b194d7614d5f834dbc75dd", kill_on_drop: false }`
[INFO] [stdout] 2eb0f52e5f3663fadec6bfe0c6703cde08c95bc0b8b194d7614d5f834dbc75dd
[INFO] running `Command { std: "docker" "create" "-v" "/var/lib/crater-agent-workspace/builds/worker-6-tc2/target:/opt/rustwide/target:rw,Z" "-v" "/var/lib/crater-agent-workspace/builds/worker-6-tc2/source:/opt/rustwide/workdir:ro,Z" "-v" "/var/lib/crater-agent-workspace/cargo-home:/opt/rustwide/cargo-home:ro,Z" "-v" "/var/lib/crater-agent-workspace/rustup-home:/opt/rustwide/rustup-home:ro,Z" "-e" "SOURCE_DIR=/opt/rustwide/workdir" "-e" "CARGO_TARGET_DIR=/opt/rustwide/target" "-e" "CARGO_INCREMENTAL=0" "-e" "RUST_BACKTRACE=full" "-e" "RUSTFLAGS=--cap-lints=forbid -Zrandomize-layout" "-e" "RUSTDOCFLAGS=--cap-lints=forbid" "-e" "CARGO_HOME=/opt/rustwide/cargo-home" "-e" "RUSTUP_HOME=/opt/rustwide/rustup-home" "-w" "/opt/rustwide/workdir" "-m" "1610612736" "--user" "0:0" "--network" "none" "ghcr.io/rust-lang/crates-build-env/linux@sha256:4a844ea9eb2546a2d2c7022eacef16ef2e8229c7fbb2c7d4d55a9ceca922f72d" "/opt/rustwide/cargo-home/bin/cargo" "+nightly-2024-10-28" "build" "--frozen" "--message-format=json", kill_on_drop: false }`
[INFO] [stdout] 39d8a99e3d5367b863aa982648bc95f077b97d95bed8d62bc366c3f4ed15a48c
[INFO] running `Command { std: "docker" "start" "-a" "39d8a99e3d5367b863aa982648bc95f077b97d95bed8d62bc366c3f4ed15a48c", kill_on_drop: false }`
[INFO] [stderr]    Compiling sneak v0.1.0-rc1 (/opt/rustwide/workdir)
[INFO] [stderr]     Finished `dev` profile [unoptimized + debuginfo] target(s) in 0.07s
[INFO] running `Command { std: "docker" "inspect" "39d8a99e3d5367b863aa982648bc95f077b97d95bed8d62bc366c3f4ed15a48c", kill_on_drop: false }`
[INFO] running `Command { std: "docker" "rm" "-f" "39d8a99e3d5367b863aa982648bc95f077b97d95bed8d62bc366c3f4ed15a48c", kill_on_drop: false }`
[INFO] [stdout] 39d8a99e3d5367b863aa982648bc95f077b97d95bed8d62bc366c3f4ed15a48c
[INFO] running `Command { std: "docker" "create" "-v" "/var/lib/crater-agent-workspace/builds/worker-6-tc2/target:/opt/rustwide/target:rw,Z" "-v" "/var/lib/crater-agent-workspace/builds/worker-6-tc2/source:/opt/rustwide/workdir:ro,Z" "-v" "/var/lib/crater-agent-workspace/cargo-home:/opt/rustwide/cargo-home:ro,Z" "-v" "/var/lib/crater-agent-workspace/rustup-home:/opt/rustwide/rustup-home:ro,Z" "-e" "SOURCE_DIR=/opt/rustwide/workdir" "-e" "CARGO_TARGET_DIR=/opt/rustwide/target" "-e" "CARGO_INCREMENTAL=0" "-e" "RUST_BACKTRACE=full" "-e" "RUSTFLAGS=--cap-lints=forbid -Zrandomize-layout" "-e" "RUSTDOCFLAGS=--cap-lints=forbid" "-e" "CARGO_HOME=/opt/rustwide/cargo-home" "-e" "RUSTUP_HOME=/opt/rustwide/rustup-home" "-w" "/opt/rustwide/workdir" "-m" "1610612736" "--user" "0:0" "--network" "none" "ghcr.io/rust-lang/crates-build-env/linux@sha256:4a844ea9eb2546a2d2c7022eacef16ef2e8229c7fbb2c7d4d55a9ceca922f72d" "/opt/rustwide/cargo-home/bin/cargo" "+nightly-2024-10-28" "test" "--frozen" "--no-run" "--message-format=json", kill_on_drop: false }`
[INFO] [stdout] 677985a3974b6598ad96190f2f5425e8540f849a70a0576810e626e5cea47117
[INFO] running `Command { std: "docker" "start" "-a" "677985a3974b6598ad96190f2f5425e8540f849a70a0576810e626e5cea47117", kill_on_drop: false }`
[INFO] [stderr]    Compiling sneak v0.1.0-rc1 (/opt/rustwide/workdir)
[INFO] [stderr]     Finished `test` profile [unoptimized + debuginfo] target(s) in 0.23s
[INFO] running `Command { std: "docker" "inspect" "677985a3974b6598ad96190f2f5425e8540f849a70a0576810e626e5cea47117", kill_on_drop: false }`
[INFO] running `Command { std: "docker" "rm" "-f" "677985a3974b6598ad96190f2f5425e8540f849a70a0576810e626e5cea47117", kill_on_drop: false }`
[INFO] [stdout] 677985a3974b6598ad96190f2f5425e8540f849a70a0576810e626e5cea47117
[INFO] running `Command { std: "docker" "create" "-v" "/var/lib/crater-agent-workspace/builds/worker-6-tc2/target:/opt/rustwide/target:rw,Z" "-v" "/var/lib/crater-agent-workspace/builds/worker-6-tc2/source:/opt/rustwide/workdir:ro,Z" "-v" "/var/lib/crater-agent-workspace/cargo-home:/opt/rustwide/cargo-home:ro,Z" "-v" "/var/lib/crater-agent-workspace/rustup-home:/opt/rustwide/rustup-home:ro,Z" "-e" "SOURCE_DIR=/opt/rustwide/workdir" "-e" "CARGO_TARGET_DIR=/opt/rustwide/target" "-e" "CARGO_INCREMENTAL=0" "-e" "RUST_BACKTRACE=full" "-e" "RUSTFLAGS=--cap-lints=forbid -Zrandomize-layout" "-e" "RUSTDOCFLAGS=--cap-lints=forbid" "-e" "CARGO_HOME=/opt/rustwide/cargo-home" "-e" "RUSTUP_HOME=/opt/rustwide/rustup-home" "-w" "/opt/rustwide/workdir" "-m" "1610612736" "--user" "0:0" "--network" "none" "ghcr.io/rust-lang/crates-build-env/linux@sha256:4a844ea9eb2546a2d2c7022eacef16ef2e8229c7fbb2c7d4d55a9ceca922f72d" "/opt/rustwide/cargo-home/bin/cargo" "+nightly-2024-10-28" "test" "--frozen", kill_on_drop: false }`
[INFO] [stdout] 9a972f11198a5786985462fcefcf5654c30e9872ce0373e7e532a60415fda17d
[INFO] running `Command { std: "docker" "start" "-a" "9a972f11198a5786985462fcefcf5654c30e9872ce0373e7e532a60415fda17d", kill_on_drop: false }`
[INFO] [stderr]     Finished `test` profile [unoptimized + debuginfo] target(s) in 0.00s
[INFO] [stderr]      Running unittests src/lib.rs (/opt/rustwide/target/debug/deps/sneak-5bbc0f5df5463a23)
[INFO] [stdout] 
[INFO] [stdout] running 12 tests
[INFO] [stdout] test test::file_fstat ... FAILED
[INFO] [stdout] test test::file_fchown ... FAILED
[INFO] [stdout] test test::open_cwd ... ok
[INFO] [stdout] test test::open_dir_exists ... FAILED
[INFO] [stdout] test test::open_exists_relative ... FAILED
[INFO] [stdout] test test::open_file ... FAILED
[INFO] [stdout] test test::open_nothing ... ok
[INFO] [stdout] test test::open_self ... ok
[INFO] [stdout] test test::open_should_not_exist ... ok
[INFO] [stdout] test test::open_skip_symlink ... FAILED
[INFO] [stdout] test test::saturate_dirs ... FAILED
[INFO] [stdout] test test::valid_fd_for_close ... ok
[INFO] [stdout] 
[INFO] [stdout] failures:
[INFO] [stdout] 
[INFO] [stdout] ---- test::file_fstat stdout ----
[INFO] [stdout] Error: Os { code: 30, kind: ReadOnlyFilesystem, message: "Read-only file system" }
[INFO] [stdout] 
[INFO] [stdout] ---- test::file_fchown stdout ----
[INFO] [stdout] Error: Os { code: 30, kind: ReadOnlyFilesystem, message: "Read-only file system" }
[INFO] [stdout] 
[INFO] [stdout] ---- test::open_dir_exists stdout ----
[INFO] [stdout] Error: Os { code: 30, kind: ReadOnlyFilesystem, message: "Read-only file system" }
[INFO] [stdout] 
[INFO] [stdout] ---- test::open_exists_relative stdout ----
[INFO] [stdout] Error: Os { code: 30, kind: ReadOnlyFilesystem, message: "Read-only file system" }
[INFO] [stdout] 
[INFO] [stdout] ---- test::open_file stdout ----
[INFO] [stdout] Error: Os { code: 30, kind: ReadOnlyFilesystem, message: "Read-only file system" }
[INFO] [stdout] 
[INFO] [stdout] ---- test::open_skip_symlink stdout ----
[INFO] [stdout] Error: Os { code: 30, kind: ReadOnlyFilesystem, message: "Read-only file system" }
[INFO] [stdout] 
[INFO] [stdout] ---- test::saturate_dirs stdout ----
[INFO] [stdout] Error: Os { code: 30, kind: ReadOnlyFilesystem, message: "Read-only file system" }
[INFO] [stdout] 
[INFO] [stdout] 
[INFO] [stdout] failures:
[INFO] [stdout]     test::file_fchown
[INFO] [stdout]     test::file_fstat
[INFO] [stdout]     test::open_dir_exists
[INFO] [stdout]     test::open_exists_relative
[INFO] [stdout]     test::open_file
[INFO] [stdout]     test::open_skip_symlink
[INFO] [stdout]     test::saturate_dirs
[INFO] [stdout] 
[INFO] [stdout] test result: FAILED. 5 passed; 7 failed; 0 ignored; 0 measured; 0 filtered out; finished in 0.00s
[INFO] [stdout] 
[INFO] [stderr] error: test failed, to rerun pass `--lib`
[INFO] running `Command { std: "docker" "inspect" "9a972f11198a5786985462fcefcf5654c30e9872ce0373e7e532a60415fda17d", kill_on_drop: false }`
[INFO] running `Command { std: "docker" "rm" "-f" "9a972f11198a5786985462fcefcf5654c30e9872ce0373e7e532a60415fda17d", kill_on_drop: false }`
[INFO] [stdout] 9a972f11198a5786985462fcefcf5654c30e9872ce0373e7e532a60415fda17d
