[INFO] fetching crate smtlib-syntax 0.1.0...
[INFO] testing smtlib-syntax-0.1.0 against nightly-2024-10-28+rustflags=-Zrandomize-layout for randomize-layout
[INFO] extracting crate smtlib-syntax 0.1.0 into /workspace/builds/worker-5-tc2/source
[INFO] validating manifest of crates.io crate smtlib-syntax 0.1.0 on toolchain nightly-2024-10-28
[INFO] running `Command { std: CARGO_HOME="/workspace/cargo-home" RUSTUP_HOME="/workspace/rustup-home" "/workspace/cargo-home/bin/cargo" "+nightly-2024-10-28" "metadata" "--manifest-path" "Cargo.toml" "--no-deps", kill_on_drop: false }`
[INFO] started tweaking crates.io crate smtlib-syntax 0.1.0
[INFO] finished tweaking crates.io crate smtlib-syntax 0.1.0
[INFO] tweaked toml for crates.io crate smtlib-syntax 0.1.0 written to /workspace/builds/worker-5-tc2/source/Cargo.toml
[INFO] running `Command { std: CARGO_HOME="/workspace/cargo-home" RUSTUP_HOME="/workspace/rustup-home" "/workspace/cargo-home/bin/cargo" "+nightly-2024-10-28" "generate-lockfile" "--manifest-path" "Cargo.toml", kill_on_drop: false }`
[INFO] running `Command { std: CARGO_HOME="/workspace/cargo-home" RUSTUP_HOME="/workspace/rustup-home" "/workspace/cargo-home/bin/cargo" "+nightly-2024-10-28" "fetch" "--manifest-path" "Cargo.toml", kill_on_drop: false }`
[INFO] running `Command { std: "docker" "create" "-v" "/var/lib/crater-agent-workspace/builds/worker-5-tc2/target:/opt/rustwide/target:rw,Z" "-v" "/var/lib/crater-agent-workspace/builds/worker-5-tc2/source:/opt/rustwide/workdir:ro,Z" "-v" "/var/lib/crater-agent-workspace/cargo-home:/opt/rustwide/cargo-home:ro,Z" "-v" "/var/lib/crater-agent-workspace/rustup-home:/opt/rustwide/rustup-home:ro,Z" "-e" "SOURCE_DIR=/opt/rustwide/workdir" "-e" "CARGO_TARGET_DIR=/opt/rustwide/target" "-e" "CARGO_HOME=/opt/rustwide/cargo-home" "-e" "RUSTUP_HOME=/opt/rustwide/rustup-home" "-w" "/opt/rustwide/workdir" "-m" "1610612736" "--user" "0:0" "--network" "none" "ghcr.io/rust-lang/crates-build-env/linux@sha256:4a844ea9eb2546a2d2c7022eacef16ef2e8229c7fbb2c7d4d55a9ceca922f72d" "/opt/rustwide/cargo-home/bin/cargo" "+nightly-2024-10-28" "metadata" "--no-deps" "--format-version=1", kill_on_drop: false }`
[INFO] [stdout] 287c0c1a591c034e0b23aa1bff9dc1caab8e1790470c1050612ef33de37a2aeb
[INFO] running `Command { std: "docker" "start" "-a" "287c0c1a591c034e0b23aa1bff9dc1caab8e1790470c1050612ef33de37a2aeb", kill_on_drop: false }`
[INFO] running `Command { std: "docker" "inspect" "287c0c1a591c034e0b23aa1bff9dc1caab8e1790470c1050612ef33de37a2aeb", kill_on_drop: false }`
[INFO] running `Command { std: "docker" "rm" "-f" "287c0c1a591c034e0b23aa1bff9dc1caab8e1790470c1050612ef33de37a2aeb", kill_on_drop: false }`
[INFO] [stdout] 287c0c1a591c034e0b23aa1bff9dc1caab8e1790470c1050612ef33de37a2aeb
[INFO] running `Command { std: "docker" "create" "-v" "/var/lib/crater-agent-workspace/builds/worker-5-tc2/target:/opt/rustwide/target:rw,Z" "-v" "/var/lib/crater-agent-workspace/builds/worker-5-tc2/source:/opt/rustwide/workdir:ro,Z" "-v" "/var/lib/crater-agent-workspace/cargo-home:/opt/rustwide/cargo-home:ro,Z" "-v" "/var/lib/crater-agent-workspace/rustup-home:/opt/rustwide/rustup-home:ro,Z" "-e" "SOURCE_DIR=/opt/rustwide/workdir" "-e" "CARGO_TARGET_DIR=/opt/rustwide/target" "-e" "CARGO_INCREMENTAL=0" "-e" "RUST_BACKTRACE=full" "-e" "RUSTFLAGS=--cap-lints=forbid -Zrandomize-layout" "-e" "RUSTDOCFLAGS=--cap-lints=forbid" "-e" "CARGO_HOME=/opt/rustwide/cargo-home" "-e" "RUSTUP_HOME=/opt/rustwide/rustup-home" "-w" "/opt/rustwide/workdir" "-m" "1610612736" "--user" "0:0" "--network" "none" "ghcr.io/rust-lang/crates-build-env/linux@sha256:4a844ea9eb2546a2d2c7022eacef16ef2e8229c7fbb2c7d4d55a9ceca922f72d" "/opt/rustwide/cargo-home/bin/cargo" "+nightly-2024-10-28" "build" "--frozen" "--message-format=json", kill_on_drop: false }`
[INFO] [stdout] f226b0f56d01d938da9392a464b3f3b0048e816e914aff8c93705e29f3e043d4
[INFO] running `Command { std: "docker" "start" "-a" "f226b0f56d01d938da9392a464b3f3b0048e816e914aff8c93705e29f3e043d4", kill_on_drop: false }`
[INFO] [stderr]    Compiling smtlib-syntax v0.1.0 (/opt/rustwide/workdir)
[INFO] [stdout] warning: field `0` is never read
[INFO] [stdout]   --> src/lexicon.rs:24:31
[INFO] [stdout]    |
[INFO] [stdout] 24 | pub struct InvalidStringError(String);
[INFO] [stdout]    |            ------------------ ^^^^^^
[INFO] [stdout]    |            |
[INFO] [stdout]    |            field in this struct
[INFO] [stdout]    |
[INFO] [stdout]    = help: consider removing this field
[INFO] [stdout]    = note: `InvalidStringError` has derived impls for the traits `Clone` and `Debug`, but these are intentionally ignored during dead code analysis
[INFO] [stdout]    = note: `#[warn(dead_code)]` on by default
[INFO] [stdout] 
[INFO] [stdout] 
[INFO] [stderr]     Finished `dev` profile [unoptimized + debuginfo] target(s) in 0.50s
[INFO] running `Command { std: "docker" "inspect" "f226b0f56d01d938da9392a464b3f3b0048e816e914aff8c93705e29f3e043d4", kill_on_drop: false }`
[INFO] running `Command { std: "docker" "rm" "-f" "f226b0f56d01d938da9392a464b3f3b0048e816e914aff8c93705e29f3e043d4", kill_on_drop: false }`
[INFO] [stdout] f226b0f56d01d938da9392a464b3f3b0048e816e914aff8c93705e29f3e043d4
[INFO] running `Command { std: "docker" "create" "-v" "/var/lib/crater-agent-workspace/builds/worker-5-tc2/target:/opt/rustwide/target:rw,Z" "-v" "/var/lib/crater-agent-workspace/builds/worker-5-tc2/source:/opt/rustwide/workdir:ro,Z" "-v" "/var/lib/crater-agent-workspace/cargo-home:/opt/rustwide/cargo-home:ro,Z" "-v" "/var/lib/crater-agent-workspace/rustup-home:/opt/rustwide/rustup-home:ro,Z" "-e" "SOURCE_DIR=/opt/rustwide/workdir" "-e" "CARGO_TARGET_DIR=/opt/rustwide/target" "-e" "CARGO_INCREMENTAL=0" "-e" "RUST_BACKTRACE=full" "-e" "RUSTFLAGS=--cap-lints=forbid -Zrandomize-layout" "-e" "RUSTDOCFLAGS=--cap-lints=forbid" "-e" "CARGO_HOME=/opt/rustwide/cargo-home" "-e" "RUSTUP_HOME=/opt/rustwide/rustup-home" "-w" "/opt/rustwide/workdir" "-m" "1610612736" "--user" "0:0" "--network" "none" "ghcr.io/rust-lang/crates-build-env/linux@sha256:4a844ea9eb2546a2d2c7022eacef16ef2e8229c7fbb2c7d4d55a9ceca922f72d" "/opt/rustwide/cargo-home/bin/cargo" "+nightly-2024-10-28" "test" "--frozen" "--no-run" "--message-format=json", kill_on_drop: false }`
[INFO] [stdout] b3be17f9c6aa355db05fc0f0b4bc96ee95456b50679952354773e559f348565b
[INFO] running `Command { std: "docker" "start" "-a" "b3be17f9c6aa355db05fc0f0b4bc96ee95456b50679952354773e559f348565b", kill_on_drop: false }`
[INFO] [stderr]    Compiling smtlib-syntax v0.1.0 (/opt/rustwide/workdir)
[INFO] [stdout] warning: field `0` is never read
[INFO] [stdout]   --> src/lexicon.rs:24:31
[INFO] [stdout]    |
[INFO] [stdout] 24 | pub struct InvalidStringError(String);
[INFO] [stdout]    |            ------------------ ^^^^^^
[INFO] [stdout]    |            |
[INFO] [stdout]    |            field in this struct
[INFO] [stdout]    |
[INFO] [stdout]    = help: consider removing this field
[INFO] [stdout]    = note: `InvalidStringError` has derived impls for the traits `Clone` and `Debug`, but these are intentionally ignored during dead code analysis
[INFO] [stdout]    = note: `#[warn(dead_code)]` on by default
[INFO] [stdout] 
[INFO] [stdout] 
[INFO] [stdout] warning: field `0` is never read
[INFO] [stdout]   --> src/lexicon.rs:24:31
[INFO] [stdout]    |
[INFO] [stdout] 24 | pub struct InvalidStringError(String);
[INFO] [stdout]    |            ------------------ ^^^^^^
[INFO] [stdout]    |            |
[INFO] [stdout]    |            field in this struct
[INFO] [stdout]    |
[INFO] [stdout]    = help: consider removing this field
[INFO] [stdout]    = note: `InvalidStringError` has derived impls for the traits `Clone` and `Debug`, but these are intentionally ignored during dead code analysis
[INFO] [stdout]    = note: `#[warn(dead_code)]` on by default
[INFO] [stdout] 
[INFO] [stdout] 
[INFO] [stderr]     Finished `test` profile [unoptimized + debuginfo] target(s) in 0.16s
[INFO] running `Command { std: "docker" "inspect" "b3be17f9c6aa355db05fc0f0b4bc96ee95456b50679952354773e559f348565b", kill_on_drop: false }`
[INFO] running `Command { std: "docker" "rm" "-f" "b3be17f9c6aa355db05fc0f0b4bc96ee95456b50679952354773e559f348565b", kill_on_drop: false }`
[INFO] [stdout] b3be17f9c6aa355db05fc0f0b4bc96ee95456b50679952354773e559f348565b
[INFO] running `Command { std: "docker" "create" "-v" "/var/lib/crater-agent-workspace/builds/worker-5-tc2/target:/opt/rustwide/target:rw,Z" "-v" "/var/lib/crater-agent-workspace/builds/worker-5-tc2/source:/opt/rustwide/workdir:ro,Z" "-v" "/var/lib/crater-agent-workspace/cargo-home:/opt/rustwide/cargo-home:ro,Z" "-v" "/var/lib/crater-agent-workspace/rustup-home:/opt/rustwide/rustup-home:ro,Z" "-e" "SOURCE_DIR=/opt/rustwide/workdir" "-e" "CARGO_TARGET_DIR=/opt/rustwide/target" "-e" "CARGO_INCREMENTAL=0" "-e" "RUST_BACKTRACE=full" "-e" "RUSTFLAGS=--cap-lints=forbid -Zrandomize-layout" "-e" "RUSTDOCFLAGS=--cap-lints=forbid" "-e" "CARGO_HOME=/opt/rustwide/cargo-home" "-e" "RUSTUP_HOME=/opt/rustwide/rustup-home" "-w" "/opt/rustwide/workdir" "-m" "1610612736" "--user" "0:0" "--network" "none" "ghcr.io/rust-lang/crates-build-env/linux@sha256:4a844ea9eb2546a2d2c7022eacef16ef2e8229c7fbb2c7d4d55a9ceca922f72d" "/opt/rustwide/cargo-home/bin/cargo" "+nightly-2024-10-28" "test" "--frozen", kill_on_drop: false }`
[INFO] [stdout] 9b998ba2ee928a3d1c5a2920ee7de2349b9ea94d56d52cb11c659d75531b4d8f
[INFO] running `Command { std: "docker" "start" "-a" "9b998ba2ee928a3d1c5a2920ee7de2349b9ea94d56d52cb11c659d75531b4d8f", kill_on_drop: false }`
[INFO] [stderr] warning: field `0` is never read
[INFO] [stderr]   --> src/lexicon.rs:24:31
[INFO] [stderr]    |
[INFO] [stderr] 24 | pub struct InvalidStringError(String);
[INFO] [stderr]    |            ------------------ ^^^^^^
[INFO] [stderr]    |            |
[INFO] [stderr]    |            field in this struct
[INFO] [stderr]    |
[INFO] [stderr]    = help: consider removing this field
[INFO] [stderr]    = note: `InvalidStringError` has derived impls for the traits `Clone` and `Debug`, but these are intentionally ignored during dead code analysis
[INFO] [stderr]    = note: `#[warn(dead_code)]` on by default
[INFO] [stderr] 
[INFO] [stderr] warning: `smtlib-syntax` (lib) generated 1 warning
[INFO] [stderr] warning: `smtlib-syntax` (lib test) generated 1 warning (1 duplicate)
[INFO] [stderr]     Finished `test` profile [unoptimized + debuginfo] target(s) in 0.00s
[INFO] [stderr]      Running unittests src/lib.rs (/opt/rustwide/target/debug/deps/smtlib_syntax-e3e0d20acc12182e)
[INFO] [stdout] 
[INFO] [stdout] running 0 tests
[INFO] [stdout] 
[INFO] [stdout] test result: ok. 0 passed; 0 failed; 0 ignored; 0 measured; 0 filtered out; finished in 0.00s
[INFO] [stdout] 
[INFO] [stderr]    Doc-tests smtlib_syntax
[INFO] [stdout] 
[INFO] [stdout] running 2 tests
[INFO] [stdout] test src/identifiers.rs - identifiers (line 8) ... FAILED
[INFO] [stdout] test src/sorts.rs - sorts (line 9) ... FAILED
[INFO] [stdout] 
[INFO] [stdout] failures:
[INFO] [stdout] 
[INFO] [stdout] ---- src/identifiers.rs - identifiers (line 8) stdout ----
[INFO] [stdout] error: unknown start of token: \u{3008}
[INFO] [stdout]  --> src/identifiers.rs:9:1
[INFO] [stdout]   |
[INFO] [stdout] 3 | 〈index 〉      ::= 〈numeral 〉 | 〈symbol 〉
[INFO] [stdout]   | ^^
[INFO] [stdout]   |
[INFO] [stdout] help: Unicode character '〈' (Left Angle Bracket) looks like '<' (Less-Than Sign), but it is not
[INFO] [stdout]   |
[INFO] [stdout] 3 | <index 〉      ::= 〈numeral 〉 | 〈symbol 〉
[INFO] [stdout]   | ~
[INFO] [stdout] 
[INFO] [stdout] error: unknown start of token: \u{3009}
[INFO] [stdout]  --> src/identifiers.rs:9:8
[INFO] [stdout]   |
[INFO] [stdout] 3 | 〈index 〉      ::= 〈numeral 〉 | 〈symbol 〉
[INFO] [stdout]   |         ^^
[INFO] [stdout]   |
[INFO] [stdout] help: Unicode character '〉' (Right Angle Bracket) looks like '>' (Greater-Than Sign), but it is not
[INFO] [stdout]   |
[INFO] [stdout] 3 | 〈index >      ::= 〈numeral 〉 | 〈symbol 〉
[INFO] [stdout]   |         ~
[INFO] [stdout] 
[INFO] [stdout] error: unknown start of token: \u{3008}
[INFO] [stdout]  --> src/identifiers.rs:9:19
[INFO] [stdout]   |
[INFO] [stdout] 3 | 〈index 〉      ::= 〈numeral 〉 | 〈symbol 〉
[INFO] [stdout]   |                     ^^
[INFO] [stdout]   |
[INFO] [stdout] help: Unicode character '〈' (Left Angle Bracket) looks like '<' (Less-Than Sign), but it is not
[INFO] [stdout]   |
[INFO] [stdout] 3 | 〈index 〉      ::= <numeral 〉 | 〈symbol 〉
[INFO] [stdout]   |                     ~
[INFO] [stdout] 
[INFO] [stdout] error: unknown start of token: \u{3009}
[INFO] [stdout]  --> src/identifiers.rs:9:28
[INFO] [stdout]   |
[INFO] [stdout] 3 | 〈index 〉      ::= 〈numeral 〉 | 〈symbol 〉
[INFO] [stdout]   |                               ^^
[INFO] [stdout]   |
[INFO] [stdout] help: Unicode character '〉' (Right Angle Bracket) looks like '>' (Greater-Than Sign), but it is not
[INFO] [stdout]   |
[INFO] [stdout] 3 | 〈index 〉      ::= 〈numeral > | 〈symbol 〉
[INFO] [stdout]   |                               ~
[INFO] [stdout] 
[INFO] [stdout] error: unknown start of token: \u{3008}
[INFO] [stdout]  --> src/identifiers.rs:9:32
[INFO] [stdout]   |
[INFO] [stdout] 3 | 〈index 〉      ::= 〈numeral 〉 | 〈symbol 〉
[INFO] [stdout]   |                                    ^^
[INFO] [stdout]   |
[INFO] [stdout] help: Unicode character '〈' (Left Angle Bracket) looks like '<' (Less-Than Sign), but it is not
[INFO] [stdout]   |
[INFO] [stdout] 3 | 〈index 〉      ::= 〈numeral 〉 | <symbol 〉
[INFO] [stdout]   |                                    ~
[INFO] [stdout] 
[INFO] [stdout] error: unknown start of token: \u{3009}
[INFO] [stdout]  --> src/identifiers.rs:9:40
[INFO] [stdout]   |
[INFO] [stdout] 3 | 〈index 〉      ::= 〈numeral 〉 | 〈symbol 〉
[INFO] [stdout]   |                                             ^^
[INFO] [stdout]   |
[INFO] [stdout] help: Unicode character '〉' (Right Angle Bracket) looks like '>' (Greater-Than Sign), but it is not
[INFO] [stdout]   |
[INFO] [stdout] 3 | 〈index 〉      ::= 〈numeral 〉 | 〈symbol >
[INFO] [stdout]   |                                             ~
[INFO] [stdout] 
[INFO] [stdout] error: unknown start of token: \u{3008}
[INFO] [stdout]  --> src/identifiers.rs:10:2
[INFO] [stdout]   |
[INFO] [stdout] 4 |  〈identifier 〉 ::= 〈symbol 〉 | ( _ 〈symbol 〉 〈index 〉+ )
[INFO] [stdout]   |  ^^
[INFO] [stdout]   |
[INFO] [stdout] help: Unicode character '〈' (Left Angle Bracket) looks like '<' (Less-Than Sign), but it is not
[INFO] [stdout]   |
[INFO] [stdout] 4 |  <identifier 〉 ::= 〈symbol 〉 | ( _ 〈symbol 〉 〈index 〉+ )
[INFO] [stdout]   |  ~
[INFO] [stdout] 
[INFO] [stdout] error: unknown start of token: \u{3009}
[INFO] [stdout]  --> src/identifiers.rs:10:14
[INFO] [stdout]   |
[INFO] [stdout] 4 |  〈identifier 〉 ::= 〈symbol 〉 | ( _ 〈symbol 〉 〈index 〉+ )
[INFO] [stdout]   |               ^^
[INFO] [stdout]   |
[INFO] [stdout] help: Unicode character '〉' (Right Angle Bracket) looks like '>' (Greater-Than Sign), but it is not
[INFO] [stdout]   |
[INFO] [stdout] 4 |  〈identifier > ::= 〈symbol 〉 | ( _ 〈symbol 〉 〈index 〉+ )
[INFO] [stdout]   |               ~
[INFO] [stdout] 
[INFO] [stdout] error: unknown start of token: \u{3008}
[INFO] [stdout]  --> src/identifiers.rs:10:20
[INFO] [stdout]   |
[INFO] [stdout] 4 |  〈identifier 〉 ::= 〈symbol 〉 | ( _ 〈symbol 〉 〈index 〉+ )
[INFO] [stdout]   |                      ^^
[INFO] [stdout]   |
[INFO] [stdout] help: Unicode character '〈' (Left Angle Bracket) looks like '<' (Less-Than Sign), but it is not
[INFO] [stdout]   |
[INFO] [stdout] 4 |  〈identifier 〉 ::= <symbol 〉 | ( _ 〈symbol 〉 〈index 〉+ )
[INFO] [stdout]   |                      ~
[INFO] [stdout] 
[INFO] [stdout] error: unknown start of token: \u{3009}
[INFO] [stdout]  --> src/identifiers.rs:10:28
[INFO] [stdout]   |
[INFO] [stdout] 4 |  〈identifier 〉 ::= 〈symbol 〉 | ( _ 〈symbol 〉 〈index 〉+ )
[INFO] [stdout]   |                               ^^
[INFO] [stdout]   |
[INFO] [stdout] help: Unicode character '〉' (Right Angle Bracket) looks like '>' (Greater-Than Sign), but it is not
[INFO] [stdout]   |
[INFO] [stdout] 4 |  〈identifier 〉 ::= 〈symbol > | ( _ 〈symbol 〉 〈index 〉+ )
[INFO] [stdout]   |                               ~
[INFO] [stdout] 
[INFO] [stdout] error: unknown start of token: \u{3008}
[INFO] [stdout]  --> src/identifiers.rs:10:36
[INFO] [stdout]   |
[INFO] [stdout] 4 |  〈identifier 〉 ::= 〈symbol 〉 | ( _ 〈symbol 〉 〈index 〉+ )
[INFO] [stdout]   |                                        ^^
[INFO] [stdout]   |
[INFO] [stdout] help: Unicode character '〈' (Left Angle Bracket) looks like '<' (Less-Than Sign), but it is not
[INFO] [stdout]   |
[INFO] [stdout] 4 |  〈identifier 〉 ::= 〈symbol 〉 | ( _ <symbol 〉 〈index 〉+ )
[INFO] [stdout]   |                                        ~
[INFO] [stdout] 
[INFO] [stdout] error: unknown start of token: \u{3009}
[INFO] [stdout]  --> src/identifiers.rs:10:44
[INFO] [stdout]   |
[INFO] [stdout] 4 |  〈identifier 〉 ::= 〈symbol 〉 | ( _ 〈symbol 〉 〈index 〉+ )
[INFO] [stdout]   |                                                 ^^
[INFO] [stdout]   |
[INFO] [stdout] help: Unicode character '〉' (Right Angle Bracket) looks like '>' (Greater-Than Sign), but it is not
[INFO] [stdout]   |
[INFO] [stdout] 4 |  〈identifier 〉 ::= 〈symbol 〉 | ( _ 〈symbol > 〈index 〉+ )
[INFO] [stdout]   |                                                 ~
[INFO] [stdout] 
[INFO] [stdout] error: unknown start of token: \u{3008}
[INFO] [stdout]  --> src/identifiers.rs:10:46
[INFO] [stdout]   |
[INFO] [stdout] 4 |  〈identifier 〉 ::= 〈symbol 〉 | ( _ 〈symbol 〉 〈index 〉+ )
[INFO] [stdout]   |                                                    ^^
[INFO] [stdout]   |
[INFO] [stdout] help: Unicode character '〈' (Left Angle Bracket) looks like '<' (Less-Than Sign), but it is not
[INFO] [stdout]   |
[INFO] [stdout] 4 |  〈identifier 〉 ::= 〈symbol 〉 | ( _ 〈symbol 〉 <index 〉+ )
[INFO] [stdout]   |                                                    ~
[INFO] [stdout] 
[INFO] [stdout] error: unknown start of token: \u{3009}
[INFO] [stdout]  --> src/identifiers.rs:10:53
[INFO] [stdout]   |
[INFO] [stdout] 4 |  〈identifier 〉 ::= 〈symbol 〉 | ( _ 〈symbol 〉 〈index 〉+ )
[INFO] [stdout]   |                                                            ^^
[INFO] [stdout]   |
[INFO] [stdout] help: Unicode character '〉' (Right Angle Bracket) looks like '>' (Greater-Than Sign), but it is not
[INFO] [stdout]   |
[INFO] [stdout] 4 |  〈identifier 〉 ::= 〈symbol 〉 | ( _ 〈symbol 〉 〈index >+ )
[INFO] [stdout]   |                                                            ~
[INFO] [stdout] 
[INFO] [stdout] error: expected identifier, found `=`
[INFO] [stdout]  --> src/identifiers.rs:9:17
[INFO] [stdout]   |
[INFO] [stdout] 3 | 〈index 〉      ::= 〈numeral 〉 | 〈symbol 〉
[INFO] [stdout]   |                   ^ expected identifier
[INFO] [stdout] 
[INFO] [stdout] error: aborting due to 15 previous errors
[INFO] [stdout] 
[INFO] [stdout] Couldn't compile the test.
[INFO] [stdout] ---- src/sorts.rs - sorts (line 9) stdout ----
[INFO] [stdout] error: unknown start of token: \u{3008}
[INFO] [stdout]  --> src/sorts.rs:10:1
[INFO] [stdout]   |
[INFO] [stdout] 3 | 〈sort〉 ::= 〈identi␜er 〉 | ( 〈identi␜er 〉 〈sort〉+ )
[INFO] [stdout]   | ^^
[INFO] [stdout]   |
[INFO] [stdout] help: Unicode character '〈' (Left Angle Bracket) looks like '<' (Less-Than Sign), but it is not
[INFO] [stdout]   |
[INFO] [stdout] 3 | <sort〉 ::= 〈identi␜er 〉 | ( 〈identi␜er 〉 〈sort〉+ )
[INFO] [stdout]   | ~
[INFO] [stdout] 
[INFO] [stdout] error: unknown start of token: \u{3009}
[INFO] [stdout]  --> src/sorts.rs:10:6
[INFO] [stdout]   |
[INFO] [stdout] 3 | 〈sort〉 ::= 〈identi␜er 〉 | ( 〈identi␜er 〉 〈sort〉+ )
[INFO] [stdout]   |       ^^
[INFO] [stdout]   |
[INFO] [stdout] help: Unicode character '〉' (Right Angle Bracket) looks like '>' (Greater-Than Sign), but it is not
[INFO] [stdout]   |
[INFO] [stdout] 3 | 〈sort> ::= 〈identi␜er 〉 | ( 〈identi␜er 〉 〈sort〉+ )
[INFO] [stdout]   |       ~
[INFO] [stdout] 
[INFO] [stdout] error: unknown start of token: \u{3008}
[INFO] [stdout]  --> src/sorts.rs:10:12
[INFO] [stdout]   |
[INFO] [stdout] 3 | 〈sort〉 ::= 〈identi␜er 〉 | ( 〈identi␜er 〉 〈sort〉+ )
[INFO] [stdout]   |              ^^
[INFO] [stdout]   |
[INFO] [stdout] help: Unicode character '〈' (Left Angle Bracket) looks like '<' (Less-Than Sign), but it is not
[INFO] [stdout]   |
[INFO] [stdout] 3 | 〈sort〉 ::= <identi␜er 〉 | ( 〈identi␜er 〉 〈sort〉+ )
[INFO] [stdout]   |              ~
[INFO] [stdout] 
[INFO] [stdout] error: unknown start of token: \u{1c}
[INFO] [stdout]  --> src/sorts.rs:10:19
[INFO] [stdout]   |
[INFO] [stdout] 3 | 〈sort〉 ::= 〈identi␜er 〉 | ( 〈identi␜er 〉 〈sort〉+ )
[INFO] [stdout]   |                      ^
[INFO] [stdout] 
[INFO] [stdout] error: unknown start of token: \u{3009}
[INFO] [stdout]  --> src/sorts.rs:10:23
[INFO] [stdout]   |
[INFO] [stdout] 3 | 〈sort〉 ::= 〈identi␜er 〉 | ( 〈identi␜er 〉 〈sort〉+ )
[INFO] [stdout]   |                          ^^
[INFO] [stdout]   |
[INFO] [stdout] help: Unicode character '〉' (Right Angle Bracket) looks like '>' (Greater-Than Sign), but it is not
[INFO] [stdout]   |
[INFO] [stdout] 3 | 〈sort〉 ::= 〈identi␜er > | ( 〈identi␜er 〉 〈sort〉+ )
[INFO] [stdout]   |                          ~
[INFO] [stdout] 
[INFO] [stdout] error: unknown start of token: \u{3008}
[INFO] [stdout]  --> src/sorts.rs:10:29
[INFO] [stdout]   |
[INFO] [stdout] 3 | 〈sort〉 ::= 〈identi␜er 〉 | ( 〈identi␜er 〉 〈sort〉+ )
[INFO] [stdout]   |                                 ^^
[INFO] [stdout]   |
[INFO] [stdout] help: Unicode character '〈' (Left Angle Bracket) looks like '<' (Less-Than Sign), but it is not
[INFO] [stdout]   |
[INFO] [stdout] 3 | 〈sort〉 ::= 〈identi␜er 〉 | ( <identi␜er 〉 〈sort〉+ )
[INFO] [stdout]   |                                 ~
[INFO] [stdout] 
[INFO] [stdout] error: unknown start of token: \u{1c}
[INFO] [stdout]  --> src/sorts.rs:10:36
[INFO] [stdout]   |
[INFO] [stdout] 3 | 〈sort〉 ::= 〈identi␜er 〉 | ( 〈identi␜er 〉 〈sort〉+ )
[INFO] [stdout]   |                                         ^
[INFO] [stdout] 
[INFO] [stdout] error: unknown start of token: \u{3009}
[INFO] [stdout]  --> src/sorts.rs:10:40
[INFO] [stdout]   |
[INFO] [stdout] 3 | 〈sort〉 ::= 〈identi␜er 〉 | ( 〈identi␜er 〉 〈sort〉+ )
[INFO] [stdout]   |                                             ^^
[INFO] [stdout]   |
[INFO] [stdout] help: Unicode character '〉' (Right Angle Bracket) looks like '>' (Greater-Than Sign), but it is not
[INFO] [stdout]   |
[INFO] [stdout] 3 | 〈sort〉 ::= 〈identi␜er 〉 | ( 〈identi␜er > 〈sort〉+ )
[INFO] [stdout]   |                                             ~
[INFO] [stdout] 
[INFO] [stdout] error: unknown start of token: \u{3008}
[INFO] [stdout]  --> src/sorts.rs:10:42
[INFO] [stdout]   |
[INFO] [stdout] 3 | 〈sort〉 ::= 〈identi␜er 〉 | ( 〈identi␜er 〉 〈sort〉+ )
[INFO] [stdout]   |                                                ^^
[INFO] [stdout]   |
[INFO] [stdout] help: Unicode character '〈' (Left Angle Bracket) looks like '<' (Less-Than Sign), but it is not
[INFO] [stdout]   |
[INFO] [stdout] 3 | 〈sort〉 ::= 〈identi␜er 〉 | ( 〈identi␜er 〉 <sort〉+ )
[INFO] [stdout]   |                                                ~
[INFO] [stdout] 
[INFO] [stdout] error: unknown start of token: \u{3009}
[INFO] [stdout]  --> src/sorts.rs:10:47
[INFO] [stdout]   |
[INFO] [stdout] 3 | 〈sort〉 ::= 〈identi␜er 〉 | ( 〈identi␜er 〉 〈sort〉+ )
[INFO] [stdout]   |                                                      ^^
[INFO] [stdout]   |
[INFO] [stdout] help: Unicode character '〉' (Right Angle Bracket) looks like '>' (Greater-Than Sign), but it is not
[INFO] [stdout]   |
[INFO] [stdout] 3 | 〈sort〉 ::= 〈identi␜er 〉 | ( 〈identi␜er 〉 〈sort>+ )
[INFO] [stdout]   |                                                      ~
[INFO] [stdout] 
[INFO] [stdout] error: expected identifier, found `=`
[INFO] [stdout]  --> src/sorts.rs:10:10
[INFO] [stdout]   |
[INFO] [stdout] 3 | 〈sort〉 ::= 〈identi␜er 〉 | ( 〈identi␜er 〉 〈sort〉+ )
[INFO] [stdout]   |            ^ expected identifier
[INFO] [stdout] 
[INFO] [stdout] error: aborting due to 11 previous errors
[INFO] [stdout] 
[INFO] [stdout] Couldn't compile the test.
[INFO] [stdout] 
[INFO] [stdout] failures:
[INFO] [stdout]     src/identifiers.rs - identifiers (line 8)
[INFO] [stdout]     src/sorts.rs - sorts (line 9)
[INFO] [stdout] 
[INFO] [stdout] test result: FAILED. 0 passed; 2 failed; 0 ignored; 0 measured; 0 filtered out; finished in 0.03s
[INFO] [stdout] 
[INFO] [stderr] error: doctest failed, to rerun pass `--doc`
[INFO] running `Command { std: "docker" "inspect" "9b998ba2ee928a3d1c5a2920ee7de2349b9ea94d56d52cb11c659d75531b4d8f", kill_on_drop: false }`
[INFO] running `Command { std: "docker" "rm" "-f" "9b998ba2ee928a3d1c5a2920ee7de2349b9ea94d56d52cb11c659d75531b4d8f", kill_on_drop: false }`
[INFO] [stdout] 9b998ba2ee928a3d1c5a2920ee7de2349b9ea94d56d52cb11c659d75531b4d8f
