[INFO] fetching crate smt2 0.2.0...
[INFO] testing smt2-0.2.0 against nightly-2024-10-28+rustflags=-Zrandomize-layout for randomize-layout
[INFO] extracting crate smt2 0.2.0 into /workspace/builds/worker-6-tc2/source
[INFO] validating manifest of crates.io crate smt2 0.2.0 on toolchain nightly-2024-10-28
[INFO] running `Command { std: CARGO_HOME="/workspace/cargo-home" RUSTUP_HOME="/workspace/rustup-home" "/workspace/cargo-home/bin/cargo" "+nightly-2024-10-28" "metadata" "--manifest-path" "Cargo.toml" "--no-deps", kill_on_drop: false }`
[INFO] started tweaking crates.io crate smt2 0.2.0
[INFO] finished tweaking crates.io crate smt2 0.2.0
[INFO] tweaked toml for crates.io crate smt2 0.2.0 written to /workspace/builds/worker-6-tc2/source/Cargo.toml
[INFO] running `Command { std: CARGO_HOME="/workspace/cargo-home" RUSTUP_HOME="/workspace/rustup-home" "/workspace/cargo-home/bin/cargo" "+nightly-2024-10-28" "generate-lockfile" "--manifest-path" "Cargo.toml", kill_on_drop: false }`
[INFO] [stderr]     Updating crates.io index
[INFO] [stderr]      Locking 8 packages to latest compatible versions
[INFO] running `Command { std: CARGO_HOME="/workspace/cargo-home" RUSTUP_HOME="/workspace/rustup-home" "/workspace/cargo-home/bin/cargo" "+nightly-2024-10-28" "fetch" "--manifest-path" "Cargo.toml", kill_on_drop: false }`
[INFO] running `Command { std: "docker" "create" "-v" "/var/lib/crater-agent-workspace/builds/worker-6-tc2/target:/opt/rustwide/target:rw,Z" "-v" "/var/lib/crater-agent-workspace/builds/worker-6-tc2/source:/opt/rustwide/workdir:ro,Z" "-v" "/var/lib/crater-agent-workspace/cargo-home:/opt/rustwide/cargo-home:ro,Z" "-v" "/var/lib/crater-agent-workspace/rustup-home:/opt/rustwide/rustup-home:ro,Z" "-e" "SOURCE_DIR=/opt/rustwide/workdir" "-e" "CARGO_TARGET_DIR=/opt/rustwide/target" "-e" "CARGO_HOME=/opt/rustwide/cargo-home" "-e" "RUSTUP_HOME=/opt/rustwide/rustup-home" "-w" "/opt/rustwide/workdir" "-m" "1610612736" "--user" "0:0" "--network" "none" "ghcr.io/rust-lang/crates-build-env/linux@sha256:4a844ea9eb2546a2d2c7022eacef16ef2e8229c7fbb2c7d4d55a9ceca922f72d" "/opt/rustwide/cargo-home/bin/cargo" "+nightly-2024-10-28" "metadata" "--no-deps" "--format-version=1", kill_on_drop: false }`
[INFO] [stdout] 4c5a6cf20406779a60e1912a3508fcbc8435649e192591e21a5fc88ed71d13fe
[INFO] running `Command { std: "docker" "start" "-a" "4c5a6cf20406779a60e1912a3508fcbc8435649e192591e21a5fc88ed71d13fe", kill_on_drop: false }`
[INFO] running `Command { std: "docker" "inspect" "4c5a6cf20406779a60e1912a3508fcbc8435649e192591e21a5fc88ed71d13fe", kill_on_drop: false }`
[INFO] running `Command { std: "docker" "rm" "-f" "4c5a6cf20406779a60e1912a3508fcbc8435649e192591e21a5fc88ed71d13fe", kill_on_drop: false }`
[INFO] [stdout] 4c5a6cf20406779a60e1912a3508fcbc8435649e192591e21a5fc88ed71d13fe
[INFO] running `Command { std: "docker" "create" "-v" "/var/lib/crater-agent-workspace/builds/worker-6-tc2/target:/opt/rustwide/target:rw,Z" "-v" "/var/lib/crater-agent-workspace/builds/worker-6-tc2/source:/opt/rustwide/workdir:ro,Z" "-v" "/var/lib/crater-agent-workspace/cargo-home:/opt/rustwide/cargo-home:ro,Z" "-v" "/var/lib/crater-agent-workspace/rustup-home:/opt/rustwide/rustup-home:ro,Z" "-e" "SOURCE_DIR=/opt/rustwide/workdir" "-e" "CARGO_TARGET_DIR=/opt/rustwide/target" "-e" "CARGO_INCREMENTAL=0" "-e" "RUST_BACKTRACE=full" "-e" "RUSTFLAGS=--cap-lints=forbid -Zrandomize-layout" "-e" "RUSTDOCFLAGS=--cap-lints=forbid" "-e" "CARGO_HOME=/opt/rustwide/cargo-home" "-e" "RUSTUP_HOME=/opt/rustwide/rustup-home" "-w" "/opt/rustwide/workdir" "-m" "1610612736" "--user" "0:0" "--network" "none" "ghcr.io/rust-lang/crates-build-env/linux@sha256:4a844ea9eb2546a2d2c7022eacef16ef2e8229c7fbb2c7d4d55a9ceca922f72d" "/opt/rustwide/cargo-home/bin/cargo" "+nightly-2024-10-28" "build" "--frozen" "--message-format=json", kill_on_drop: false }`
[INFO] [stdout] cc0d059b1bc19452959e567e167462718aefc3bea80b602e99e6e5d1f2a03fc6
[INFO] running `Command { std: "docker" "start" "-a" "cc0d059b1bc19452959e567e167462718aefc3bea80b602e99e6e5d1f2a03fc6", kill_on_drop: false }`
[INFO] [stderr]    Compiling numtoa v0.1.0
[INFO] [stderr]    Compiling utf8-decode v1.0.1
[INFO] [stderr]    Compiling termion v1.5.6
[INFO] [stderr]    Compiling source-span v2.7.0
[INFO] [stderr]    Compiling smt2 v0.2.0 (/opt/rustwide/workdir)
[INFO] [stdout] warning: methods `downgrade_pattern`, `downgrade_sort_declaration`, `upgrade_pattern`, and `upgrade_abstract_sort` are never used
[INFO] [stdout]    --> src/client/interface.rs:85:16
[INFO] [stdout]     |
[INFO] [stdout] 19  | impl<L, C: Constant, S: Sort, F: Function> Client<L, C, S, F> {
[INFO] [stdout]     | ------------------------------------------------------------- methods in this implementation
[INFO] [stdout] ...
[INFO] [stdout] 85  |     pub(crate) fn downgrade_pattern(&self, _pattern: &Typed<Pattern<Self>>) -> ExecResult<Typed<Pattern<Internal<L, C, F>>>, Error<L, C, ...
[INFO] [stdout]     |                   ^^^^^^^^^^^^^^^^^
[INFO] [stdout] ...
[INFO] [stdout] 148 |     pub(crate) fn downgrade_sort_declaration(&self, decl: &SortDeclaration<Self>) -> ExecResult<SortDeclaration<Internal<L, C, F>>, Error...
[INFO] [stdout]     |                   ^^^^^^^^^^^^^^^^^^^^^^^^^^
[INFO] [stdout] ...
[INFO] [stdout] 220 |     pub(crate) fn upgrade_pattern(&self, _pattern: &Typed<Pattern<Internal<L, C, F>>>) -> ExecResult<Typed<Pattern<Self>>, Error<L, C, S,...
[INFO] [stdout]     |                   ^^^^^^^^^^^^^^^
[INFO] [stdout] ...
[INFO] [stdout] 247 |     pub(crate) fn upgrade_abstract_sort(&self, sort: &AbstractGroundSort<Ident>) -> ExecResult<AbstractGroundSort<S>, Error<L, C, S, F>> {
[INFO] [stdout]     |                   ^^^^^^^^^^^^^^^^^^^^^
[INFO] [stdout]     |
[INFO] [stdout]     = note: `#[warn(dead_code)]` on by default
[INFO] [stdout] 
[INFO] [stdout] 
[INFO] [stderr]     Finished `dev` profile [unoptimized + debuginfo] target(s) in 0.91s
[INFO] running `Command { std: "docker" "inspect" "cc0d059b1bc19452959e567e167462718aefc3bea80b602e99e6e5d1f2a03fc6", kill_on_drop: false }`
[INFO] running `Command { std: "docker" "rm" "-f" "cc0d059b1bc19452959e567e167462718aefc3bea80b602e99e6e5d1f2a03fc6", kill_on_drop: false }`
[INFO] [stdout] cc0d059b1bc19452959e567e167462718aefc3bea80b602e99e6e5d1f2a03fc6
[INFO] running `Command { std: "docker" "create" "-v" "/var/lib/crater-agent-workspace/builds/worker-6-tc2/target:/opt/rustwide/target:rw,Z" "-v" "/var/lib/crater-agent-workspace/builds/worker-6-tc2/source:/opt/rustwide/workdir:ro,Z" "-v" "/var/lib/crater-agent-workspace/cargo-home:/opt/rustwide/cargo-home:ro,Z" "-v" "/var/lib/crater-agent-workspace/rustup-home:/opt/rustwide/rustup-home:ro,Z" "-e" "SOURCE_DIR=/opt/rustwide/workdir" "-e" "CARGO_TARGET_DIR=/opt/rustwide/target" "-e" "CARGO_INCREMENTAL=0" "-e" "RUST_BACKTRACE=full" "-e" "RUSTFLAGS=--cap-lints=forbid -Zrandomize-layout" "-e" "RUSTDOCFLAGS=--cap-lints=forbid" "-e" "CARGO_HOME=/opt/rustwide/cargo-home" "-e" "RUSTUP_HOME=/opt/rustwide/rustup-home" "-w" "/opt/rustwide/workdir" "-m" "1610612736" "--user" "0:0" "--network" "none" "ghcr.io/rust-lang/crates-build-env/linux@sha256:4a844ea9eb2546a2d2c7022eacef16ef2e8229c7fbb2c7d4d55a9ceca922f72d" "/opt/rustwide/cargo-home/bin/cargo" "+nightly-2024-10-28" "test" "--frozen" "--no-run" "--message-format=json", kill_on_drop: false }`
[INFO] [stdout] 787f9bb7dd53803744606904f641f2ed0c21409b312268b9934fb572c6ddcd48
[INFO] running `Command { std: "docker" "start" "-a" "787f9bb7dd53803744606904f641f2ed0c21409b312268b9934fb572c6ddcd48", kill_on_drop: false }`
[INFO] [stderr]    Compiling smt2 v0.2.0 (/opt/rustwide/workdir)
[INFO] [stdout] warning: methods `downgrade_pattern`, `downgrade_sort_declaration`, `upgrade_pattern`, and `upgrade_abstract_sort` are never used
[INFO] [stdout]    --> src/client/interface.rs:85:16
[INFO] [stdout]     |
[INFO] [stdout] 19  | impl<L, C: Constant, S: Sort, F: Function> Client<L, C, S, F> {
[INFO] [stdout]     | ------------------------------------------------------------- methods in this implementation
[INFO] [stdout] ...
[INFO] [stdout] 85  |     pub(crate) fn downgrade_pattern(&self, _pattern: &Typed<Pattern<Self>>) -> ExecResult<Typed<Pattern<Internal<L, C, F>>>, Error<L, C, ...
[INFO] [stdout]     |                   ^^^^^^^^^^^^^^^^^
[INFO] [stdout] ...
[INFO] [stdout] 148 |     pub(crate) fn downgrade_sort_declaration(&self, decl: &SortDeclaration<Self>) -> ExecResult<SortDeclaration<Internal<L, C, F>>, Error...
[INFO] [stdout]     |                   ^^^^^^^^^^^^^^^^^^^^^^^^^^
[INFO] [stdout] ...
[INFO] [stdout] 220 |     pub(crate) fn upgrade_pattern(&self, _pattern: &Typed<Pattern<Internal<L, C, F>>>) -> ExecResult<Typed<Pattern<Self>>, Error<L, C, S,...
[INFO] [stdout]     |                   ^^^^^^^^^^^^^^^
[INFO] [stdout] ...
[INFO] [stdout] 247 |     pub(crate) fn upgrade_abstract_sort(&self, sort: &AbstractGroundSort<Ident>) -> ExecResult<AbstractGroundSort<S>, Error<L, C, S, F>> {
[INFO] [stdout]     |                   ^^^^^^^^^^^^^^^^^^^^^
[INFO] [stdout]     |
[INFO] [stdout]     = note: `#[warn(dead_code)]` on by default
[INFO] [stdout] 
[INFO] [stdout] 
[INFO] [stdout] warning: methods `downgrade_pattern`, `downgrade_sort_declaration`, `upgrade_pattern`, and `upgrade_abstract_sort` are never used
[INFO] [stdout]    --> src/client/interface.rs:85:16
[INFO] [stdout]     |
[INFO] [stdout] 19  | impl<L, C: Constant, S: Sort, F: Function> Client<L, C, S, F> {
[INFO] [stdout]     | ------------------------------------------------------------- methods in this implementation
[INFO] [stdout] ...
[INFO] [stdout] 85  |     pub(crate) fn downgrade_pattern(&self, _pattern: &Typed<Pattern<Self>>) -> ExecResult<Typed<Pattern<Internal<L, C, F>>>, Error<L, C, ...
[INFO] [stdout]     |                   ^^^^^^^^^^^^^^^^^
[INFO] [stdout] ...
[INFO] [stdout] 148 |     pub(crate) fn downgrade_sort_declaration(&self, decl: &SortDeclaration<Self>) -> ExecResult<SortDeclaration<Internal<L, C, F>>, Error...
[INFO] [stdout]     |                   ^^^^^^^^^^^^^^^^^^^^^^^^^^
[INFO] [stdout] ...
[INFO] [stdout] 220 |     pub(crate) fn upgrade_pattern(&self, _pattern: &Typed<Pattern<Internal<L, C, F>>>) -> ExecResult<Typed<Pattern<Self>>, Error<L, C, S,...
[INFO] [stdout]     |                   ^^^^^^^^^^^^^^^
[INFO] [stdout] ...
[INFO] [stdout] 247 |     pub(crate) fn upgrade_abstract_sort(&self, sort: &AbstractGroundSort<Ident>) -> ExecResult<AbstractGroundSort<S>, Error<L, C, S, F>> {
[INFO] [stdout]     |                   ^^^^^^^^^^^^^^^^^^^^^
[INFO] [stdout]     |
[INFO] [stdout]     = note: `#[warn(dead_code)]` on by default
[INFO] [stdout] 
[INFO] [stdout] 
[INFO] [stderr]     Finished `test` profile [unoptimized + debuginfo] target(s) in 0.52s
[INFO] running `Command { std: "docker" "inspect" "787f9bb7dd53803744606904f641f2ed0c21409b312268b9934fb572c6ddcd48", kill_on_drop: false }`
[INFO] running `Command { std: "docker" "rm" "-f" "787f9bb7dd53803744606904f641f2ed0c21409b312268b9934fb572c6ddcd48", kill_on_drop: false }`
[INFO] [stdout] 787f9bb7dd53803744606904f641f2ed0c21409b312268b9934fb572c6ddcd48
[INFO] running `Command { std: "docker" "create" "-v" "/var/lib/crater-agent-workspace/builds/worker-6-tc2/target:/opt/rustwide/target:rw,Z" "-v" "/var/lib/crater-agent-workspace/builds/worker-6-tc2/source:/opt/rustwide/workdir:ro,Z" "-v" "/var/lib/crater-agent-workspace/cargo-home:/opt/rustwide/cargo-home:ro,Z" "-v" "/var/lib/crater-agent-workspace/rustup-home:/opt/rustwide/rustup-home:ro,Z" "-e" "SOURCE_DIR=/opt/rustwide/workdir" "-e" "CARGO_TARGET_DIR=/opt/rustwide/target" "-e" "CARGO_INCREMENTAL=0" "-e" "RUST_BACKTRACE=full" "-e" "RUSTFLAGS=--cap-lints=forbid -Zrandomize-layout" "-e" "RUSTDOCFLAGS=--cap-lints=forbid" "-e" "CARGO_HOME=/opt/rustwide/cargo-home" "-e" "RUSTUP_HOME=/opt/rustwide/rustup-home" "-w" "/opt/rustwide/workdir" "-m" "1610612736" "--user" "0:0" "--network" "none" "ghcr.io/rust-lang/crates-build-env/linux@sha256:4a844ea9eb2546a2d2c7022eacef16ef2e8229c7fbb2c7d4d55a9ceca922f72d" "/opt/rustwide/cargo-home/bin/cargo" "+nightly-2024-10-28" "test" "--frozen", kill_on_drop: false }`
[INFO] [stdout] 3304cc909dd99d8a5a6094a15d655603be0cfee184bfb4083fef43c161acb7d2
[INFO] running `Command { std: "docker" "start" "-a" "3304cc909dd99d8a5a6094a15d655603be0cfee184bfb4083fef43c161acb7d2", kill_on_drop: false }`
[INFO] [stderr] warning: methods `downgrade_pattern`, `downgrade_sort_declaration`, `upgrade_pattern`, and `upgrade_abstract_sort` are never used
[INFO] [stderr]    --> src/client/interface.rs:85:16
[INFO] [stderr]     |
[INFO] [stderr] 19  | impl<L, C: Constant, S: Sort, F: Function> Client<L, C, S, F> {
[INFO] [stderr]     | ------------------------------------------------------------- methods in this implementation
[INFO] [stderr] ...
[INFO] [stderr] 85  |     pub(crate) fn downgrade_pattern(&self, _pattern: &Typed<Pattern<Self>>) -> ExecResult<Typed<Pattern<Internal<L, C, F>>>, Error<L, C, ...
[INFO] [stderr]     |                   ^^^^^^^^^^^^^^^^^
[INFO] [stderr] ...
[INFO] [stderr] 148 |     pub(crate) fn downgrade_sort_declaration(&self, decl: &SortDeclaration<Self>) -> ExecResult<SortDeclaration<Internal<L, C, F>>, Error...
[INFO] [stderr]     |                   ^^^^^^^^^^^^^^^^^^^^^^^^^^
[INFO] [stderr] ...
[INFO] [stderr] 220 |     pub(crate) fn upgrade_pattern(&self, _pattern: &Typed<Pattern<Internal<L, C, F>>>) -> ExecResult<Typed<Pattern<Self>>, Error<L, C, S,...
[INFO] [stderr]     |                   ^^^^^^^^^^^^^^^
[INFO] [stderr] ...
[INFO] [stderr] 247 |     pub(crate) fn upgrade_abstract_sort(&self, sort: &AbstractGroundSort<Ident>) -> ExecResult<AbstractGroundSort<S>, Error<L, C, S, F>> {
[INFO] [stderr]     |                   ^^^^^^^^^^^^^^^^^^^^^
[INFO] [stderr]     |
[INFO] [stderr]     = note: `#[warn(dead_code)]` on by default
[INFO] [stderr] 
[INFO] [stderr] warning: `smt2` (lib) generated 1 warning
[INFO] [stderr] warning: `smt2` (lib test) generated 1 warning (1 duplicate)
[INFO] [stderr]     Finished `test` profile [unoptimized + debuginfo] target(s) in 0.01s
[INFO] [stderr]      Running unittests src/lib.rs (/opt/rustwide/target/debug/deps/smt2-489183c0b37c2a8d)
[INFO] [stdout] 
[INFO] [stdout] running 0 tests
[INFO] [stdout] 
[INFO] [stdout] test result: ok. 0 passed; 0 failed; 0 ignored; 0 measured; 0 filtered out; finished in 0.00s
[INFO] [stdout] 
[INFO] [stderr]    Doc-tests smt2
[INFO] [stdout] 
[INFO] [stdout] running 11 tests
[INFO] [stdout] test src/syntax/ast.rs - syntax::ast::Command (line 359) ... FAILED
[INFO] [stdout] test src/syntax/ast.rs - syntax::ast::Command (line 358) ... FAILED
[INFO] [stdout] test src/syntax/ast.rs - syntax::ast::DataTypeDeclaration (line 296) ... FAILED
[INFO] [stdout] test src/syntax/ast.rs - syntax::ast::Command (line 361) ... FAILED
[INFO] [stdout] test src/syntax/ast.rs - syntax::ast::Command (line 363) ... FAILED
[INFO] [stdout] test src/syntax/ast.rs - syntax::ast::Command (line 362) ... FAILED
[INFO] [stdout] test src/syntax/ast.rs - syntax::ast::Command (line 357) ... FAILED
[INFO] [stdout] test src/syntax/ast.rs - syntax::ast::Command (line 360) ... FAILED
[INFO] [stdout] test src/syntax/ast.rs - syntax::ast::Term (line 187) ... FAILED
[INFO] [stdout] test src/syntax/ast.rs - syntax::ast::Term (line 188) ... FAILED
[INFO] [stdout] test src/syntax/ast.rs - syntax::ast::Term (line 186) ... FAILED
[INFO] [stdout] 
[INFO] [stdout] failures:
[INFO] [stdout] 
[INFO] [stdout] ---- src/syntax/ast.rs - syntax::ast::Command (line 359) stdout ----
[INFO] [stdout] error: expected one of `)`, `,`, `@`, or `|`, found `-`
[INFO] [stdout]  --> src/syntax/ast.rs:360:12
[INFO] [stdout]   |
[INFO] [stdout] 3 | | ( declare-datatype <symbol> <datatype_decl> )
[INFO] [stdout]   |            ^ expected one of `)`, `,`, `@`, or `|`
[INFO] [stdout] 
[INFO] [stdout] error: aborting due to 1 previous error
[INFO] [stdout] 
[INFO] [stdout] Couldn't compile the test.
[INFO] [stdout] ---- src/syntax/ast.rs - syntax::ast::Command (line 358) stdout ----
[INFO] [stdout] error: expected pattern, found keyword `const`
[INFO] [stdout]  --> src/syntax/ast.rs:359:13
[INFO] [stdout]   |
[INFO] [stdout] 3 | | ( declare-const <symbol> <sort> )
[INFO] [stdout]   |             ^^^^^ expected pattern
[INFO] [stdout] 
[INFO] [stdout] error: expected one of `)`, `,`, `@`, or `|`, found `-`
[INFO] [stdout]  --> src/syntax/ast.rs:359:12
[INFO] [stdout]   |
[INFO] [stdout] 3 | | ( declare-const <symbol> <sort> )
[INFO] [stdout]   |            ^
[INFO] [stdout]   |            |
[INFO] [stdout]   |            expected one of `)`, `,`, `@`, or `|`
[INFO] [stdout]   |            help: missing `,`
[INFO] [stdout] 
[INFO] [stdout] error: expected one of `)`, `,`, or `|`, found `<`
[INFO] [stdout]  --> src/syntax/ast.rs:359:19
[INFO] [stdout]   |
[INFO] [stdout] 3 | | ( declare-const <symbol> <sort> )
[INFO] [stdout]   |                  -^ expected one of `)`, `,`, or `|`
[INFO] [stdout]   |                  |
[INFO] [stdout]   |                  help: missing `,`
[INFO] [stdout] 
[INFO] [stdout] error: expected one of `)`, `,`, `@`, or `|`, found `>`
[INFO] [stdout]  --> src/syntax/ast.rs:359:26
[INFO] [stdout]   |
[INFO] [stdout] 3 | | ( declare-const <symbol> <sort> )
[INFO] [stdout]   |                          ^ expected one of `)`, `,`, `@`, or `|`
[INFO] [stdout] 
[INFO] [stdout] error: aborting due to 4 previous errors
[INFO] [stdout] 
[INFO] [stdout] Couldn't compile the test.
[INFO] [stdout] ---- src/syntax/ast.rs - syntax::ast::DataTypeDeclaration (line 296) stdout ----
[INFO] [stdout] error: expected `::`, found `+`
[INFO] [stdout]  --> src/syntax/ast.rs:297:19
[INFO] [stdout]   |
[INFO] [stdout] 3 | | ( par ( <symbol>+ ) <constructor_dec>+ )
[INFO] [stdout]   |                   ^ expected `::`
[INFO] [stdout] 
[INFO] [stdout] error: aborting due to 1 previous error
[INFO] [stdout] 
[INFO] [stdout] Couldn't compile the test.
[INFO] [stdout] ---- src/syntax/ast.rs - syntax::ast::Command (line 361) stdout ----
[INFO] [stdout] error: expected one of `:` or `|`, found `}`
[INFO] [stdout]  --> src/syntax/ast.rs:363:1
[INFO] [stdout]   |
[INFO] [stdout] 3 | | ( exit )
[INFO] [stdout]   |           - expected one of `:` or `|`
[INFO] [stdout] 4 | } _doctest_main_src_syntax_ast_rs_361_0() }
[INFO] [stdout]   | ^ unexpected token
[INFO] [stdout] 
[INFO] [stdout] error: aborting due to 1 previous error
[INFO] [stdout] 
[INFO] [stdout] Couldn't compile the test.
[INFO] [stdout] ---- src/syntax/ast.rs - syntax::ast::Command (line 363) stdout ----
[INFO] [stdout] error: expected one of `)`, `,`, `@`, or `|`, found `-`
[INFO] [stdout]  --> src/syntax/ast.rs:364:8
[INFO] [stdout]   |
[INFO] [stdout] 3 | | ( set-logic <symbol> )
[INFO] [stdout]   |        ^ expected one of `)`, `,`, `@`, or `|`
[INFO] [stdout] 
[INFO] [stdout] error: aborting due to 1 previous error
[INFO] [stdout] 
[INFO] [stdout] Couldn't compile the test.
[INFO] [stdout] ---- src/syntax/ast.rs - syntax::ast::Command (line 362) stdout ----
[INFO] [stdout] error: expected one of `)`, `,`, `@`, or `|`, found `-`
[INFO] [stdout]  --> src/syntax/ast.rs:363:8
[INFO] [stdout]   |
[INFO] [stdout] 3 | | ( set-info <attribute> )
[INFO] [stdout]   |        ^ expected one of `)`, `,`, `@`, or `|`
[INFO] [stdout] 
[INFO] [stdout] error: aborting due to 1 previous error
[INFO] [stdout] 
[INFO] [stdout] Couldn't compile the test.
[INFO] [stdout] ---- src/syntax/ast.rs - syntax::ast::Command (line 357) stdout ----
[INFO] [stdout] error: expected one of `...`, `..=`, `..`, `:`, or `|`, found `}`
[INFO] [stdout]  --> src/syntax/ast.rs:359:1
[INFO] [stdout]   |
[INFO] [stdout] 3 | | ( check-sat )
[INFO] [stdout]   |                - expected one of `...`, `..=`, `..`, `:`, or `|`
[INFO] [stdout] 4 | } _doctest_main_src_syntax_ast_rs_357_0() }
[INFO] [stdout]   | ^ unexpected token
[INFO] [stdout] 
[INFO] [stdout] error: expected a pattern, found an expression
[INFO] [stdout]  --> src/syntax/ast.rs:358:5
[INFO] [stdout]   |
[INFO] [stdout] 3 | | ( check-sat )
[INFO] [stdout]   |     ^^^^^^^^^ not a pattern
[INFO] [stdout]   |
[INFO] [stdout]   = note: arbitrary expressions are not allowed in patterns: <https://doc.rust-lang.org/book/ch18-00-patterns.html>
[INFO] [stdout] 
[INFO] [stdout] error: aborting due to 2 previous errors
[INFO] [stdout] 
[INFO] [stdout] Couldn't compile the test.
[INFO] [stdout] ---- src/syntax/ast.rs - syntax::ast::Command (line 360) stdout ----
[INFO] [stdout] error: expected `::`, found `n`
[INFO] [stdout]  --> src/syntax/ast.rs:361:35
[INFO] [stdout]   |
[INFO] [stdout] 3 | | ( declare-datatypes ( <sort_dec>n+1 ) ( <datatype_dec>n+1 ) )
[INFO] [stdout]   |                                   ^ expected `::`
[INFO] [stdout] 
[INFO] [stdout] error: expected `::`, found `n`
[INFO] [stdout]  --> src/syntax/ast.rs:361:57
[INFO] [stdout]   |
[INFO] [stdout] 3 | | ( declare-datatypes ( <sort_dec>n+1 ) ( <datatype_dec>n+1 ) )
[INFO] [stdout]   |                                                         ^ expected `::`
[INFO] [stdout] 
[INFO] [stdout] error: expected one of `...`, `..=`, `..`, `:`, or `|`, found `}`
[INFO] [stdout]  --> src/syntax/ast.rs:362:1
[INFO] [stdout]   |
[INFO] [stdout] 3 | | ( declare-datatypes ( <sort_dec>n+1 ) ( <datatype_dec>n+1 ) )
[INFO] [stdout]   |                                                                - expected one of `...`, `..=`, `..`, `:`, or `|`
[INFO] [stdout] 4 | } _doctest_main_src_syntax_ast_rs_360_0() }
[INFO] [stdout]   | ^ unexpected token
[INFO] [stdout] 
[INFO] [stdout] error: expected a pattern, found an expression
[INFO] [stdout]  --> src/syntax/ast.rs:361:5
[INFO] [stdout]   |
[INFO] [stdout] 3 | | ( declare-datatypes ( <sort_dec>n+1 ) ( <datatype_dec>n+1 ) )
[INFO] [stdout]   |     ^^^^^^^^^^^^^^^^^^^^^^^^^^^^^^^^^^^^^^^^^^^^^^^^^^^^^^^^^ not a pattern
[INFO] [stdout]   |
[INFO] [stdout]   = note: arbitrary expressions are not allowed in patterns: <https://doc.rust-lang.org/book/ch18-00-patterns.html>
[INFO] [stdout] 
[INFO] [stdout] error: aborting due to 4 previous errors
[INFO] [stdout] 
[INFO] [stdout] Couldn't compile the test.
[INFO] [stdout] ---- src/syntax/ast.rs - syntax::ast::Term (line 187) stdout ----
[INFO] [stdout] error: expected `::`, found `+`
[INFO] [stdout]  --> src/syntax/ast.rs:188:26
[INFO] [stdout]   |
[INFO] [stdout] 3 | | ( forall ( <sorted_var>+ ) <term> )
[INFO] [stdout]   |                          ^ expected `::`
[INFO] [stdout] 
[INFO] [stdout] error: aborting due to 1 previous error
[INFO] [stdout] 
[INFO] [stdout] Couldn't compile the test.
[INFO] [stdout] ---- src/syntax/ast.rs - syntax::ast::Term (line 188) stdout ----
[INFO] [stdout] error: expected `::`, found `+`
[INFO] [stdout]  --> src/syntax/ast.rs:189:26
[INFO] [stdout]   |
[INFO] [stdout] 3 | | ( exists ( <sorted_var>+ ) <term> )
[INFO] [stdout]   |                          ^ expected `::`
[INFO] [stdout] 
[INFO] [stdout] error: aborting due to 1 previous error
[INFO] [stdout] 
[INFO] [stdout] Couldn't compile the test.
[INFO] [stdout] ---- src/syntax/ast.rs - syntax::ast::Term (line 186) stdout ----
[INFO] [stdout] error: expected pattern, found `let`
[INFO] [stdout]  --> src/syntax/ast.rs:187:5
[INFO] [stdout]   |
[INFO] [stdout] 3 | | ( let ( <var_binding>+ ) <term> )
[INFO] [stdout]   |     ^^^
[INFO] [stdout]   |
[INFO] [stdout] help: remove the unnecessary `let` keyword
[INFO] [stdout]   |
[INFO] [stdout] 3 - | ( let ( <var_binding>+ ) <term> )
[INFO] [stdout] 3 + | (  ( <var_binding>+ ) <term> )
[INFO] [stdout]   |
[INFO] [stdout] 
[INFO] [stdout] error: expected `::`, found `+`
[INFO] [stdout]  --> src/syntax/ast.rs:187:24
[INFO] [stdout]   |
[INFO] [stdout] 3 | | ( let ( <var_binding>+ ) <term> )
[INFO] [stdout]   |                        ^ expected `::`
[INFO] [stdout] 
[INFO] [stdout] error: aborting due to 2 previous errors
[INFO] [stdout] 
[INFO] [stdout] Couldn't compile the test.
[INFO] [stdout] 
[INFO] [stdout] failures:
[INFO] [stdout]     src/syntax/ast.rs - syntax::ast::Command (line 357)
[INFO] [stdout]     src/syntax/ast.rs - syntax::ast::Command (line 358)
[INFO] [stdout]     src/syntax/ast.rs - syntax::ast::Command (line 359)
[INFO] [stdout]     src/syntax/ast.rs - syntax::ast::Command (line 360)
[INFO] [stdout]     src/syntax/ast.rs - syntax::ast::Command (line 361)
[INFO] [stdout]     src/syntax/ast.rs - syntax::ast::Command (line 362)
[INFO] [stdout]     src/syntax/ast.rs - syntax::ast::Command (line 363)
[INFO] [stdout]     src/syntax/ast.rs - syntax::ast::DataTypeDeclaration (line 296)
[INFO] [stdout]     src/syntax/ast.rs - syntax::ast::Term (line 186)
[INFO] [stdout]     src/syntax/ast.rs - syntax::ast::Term (line 187)
[INFO] [stdout]     src/syntax/ast.rs - syntax::ast::Term (line 188)
[INFO] [stdout] 
[INFO] [stdout] test result: FAILED. 0 passed; 11 failed; 0 ignored; 0 measured; 0 filtered out; finished in 0.06s
[INFO] [stdout] 
[INFO] [stderr] error: doctest failed, to rerun pass `--doc`
[INFO] running `Command { std: "docker" "inspect" "3304cc909dd99d8a5a6094a15d655603be0cfee184bfb4083fef43c161acb7d2", kill_on_drop: false }`
[INFO] running `Command { std: "docker" "rm" "-f" "3304cc909dd99d8a5a6094a15d655603be0cfee184bfb4083fef43c161acb7d2", kill_on_drop: false }`
[INFO] [stdout] 3304cc909dd99d8a5a6094a15d655603be0cfee184bfb4083fef43c161acb7d2
