[INFO] fetching crate smart-id-rust-client 0.1.4...
[INFO] testing smart-id-rust-client-0.1.4 against nightly-2024-10-28 for randomize-layout
[INFO] extracting crate smart-id-rust-client 0.1.4 into /workspace/builds/worker-3-tc1/source
[INFO] validating manifest of crates.io crate smart-id-rust-client 0.1.4 on toolchain nightly-2024-10-28
[INFO] running `Command { std: CARGO_HOME="/workspace/cargo-home" RUSTUP_HOME="/workspace/rustup-home" "/workspace/cargo-home/bin/cargo" "+nightly-2024-10-28" "metadata" "--manifest-path" "Cargo.toml" "--no-deps", kill_on_drop: false }`
[INFO] removed /workspace/builds/worker-3-tc1/source/.cargo/config.toml
[INFO] started tweaking crates.io crate smart-id-rust-client 0.1.4
[INFO] finished tweaking crates.io crate smart-id-rust-client 0.1.4
[INFO] tweaked toml for crates.io crate smart-id-rust-client 0.1.4 written to /workspace/builds/worker-3-tc1/source/Cargo.toml
[INFO] crate crates.io crate smart-id-rust-client 0.1.4 already has a lockfile, it will not be regenerated
[INFO] running `Command { std: CARGO_HOME="/workspace/cargo-home" RUSTUP_HOME="/workspace/rustup-home" "/workspace/cargo-home/bin/cargo" "+nightly-2024-10-28" "fetch" "--manifest-path" "Cargo.toml", kill_on_drop: false }`
[INFO] [stderr]  Downloading crates ...
[INFO] [stderr]   Downloaded asn1-rs v0.6.1
[INFO] [stderr]   Downloaded serial_test_derive v3.1.0
[INFO] [stderr]   Downloaded oid-registry v0.7.0
[INFO] [stderr]   Downloaded asn1-rs-derive v0.5.0
[INFO] [stderr]   Downloaded serial_test v3.1.0
[INFO] [stderr]   Downloaded serde_with_macros v3.8.0
[INFO] [stderr]   Downloaded rustls-pki-types v1.5.0
[INFO] [stderr]   Downloaded scc v2.1.0
[INFO] [stderr]   Downloaded serde_with v3.8.0
[INFO] running `Command { std: "docker" "create" "-v" "/var/lib/crater-agent-workspace/builds/worker-3-tc1/target:/opt/rustwide/target:rw,Z" "-v" "/var/lib/crater-agent-workspace/builds/worker-3-tc1/source:/opt/rustwide/workdir:ro,Z" "-v" "/var/lib/crater-agent-workspace/cargo-home:/opt/rustwide/cargo-home:ro,Z" "-v" "/var/lib/crater-agent-workspace/rustup-home:/opt/rustwide/rustup-home:ro,Z" "-e" "SOURCE_DIR=/opt/rustwide/workdir" "-e" "CARGO_TARGET_DIR=/opt/rustwide/target" "-e" "CARGO_HOME=/opt/rustwide/cargo-home" "-e" "RUSTUP_HOME=/opt/rustwide/rustup-home" "-w" "/opt/rustwide/workdir" "-m" "1610612736" "--user" "0:0" "--network" "none" "ghcr.io/rust-lang/crates-build-env/linux@sha256:4a844ea9eb2546a2d2c7022eacef16ef2e8229c7fbb2c7d4d55a9ceca922f72d" "/opt/rustwide/cargo-home/bin/cargo" "+nightly-2024-10-28" "metadata" "--no-deps" "--format-version=1", kill_on_drop: false }`
[INFO] [stdout] f41b27c9e4377ae3f1634c22c748d818a7e1f0d950289b9a9bc76c846d5afad6
[INFO] running `Command { std: "docker" "start" "-a" "f41b27c9e4377ae3f1634c22c748d818a7e1f0d950289b9a9bc76c846d5afad6", kill_on_drop: false }`
[INFO] running `Command { std: "docker" "inspect" "f41b27c9e4377ae3f1634c22c748d818a7e1f0d950289b9a9bc76c846d5afad6", kill_on_drop: false }`
[INFO] running `Command { std: "docker" "rm" "-f" "f41b27c9e4377ae3f1634c22c748d818a7e1f0d950289b9a9bc76c846d5afad6", kill_on_drop: false }`
[INFO] [stdout] f41b27c9e4377ae3f1634c22c748d818a7e1f0d950289b9a9bc76c846d5afad6
[INFO] running `Command { std: "docker" "create" "-v" "/var/lib/crater-agent-workspace/builds/worker-3-tc1/target:/opt/rustwide/target:rw,Z" "-v" "/var/lib/crater-agent-workspace/builds/worker-3-tc1/source:/opt/rustwide/workdir:ro,Z" "-v" "/var/lib/crater-agent-workspace/cargo-home:/opt/rustwide/cargo-home:ro,Z" "-v" "/var/lib/crater-agent-workspace/rustup-home:/opt/rustwide/rustup-home:ro,Z" "-e" "SOURCE_DIR=/opt/rustwide/workdir" "-e" "CARGO_TARGET_DIR=/opt/rustwide/target" "-e" "CARGO_INCREMENTAL=0" "-e" "RUST_BACKTRACE=full" "-e" "RUSTFLAGS=--cap-lints=forbid" "-e" "RUSTDOCFLAGS=--cap-lints=forbid" "-e" "CARGO_HOME=/opt/rustwide/cargo-home" "-e" "RUSTUP_HOME=/opt/rustwide/rustup-home" "-w" "/opt/rustwide/workdir" "-m" "1610612736" "--user" "0:0" "--network" "none" "ghcr.io/rust-lang/crates-build-env/linux@sha256:4a844ea9eb2546a2d2c7022eacef16ef2e8229c7fbb2c7d4d55a9ceca922f72d" "/opt/rustwide/cargo-home/bin/cargo" "+nightly-2024-10-28" "build" "--frozen" "--message-format=json", kill_on_drop: false }`
[INFO] [stdout] 8e629c31d368cd3e9d436cd742ed51d8819f252539a8d83a60f188bd96e57a44
[INFO] running `Command { std: "docker" "start" "-a" "8e629c31d368cd3e9d436cd742ed51d8819f252539a8d83a60f188bd96e57a44", kill_on_drop: false }`
[INFO] [stderr]    Compiling proc-macro2 v1.0.79
[INFO] [stderr]    Compiling unicode-ident v1.0.12
[INFO] [stderr]    Compiling autocfg v1.1.0
[INFO] [stderr]    Compiling libc v0.2.153
[INFO] [stderr]    Compiling cfg-if v1.0.0
[INFO] [stderr]    Compiling cc v1.0.90
[INFO] [stderr]    Compiling itoa v1.0.10
[INFO] [stderr]    Compiling once_cell v1.19.0
[INFO] [stderr]    Compiling log v0.4.21
[INFO] [stderr]    Compiling pin-project-lite v0.2.13
[INFO] [stderr]    Compiling bytes v1.5.0
[INFO] [stderr]    Compiling smallvec v1.13.2
[INFO] [stderr]    Compiling parking_lot_core v0.9.9
[INFO] [stderr]    Compiling scopeguard v1.2.0
[INFO] [stderr]    Compiling lock_api v0.4.11
[INFO] [stderr]    Compiling tracing-core v0.1.32
[INFO] [stderr]    Compiling futures-core v0.3.30
[INFO] [stderr]    Compiling pkg-config v0.3.30
[INFO] [stderr]    Compiling vcpkg v0.2.15
[INFO] [stderr]    Compiling quote v1.0.35
[INFO] [stderr]    Compiling syn v2.0.53
[INFO] [stderr]    Compiling num_cpus v1.16.0
[INFO] [stderr]    Compiling mio v0.8.11
[INFO] [stderr]    Compiling parking_lot v0.12.1
[INFO] [stderr]    Compiling signal-hook-registry v1.4.1
[INFO] [stderr]    Compiling socket2 v0.5.6
[INFO] [stderr]    Compiling openssl-sys v0.9.102
[INFO] [stderr]    Compiling fnv v1.0.7
[INFO] [stderr]    Compiling ring v0.17.8
[INFO] [stderr]    Compiling http v1.1.0
[INFO] [stderr]    Compiling num-traits v0.2.18
[INFO] [stderr]    Compiling slab v0.4.9
[INFO] [stderr]    Compiling pin-utils v0.1.0
[INFO] [stderr]    Compiling serde v1.0.197
[INFO] [stderr]    Compiling futures-task v0.3.30
[INFO] [stderr]    Compiling futures-util v0.3.30
[INFO] [stderr]    Compiling equivalent v1.0.1
[INFO] [stderr]    Compiling hashbrown v0.14.3
[INFO] [stderr]    Compiling futures-sink v0.3.30
[INFO] [stderr]    Compiling rustls-pki-types v1.5.0
[INFO] [stderr]    Compiling httparse v1.8.0
[INFO] [stderr]    Compiling http-body v1.0.0
[INFO] [stderr]    Compiling getrandom v0.2.14
[INFO] [stderr]    Compiling indexmap v2.2.6
[INFO] [stderr]    Compiling memchr v2.7.1
[INFO] [stderr]    Compiling foreign-types-shared v0.1.1
[INFO] [stderr]    Compiling minimal-lexical v0.2.1
[INFO] [stderr]    Compiling try-lock v0.2.5
[INFO] [stderr]    Compiling spin v0.9.8
[INFO] [stderr]    Compiling powerfmt v0.2.0
[INFO] [stderr]    Compiling untrusted v0.9.0
[INFO] [stderr]    Compiling num-conv v0.1.0
[INFO] [stderr]    Compiling thiserror v1.0.59
[INFO] [stderr]    Compiling openssl v0.10.64
[INFO] [stderr]    Compiling time-core v0.1.2
[INFO] [stderr]    Compiling time-macros v0.2.18
[INFO] [stderr]    Compiling deranged v0.3.11
[INFO] [stderr]    Compiling nom v7.1.3
[INFO] [stderr]    Compiling synstructure v0.13.1
[INFO] [stderr]    Compiling want v0.3.1
[INFO] [stderr]    Compiling foreign-types v0.3.2
[INFO] [stderr]    Compiling futures-channel v0.3.30
[INFO] [stderr]    Compiling tower-service v0.3.2
[INFO] [stderr]    Compiling rustls v0.22.4
[INFO] [stderr]    Compiling tower-layer v0.3.2
[INFO] [stderr]    Compiling ident_case v1.0.1
[INFO] [stderr]    Compiling strsim v0.10.0
[INFO] [stderr]    Compiling bitflags v2.5.0
[INFO] [stderr]    Compiling tinyvec_macros v0.1.1
[INFO] [stderr]    Compiling native-tls v0.2.11
[INFO] [stderr]    Compiling tinyvec v1.6.0
[INFO] [stderr]    Compiling darling_core v0.20.8
[INFO] [stderr]    Compiling time v0.3.36
[INFO] [stderr]    Compiling num-bigint v0.4.4
[INFO] [stderr]    Compiling ryu v1.0.17
[INFO] [stderr]    Compiling rusticata-macros v4.1.0
[INFO] [stderr]    Compiling subtle v2.5.0
[INFO] [stderr]    Compiling serde_json v1.0.114
[INFO] [stderr]    Compiling tokio-macros v2.2.0
[INFO] [stderr]    Compiling tracing-attributes v0.1.27
[INFO] [stderr]    Compiling serde_derive v1.0.197
[INFO] [stderr]    Compiling pin-project-internal v1.1.5
[INFO] [stderr]    Compiling thiserror-impl v1.0.59
[INFO] [stderr]    Compiling tokio v1.36.0
[INFO] [stderr]    Compiling pin-project v1.1.5
[INFO] [stderr]    Compiling openssl-macros v0.1.1
[INFO] [stderr]    Compiling tracing v0.1.40
[INFO] [stderr]    Compiling rustls-webpki v0.102.2
[INFO] [stderr]    Compiling asn1-rs-derive v0.5.0
[INFO] [stderr]    Compiling displaydoc v0.2.4
[INFO] [stderr]    Compiling asn1-rs-impl v0.2.0
[INFO] [stderr]    Compiling percent-encoding v2.3.1
[INFO] [stderr]    Compiling zeroize v1.7.0
[INFO] [stderr]    Compiling openssl-probe v0.1.5
[INFO] [stderr]    Compiling asn1-rs v0.6.1
[INFO] [stderr]    Compiling form_urlencoded v1.2.1
[INFO] [stderr]    Compiling tokio-util v0.7.10
[INFO] [stderr]    Compiling tower v0.4.13
[INFO] [stderr]    Compiling h2 v0.4.4
[INFO] [stderr]    Compiling darling_macro v0.20.8
[INFO] [stderr]    Compiling unicode-normalization v0.1.23
[INFO] [stderr]    Compiling num-integer v0.1.46
[INFO] [stderr]    Compiling unicode-bidi v0.3.15
[INFO] [stderr]    Compiling oid-registry v0.7.0
[INFO] [stderr]    Compiling regex-syntax v0.6.29
[INFO] [stderr]    Compiling lazy_static v1.4.0
[INFO] [stderr]    Compiling regex-syntax v0.8.2
[INFO] [stderr]    Compiling idna v0.5.0
[INFO] [stderr]    Compiling hyper v1.3.1
[INFO] [stderr]    Compiling regex-automata v0.1.10
[INFO] [stderr]    Compiling hyper-util v0.1.3
[INFO] [stderr]    Compiling regex-automata v0.4.6
[INFO] [stderr]    Compiling darling v0.20.8
[INFO] [stderr]    Compiling tokio-rustls v0.25.0
[INFO] [stderr]    Compiling tokio-native-tls v0.3.1
[INFO] [stderr]    Compiling http-body-util v0.1.1
[INFO] [stderr]    Compiling base64 v0.22.0
[INFO] [stderr]    Compiling overload v0.1.1
[INFO] [stderr]    Compiling anyhow v1.0.81
[INFO] [stderr]    Compiling nu-ansi-term v0.46.0
[INFO] [stderr]    Compiling rustls-pemfile v2.1.2
[INFO] [stderr]    Compiling hyper-tls v0.6.0
[INFO] [stderr]    Compiling hyper-rustls v0.26.0
[INFO] [stderr]    Compiling serde_with_macros v3.8.0
[INFO] [stderr]    Compiling regex v1.10.3
[INFO] [stderr]    Compiling matchers v0.1.0
[INFO] [stderr]    Compiling der-parser v9.0.0
[INFO] [stderr]    Compiling url v2.5.0
[INFO] [stderr]    Compiling sharded-slab v0.1.7
[INFO] [stderr]    Compiling tracing-serde v0.1.3
[INFO] [stderr]    Compiling serde_urlencoded v0.7.1
[INFO] [stderr]    Compiling webpki-roots v0.26.1
[INFO] [stderr]    Compiling tracing-log v0.2.0
[INFO] [stderr]    Compiling thread_local v1.1.8
[INFO] [stderr]    Compiling encoding_rs v0.8.34
[INFO] [stderr]    Compiling mime v0.3.17
[INFO] [stderr]    Compiling data-encoding v2.5.0
[INFO] [stderr]    Compiling sync_wrapper v0.1.2
[INFO] [stderr]    Compiling ipnet v2.9.0
[INFO] [stderr]    Compiling x509-parser v0.16.0
[INFO] [stderr]    Compiling reqwest v0.12.4
[INFO] [stderr]    Compiling tracing-subscriber v0.3.18
[INFO] [stderr]    Compiling serde_with v3.8.0
[INFO] [stderr]    Compiling smart-id-rust-client v0.1.4 (/opt/rustwide/workdir)
[INFO] [stdout] warning: unused import: `anyhow`
[INFO] [stdout]  --> src/client/reqwest_generic.rs:1:14
[INFO] [stdout]   |
[INFO] [stdout] 1 | use anyhow::{anyhow, bail, Result};
[INFO] [stdout]   |              ^^^^^^
[INFO] [stdout]   |
[INFO] [stdout]   = note: `#[warn(unused_imports)]` on by default
[INFO] [stdout] 
[INFO] [stdout] 
[INFO] [stdout] warning: unused import: `std::future::Future`
[INFO] [stdout]  --> src/client/reqwest_generic.rs:5:5
[INFO] [stdout]   |
[INFO] [stdout] 5 | use std::future::Future;
[INFO] [stdout]   |     ^^^^^^^^^^^^^^^^^^^
[INFO] [stdout] 
[INFO] [stdout] 
[INFO] [stdout] warning: unused import: `std::path::PathBuf`
[INFO] [stdout]  --> src/client/reqwest_generic.rs:6:5
[INFO] [stdout]   |
[INFO] [stdout] 6 | use std::path::PathBuf;
[INFO] [stdout]   |     ^^^^^^^^^^^^^^^^^^
[INFO] [stdout] 
[INFO] [stdout] 
[INFO] [stdout] warning: unused import: `std::time::Duration`
[INFO] [stdout]  --> src/client/reqwest_generic.rs:7:5
[INFO] [stdout]   |
[INFO] [stdout] 7 | use std::time::Duration;
[INFO] [stdout]   |     ^^^^^^^^^^^^^^^^^^^
[INFO] [stdout] 
[INFO] [stdout] 
[INFO] [stdout] warning: unused import: `tokio::fs::File`
[INFO] [stdout]  --> src/client/reqwest_generic.rs:8:5
[INFO] [stdout]   |
[INFO] [stdout] 8 | use tokio::fs::File;
[INFO] [stdout]   |     ^^^^^^^^^^^^^^^
[INFO] [stdout] 
[INFO] [stdout] 
[INFO] [stdout] warning: unused import: `tokio::time::sleep`
[INFO] [stdout]  --> src/client/reqwest_generic.rs:9:5
[INFO] [stdout]   |
[INFO] [stdout] 9 | use tokio::time::sleep;
[INFO] [stdout]   |     ^^^^^^^^^^^^^^^^^^
[INFO] [stdout] 
[INFO] [stdout] 
[INFO] [stdout] warning: unused import: `error`
[INFO] [stdout]   --> src/client/reqwest_generic.rs:10:22
[INFO] [stdout]    |
[INFO] [stdout] 10 | use tracing::{debug, error};
[INFO] [stdout]    |                      ^^^^^
[INFO] [stdout] 
[INFO] [stdout] 
[INFO] [stdout] warning: unused import: `crate::error::SmartIdClientError::SmartIdClientException`
[INFO] [stdout]   --> src/client/smart_id_connector.rs:10:5
[INFO] [stdout]    |
[INFO] [stdout] 10 | use crate::error::SmartIdClientError::SmartIdClientException;
[INFO] [stdout]    |     ^^^^^^^^^^^^^^^^^^^^^^^^^^^^^^^^^^^^^^^^^^^^^^^^^^^^^^^^
[INFO] [stdout] 
[INFO] [stdout] 
[INFO] [stdout] warning: unused doc comment
[INFO] [stdout]   --> src/models/requests.rs:37:9
[INFO] [stdout]    |
[INFO] [stdout] 37 |           /// At least one interaction is needed for every authentication request
[INFO] [stdout]    |           ^^^^^^^^^^^^^^^^^^^^^^^^^^^^^^^^^^^^^^^^^^^^^^^^^^^^^^^^^^^^^^^^^^^^^^^
[INFO] [stdout] 38 | /         if interactions.len() == 0 {
[INFO] [stdout] 39 | |             return Err(SmartIdClientError::ConfigMissingException("Define at least 1 interaction for an authentication request").into());
[INFO] [stdout] 40 | |         };
[INFO] [stdout]    | |_________- rustdoc does not generate documentation for expressions
[INFO] [stdout]    |
[INFO] [stdout]    = help: use `//` for a plain comment
[INFO] [stdout]    = note: `#[warn(unused_doc_comments)]` on by default
[INFO] [stdout] 
[INFO] [stdout] 
[INFO] [stdout] warning: unused doc comment
[INFO] [stdout]   --> src/models/requests.rs:84:9
[INFO] [stdout]    |
[INFO] [stdout] 84 |           /// At least one interaction is needed for every authentication request
[INFO] [stdout]    |           ^^^^^^^^^^^^^^^^^^^^^^^^^^^^^^^^^^^^^^^^^^^^^^^^^^^^^^^^^^^^^^^^^^^^^^^
[INFO] [stdout] 85 | /         if interactions.len() == 0 {
[INFO] [stdout] 86 | |             return Err(SmartIdClientError::ConfigMissingException("Define at least 1 interaction for an authentication request").into());
[INFO] [stdout] 87 | |         };
[INFO] [stdout]    | |_________- rustdoc does not generate documentation for expressions
[INFO] [stdout]    |
[INFO] [stdout]    = help: use `//` for a plain comment
[INFO] [stdout] 
[INFO] [stdout] 
[INFO] [stdout] warning: unused import: `FromDer`
[INFO] [stdout]  --> src/models/common.rs:2:28
[INFO] [stdout]   |
[INFO] [stdout] 2 | use x509_parser::prelude::{FromDer};
[INFO] [stdout]   |                            ^^^^^^^
[INFO] [stdout] 
[INFO] [stdout] 
[INFO] [stdout] warning: unused import: `Engine as _`
[INFO] [stdout]  --> src/models/common.rs:3:14
[INFO] [stdout]   |
[INFO] [stdout] 3 | use base64::{Engine as _};
[INFO] [stdout]   |              ^^^^^^^^^^^
[INFO] [stdout] 
[INFO] [stdout] 
[INFO] [stdout] warning: unused import: `std::sync::Arc`
[INFO] [stdout]  --> src/client_controller.rs:2:5
[INFO] [stdout]   |
[INFO] [stdout] 2 | use std::sync::Arc;
[INFO] [stdout]   |     ^^^^^^^^^^^^^^
[INFO] [stdout] 
[INFO] [stdout] 
[INFO] [stdout] warning: unused import: `debug`
[INFO] [stdout]  --> src/client_controller.rs:4:15
[INFO] [stdout]   |
[INFO] [stdout] 4 | use tracing::{debug, error, info};
[INFO] [stdout]   |               ^^^^^
[INFO] [stdout] 
[INFO] [stdout] 
[INFO] [stdout] warning: unused import: `crate::error::SmartIdClientError::SmartIdClientException`
[INFO] [stdout]   --> src/client_controller.rs:11:5
[INFO] [stdout]    |
[INFO] [stdout] 11 | use crate::error::SmartIdClientError::SmartIdClientException;
[INFO] [stdout]    |     ^^^^^^^^^^^^^^^^^^^^^^^^^^^^^^^^^^^^^^^^^^^^^^^^^^^^^^^^
[INFO] [stdout] 
[INFO] [stdout] 
[INFO] [stdout] warning: unused variable: `res`
[INFO] [stdout]   --> src/client/reqwest_generic.rs:89:9
[INFO] [stdout]    |
[INFO] [stdout] 89 |     let res = client
[INFO] [stdout]    |         ^^^ help: if this is intentional, prefix it with an underscore: `_res`
[INFO] [stdout]    |
[INFO] [stdout]    = note: `#[warn(unused_variables)]` on by default
[INFO] [stdout] 
[INFO] [stdout] 
[INFO] [stdout] warning: unused variable: `level`
[INFO] [stdout]    --> src/models/requests.rs:127:55
[INFO] [stdout]     |
[INFO] [stdout] 127 |     pub  async fn new_with_level(cfg: &SmartIDConfig, level: CertificateLevel) -> Self {
[INFO] [stdout]     |                                                       ^^^^^ help: if this is intentional, prefix it with an underscore: `_level`
[INFO] [stdout] 
[INFO] [stdout] 
[INFO] [stdout] warning: function `get_token` is never used
[INFO] [stdout]   --> src/client/reqwest_generic.rs:20:14
[INFO] [stdout]    |
[INFO] [stdout] 20 | pub async fn get_token<R>(url: &str, timeout_millis: Option<u64>) -> Result<R>
[INFO] [stdout]    |              ^^^^^^^^^
[INFO] [stdout]    |
[INFO] [stdout]    = note: `#[warn(dead_code)]` on by default
[INFO] [stdout] 
[INFO] [stdout] 
[INFO] [stdout] warning: function `delete` is never used
[INFO] [stdout]   --> src/client/reqwest_generic.rs:78:14
[INFO] [stdout]    |
[INFO] [stdout] 78 | pub async fn delete(
[INFO] [stdout]    |              ^^^^^^
[INFO] [stdout] 
[INFO] [stdout] 
[INFO] [stdout] warning: function `post_json_value` is never used
[INFO] [stdout]    --> src/client/reqwest_generic.rs:137:14
[INFO] [stdout]     |
[INFO] [stdout] 137 | pub async fn post_json_value<T>(
[INFO] [stdout]     |              ^^^^^^^^^^^^^^^
[INFO] [stdout] 
[INFO] [stdout] 
[INFO] [stdout] warning: function `put` is never used
[INFO] [stdout]    --> src/client/reqwest_generic.rs:176:14
[INFO] [stdout]     |
[INFO] [stdout] 176 | pub async fn put<T, R>(
[INFO] [stdout]     |              ^^^
[INFO] [stdout] 
[INFO] [stdout] 
[INFO] [stdout] warning: multiple variants are never constructed
[INFO] [stdout]    --> src/error.rs:12:5
[INFO] [stdout]     |
[INFO] [stdout] 5   | pub enum SmartIdClientError {
[INFO] [stdout]     |          ------------------ variants in this enum
[INFO] [stdout] ...
[INFO] [stdout] 12  |     SmartIdException(&'static str),
[INFO] [stdout]     |     ^^^^^^^^^^^^^^^^
[INFO] [stdout] ...
[INFO] [stdout] 19  |     InvalidRequest,
[INFO] [stdout]     |     ^^^^^^^^^^^^^^
[INFO] [stdout] ...
[INFO] [stdout] 23  |     UnprocessableSmartIdResponseException(&'static str),
[INFO] [stdout]     |     ^^^^^^^^^^^^^^^^^^^^^^^^^^^^^^^^^^^^^
[INFO] [stdout] ...
[INFO] [stdout] 27  |     RelyingPartyAccountConfigurationException(&'static str),
[INFO] [stdout]     |     ^^^^^^^^^^^^^^^^^^^^^^^^^^^^^^^^^^^^^^^^^
[INFO] [stdout] ...
[INFO] [stdout] 31  |     ServerMaintenanceException(&'static str),
[INFO] [stdout]     |     ^^^^^^^^^^^^^^^^^^^^^^^^^^
[INFO] [stdout] ...
[INFO] [stdout] 35  |     SmartIdClientException(&'static str),
[INFO] [stdout]     |     ^^^^^^^^^^^^^^^^^^^^^^
[INFO] [stdout] ...
[INFO] [stdout] 40  |     EnduringSmartIdException(&'static str),
[INFO] [stdout]     |     ^^^^^^^^^^^^^^^^^^^^^^^^
[INFO] [stdout] ...
[INFO] [stdout] 45  |     UserActionException(&'static str),
[INFO] [stdout]     |     ^^^^^^^^^^^^^^^^^^^
[INFO] [stdout] ...
[INFO] [stdout] 57  |     UserRefusedCertChoiceException,
[INFO] [stdout]     |     ^^^^^^^^^^^^^^^^^^^^^^^^^^^^^^
[INFO] [stdout] ...
[INFO] [stdout] 61  |     UserRefusedConfirmationMessageException,
[INFO] [stdout]     |     ^^^^^^^^^^^^^^^^^^^^^^^^^^^^^^^^^^^^^^^
[INFO] [stdout] ...
[INFO] [stdout] 65  |     UserRefusedConfirmationMessageWithVerificationChoiceException,
[INFO] [stdout]     |     ^^^^^^^^^^^^^^^^^^^^^^^^^^^^^^^^^^^^^^^^^^^^^^^^^^^^^^^^^^^^^
[INFO] [stdout] ...
[INFO] [stdout] 69  |     UserRefusedDisplayTextAndPinException,
[INFO] [stdout]     |     ^^^^^^^^^^^^^^^^^^^^^^^^^^^^^^^^^^^^^
[INFO] [stdout] ...
[INFO] [stdout] 73  |     UserRefusedVerificationChoiceException,
[INFO] [stdout]     |     ^^^^^^^^^^^^^^^^^^^^^^^^^^^^^^^^^^^^^^
[INFO] [stdout] ...
[INFO] [stdout] 77  |     UserSelectedWrongVerificationCodeException,
[INFO] [stdout]     |     ^^^^^^^^^^^^^^^^^^^^^^^^^^^^^^^^^^^^^^^^^^
[INFO] [stdout] ...
[INFO] [stdout] 82  |     UserAccountException(&'static str),
[INFO] [stdout]     |     ^^^^^^^^^^^^^^^^^^^^
[INFO] [stdout] ...
[INFO] [stdout] 86  |     CertificateLevelMismatchException,
[INFO] [stdout]     |     ^^^^^^^^^^^^^^^^^^^^^^^^^^^^^^^^^
[INFO] [stdout] ...
[INFO] [stdout] 90  |     DocumentUnusableException,
[INFO] [stdout]     |     ^^^^^^^^^^^^^^^^^^^^^^^^^
[INFO] [stdout] ...
[INFO] [stdout] 94  |     NoSuitableAccountOfRequestedTypeFoundException,
[INFO] [stdout]     |     ^^^^^^^^^^^^^^^^^^^^^^^^^^^^^^^^^^^^^^^^^^^^^^
[INFO] [stdout] ...
[INFO] [stdout] 98  |     PersonShouldViewSmartIdPortalException,
[INFO] [stdout]     |     ^^^^^^^^^^^^^^^^^^^^^^^^^^^^^^^^^^^^^^
[INFO] [stdout] ...
[INFO] [stdout] 102 |     RequiredInteractionNotSupportedByAppException,
[INFO] [stdout]     |     ^^^^^^^^^^^^^^^^^^^^^^^^^^^^^^^^^^^^^^^^^^^^^
[INFO] [stdout] ...
[INFO] [stdout] 106 |     UserAccountNotFoundException,
[INFO] [stdout]     |     ^^^^^^^^^^^^^^^^^^^^^^^^^^^^
[INFO] [stdout]     |
[INFO] [stdout]     = note: `SmartIdClientError` has a derived impl for the trait `Debug`, but this is intentionally ignored during dead code analysis
[INFO] [stdout] 
[INFO] [stdout] 
[INFO] [stderr]     Finished `dev` profile [optimized + debuginfo] target(s) in 48.10s
[INFO] running `Command { std: "docker" "inspect" "8e629c31d368cd3e9d436cd742ed51d8819f252539a8d83a60f188bd96e57a44", kill_on_drop: false }`
[INFO] running `Command { std: "docker" "rm" "-f" "8e629c31d368cd3e9d436cd742ed51d8819f252539a8d83a60f188bd96e57a44", kill_on_drop: false }`
[INFO] [stdout] 8e629c31d368cd3e9d436cd742ed51d8819f252539a8d83a60f188bd96e57a44
[INFO] running `Command { std: "docker" "create" "-v" "/var/lib/crater-agent-workspace/builds/worker-3-tc1/target:/opt/rustwide/target:rw,Z" "-v" "/var/lib/crater-agent-workspace/builds/worker-3-tc1/source:/opt/rustwide/workdir:ro,Z" "-v" "/var/lib/crater-agent-workspace/cargo-home:/opt/rustwide/cargo-home:ro,Z" "-v" "/var/lib/crater-agent-workspace/rustup-home:/opt/rustwide/rustup-home:ro,Z" "-e" "SOURCE_DIR=/opt/rustwide/workdir" "-e" "CARGO_TARGET_DIR=/opt/rustwide/target" "-e" "CARGO_INCREMENTAL=0" "-e" "RUST_BACKTRACE=full" "-e" "RUSTFLAGS=--cap-lints=forbid" "-e" "RUSTDOCFLAGS=--cap-lints=forbid" "-e" "CARGO_HOME=/opt/rustwide/cargo-home" "-e" "RUSTUP_HOME=/opt/rustwide/rustup-home" "-w" "/opt/rustwide/workdir" "-m" "1610612736" "--user" "0:0" "--network" "none" "ghcr.io/rust-lang/crates-build-env/linux@sha256:4a844ea9eb2546a2d2c7022eacef16ef2e8229c7fbb2c7d4d55a9ceca922f72d" "/opt/rustwide/cargo-home/bin/cargo" "+nightly-2024-10-28" "test" "--frozen" "--no-run" "--message-format=json", kill_on_drop: false }`
[INFO] [stdout] aae167cc0cd025b0e4b4005597860714a327e80712fa6d0ae4efd2ebc76bd800
[INFO] running `Command { std: "docker" "start" "-a" "aae167cc0cd025b0e4b4005597860714a327e80712fa6d0ae4efd2ebc76bd800", kill_on_drop: false }`
[INFO] [stderr]    Compiling memchr v2.7.1
[INFO] [stderr]    Compiling futures-channel v0.3.30
[INFO] [stderr]    Compiling futures-task v0.3.30
[INFO] [stderr]    Compiling futures-io v0.3.30
[INFO] [stderr]    Compiling syn v1.0.109
[INFO] [stderr]    Compiling sdd v0.2.0
[INFO] [stderr]    Compiling lazy_static v1.4.0
[INFO] [stderr]    Compiling serial_test_derive v3.1.0
[INFO] [stderr]    Compiling scc v2.1.0
[INFO] [stderr]    Compiling futures-util v0.3.30
[INFO] [stderr]    Compiling nom v7.1.3
[INFO] [stderr]    Compiling rusticata-macros v4.1.0
[INFO] [stderr]    Compiling asn1-rs v0.6.1
[INFO] [stderr]    Compiling tracing-test-macro v0.2.4
[INFO] [stderr]    Compiling tracing-test v0.2.4
[INFO] [stderr]    Compiling h2 v0.4.4
[INFO] [stderr]    Compiling tower v0.4.13
[INFO] [stderr]    Compiling futures-executor v0.3.30
[INFO] [stderr]    Compiling der-parser v9.0.0
[INFO] [stderr]    Compiling oid-registry v0.7.0
[INFO] [stderr]    Compiling futures v0.3.30
[INFO] [stderr]    Compiling serial_test v3.1.0
[INFO] [stderr]    Compiling x509-parser v0.16.0
[INFO] [stderr]    Compiling hyper v1.3.1
[INFO] [stderr]    Compiling hyper-util v0.1.3
[INFO] [stderr]    Compiling hyper-rustls v0.26.0
[INFO] [stderr]    Compiling hyper-tls v0.6.0
[INFO] [stderr]    Compiling reqwest v0.12.4
[INFO] [stderr]    Compiling smart-id-rust-client v0.1.4 (/opt/rustwide/workdir)
[INFO] [stdout] warning: unused import: `anyhow`
[INFO] [stdout]  --> src/client/reqwest_generic.rs:1:14
[INFO] [stdout]   |
[INFO] [stdout] 1 | use anyhow::{anyhow, bail, Result};
[INFO] [stdout]   |              ^^^^^^
[INFO] [stdout]   |
[INFO] [stdout]   = note: `#[warn(unused_imports)]` on by default
[INFO] [stdout] 
[INFO] [stdout] 
[INFO] [stdout] warning: unused import: `std::future::Future`
[INFO] [stdout]  --> src/client/reqwest_generic.rs:5:5
[INFO] [stdout]   |
[INFO] [stdout] 5 | use std::future::Future;
[INFO] [stdout]   |     ^^^^^^^^^^^^^^^^^^^
[INFO] [stdout] 
[INFO] [stdout] 
[INFO] [stdout] warning: unused import: `std::path::PathBuf`
[INFO] [stdout]  --> src/client/reqwest_generic.rs:6:5
[INFO] [stdout]   |
[INFO] [stdout] 6 | use std::path::PathBuf;
[INFO] [stdout]   |     ^^^^^^^^^^^^^^^^^^
[INFO] [stdout] 
[INFO] [stdout] 
[INFO] [stdout] warning: unused import: `std::time::Duration`
[INFO] [stdout]  --> src/client/reqwest_generic.rs:7:5
[INFO] [stdout]   |
[INFO] [stdout] 7 | use std::time::Duration;
[INFO] [stdout]   |     ^^^^^^^^^^^^^^^^^^^
[INFO] [stdout] 
[INFO] [stdout] 
[INFO] [stdout] warning: unused import: `tokio::fs::File`
[INFO] [stdout]  --> src/client/reqwest_generic.rs:8:5
[INFO] [stdout]   |
[INFO] [stdout] 8 | use tokio::fs::File;
[INFO] [stdout]   |     ^^^^^^^^^^^^^^^
[INFO] [stdout] 
[INFO] [stdout] 
[INFO] [stdout] warning: unused import: `tokio::time::sleep`
[INFO] [stdout]  --> src/client/reqwest_generic.rs:9:5
[INFO] [stdout]   |
[INFO] [stdout] 9 | use tokio::time::sleep;
[INFO] [stdout]   |     ^^^^^^^^^^^^^^^^^^
[INFO] [stdout] 
[INFO] [stdout] 
[INFO] [stdout] warning: unused import: `error`
[INFO] [stdout]   --> src/client/reqwest_generic.rs:10:22
[INFO] [stdout]    |
[INFO] [stdout] 10 | use tracing::{debug, error};
[INFO] [stdout]    |                      ^^^^^
[INFO] [stdout] 
[INFO] [stdout] 
[INFO] [stdout] warning: unused import: `crate::error::SmartIdClientError::SmartIdClientException`
[INFO] [stdout]   --> src/client/smart_id_connector.rs:10:5
[INFO] [stdout]    |
[INFO] [stdout] 10 | use crate::error::SmartIdClientError::SmartIdClientException;
[INFO] [stdout]    |     ^^^^^^^^^^^^^^^^^^^^^^^^^^^^^^^^^^^^^^^^^^^^^^^^^^^^^^^^
[INFO] [stdout] 
[INFO] [stdout] 
[INFO] [stdout] warning: unused doc comment
[INFO] [stdout]   --> src/models/requests.rs:37:9
[INFO] [stdout]    |
[INFO] [stdout] 37 |           /// At least one interaction is needed for every authentication request
[INFO] [stdout]    |           ^^^^^^^^^^^^^^^^^^^^^^^^^^^^^^^^^^^^^^^^^^^^^^^^^^^^^^^^^^^^^^^^^^^^^^^
[INFO] [stdout] 38 | /         if interactions.len() == 0 {
[INFO] [stdout] 39 | |             return Err(SmartIdClientError::ConfigMissingException("Define at least 1 interaction for an authentication request").into());
[INFO] [stdout] 40 | |         };
[INFO] [stdout]    | |_________- rustdoc does not generate documentation for expressions
[INFO] [stdout]    |
[INFO] [stdout]    = help: use `//` for a plain comment
[INFO] [stdout]    = note: `#[warn(unused_doc_comments)]` on by default
[INFO] [stdout] 
[INFO] [stdout] 
[INFO] [stdout] warning: unused doc comment
[INFO] [stdout]   --> src/models/requests.rs:84:9
[INFO] [stdout]    |
[INFO] [stdout] 84 |           /// At least one interaction is needed for every authentication request
[INFO] [stdout]    |           ^^^^^^^^^^^^^^^^^^^^^^^^^^^^^^^^^^^^^^^^^^^^^^^^^^^^^^^^^^^^^^^^^^^^^^^
[INFO] [stdout] 85 | /         if interactions.len() == 0 {
[INFO] [stdout] 86 | |             return Err(SmartIdClientError::ConfigMissingException("Define at least 1 interaction for an authentication request").into());
[INFO] [stdout] 87 | |         };
[INFO] [stdout]    | |_________- rustdoc does not generate documentation for expressions
[INFO] [stdout]    |
[INFO] [stdout]    = help: use `//` for a plain comment
[INFO] [stdout] 
[INFO] [stdout] 
[INFO] [stdout] warning: unused import: `FromDer`
[INFO] [stdout]  --> src/models/common.rs:2:28
[INFO] [stdout]   |
[INFO] [stdout] 2 | use x509_parser::prelude::{FromDer};
[INFO] [stdout]   |                            ^^^^^^^
[INFO] [stdout] 
[INFO] [stdout] 
[INFO] [stdout] warning: unused import: `Engine as _`
[INFO] [stdout]  --> src/models/common.rs:3:14
[INFO] [stdout]   |
[INFO] [stdout] 3 | use base64::{Engine as _};
[INFO] [stdout]   |              ^^^^^^^^^^^
[INFO] [stdout] 
[INFO] [stdout] 
[INFO] [stdout] warning: unused import: `std::sync::Arc`
[INFO] [stdout]  --> src/client_controller.rs:2:5
[INFO] [stdout]   |
[INFO] [stdout] 2 | use std::sync::Arc;
[INFO] [stdout]   |     ^^^^^^^^^^^^^^
[INFO] [stdout] 
[INFO] [stdout] 
[INFO] [stdout] warning: unused import: `debug`
[INFO] [stdout]  --> src/client_controller.rs:4:15
[INFO] [stdout]   |
[INFO] [stdout] 4 | use tracing::{debug, error, info};
[INFO] [stdout]   |               ^^^^^
[INFO] [stdout] 
[INFO] [stdout] 
[INFO] [stdout] warning: unused import: `crate::error::SmartIdClientError::SmartIdClientException`
[INFO] [stdout]   --> src/client_controller.rs:11:5
[INFO] [stdout]    |
[INFO] [stdout] 11 | use crate::error::SmartIdClientError::SmartIdClientException;
[INFO] [stdout]    |     ^^^^^^^^^^^^^^^^^^^^^^^^^^^^^^^^^^^^^^^^^^^^^^^^^^^^^^^^
[INFO] [stdout] 
[INFO] [stdout] 
[INFO] [stdout] warning: unused variable: `res`
[INFO] [stdout]   --> src/client/reqwest_generic.rs:89:9
[INFO] [stdout]    |
[INFO] [stdout] 89 |     let res = client
[INFO] [stdout]    |         ^^^ help: if this is intentional, prefix it with an underscore: `_res`
[INFO] [stdout]    |
[INFO] [stdout]    = note: `#[warn(unused_variables)]` on by default
[INFO] [stdout] 
[INFO] [stdout] 
[INFO] [stdout] warning: unused variable: `level`
[INFO] [stdout]    --> src/models/requests.rs:127:55
[INFO] [stdout]     |
[INFO] [stdout] 127 |     pub  async fn new_with_level(cfg: &SmartIDConfig, level: CertificateLevel) -> Self {
[INFO] [stdout]     |                                                       ^^^^^ help: if this is intentional, prefix it with an underscore: `_level`
[INFO] [stdout] 
[INFO] [stdout] 
[INFO] [stdout] warning: function `get_token` is never used
[INFO] [stdout]   --> src/client/reqwest_generic.rs:20:14
[INFO] [stdout]    |
[INFO] [stdout] 20 | pub async fn get_token<R>(url: &str, timeout_millis: Option<u64>) -> Result<R>
[INFO] [stdout]    |              ^^^^^^^^^
[INFO] [stdout]    |
[INFO] [stdout]    = note: `#[warn(dead_code)]` on by default
[INFO] [stdout] 
[INFO] [stdout] 
[INFO] [stdout] warning: function `delete` is never used
[INFO] [stdout]   --> src/client/reqwest_generic.rs:78:14
[INFO] [stdout]    |
[INFO] [stdout] 78 | pub async fn delete(
[INFO] [stdout]    |              ^^^^^^
[INFO] [stdout] 
[INFO] [stdout] 
[INFO] [stdout] warning: function `post_json_value` is never used
[INFO] [stdout]    --> src/client/reqwest_generic.rs:137:14
[INFO] [stdout]     |
[INFO] [stdout] 137 | pub async fn post_json_value<T>(
[INFO] [stdout]     |              ^^^^^^^^^^^^^^^
[INFO] [stdout] 
[INFO] [stdout] 
[INFO] [stdout] warning: function `put` is never used
[INFO] [stdout]    --> src/client/reqwest_generic.rs:176:14
[INFO] [stdout]     |
[INFO] [stdout] 176 | pub async fn put<T, R>(
[INFO] [stdout]     |              ^^^
[INFO] [stdout] 
[INFO] [stdout] 
[INFO] [stdout] warning: multiple variants are never constructed
[INFO] [stdout]    --> src/error.rs:12:5
[INFO] [stdout]     |
[INFO] [stdout] 5   | pub enum SmartIdClientError {
[INFO] [stdout]     |          ------------------ variants in this enum
[INFO] [stdout] ...
[INFO] [stdout] 12  |     SmartIdException(&'static str),
[INFO] [stdout]     |     ^^^^^^^^^^^^^^^^
[INFO] [stdout] ...
[INFO] [stdout] 19  |     InvalidRequest,
[INFO] [stdout]     |     ^^^^^^^^^^^^^^
[INFO] [stdout] ...
[INFO] [stdout] 23  |     UnprocessableSmartIdResponseException(&'static str),
[INFO] [stdout]     |     ^^^^^^^^^^^^^^^^^^^^^^^^^^^^^^^^^^^^^
[INFO] [stdout] ...
[INFO] [stdout] 27  |     RelyingPartyAccountConfigurationException(&'static str),
[INFO] [stdout]     |     ^^^^^^^^^^^^^^^^^^^^^^^^^^^^^^^^^^^^^^^^^
[INFO] [stdout] ...
[INFO] [stdout] 31  |     ServerMaintenanceException(&'static str),
[INFO] [stdout]     |     ^^^^^^^^^^^^^^^^^^^^^^^^^^
[INFO] [stdout] ...
[INFO] [stdout] 35  |     SmartIdClientException(&'static str),
[INFO] [stdout]     |     ^^^^^^^^^^^^^^^^^^^^^^
[INFO] [stdout] ...
[INFO] [stdout] 40  |     EnduringSmartIdException(&'static str),
[INFO] [stdout]     |     ^^^^^^^^^^^^^^^^^^^^^^^^
[INFO] [stdout] ...
[INFO] [stdout] 45  |     UserActionException(&'static str),
[INFO] [stdout]     |     ^^^^^^^^^^^^^^^^^^^
[INFO] [stdout] ...
[INFO] [stdout] 57  |     UserRefusedCertChoiceException,
[INFO] [stdout]     |     ^^^^^^^^^^^^^^^^^^^^^^^^^^^^^^
[INFO] [stdout] ...
[INFO] [stdout] 61  |     UserRefusedConfirmationMessageException,
[INFO] [stdout]     |     ^^^^^^^^^^^^^^^^^^^^^^^^^^^^^^^^^^^^^^^
[INFO] [stdout] ...
[INFO] [stdout] 65  |     UserRefusedConfirmationMessageWithVerificationChoiceException,
[INFO] [stdout]     |     ^^^^^^^^^^^^^^^^^^^^^^^^^^^^^^^^^^^^^^^^^^^^^^^^^^^^^^^^^^^^^
[INFO] [stdout] ...
[INFO] [stdout] 69  |     UserRefusedDisplayTextAndPinException,
[INFO] [stdout]     |     ^^^^^^^^^^^^^^^^^^^^^^^^^^^^^^^^^^^^^
[INFO] [stdout] ...
[INFO] [stdout] 73  |     UserRefusedVerificationChoiceException,
[INFO] [stdout]     |     ^^^^^^^^^^^^^^^^^^^^^^^^^^^^^^^^^^^^^^
[INFO] [stdout] ...
[INFO] [stdout] 77  |     UserSelectedWrongVerificationCodeException,
[INFO] [stdout]     |     ^^^^^^^^^^^^^^^^^^^^^^^^^^^^^^^^^^^^^^^^^^
[INFO] [stdout] ...
[INFO] [stdout] 82  |     UserAccountException(&'static str),
[INFO] [stdout]     |     ^^^^^^^^^^^^^^^^^^^^
[INFO] [stdout] ...
[INFO] [stdout] 86  |     CertificateLevelMismatchException,
[INFO] [stdout]     |     ^^^^^^^^^^^^^^^^^^^^^^^^^^^^^^^^^
[INFO] [stdout] ...
[INFO] [stdout] 90  |     DocumentUnusableException,
[INFO] [stdout]     |     ^^^^^^^^^^^^^^^^^^^^^^^^^
[INFO] [stdout] ...
[INFO] [stdout] 94  |     NoSuitableAccountOfRequestedTypeFoundException,
[INFO] [stdout]     |     ^^^^^^^^^^^^^^^^^^^^^^^^^^^^^^^^^^^^^^^^^^^^^^
[INFO] [stdout] ...
[INFO] [stdout] 98  |     PersonShouldViewSmartIdPortalException,
[INFO] [stdout]     |     ^^^^^^^^^^^^^^^^^^^^^^^^^^^^^^^^^^^^^^
[INFO] [stdout] ...
[INFO] [stdout] 102 |     RequiredInteractionNotSupportedByAppException,
[INFO] [stdout]     |     ^^^^^^^^^^^^^^^^^^^^^^^^^^^^^^^^^^^^^^^^^^^^^
[INFO] [stdout] ...
[INFO] [stdout] 106 |     UserAccountNotFoundException,
[INFO] [stdout]     |     ^^^^^^^^^^^^^^^^^^^^^^^^^^^^
[INFO] [stdout]     |
[INFO] [stdout]     = note: `SmartIdClientError` has a derived impl for the trait `Debug`, but this is intentionally ignored during dead code analysis
[INFO] [stdout] 
[INFO] [stdout] 
[INFO] [stdout] warning: unused import: `error`
[INFO] [stdout]  --> examples/smart_id_client.rs:1:15
[INFO] [stdout]   |
[INFO] [stdout] 1 | use tracing::{error, info, warn};
[INFO] [stdout]   |               ^^^^^
[INFO] [stdout]   |
[INFO] [stdout]   = note: `#[warn(unused_imports)]` on by default
[INFO] [stdout] 
[INFO] [stdout] 
[INFO] [stdout] warning: unused import: `SessionSignature`
[INFO] [stdout]  --> examples/smart_id_client.rs:2:156
[INFO] [stdout]   |
[INFO] [stdout] 2 | ...t_certificate_by_semantic_identifier, get_config_from_env, SessionSignature, SessionStatus, sha_digest, sign_by_semantic_identifier};
[INFO] [stdout]   |                                                               ^^^^^^^^^^^^^^^^
[INFO] [stdout] 
[INFO] [stdout] 
[INFO] [stdout] warning: unused doc comment
[INFO] [stdout]   --> examples/smart_id_client.rs:16:5
[INFO] [stdout]    |
[INFO] [stdout] 16 |     /// Get default Config (from environment variables)
[INFO] [stdout]    |     ^^^^^^^^^^^^^^^^^^^^^^^^^^^^^^^^^^^^^^^^^^^^^^^^^^^
[INFO] [stdout] 17 |     let cfg = get_config_from_env();
[INFO] [stdout]    |     -------------------------------- rustdoc does not generate documentation for statements
[INFO] [stdout]    |
[INFO] [stdout]    = help: use `//` for a plain comment
[INFO] [stdout]    = note: `#[warn(unused_doc_comments)]` on by default
[INFO] [stdout] 
[INFO] [stdout] 
[INFO] [stdout] warning: unused doc comment
[INFO] [stdout]   --> examples/smart_id_client.rs:19:5
[INFO] [stdout]    |
[INFO] [stdout] 19 |     /// or use builder pattern to construct the config
[INFO] [stdout]    |     ^^^^^^^^^^^^^^^^^^^^^^^^^^^^^^^^^^^^^^^^^^^^^^^^^^
[INFO] [stdout] 20 |     let cfg = SmartIDConfigBuilder::new().url("https://sid.demo.sk.ee/smart-id-rp/v2").build().expect("Error building config");
[INFO] [stdout]    |     --------------------------------------------------------------------------------------------------------------------------- rustdoc does not generate documentation for statements
[INFO] [stdout]    |
[INFO] [stdout]    = help: use `//` for a plain comment
[INFO] [stdout] 
[INFO] [stdout] 
[INFO] [stdout] warning: unused doc comment
[INFO] [stdout]   --> examples/smart_id_client.rs:24:5
[INFO] [stdout]    |
[INFO] [stdout] 24 |     /// Example get Certificate
[INFO] [stdout]    |     ^^^^^^^^^^^^^^^^^^^^^^^^^^^
[INFO] [stdout] 25 |     let _ = uc_get_certificate_choice(&cfg).await;
[INFO] [stdout]    |     ---------------------------------------------- rustdoc does not generate documentation for statements
[INFO] [stdout]    |
[INFO] [stdout]    = help: use `//` for a plain comment
[INFO] [stdout] 
[INFO] [stdout] 
[INFO] [stdout] warning: unused doc comment
[INFO] [stdout]   --> examples/smart_id_client.rs:27:5
[INFO] [stdout]    |
[INFO] [stdout] 27 |     /// Example authenticate user
[INFO] [stdout]    |     ^^^^^^^^^^^^^^^^^^^^^^^^^^^^^
[INFO] [stdout] 28 |     let _ = uc_authenticate_by_semantic_identifier(&cfg).await;
[INFO] [stdout]    |     ----------------------------------------------------------- rustdoc does not generate documentation for statements
[INFO] [stdout]    |
[INFO] [stdout]    = help: use `//` for a plain comment
[INFO] [stdout] 
[INFO] [stdout] 
[INFO] [stdout] warning: unused doc comment
[INFO] [stdout]   --> examples/smart_id_client.rs:30:5
[INFO] [stdout]    |
[INFO] [stdout] 30 |     /// Example sign document digest
[INFO] [stdout]    |     ^^^^^^^^^^^^^^^^^^^^^^^^^^^^^^^^
[INFO] [stdout] 31 |     let _ = uc_sign_by_semantic_identifier(&cfg).await;
[INFO] [stdout]    |     --------------------------------------------------- rustdoc does not generate documentation for statements
[INFO] [stdout]    |
[INFO] [stdout]    = help: use `//` for a plain comment
[INFO] [stdout] 
[INFO] [stdout] 
[INFO] [stdout] warning: unused doc comment
[INFO] [stdout]   --> examples/smart_id_client.rs:38:5
[INFO] [stdout]    |
[INFO] [stdout] 38 |     /// Create the semantic identifier
[INFO] [stdout]    |     ^^^^^^^^^^^^^^^^^^^^^^^^^^^^^^^^^^
[INFO] [stdout] 39 |     let sem_id = SemanticsIdentifier::new_from_enum_mock(IdentityType::PNO, CountryCode::BE);
[INFO] [stdout]    |     ----------------------------------------------------------------------------------------- rustdoc does not generate documentation for statements
[INFO] [stdout]    |
[INFO] [stdout]    = help: use `//` for a plain comment
[INFO] [stdout] 
[INFO] [stdout] 
[INFO] [stdout] warning: unused doc comment
[INFO] [stdout]   --> examples/smart_id_client.rs:41:5
[INFO] [stdout]    |
[INFO] [stdout] 41 |     /// Verify if a certificate exists for given id
[INFO] [stdout]    |     ^^^^^^^^^^^^^^^^^^^^^^^^^^^^^^^^^^^^^^^^^^^^^^^
[INFO] [stdout] 42 |     let res = get_certificate_by_semantic_identifier(&cfg, sem_id).await;
[INFO] [stdout]    |     --------------------------------------------------------------------- rustdoc does not generate documentation for statements
[INFO] [stdout]    |
[INFO] [stdout]    = help: use `//` for a plain comment
[INFO] [stdout] 
[INFO] [stdout] 
[INFO] [stdout] warning: unused doc comment
[INFO] [stdout]   --> examples/smart_id_client.rs:54:5
[INFO] [stdout]    |
[INFO] [stdout] 54 |     /// Create the semantic identifier
[INFO] [stdout]    |     ^^^^^^^^^^^^^^^^^^^^^^^^^^^^^^^^^^
[INFO] [stdout] 55 |     let sem_id = SemanticsIdentifier::new_from_enum_mock(IdentityType::PNO, CountryCode::BE);
[INFO] [stdout]    |     ----------------------------------------------------------------------------------------- rustdoc does not generate documentation for statements
[INFO] [stdout]    |
[INFO] [stdout]    = help: use `//` for a plain comment
[INFO] [stdout] 
[INFO] [stdout] 
[INFO] [stdout] warning: unused doc comment
[INFO] [stdout]   --> examples/smart_id_client.rs:57:5
[INFO] [stdout]    |
[INFO] [stdout] 57 |     /// Define interactions
[INFO] [stdout]    |     ^^^^^^^^^^^^^^^^^^^^^^^
[INFO] [stdout] 58 |     let interactions: Vec<Interaction> = vec![Interaction::diplay_text_and_pin("Authenticate to Application: ReadMyCards")];
[INFO] [stdout]    |     ------------------------------------------------------------------------------------------------------------------------ rustdoc does not generate documentation for statements
[INFO] [stdout]    |
[INFO] [stdout]    = help: use `//` for a plain comment
[INFO] [stdout] 
[INFO] [stdout] 
[INFO] [stdout] warning: unused doc comment
[INFO] [stdout]   --> examples/smart_id_client.rs:60:5
[INFO] [stdout]    |
[INFO] [stdout] 60 |     /// Create hash
[INFO] [stdout]    |     ^^^^^^^^^^^^^^^
[INFO] [stdout] 61 |     let hash_type = HashType::SHA256;
[INFO] [stdout]    |     --------------------------------- rustdoc does not generate documentation for statements
[INFO] [stdout]    |
[INFO] [stdout]    = help: use `//` for a plain comment
[INFO] [stdout] 
[INFO] [stdout] 
[INFO] [stdout] warning: unused doc comment
[INFO] [stdout]   --> examples/smart_id_client.rs:67:5
[INFO] [stdout]    |
[INFO] [stdout] 67 |     /// Ask user for authentication
[INFO] [stdout]    |     ^^^^^^^^^^^^^^^^^^^^^^^^^^^^^^^
[INFO] [stdout] 68 |     let res = authenticate_by_semantic_identifier(&cfg, sem_id, interactions, b64_hash, hash_type).await;
[INFO] [stdout]    |     ----------------------------------------------------------------------------------------------------- rustdoc does not generate documentation for statements
[INFO] [stdout]    |
[INFO] [stdout]    = help: use `//` for a plain comment
[INFO] [stdout] 
[INFO] [stdout] 
[INFO] [stdout] warning: unused doc comment
[INFO] [stdout]   --> examples/smart_id_client.rs:81:5
[INFO] [stdout]    |
[INFO] [stdout] 81 |     /// Create the semantic identifier
[INFO] [stdout]    |     ^^^^^^^^^^^^^^^^^^^^^^^^^^^^^^^^^^
[INFO] [stdout] 82 |     let sem_id = SemanticsIdentifier::new_from_enum_mock(IdentityType::PNO, CountryCode::BE);
[INFO] [stdout]    |     ----------------------------------------------------------------------------------------- rustdoc does not generate documentation for statements
[INFO] [stdout]    |
[INFO] [stdout]    = help: use `//` for a plain comment
[INFO] [stdout] 
[INFO] [stdout] 
[INFO] [stdout] warning: unused doc comment
[INFO] [stdout]   --> examples/smart_id_client.rs:84:5
[INFO] [stdout]    |
[INFO] [stdout] 84 |     /// Define interactions
[INFO] [stdout]    |     ^^^^^^^^^^^^^^^^^^^^^^^
[INFO] [stdout] 85 |     let interactions: Vec<Interaction> = vec![Interaction::confirmation_message("Are you sure to sign document: something.pdf?"), Interaction::diplay_text_and_pin("Sign using ReadMyCards")];
[INFO] [stdout]    |     ------------------------------------------------------------------------------------------------------------------------------------------------------------------------------------------ rustdoc does not generate documentation for statements
[INFO] [stdout]    |
[INFO] [stdout]    = help: use `//` for a plain comment
[INFO] [stdout] 
[INFO] [stdout] 
[INFO] [stdout] warning: unused doc comment
[INFO] [stdout]   --> examples/smart_id_client.rs:87:5
[INFO] [stdout]    |
[INFO] [stdout] 87 |     /// Create hash
[INFO] [stdout]    |     ^^^^^^^^^^^^^^^
[INFO] [stdout] 88 |     let hash_type = HashType::SHA256;
[INFO] [stdout]    |     --------------------------------- rustdoc does not generate documentation for statements
[INFO] [stdout]    |
[INFO] [stdout]    = help: use `//` for a plain comment
[INFO] [stdout] 
[INFO] [stdout] 
[INFO] [stdout] warning: unused doc comment
[INFO] [stdout]   --> examples/smart_id_client.rs:92:5
[INFO] [stdout]    |
[INFO] [stdout] 92 |     /// Create verification cod
[INFO] [stdout]    |     ^^^^^^^^^^^^^^^^^^^^^^^^^^^
[INFO] [stdout] 93 |     let verification_code_for_user = generate_verification_number(hash.as_ref().to_vec())?;
[INFO] [stdout]    |     --------------------------------------------------------------------------------------- rustdoc does not generate documentation for statements
[INFO] [stdout]    |
[INFO] [stdout]    = help: use `//` for a plain comment
[INFO] [stdout] 
[INFO] [stdout] 
[INFO] [stdout] warning: unused doc comment
[INFO] [stdout]   --> examples/smart_id_client.rs:96:5
[INFO] [stdout]    |
[INFO] [stdout] 96 |     /// Ask user to sign
[INFO] [stdout]    |     ^^^^^^^^^^^^^^^^^^^^
[INFO] [stdout] 97 |     let res = sign_by_semantic_identifier(&cfg, sem_id, interactions, b64_hash, hash_type).await;
[INFO] [stdout]    |     --------------------------------------------------------------------------------------------- rustdoc does not generate documentation for statements
[INFO] [stdout]    |
[INFO] [stdout]    = help: use `//` for a plain comment
[INFO] [stdout] 
[INFO] [stdout] 
[INFO] [stdout] warning: unused variable: `cfg`
[INFO] [stdout]   --> examples/smart_id_client.rs:17:9
[INFO] [stdout]    |
[INFO] [stdout] 17 |     let cfg = get_config_from_env();
[INFO] [stdout]    |         ^^^ help: if this is intentional, prefix it with an underscore: `_cfg`
[INFO] [stdout]    |
[INFO] [stdout]    = note: `#[warn(unused_variables)]` on by default
[INFO] [stdout] 
[INFO] [stdout] 
[INFO] [stdout] warning: unused import: `anyhow`
[INFO] [stdout]  --> src/client/reqwest_generic.rs:1:14
[INFO] [stdout]   |
[INFO] [stdout] 1 | use anyhow::{anyhow, bail, Result};
[INFO] [stdout]   |              ^^^^^^
[INFO] [stdout]   |
[INFO] [stdout]   = note: `#[warn(unused_imports)]` on by default
[INFO] [stdout] 
[INFO] [stdout] 
[INFO] [stdout] warning: unused import: `std::future::Future`
[INFO] [stdout]  --> src/client/reqwest_generic.rs:5:5
[INFO] [stdout]   |
[INFO] [stdout] 5 | use std::future::Future;
[INFO] [stdout]   |     ^^^^^^^^^^^^^^^^^^^
[INFO] [stdout] 
[INFO] [stdout] 
[INFO] [stdout] warning: unused import: `std::path::PathBuf`
[INFO] [stdout]  --> src/client/reqwest_generic.rs:6:5
[INFO] [stdout]   |
[INFO] [stdout] 6 | use std::path::PathBuf;
[INFO] [stdout]   |     ^^^^^^^^^^^^^^^^^^
[INFO] [stdout] 
[INFO] [stdout] 
[INFO] [stdout] warning: unused import: `std::time::Duration`
[INFO] [stdout]  --> src/client/reqwest_generic.rs:7:5
[INFO] [stdout]   |
[INFO] [stdout] 7 | use std::time::Duration;
[INFO] [stdout]   |     ^^^^^^^^^^^^^^^^^^^
[INFO] [stdout] 
[INFO] [stdout] 
[INFO] [stdout] warning: unused import: `tokio::fs::File`
[INFO] [stdout]  --> src/client/reqwest_generic.rs:8:5
[INFO] [stdout]   |
[INFO] [stdout] 8 | use tokio::fs::File;
[INFO] [stdout]   |     ^^^^^^^^^^^^^^^
[INFO] [stdout] 
[INFO] [stdout] 
[INFO] [stdout] warning: unused import: `tokio::time::sleep`
[INFO] [stdout]  --> src/client/reqwest_generic.rs:9:5
[INFO] [stdout]   |
[INFO] [stdout] 9 | use tokio::time::sleep;
[INFO] [stdout]   |     ^^^^^^^^^^^^^^^^^^
[INFO] [stdout] 
[INFO] [stdout] 
[INFO] [stdout] warning: unused import: `error`
[INFO] [stdout]   --> src/client/reqwest_generic.rs:10:22
[INFO] [stdout]    |
[INFO] [stdout] 10 | use tracing::{debug, error};
[INFO] [stdout]    |                      ^^^^^
[INFO] [stdout] 
[INFO] [stdout] 
[INFO] [stdout] warning: unused import: `crate::error::SmartIdClientError::SmartIdClientException`
[INFO] [stdout]   --> src/client/smart_id_connector.rs:10:5
[INFO] [stdout]    |
[INFO] [stdout] 10 | use crate::error::SmartIdClientError::SmartIdClientException;
[INFO] [stdout]    |     ^^^^^^^^^^^^^^^^^^^^^^^^^^^^^^^^^^^^^^^^^^^^^^^^^^^^^^^^
[INFO] [stdout] 
[INFO] [stdout] 
[INFO] [stdout] warning: unused doc comment
[INFO] [stdout]   --> src/models/requests.rs:37:9
[INFO] [stdout]    |
[INFO] [stdout] 37 |           /// At least one interaction is needed for every authentication request
[INFO] [stdout]    |           ^^^^^^^^^^^^^^^^^^^^^^^^^^^^^^^^^^^^^^^^^^^^^^^^^^^^^^^^^^^^^^^^^^^^^^^
[INFO] [stdout] 38 | /         if interactions.len() == 0 {
[INFO] [stdout] 39 | |             return Err(SmartIdClientError::ConfigMissingException("Define at least 1 interaction for an authentication request").into());
[INFO] [stdout] 40 | |         };
[INFO] [stdout]    | |_________- rustdoc does not generate documentation for expressions
[INFO] [stdout]    |
[INFO] [stdout]    = help: use `//` for a plain comment
[INFO] [stdout]    = note: `#[warn(unused_doc_comments)]` on by default
[INFO] [stdout] 
[INFO] [stdout] 
[INFO] [stdout] warning: unused doc comment
[INFO] [stdout]   --> src/models/requests.rs:84:9
[INFO] [stdout]    |
[INFO] [stdout] 84 |           /// At least one interaction is needed for every authentication request
[INFO] [stdout]    |           ^^^^^^^^^^^^^^^^^^^^^^^^^^^^^^^^^^^^^^^^^^^^^^^^^^^^^^^^^^^^^^^^^^^^^^^
[INFO] [stdout] 85 | /         if interactions.len() == 0 {
[INFO] [stdout] 86 | |             return Err(SmartIdClientError::ConfigMissingException("Define at least 1 interaction for an authentication request").into());
[INFO] [stdout] 87 | |         };
[INFO] [stdout]    | |_________- rustdoc does not generate documentation for expressions
[INFO] [stdout]    |
[INFO] [stdout]    = help: use `//` for a plain comment
[INFO] [stdout] 
[INFO] [stdout] 
[INFO] [stdout] warning: unused imports: `error` and `info`
[INFO] [stdout]    --> src/models/requests.rs:189:19
[INFO] [stdout]     |
[INFO] [stdout] 189 |     use tracing::{error, info};
[INFO] [stdout]     |                   ^^^^^  ^^^^
[INFO] [stdout] 
[INFO] [stdout] 
[INFO] [stdout] warning: unused import: `FromDer`
[INFO] [stdout]  --> src/models/common.rs:2:28
[INFO] [stdout]   |
[INFO] [stdout] 2 | use x509_parser::prelude::{FromDer};
[INFO] [stdout]   |                            ^^^^^^^
[INFO] [stdout] 
[INFO] [stdout] 
[INFO] [stdout] warning: unused import: `Engine as _`
[INFO] [stdout]  --> src/models/common.rs:3:14
[INFO] [stdout]   |
[INFO] [stdout] 3 | use base64::{Engine as _};
[INFO] [stdout]   |              ^^^^^^^^^^^
[INFO] [stdout] 
[INFO] [stdout] 
[INFO] [stdout] warning: unused imports: `error` and `info`
[INFO] [stdout]    --> src/models/common.rs:233:19
[INFO] [stdout]     |
[INFO] [stdout] 233 |     use tracing::{error, info};
[INFO] [stdout]     |                   ^^^^^  ^^^^
[INFO] [stdout] 
[INFO] [stdout] 
[INFO] [stdout] warning: unused import: `crate::models::requests::InteractionFlow`
[INFO] [stdout]    --> src/models/common.rs:235:9
[INFO] [stdout]     |
[INFO] [stdout] 235 |     use crate::models::requests::InteractionFlow;
[INFO] [stdout]     |         ^^^^^^^^^^^^^^^^^^^^^^^^^^^^^^^^^^^^^^^^
[INFO] [stdout] 
[INFO] [stdout] 
[INFO] [stdout] warning: unused import: `std::sync::Arc`
[INFO] [stdout]  --> src/client_controller.rs:2:5
[INFO] [stdout]   |
[INFO] [stdout] 2 | use std::sync::Arc;
[INFO] [stdout]   |     ^^^^^^^^^^^^^^
[INFO] [stdout] 
[INFO] [stdout] 
[INFO] [stdout] warning: unused import: `debug`
[INFO] [stdout]  --> src/client_controller.rs:4:15
[INFO] [stdout]   |
[INFO] [stdout] 4 | use tracing::{debug, error, info};
[INFO] [stdout]   |               ^^^^^
[INFO] [stdout] 
[INFO] [stdout] 
[INFO] [stdout] warning: unused import: `crate::error::SmartIdClientError::SmartIdClientException`
[INFO] [stdout]   --> src/client_controller.rs:11:5
[INFO] [stdout]    |
[INFO] [stdout] 11 | use crate::error::SmartIdClientError::SmartIdClientException;
[INFO] [stdout]    |     ^^^^^^^^^^^^^^^^^^^^^^^^^^^^^^^^^^^^^^^^^^^^^^^^^^^^^^^^
[INFO] [stdout] 
[INFO] [stdout] 
[INFO] [stdout] warning: unused variable: `res`
[INFO] [stdout]   --> src/client/reqwest_generic.rs:89:9
[INFO] [stdout]    |
[INFO] [stdout] 89 |     let res = client
[INFO] [stdout]    |         ^^^ help: if this is intentional, prefix it with an underscore: `_res`
[INFO] [stdout]    |
[INFO] [stdout]    = note: `#[warn(unused_variables)]` on by default
[INFO] [stdout] 
[INFO] [stdout] 
[INFO] [stdout] warning: unused variable: `level`
[INFO] [stdout]    --> src/models/requests.rs:127:55
[INFO] [stdout]     |
[INFO] [stdout] 127 |     pub  async fn new_with_level(cfg: &SmartIDConfig, level: CertificateLevel) -> Self {
[INFO] [stdout]     |                                                       ^^^^^ help: if this is intentional, prefix it with an underscore: `_level`
[INFO] [stdout] 
[INFO] [stdout] 
[INFO] [stdout] warning: function `get_token` is never used
[INFO] [stdout]   --> src/client/reqwest_generic.rs:20:14
[INFO] [stdout]    |
[INFO] [stdout] 20 | pub async fn get_token<R>(url: &str, timeout_millis: Option<u64>) -> Result<R>
[INFO] [stdout]    |              ^^^^^^^^^
[INFO] [stdout]    |
[INFO] [stdout]    = note: `#[warn(dead_code)]` on by default
[INFO] [stdout] 
[INFO] [stdout] 
[INFO] [stdout] warning: function `delete` is never used
[INFO] [stdout]   --> src/client/reqwest_generic.rs:78:14
[INFO] [stdout]    |
[INFO] [stdout] 78 | pub async fn delete(
[INFO] [stdout]    |              ^^^^^^
[INFO] [stdout] 
[INFO] [stdout] 
[INFO] [stdout] warning: function `post_json_value` is never used
[INFO] [stdout]    --> src/client/reqwest_generic.rs:137:14
[INFO] [stdout]     |
[INFO] [stdout] 137 | pub async fn post_json_value<T>(
[INFO] [stdout]     |              ^^^^^^^^^^^^^^^
[INFO] [stdout] 
[INFO] [stdout] 
[INFO] [stdout] warning: function `put` is never used
[INFO] [stdout]    --> src/client/reqwest_generic.rs:176:14
[INFO] [stdout]     |
[INFO] [stdout] 176 | pub async fn put<T, R>(
[INFO] [stdout]     |              ^^^
[INFO] [stdout] 
[INFO] [stdout] 
[INFO] [stdout] warning: multiple variants are never constructed
[INFO] [stdout]    --> src/error.rs:12:5
[INFO] [stdout]     |
[INFO] [stdout] 5   | pub enum SmartIdClientError {
[INFO] [stdout]     |          ------------------ variants in this enum
[INFO] [stdout] ...
[INFO] [stdout] 12  |     SmartIdException(&'static str),
[INFO] [stdout]     |     ^^^^^^^^^^^^^^^^
[INFO] [stdout] ...
[INFO] [stdout] 19  |     InvalidRequest,
[INFO] [stdout]     |     ^^^^^^^^^^^^^^
[INFO] [stdout] ...
[INFO] [stdout] 23  |     UnprocessableSmartIdResponseException(&'static str),
[INFO] [stdout]     |     ^^^^^^^^^^^^^^^^^^^^^^^^^^^^^^^^^^^^^
[INFO] [stdout] ...
[INFO] [stdout] 27  |     RelyingPartyAccountConfigurationException(&'static str),
[INFO] [stdout]     |     ^^^^^^^^^^^^^^^^^^^^^^^^^^^^^^^^^^^^^^^^^
[INFO] [stdout] ...
[INFO] [stdout] 31  |     ServerMaintenanceException(&'static str),
[INFO] [stdout]     |     ^^^^^^^^^^^^^^^^^^^^^^^^^^
[INFO] [stdout] ...
[INFO] [stdout] 35  |     SmartIdClientException(&'static str),
[INFO] [stdout]     |     ^^^^^^^^^^^^^^^^^^^^^^
[INFO] [stdout] ...
[INFO] [stdout] 40  |     EnduringSmartIdException(&'static str),
[INFO] [stdout]     |     ^^^^^^^^^^^^^^^^^^^^^^^^
[INFO] [stdout] ...
[INFO] [stdout] 45  |     UserActionException(&'static str),
[INFO] [stdout]     |     ^^^^^^^^^^^^^^^^^^^
[INFO] [stdout] ...
[INFO] [stdout] 57  |     UserRefusedCertChoiceException,
[INFO] [stdout]     |     ^^^^^^^^^^^^^^^^^^^^^^^^^^^^^^
[INFO] [stdout] ...
[INFO] [stdout] 61  |     UserRefusedConfirmationMessageException,
[INFO] [stdout]     |     ^^^^^^^^^^^^^^^^^^^^^^^^^^^^^^^^^^^^^^^
[INFO] [stdout] ...
[INFO] [stdout] 65  |     UserRefusedConfirmationMessageWithVerificationChoiceException,
[INFO] [stdout]     |     ^^^^^^^^^^^^^^^^^^^^^^^^^^^^^^^^^^^^^^^^^^^^^^^^^^^^^^^^^^^^^
[INFO] [stdout] ...
[INFO] [stdout] 69  |     UserRefusedDisplayTextAndPinException,
[INFO] [stdout]     |     ^^^^^^^^^^^^^^^^^^^^^^^^^^^^^^^^^^^^^
[INFO] [stdout] ...
[INFO] [stdout] 73  |     UserRefusedVerificationChoiceException,
[INFO] [stdout]     |     ^^^^^^^^^^^^^^^^^^^^^^^^^^^^^^^^^^^^^^
[INFO] [stdout] ...
[INFO] [stdout] 77  |     UserSelectedWrongVerificationCodeException,
[INFO] [stdout]     |     ^^^^^^^^^^^^^^^^^^^^^^^^^^^^^^^^^^^^^^^^^^
[INFO] [stdout] ...
[INFO] [stdout] 82  |     UserAccountException(&'static str),
[INFO] [stdout]     |     ^^^^^^^^^^^^^^^^^^^^
[INFO] [stdout] ...
[INFO] [stdout] 86  |     CertificateLevelMismatchException,
[INFO] [stdout]     |     ^^^^^^^^^^^^^^^^^^^^^^^^^^^^^^^^^
[INFO] [stdout] ...
[INFO] [stdout] 90  |     DocumentUnusableException,
[INFO] [stdout]     |     ^^^^^^^^^^^^^^^^^^^^^^^^^
[INFO] [stdout] ...
[INFO] [stdout] 94  |     NoSuitableAccountOfRequestedTypeFoundException,
[INFO] [stdout]     |     ^^^^^^^^^^^^^^^^^^^^^^^^^^^^^^^^^^^^^^^^^^^^^^
[INFO] [stdout] ...
[INFO] [stdout] 98  |     PersonShouldViewSmartIdPortalException,
[INFO] [stdout]     |     ^^^^^^^^^^^^^^^^^^^^^^^^^^^^^^^^^^^^^^
[INFO] [stdout] ...
[INFO] [stdout] 102 |     RequiredInteractionNotSupportedByAppException,
[INFO] [stdout]     |     ^^^^^^^^^^^^^^^^^^^^^^^^^^^^^^^^^^^^^^^^^^^^^
[INFO] [stdout] ...
[INFO] [stdout] 106 |     UserAccountNotFoundException,
[INFO] [stdout]     |     ^^^^^^^^^^^^^^^^^^^^^^^^^^^^
[INFO] [stdout]     |
[INFO] [stdout]     = note: `SmartIdClientError` has a derived impl for the trait `Debug`, but this is intentionally ignored during dead code analysis
[INFO] [stdout] 
[INFO] [stdout] 
[INFO] [stderr]     Finished `test` profile [optimized + debuginfo] target(s) in 24.53s
[INFO] running `Command { std: "docker" "inspect" "aae167cc0cd025b0e4b4005597860714a327e80712fa6d0ae4efd2ebc76bd800", kill_on_drop: false }`
[INFO] running `Command { std: "docker" "rm" "-f" "aae167cc0cd025b0e4b4005597860714a327e80712fa6d0ae4efd2ebc76bd800", kill_on_drop: false }`
[INFO] [stdout] aae167cc0cd025b0e4b4005597860714a327e80712fa6d0ae4efd2ebc76bd800
[INFO] running `Command { std: "docker" "create" "-v" "/var/lib/crater-agent-workspace/builds/worker-3-tc1/target:/opt/rustwide/target:rw,Z" "-v" "/var/lib/crater-agent-workspace/builds/worker-3-tc1/source:/opt/rustwide/workdir:ro,Z" "-v" "/var/lib/crater-agent-workspace/cargo-home:/opt/rustwide/cargo-home:ro,Z" "-v" "/var/lib/crater-agent-workspace/rustup-home:/opt/rustwide/rustup-home:ro,Z" "-e" "SOURCE_DIR=/opt/rustwide/workdir" "-e" "CARGO_TARGET_DIR=/opt/rustwide/target" "-e" "CARGO_INCREMENTAL=0" "-e" "RUST_BACKTRACE=full" "-e" "RUSTFLAGS=--cap-lints=forbid" "-e" "RUSTDOCFLAGS=--cap-lints=forbid" "-e" "CARGO_HOME=/opt/rustwide/cargo-home" "-e" "RUSTUP_HOME=/opt/rustwide/rustup-home" "-w" "/opt/rustwide/workdir" "-m" "1610612736" "--user" "0:0" "--network" "none" "ghcr.io/rust-lang/crates-build-env/linux@sha256:4a844ea9eb2546a2d2c7022eacef16ef2e8229c7fbb2c7d4d55a9ceca922f72d" "/opt/rustwide/cargo-home/bin/cargo" "+nightly-2024-10-28" "test" "--frozen", kill_on_drop: false }`
[INFO] [stdout] d7ac5322b4467ee4bccde523cb459481109d4ac98b62537f26d03a55d13ebb23
[INFO] running `Command { std: "docker" "start" "-a" "d7ac5322b4467ee4bccde523cb459481109d4ac98b62537f26d03a55d13ebb23", kill_on_drop: false }`
[INFO] [stderr] warning: unused import: `anyhow`
[INFO] [stderr]  --> src/client/reqwest_generic.rs:1:14
[INFO] [stderr]   |
[INFO] [stderr] 1 | use anyhow::{anyhow, bail, Result};
[INFO] [stderr]   |              ^^^^^^
[INFO] [stderr]   |
[INFO] [stderr]   = note: `#[warn(unused_imports)]` on by default
[INFO] [stderr] 
[INFO] [stderr] warning: unused import: `std::future::Future`
[INFO] [stderr]  --> src/client/reqwest_generic.rs:5:5
[INFO] [stderr]   |
[INFO] [stderr] 5 | use std::future::Future;
[INFO] [stderr]   |     ^^^^^^^^^^^^^^^^^^^
[INFO] [stderr] 
[INFO] [stderr] warning: unused import: `std::path::PathBuf`
[INFO] [stderr]  --> src/client/reqwest_generic.rs:6:5
[INFO] [stderr]   |
[INFO] [stderr] 6 | use std::path::PathBuf;
[INFO] [stderr]   |     ^^^^^^^^^^^^^^^^^^
[INFO] [stderr] 
[INFO] [stderr] warning: unused import: `std::time::Duration`
[INFO] [stderr]  --> src/client/reqwest_generic.rs:7:5
[INFO] [stderr]   |
[INFO] [stderr] 7 | use std::time::Duration;
[INFO] [stderr]   |     ^^^^^^^^^^^^^^^^^^^
[INFO] [stderr] 
[INFO] [stderr] warning: unused import: `tokio::fs::File`
[INFO] [stderr]  --> src/client/reqwest_generic.rs:8:5
[INFO] [stderr]   |
[INFO] [stderr] 8 | use tokio::fs::File;
[INFO] [stderr]   |     ^^^^^^^^^^^^^^^
[INFO] [stderr] 
[INFO] [stderr] warning: unused import: `tokio::time::sleep`
[INFO] [stderr]  --> src/client/reqwest_generic.rs:9:5
[INFO] [stderr]   |
[INFO] [stderr] 9 | use tokio::time::sleep;
[INFO] [stderr]   |     ^^^^^^^^^^^^^^^^^^
[INFO] [stderr] 
[INFO] [stderr] warning: unused import: `error`
[INFO] [stderr]   --> src/client/reqwest_generic.rs:10:22
[INFO] [stderr]    |
[INFO] [stderr] 10 | use tracing::{debug, error};
[INFO] [stderr]    |                      ^^^^^
[INFO] [stderr] 
[INFO] [stderr] warning: unused import: `crate::error::SmartIdClientError::SmartIdClientException`
[INFO] [stderr]   --> src/client/smart_id_connector.rs:10:5
[INFO] [stderr]    |
[INFO] [stderr] 10 | use crate::error::SmartIdClientError::SmartIdClientException;
[INFO] [stderr]    |     ^^^^^^^^^^^^^^^^^^^^^^^^^^^^^^^^^^^^^^^^^^^^^^^^^^^^^^^^
[INFO] [stderr] 
[INFO] [stderr] warning: unused doc comment
[INFO] [stderr]   --> src/models/requests.rs:37:9
[INFO] [stderr]    |
[INFO] [stderr] 37 |           /// At least one interaction is needed for every authentication request
[INFO] [stderr]    |           ^^^^^^^^^^^^^^^^^^^^^^^^^^^^^^^^^^^^^^^^^^^^^^^^^^^^^^^^^^^^^^^^^^^^^^^
[INFO] [stderr] 38 | /         if interactions.len() == 0 {
[INFO] [stderr] 39 | |             return Err(SmartIdClientError::ConfigMissingException("Define at least 1 interaction for an authentication request").into());
[INFO] [stderr] 40 | |         };
[INFO] [stderr]    | |_________- rustdoc does not generate documentation for expressions
[INFO] [stderr]    |
[INFO] [stderr]    = help: use `//` for a plain comment
[INFO] [stderr]    = note: `#[warn(unused_doc_comments)]` on by default
[INFO] [stderr] 
[INFO] [stderr] warning: unused doc comment
[INFO] [stderr]   --> src/models/requests.rs:84:9
[INFO] [stderr]    |
[INFO] [stderr] 84 |           /// At least one interaction is needed for every authentication request
[INFO] [stderr]    |           ^^^^^^^^^^^^^^^^^^^^^^^^^^^^^^^^^^^^^^^^^^^^^^^^^^^^^^^^^^^^^^^^^^^^^^^
[INFO] [stderr] 85 | /         if interactions.len() == 0 {
[INFO] [stderr] 86 | |             return Err(SmartIdClientError::ConfigMissingException("Define at least 1 interaction for an authentication request").into());
[INFO] [stderr] 87 | |         };
[INFO] [stderr]    | |_________- rustdoc does not generate documentation for expressions
[INFO] [stderr]    |
[INFO] [stderr]    = help: use `//` for a plain comment
[INFO] [stderr] 
[INFO] [stderr] warning: unused import: `FromDer`
[INFO] [stderr]  --> src/models/common.rs:2:28
[INFO] [stderr]   |
[INFO] [stderr] 2 | use x509_parser::prelude::{FromDer};
[INFO] [stderr]   |                            ^^^^^^^
[INFO] [stderr] 
[INFO] [stderr] warning: unused import: `Engine as _`
[INFO] [stderr]  --> src/models/common.rs:3:14
[INFO] [stderr]   |
[INFO] [stderr] 3 | use base64::{Engine as _};
[INFO] [stderr]   |              ^^^^^^^^^^^
[INFO] [stderr] 
[INFO] [stderr] warning: unused import: `std::sync::Arc`
[INFO] [stderr]  --> src/client_controller.rs:2:5
[INFO] [stderr]   |
[INFO] [stderr] 2 | use std::sync::Arc;
[INFO] [stderr]   |     ^^^^^^^^^^^^^^
[INFO] [stderr] 
[INFO] [stderr] warning: unused import: `debug`
[INFO] [stderr]  --> src/client_controller.rs:4:15
[INFO] [stderr]   |
[INFO] [stderr] 4 | use tracing::{debug, error, info};
[INFO] [stderr]   |               ^^^^^
[INFO] [stderr] 
[INFO] [stderr] warning: unused import: `crate::error::SmartIdClientError::SmartIdClientException`
[INFO] [stderr]   --> src/client_controller.rs:11:5
[INFO] [stderr]    |
[INFO] [stderr] 11 | use crate::error::SmartIdClientError::SmartIdClientException;
[INFO] [stderr]    |     ^^^^^^^^^^^^^^^^^^^^^^^^^^^^^^^^^^^^^^^^^^^^^^^^^^^^^^^^
[INFO] [stderr] 
[INFO] [stderr] warning: unused variable: `res`
[INFO] [stderr]   --> src/client/reqwest_generic.rs:89:9
[INFO] [stderr]    |
[INFO] [stderr] 89 |     let res = client
[INFO] [stderr]    |         ^^^ help: if this is intentional, prefix it with an underscore: `_res`
[INFO] [stderr]    |
[INFO] [stderr]    = note: `#[warn(unused_variables)]` on by default
[INFO] [stderr] 
[INFO] [stderr] warning: unused variable: `level`
[INFO] [stderr]    --> src/models/requests.rs:127:55
[INFO] [stderr]     |
[INFO] [stderr] 127 |     pub  async fn new_with_level(cfg: &SmartIDConfig, level: CertificateLevel) -> Self {
[INFO] [stderr]     |                                                       ^^^^^ help: if this is intentional, prefix it with an underscore: `_level`
[INFO] [stderr] 
[INFO] [stderr] warning: function `get_token` is never used
[INFO] [stderr]   --> src/client/reqwest_generic.rs:20:14
[INFO] [stderr]    |
[INFO] [stderr] 20 | pub async fn get_token<R>(url: &str, timeout_millis: Option<u64>) -> Result<R>
[INFO] [stderr]    |              ^^^^^^^^^
[INFO] [stderr]    |
[INFO] [stderr]    = note: `#[warn(dead_code)]` on by default
[INFO] [stderr] 
[INFO] [stderr] warning: function `delete` is never used
[INFO] [stderr]   --> src/client/reqwest_generic.rs:78:14
[INFO] [stderr]    |
[INFO] [stderr] 78 | pub async fn delete(
[INFO] [stderr]    |              ^^^^^^
[INFO] [stderr] 
[INFO] [stderr] warning: function `post_json_value` is never used
[INFO] [stderr]    --> src/client/reqwest_generic.rs:137:14
[INFO] [stderr]     |
[INFO] [stderr] 137 | pub async fn post_json_value<T>(
[INFO] [stderr]     |              ^^^^^^^^^^^^^^^
[INFO] [stderr] 
[INFO] [stderr] warning: function `put` is never used
[INFO] [stderr]    --> src/client/reqwest_generic.rs:176:14
[INFO] [stderr]     |
[INFO] [stderr] 176 | pub async fn put<T, R>(
[INFO] [stderr]     |              ^^^
[INFO] [stderr] 
[INFO] [stderr] warning: multiple variants are never constructed
[INFO] [stderr]    --> src/error.rs:12:5
[INFO] [stderr]     |
[INFO] [stderr] 5   | pub enum SmartIdClientError {
[INFO] [stderr]     |          ------------------ variants in this enum
[INFO] [stderr] ...
[INFO] [stderr] 12  |     SmartIdException(&'static str),
[INFO] [stderr]     |     ^^^^^^^^^^^^^^^^
[INFO] [stderr] ...
[INFO] [stderr] 19  |     InvalidRequest,
[INFO] [stderr]     |     ^^^^^^^^^^^^^^
[INFO] [stderr] ...
[INFO] [stderr] 23  |     UnprocessableSmartIdResponseException(&'static str),
[INFO] [stderr]     |     ^^^^^^^^^^^^^^^^^^^^^^^^^^^^^^^^^^^^^
[INFO] [stderr] ...
[INFO] [stderr] 27  |     RelyingPartyAccountConfigurationException(&'static str),
[INFO] [stderr]     |     ^^^^^^^^^^^^^^^^^^^^^^^^^^^^^^^^^^^^^^^^^
[INFO] [stderr] ...
[INFO] [stderr] 31  |     ServerMaintenanceException(&'static str),
[INFO] [stderr]     |     ^^^^^^^^^^^^^^^^^^^^^^^^^^
[INFO] [stderr] ...
[INFO] [stderr] 35  |     SmartIdClientException(&'static str),
[INFO] [stderr]     |     ^^^^^^^^^^^^^^^^^^^^^^
[INFO] [stderr] ...
[INFO] [stderr] 40  |     EnduringSmartIdException(&'static str),
[INFO] [stderr]     |     ^^^^^^^^^^^^^^^^^^^^^^^^
[INFO] [stderr] ...
[INFO] [stderr] 45  |     UserActionException(&'static str),
[INFO] [stderr]     |     ^^^^^^^^^^^^^^^^^^^
[INFO] [stderr] ...
[INFO] [stderr] 57  |     UserRefusedCertChoiceException,
[INFO] [stderr]     |     ^^^^^^^^^^^^^^^^^^^^^^^^^^^^^^
[INFO] [stderr] ...
[INFO] [stderr] 61  |     UserRefusedConfirmationMessageException,
[INFO] [stderr]     |     ^^^^^^^^^^^^^^^^^^^^^^^^^^^^^^^^^^^^^^^
[INFO] [stderr] ...
[INFO] [stderr] 65  |     UserRefusedConfirmationMessageWithVerificationChoiceException,
[INFO] [stderr]     |     ^^^^^^^^^^^^^^^^^^^^^^^^^^^^^^^^^^^^^^^^^^^^^^^^^^^^^^^^^^^^^
[INFO] [stderr] ...
[INFO] [stderr] 69  |     UserRefusedDisplayTextAndPinException,
[INFO] [stderr]     |     ^^^^^^^^^^^^^^^^^^^^^^^^^^^^^^^^^^^^^
[INFO] [stderr] ...
[INFO] [stderr] 73  |     UserRefusedVerificationChoiceException,
[INFO] [stderr]     |     ^^^^^^^^^^^^^^^^^^^^^^^^^^^^^^^^^^^^^^
[INFO] [stderr] ...
[INFO] [stderr] 77  |     UserSelectedWrongVerificationCodeException,
[INFO] [stderr]     |     ^^^^^^^^^^^^^^^^^^^^^^^^^^^^^^^^^^^^^^^^^^
[INFO] [stderr] ...
[INFO] [stderr] 82  |     UserAccountException(&'static str),
[INFO] [stderr]     |     ^^^^^^^^^^^^^^^^^^^^
[INFO] [stderr] ...
[INFO] [stderr] 86  |     CertificateLevelMismatchException,
[INFO] [stderr]     |     ^^^^^^^^^^^^^^^^^^^^^^^^^^^^^^^^^
[INFO] [stderr] ...
[INFO] [stderr] 90  |     DocumentUnusableException,
[INFO] [stderr]     |     ^^^^^^^^^^^^^^^^^^^^^^^^^
[INFO] [stderr] ...
[INFO] [stderr] 94  |     NoSuitableAccountOfRequestedTypeFoundException,
[INFO] [stderr]     |     ^^^^^^^^^^^^^^^^^^^^^^^^^^^^^^^^^^^^^^^^^^^^^^
[INFO] [stderr] ...
[INFO] [stderr] 98  |     PersonShouldViewSmartIdPortalException,
[INFO] [stderr]     |     ^^^^^^^^^^^^^^^^^^^^^^^^^^^^^^^^^^^^^^
[INFO] [stderr] ...
[INFO] [stderr] 102 |     RequiredInteractionNotSupportedByAppException,
[INFO] [stderr]     |     ^^^^^^^^^^^^^^^^^^^^^^^^^^^^^^^^^^^^^^^^^^^^^
[INFO] [stderr] ...
[INFO] [stderr] 106 |     UserAccountNotFoundException,
[INFO] [stderr]     |     ^^^^^^^^^^^^^^^^^^^^^^^^^^^^
[INFO] [stderr]     |
[INFO] [stderr]     = note: `SmartIdClientError` has a derived impl for the trait `Debug`, but this is intentionally ignored during dead code analysis
[INFO] [stderr] 
[INFO] [stderr] warning: `smart-id-rust-client` (lib) generated 22 warnings (run `cargo fix --lib -p smart-id-rust-client` to apply 13 suggestions)
[INFO] [stderr] warning: unused import: `error`
[INFO] [stderr]  --> examples/smart_id_client.rs:1:15
[INFO] [stderr]   |
[INFO] [stderr] 1 | use tracing::{error, info, warn};
[INFO] [stderr]   |               ^^^^^
[INFO] [stderr]   |
[INFO] [stderr]   = note: `#[warn(unused_imports)]` on by default
[INFO] [stderr] 
[INFO] [stderr] warning: unused import: `SessionSignature`
[INFO] [stderr]  --> examples/smart_id_client.rs:2:156
[INFO] [stderr]   |
[INFO] [stderr] 2 | ...t_certificate_by_semantic_identifier, get_config_from_env, SessionSignature, SessionStatus, sha_digest, sign_by_semantic_identifier};
[INFO] [stderr]   |                                                               ^^^^^^^^^^^^^^^^
[INFO] [stderr] 
[INFO] [stderr] warning: unused doc comment
[INFO] [stderr]   --> examples/smart_id_client.rs:16:5
[INFO] [stderr]    |
[INFO] [stderr] 16 |     /// Get default Config (from environment variables)
[INFO] [stderr]    |     ^^^^^^^^^^^^^^^^^^^^^^^^^^^^^^^^^^^^^^^^^^^^^^^^^^^
[INFO] [stderr] 17 |     let cfg = get_config_from_env();
[INFO] [stderr]    |     -------------------------------- rustdoc does not generate documentation for statements
[INFO] [stderr]    |
[INFO] [stderr]    = help: use `//` for a plain comment
[INFO] [stderr]    = note: `#[warn(unused_doc_comments)]` on by default
[INFO] [stderr] 
[INFO] [stderr] warning: unused doc comment
[INFO] [stderr]   --> examples/smart_id_client.rs:19:5
[INFO] [stderr]    |
[INFO] [stderr] 19 |     /// or use builder pattern to construct the config
[INFO] [stderr]    |     ^^^^^^^^^^^^^^^^^^^^^^^^^^^^^^^^^^^^^^^^^^^^^^^^^^
[INFO] [stderr] 20 |     let cfg = SmartIDConfigBuilder::new().url("https://sid.demo.sk.ee/smart-id-rp/v2").build().expect("Error building config");
[INFO] [stderr]    |     --------------------------------------------------------------------------------------------------------------------------- rustdoc does not generate documentation for statements
[INFO] [stderr]    |
[INFO] [stderr]    = help: use `//` for a plain comment
[INFO] [stderr] 
[INFO] [stderr] warning: unused doc comment
[INFO] [stderr]   --> examples/smart_id_client.rs:24:5
[INFO] [stderr]    |
[INFO] [stderr] 24 |     /// Example get Certificate
[INFO] [stderr]    |     ^^^^^^^^^^^^^^^^^^^^^^^^^^^
[INFO] [stderr] 25 |     let _ = uc_get_certificate_choice(&cfg).await;
[INFO] [stderr]    |     ---------------------------------------------- rustdoc does not generate documentation for statements
[INFO] [stderr]    |
[INFO] [stderr]    = help: use `//` for a plain comment
[INFO] [stderr] 
[INFO] [stderr] warning: unused doc comment
[INFO] [stderr]   --> examples/smart_id_client.rs:27:5
[INFO] [stderr]    |
[INFO] [stderr] 27 |     /// Example authenticate user
[INFO] [stderr]    |     ^^^^^^^^^^^^^^^^^^^^^^^^^^^^^
[INFO] [stderr] 28 |     let _ = uc_authenticate_by_semantic_identifier(&cfg).await;
[INFO] [stderr]    |     ----------------------------------------------------------- rustdoc does not generate documentation for statements
[INFO] [stderr]    |
[INFO] [stderr]    = help: use `//` for a plain comment
[INFO] [stderr] 
[INFO] [stderr] warning: unused doc comment
[INFO] [stderr]   --> examples/smart_id_client.rs:30:5
[INFO] [stderr]    |
[INFO] [stderr] 30 |     /// Example sign document digest
[INFO] [stderr]    |     ^^^^^^^^^^^^^^^^^^^^^^^^^^^^^^^^
[INFO] [stderr] 31 |     let _ = uc_sign_by_semantic_identifier(&cfg).await;
[INFO] [stderr]    |     --------------------------------------------------- rustdoc does not generate documentation for statements
[INFO] [stderr]    |
[INFO] [stderr]    = help: use `//` for a plain comment
[INFO] [stderr] 
[INFO] [stderr] warning: unused doc comment
[INFO] [stderr]   --> examples/smart_id_client.rs:38:5
[INFO] [stderr]    |
[INFO] [stderr] 38 |     /// Create the semantic identifier
[INFO] [stderr]    |     ^^^^^^^^^^^^^^^^^^^^^^^^^^^^^^^^^^
[INFO] [stderr] 39 |     let sem_id = SemanticsIdentifier::new_from_enum_mock(IdentityType::PNO, CountryCode::BE);
[INFO] [stderr]    |     ----------------------------------------------------------------------------------------- rustdoc does not generate documentation for statements
[INFO] [stderr]    |
[INFO] [stderr]    = help: use `//` for a plain comment
[INFO] [stderr] 
[INFO] [stderr] warning: unused doc comment
[INFO] [stderr]   --> examples/smart_id_client.rs:41:5
[INFO] [stderr]    |
[INFO] [stderr] 41 |     /// Verify if a certificate exists for given id
[INFO] [stderr]    |     ^^^^^^^^^^^^^^^^^^^^^^^^^^^^^^^^^^^^^^^^^^^^^^^
[INFO] [stderr] 42 |     let res = get_certificate_by_semantic_identifier(&cfg, sem_id).await;
[INFO] [stderr]    |     --------------------------------------------------------------------- rustdoc does not generate documentation for statements
[INFO] [stderr]    |
[INFO] [stderr]    = help: use `//` for a plain comment
[INFO] [stderr] 
[INFO] [stderr] warning: unused doc comment
[INFO] [stderr]   --> examples/smart_id_client.rs:54:5
[INFO] [stderr]    |
[INFO] [stderr] 54 |     /// Create the semantic identifier
[INFO] [stderr]    |     ^^^^^^^^^^^^^^^^^^^^^^^^^^^^^^^^^^
[INFO] [stderr] 55 |     let sem_id = SemanticsIdentifier::new_from_enum_mock(IdentityType::PNO, CountryCode::BE);
[INFO] [stderr]    |     ----------------------------------------------------------------------------------------- rustdoc does not generate documentation for statements
[INFO] [stderr]    |
[INFO] [stderr]    = help: use `//` for a plain comment
[INFO] [stderr] 
[INFO] [stderr] warning: unused doc comment
[INFO] [stderr]   --> examples/smart_id_client.rs:57:5
[INFO] [stderr]    |
[INFO] [stderr] 57 |     /// Define interactions
[INFO] [stderr]    |     ^^^^^^^^^^^^^^^^^^^^^^^
[INFO] [stderr] 58 |     let interactions: Vec<Interaction> = vec![Interaction::diplay_text_and_pin("Authenticate to Application: ReadMyCards")];
[INFO] [stderr]    |     ------------------------------------------------------------------------------------------------------------------------ rustdoc does not generate documentation for statements
[INFO] [stderr]    |
[INFO] [stderr]    = help: use `//` for a plain comment
[INFO] [stderr] 
[INFO] [stderr] warning: unused doc comment
[INFO] [stderr]   --> examples/smart_id_client.rs:60:5
[INFO] [stderr]    |
[INFO] [stderr] 60 |     /// Create hash
[INFO] [stderr]    |     ^^^^^^^^^^^^^^^
[INFO] [stderr] 61 |     let hash_type = HashType::SHA256;
[INFO] [stderr]    |     --------------------------------- rustdoc does not generate documentation for statements
[INFO] [stderr]    |
[INFO] [stderr]    = help: use `//` for a plain comment
[INFO] [stderr] 
[INFO] [stderr] warning: unused doc comment
[INFO] [stderr]   --> examples/smart_id_client.rs:67:5
[INFO] [stderr]    |
[INFO] [stderr] 67 |     /// Ask user for authentication
[INFO] [stderr]    |     ^^^^^^^^^^^^^^^^^^^^^^^^^^^^^^^
[INFO] [stderr] 68 |     let res = authenticate_by_semantic_identifier(&cfg, sem_id, interactions, b64_hash, hash_type).await;
[INFO] [stderr]    |     ----------------------------------------------------------------------------------------------------- rustdoc does not generate documentation for statements
[INFO] [stderr]    |
[INFO] [stderr]    = help: use `//` for a plain comment
[INFO] [stderr] 
[INFO] [stderr] warning: unused doc comment
[INFO] [stderr]   --> examples/smart_id_client.rs:81:5
[INFO] [stderr]    |
[INFO] [stderr] 81 |     /// Create the semantic identifier
[INFO] [stderr]    |     ^^^^^^^^^^^^^^^^^^^^^^^^^^^^^^^^^^
[INFO] [stderr] 82 |     let sem_id = SemanticsIdentifier::new_from_enum_mock(IdentityType::PNO, CountryCode::BE);
[INFO] [stderr]    |     ----------------------------------------------------------------------------------------- rustdoc does not generate documentation for statements
[INFO] [stderr]    |
[INFO] [stderr]    = help: use `//` for a plain comment
[INFO] [stderr] 
[INFO] [stderr] warning: unused doc comment
[INFO] [stderr]   --> examples/smart_id_client.rs:84:5
[INFO] [stderr]    |
[INFO] [stderr] 84 |     /// Define interactions
[INFO] [stderr]    |     ^^^^^^^^^^^^^^^^^^^^^^^
[INFO] [stderr] 85 |     let interactions: Vec<Interaction> = vec![Interaction::confirmation_message("Are you sure to sign document: something.pdf?"), Interaction::diplay_text_and_pin("Sign using ReadMyCards")];
[INFO] [stderr]    |     ------------------------------------------------------------------------------------------------------------------------------------------------------------------------------------------ rustdoc does not generate documentation for statements
[INFO] [stderr]    |
[INFO] [stderr]    = help: use `//` for a plain comment
[INFO] [stderr] 
[INFO] [stderr] warning: unused doc comment
[INFO] [stderr]   --> examples/smart_id_client.rs:87:5
[INFO] [stderr]    |
[INFO] [stderr] 87 |     /// Create hash
[INFO] [stderr]    |     ^^^^^^^^^^^^^^^
[INFO] [stderr] 88 |     let hash_type = HashType::SHA256;
[INFO] [stderr]    |     --------------------------------- rustdoc does not generate documentation for statements
[INFO] [stderr]    |
[INFO] [stderr]    = help: use `//` for a plain comment
[INFO] [stderr] 
[INFO] [stderr] warning: unused doc comment
[INFO] [stderr]   --> examples/smart_id_client.rs:92:5
[INFO] [stderr]    |
[INFO] [stderr] 92 |     /// Create verification cod
[INFO] [stderr]    |     ^^^^^^^^^^^^^^^^^^^^^^^^^^^
[INFO] [stderr] 93 |     let verification_code_for_user = generate_verification_number(hash.as_ref().to_vec())?;
[INFO] [stderr]    |     --------------------------------------------------------------------------------------- rustdoc does not generate documentation for statements
[INFO] [stderr]    |
[INFO] [stderr]    = help: use `//` for a plain comment
[INFO] [stderr] 
[INFO] [stderr] warning: unused doc comment
[INFO] [stderr]   --> examples/smart_id_client.rs:96:5
[INFO] [stderr]    |
[INFO] [stderr] 96 |     /// Ask user to sign
[INFO] [stderr]    |     ^^^^^^^^^^^^^^^^^^^^
[INFO] [stderr] 97 |     let res = sign_by_semantic_identifier(&cfg, sem_id, interactions, b64_hash, hash_type).await;
[INFO] [stderr]    |     --------------------------------------------------------------------------------------------- rustdoc does not generate documentation for statements
[INFO] [stderr]    |
[INFO] [stderr]    = help: use `//` for a plain comment
[INFO] [stderr] 
[INFO] [stderr] warning: unused variable: `cfg`
[INFO] [stderr]   --> examples/smart_id_client.rs:17:9
[INFO] [stderr]    |
[INFO] [stderr] 17 |     let cfg = get_config_from_env();
[INFO] [stderr]    |         ^^^ help: if this is intentional, prefix it with an underscore: `_cfg`
[INFO] [stderr]    |
[INFO] [stderr]    = note: `#[warn(unused_variables)]` on by default
[INFO] [stderr] 
[INFO] [stderr] warning: unused imports: `error` and `info`
[INFO] [stderr]    --> src/models/requests.rs:189:19
[INFO] [stderr]     |
[INFO] [stderr] 189 |     use tracing::{error, info};
[INFO] [stderr]     |                   ^^^^^  ^^^^
[INFO] [stderr] 
[INFO] [stderr] warning: unused imports: `error` and `info`
[INFO] [stderr]    --> src/models/common.rs:233:19
[INFO] [stderr]     |
[INFO] [stderr] 233 |     use tracing::{error, info};
[INFO] [stderr]     |                   ^^^^^  ^^^^
[INFO] [stderr] 
[INFO] [stderr] warning: unused import: `crate::models::requests::InteractionFlow`
[INFO] [stderr]    --> src/models/common.rs:235:9
[INFO] [stderr]     |
[INFO] [stderr] 235 |     use crate::models::requests::InteractionFlow;
[INFO] [stderr]     |         ^^^^^^^^^^^^^^^^^^^^^^^^^^^^^^^^^^^^^^^^
[INFO] [stderr] 
[INFO] [stderr] warning: `smart-id-rust-client` (example "smart_id_client") generated 19 warnings (run `cargo fix --example "smart_id_client"` to apply 2 suggestions)
[INFO] [stderr] warning: `smart-id-rust-client` (lib test) generated 25 warnings (22 duplicates) (run `cargo fix --lib -p smart-id-rust-client --tests` to apply 3 suggestions)
[INFO] [stderr]     Finished `test` profile [optimized + debuginfo] target(s) in 0.33s
[INFO] [stderr]      Running unittests src/lib.rs (/opt/rustwide/target/debug/deps/smart_id_rust_client-50066a32a174c3be)
[INFO] [stdout] 
[INFO] [stdout] running 15 tests
[INFO] [stdout] test models::common::tests::test_semantics_id_construct_by_enum ... ok
[INFO] [stdout] test models::common::tests::test_semantics_id_construct_by_string ... ok
[INFO] [stdout] test models::common::tests::test_resolve_certificate_level_string_value ... ok
[INFO] [stdout] test models::requests::tests::test_validate_interaction_flow_200_too_long_cm_and_vch ... ok
[INFO] [stdout] test models::requests::tests::test_validate_interaction_flow_200_none_cm_and_vch ... ok
[INFO] [stdout] test models::requests::tests::test_validate_interaction_flow_200_none ... ok
[INFO] [stdout] test models::requests::tests::test_validate_interaction_flow_200_with_60 ... ok
[INFO] [stdout] test models::requests::tests::test_validate_interaction_flow_200_too_long ... ok
[INFO] [stdout] test models::requests::tests::test_validate_interaction_flow_200_with_60_cm_and_vch ... ok
[INFO] [stdout] test models::requests::tests::test_validate_interaction_flow_60_none ... ok
[INFO] [stdout] test models::requests::tests::test_validate_interaction_flow_60_none_diplay_text ... ok
[INFO] [stdout] test models::requests::tests::test_validate_interaction_flow_60_too_long_diplay_text ... ok
[INFO] [stdout] test models::requests::tests::test_validate_interaction_flow_60_with_200 ... ok
[INFO] [stdout] test models::requests::tests::test_validate_interaction_flow_60_with_200_diplay_text ... ok
[INFO] [stdout] test models::requests::tests::test_validate_interaction_flow_60_too_long ... ok
[INFO] [stdout] 
[INFO] [stdout] test result: ok. 15 passed; 0 failed; 0 ignored; 0 measured; 0 filtered out; finished in 0.01s
[INFO] [stdout] 
[INFO] [stderr]    Doc-tests smart_id_rust_client
[INFO] [stdout] 
[INFO] [stdout] running 1 test
[INFO] [stdout] test src/config.rs - config::SmartIDConfigBuilder (line 48) ... FAILED
[INFO] [stdout] 
[INFO] [stdout] failures:
[INFO] [stdout] 
[INFO] [stdout] ---- src/config.rs - config::SmartIDConfigBuilder (line 48) stdout ----
[INFO] [stdout] Test executable failed (exit status: 101).
[INFO] [stdout] 
[INFO] [stdout] stderr:
[INFO] [stdout] thread 'main' panicked at src/config.rs:125:38:
[INFO] [stdout] called `Result::unwrap()` on an `Err` value: Configuration missing: HOST_URL
[INFO] [stdout] 
[INFO] [stdout] Stack backtrace:
[INFO] [stdout]    0: anyhow::error::<impl core::convert::From<E> for anyhow::Error>::from
[INFO] [stdout]              at /opt/rustwide/cargo-home/registry/src/index.crates.io-6f17d22bba15001f/anyhow-1.0.81/src/backtrace.rs:27:14
[INFO] [stdout]    1: smart_id_rust_client::config::get_env
[INFO] [stdout]              at /rustc/df4ca44d3fbc9301ee17f30f4d474e6ae4b05252/library/core/src/convert/mod.rs:759:9
[INFO] [stdout]    2: smart_id_rust_client::config::SmartIDConfig::load_from_env
[INFO] [stdout]              at ./src/config.rs:125:18
[INFO] [stdout]    3: smart_id_rust_client::config::SmartIDConfigBuilder::new
[INFO] [stdout]              at ./src/config.rs:118:9
[INFO] [stdout]    4: rust_out::main::_doctest_main_src_config_rs_48_0
[INFO] [stdout]    5: rust_out::main
[INFO] [stdout]    6: core::ops::function::FnOnce::call_once
[INFO] [stdout]    7: std::sys::backtrace::__rust_begin_short_backtrace
[INFO] [stdout]    8: std::rt::lang_start::{{closure}}
[INFO] [stdout]    9: core::ops::function::impls::<impl core::ops::function::FnOnce<A> for &F>::call_once
[INFO] [stdout]              at /rustc/df4ca44d3fbc9301ee17f30f4d474e6ae4b05252/library/core/src/ops/function.rs:284:13
[INFO] [stdout]   10: std::panicking::try::do_call
[INFO] [stdout]              at /rustc/df4ca44d3fbc9301ee17f30f4d474e6ae4b05252/library/std/src/panicking.rs:557:40
[INFO] [stdout]   11: std::panicking::try
[INFO] [stdout]              at /rustc/df4ca44d3fbc9301ee17f30f4d474e6ae4b05252/library/std/src/panicking.rs:520:19
[INFO] [stdout]   12: std::panic::catch_unwind
[INFO] [stdout]              at /rustc/df4ca44d3fbc9301ee17f30f4d474e6ae4b05252/library/std/src/panic.rs:358:14
[INFO] [stdout]   13: std::rt::lang_start_internal::{{closure}}
[INFO] [stdout]              at /rustc/df4ca44d3fbc9301ee17f30f4d474e6ae4b05252/library/std/src/rt.rs:174:48
[INFO] [stdout]   14: std::panicking::try::do_call
[INFO] [stdout]              at /rustc/df4ca44d3fbc9301ee17f30f4d474e6ae4b05252/library/std/src/panicking.rs:557:40
[INFO] [stdout]   15: std::panicking::try
[INFO] [stdout]              at /rustc/df4ca44d3fbc9301ee17f30f4d474e6ae4b05252/library/std/src/panicking.rs:520:19
[INFO] [stdout]   16: std::panic::catch_unwind
[INFO] [stdout]              at /rustc/df4ca44d3fbc9301ee17f30f4d474e6ae4b05252/library/std/src/panic.rs:358:14
[INFO] [stdout]   17: std::rt::lang_start_internal
[INFO] [stdout]              at /rustc/df4ca44d3fbc9301ee17f30f4d474e6ae4b05252/library/std/src/rt.rs:174:20
[INFO] [stdout]   18: std::rt::lang_start
[INFO] [stdout]   19: main
[INFO] [stdout]   20: <unknown>
[INFO] [stdout]   21: __libc_start_main
[INFO] [stdout]   22: _start
[INFO] [stdout] stack backtrace:
[INFO] [stdout]    0:     0x64d4e99c4cfa - std::backtrace_rs::backtrace::libunwind::trace::h207520d6e9873551
[INFO] [stdout]                                at /rustc/df4ca44d3fbc9301ee17f30f4d474e6ae4b05252/library/std/src/../../backtrace/src/backtrace/libunwind.rs:116:5
[INFO] [stdout]    1:     0x64d4e99c4cfa - std::backtrace_rs::backtrace::trace_unsynchronized::h2ed7433f370e3eca
[INFO] [stdout]                                at /rustc/df4ca44d3fbc9301ee17f30f4d474e6ae4b05252/library/std/src/../../backtrace/src/backtrace/mod.rs:66:5
[INFO] [stdout]    2:     0x64d4e99c4cfa - std::sys::backtrace::_print_fmt::h916fac51166b18d7
[INFO] [stdout]                                at /rustc/df4ca44d3fbc9301ee17f30f4d474e6ae4b05252/library/std/src/sys/backtrace.rs:66:9
[INFO] [stdout]    3:     0x64d4e99c4cfa - <std::sys::backtrace::BacktraceLock::print::DisplayBacktrace as core::fmt::Display>::fmt::ha0a4c9b8ce3802e6
[INFO] [stdout]                                at /rustc/df4ca44d3fbc9301ee17f30f4d474e6ae4b05252/library/std/src/sys/backtrace.rs:39:26
[INFO] [stdout]    4:     0x64d4e99e0ee3 - core::fmt::rt::Argument::fmt::h4cfc8587d52b3eb5
[INFO] [stdout]                                at /rustc/df4ca44d3fbc9301ee17f30f4d474e6ae4b05252/library/core/src/fmt/rt.rs:177:76
[INFO] [stdout]    5:     0x64d4e99e0ee3 - core::fmt::write::h522cc39e5b36ae9f
[INFO] [stdout]                                at /rustc/df4ca44d3fbc9301ee17f30f4d474e6ae4b05252/library/core/src/fmt/mod.rs:1190:21
[INFO] [stdout]    6:     0x64d4e99c2573 - std::io::Write::write_fmt::hf1c1dcc8cc1287f0
[INFO] [stdout]                                at /rustc/df4ca44d3fbc9301ee17f30f4d474e6ae4b05252/library/std/src/io/mod.rs:1839:15
[INFO] [stdout]    7:     0x64d4e99c4b42 - std::sys::backtrace::BacktraceLock::print::h4b9e00b29e9c0942
[INFO] [stdout]                                at /rustc/df4ca44d3fbc9301ee17f30f4d474e6ae4b05252/library/std/src/sys/backtrace.rs:42:9
[INFO] [stdout]    8:     0x64d4e99c5b0c - std::panicking::default_hook::{{closure}}::hb59b88280d0324d9
[INFO] [stdout]                                at /rustc/df4ca44d3fbc9301ee17f30f4d474e6ae4b05252/library/std/src/panicking.rs:268:22
[INFO] [stdout]    9:     0x64d4e99c5952 - std::panicking::default_hook::he1dd496665be4a29
[INFO] [stdout]                                at /rustc/df4ca44d3fbc9301ee17f30f4d474e6ae4b05252/library/std/src/panicking.rs:295:9
[INFO] [stdout]   10:     0x64d4e99c6107 - std::panicking::rust_panic_with_hook::h2ff17fe8f26dfcf8
[INFO] [stdout]                                at /rustc/df4ca44d3fbc9301ee17f30f4d474e6ae4b05252/library/std/src/panicking.rs:801:13
[INFO] [stdout]   11:     0x64d4e99c5f9a - std::panicking::begin_panic_handler::{{closure}}::h4fad77951c07e101
[INFO] [stdout]                                at /rustc/df4ca44d3fbc9301ee17f30f4d474e6ae4b05252/library/std/src/panicking.rs:674:13
[INFO] [stdout]   12:     0x64d4e99c51d9 - std::sys::backtrace::__rust_end_short_backtrace::hb1a25b3da5d0ea08
[INFO] [stdout]                                at /rustc/df4ca44d3fbc9301ee17f30f4d474e6ae4b05252/library/std/src/sys/backtrace.rs:170:18
[INFO] [stdout]   13:     0x64d4e99c5c2c - rust_begin_unwind
[INFO] [stdout]                                at /rustc/df4ca44d3fbc9301ee17f30f4d474e6ae4b05252/library/std/src/panicking.rs:665:5
[INFO] [stdout]   14:     0x64d4e99e0180 - core::panicking::panic_fmt::ha9db07b529f9b256
[INFO] [stdout]                                at /rustc/df4ca44d3fbc9301ee17f30f4d474e6ae4b05252/library/core/src/panicking.rs:75:14
[INFO] [stdout]   15:     0x64d4e99e0596 - core::result::unwrap_failed::h5e8218e4d4338b8a
[INFO] [stdout]                                at /rustc/df4ca44d3fbc9301ee17f30f4d474e6ae4b05252/library/core/src/result.rs:1698:5
[INFO] [stdout]   16:     0x64d4e99a17eb - smart_id_rust_client::config::SmartIDConfig::load_from_env::hec3b3862ce11d53c
[INFO] [stdout]                                at /rustc/df4ca44d3fbc9301ee17f30f4d474e6ae4b05252/library/core/src/result.rs:1103:23
[INFO] [stdout]   17:     0x64d4e99a1086 - smart_id_rust_client::config::SmartIDConfigBuilder::new::h0aacf11ff0fdba8e
[INFO] [stdout]                                at /opt/rustwide/workdir/src/config.rs:118:9
[INFO] [stdout]   18:     0x64d4e99a0b5d - rust_out::main::_doctest_main_src_config_rs_48_0::h947f99fe4f8771d9
[INFO] [stdout]   19:     0x64d4e99a0b36 - rust_out::main::ha213a30daa5df4da
[INFO] [stdout]   20:     0x64d4e99a0553 - core::ops::function::FnOnce::call_once::hf7edf7132571051c
[INFO] [stdout]   21:     0x64d4e99a0136 - std::sys::backtrace::__rust_begin_short_backtrace::h32fd822fd2ba4079
[INFO] [stdout]   22:     0x64d4e99a0119 - std::rt::lang_start::{{closure}}::h4039a1c394ed4f7c
[INFO] [stdout]   23:     0x64d4e99bfd37 - core::ops::function::impls::<impl core::ops::function::FnOnce<A> for &F>::call_once::hd87d66b906e0ccaf
[INFO] [stdout]                                at /rustc/df4ca44d3fbc9301ee17f30f4d474e6ae4b05252/library/core/src/ops/function.rs:284:13
[INFO] [stdout]   24:     0x64d4e99bfd37 - std::panicking::try::do_call::hae3703de71fc9e3a
[INFO] [stdout]                                at /rustc/df4ca44d3fbc9301ee17f30f4d474e6ae4b05252/library/std/src/panicking.rs:557:40
[INFO] [stdout]   25:     0x64d4e99bfd37 - std::panicking::try::h1178330e9a2b2645
[INFO] [stdout]                                at /rustc/df4ca44d3fbc9301ee17f30f4d474e6ae4b05252/library/std/src/panicking.rs:520:19
[INFO] [stdout]   26:     0x64d4e99bfd37 - std::panic::catch_unwind::h0acf49d2305d32ad
[INFO] [stdout]                                at /rustc/df4ca44d3fbc9301ee17f30f4d474e6ae4b05252/library/std/src/panic.rs:358:14
[INFO] [stdout]   27:     0x64d4e99bfd37 - std::rt::lang_start_internal::{{closure}}::h2d95182d798177be
[INFO] [stdout]                                at /rustc/df4ca44d3fbc9301ee17f30f4d474e6ae4b05252/library/std/src/rt.rs:174:48
[INFO] [stdout]   28:     0x64d4e99bfd37 - std::panicking::try::do_call::hb506f5bfe11fd30c
[INFO] [stdout]                                at /rustc/df4ca44d3fbc9301ee17f30f4d474e6ae4b05252/library/std/src/panicking.rs:557:40
[INFO] [stdout]   29:     0x64d4e99bfd37 - std::panicking::try::h54d825c46bd0fa95
[INFO] [stdout]                                at /rustc/df4ca44d3fbc9301ee17f30f4d474e6ae4b05252/library/std/src/panicking.rs:520:19
[INFO] [stdout]   30:     0x64d4e99bfd37 - std::panic::catch_unwind::hffbb0ad20c4e9fac
[INFO] [stdout]                                at /rustc/df4ca44d3fbc9301ee17f30f4d474e6ae4b05252/library/std/src/panic.rs:358:14
[INFO] [stdout]   31:     0x64d4e99bfd37 - std::rt::lang_start_internal::h52c291ef1962c925
[INFO] [stdout]                                at /rustc/df4ca44d3fbc9301ee17f30f4d474e6ae4b05252/library/std/src/rt.rs:174:20
[INFO] [stdout]   32:     0x64d4e99a00f7 - std::rt::lang_start::h8c6075cd6f225ba1
[INFO] [stdout]   33:     0x64d4e99a0c25 - main
[INFO] [stdout]   34:     0x74a7f5b8dd90 - <unknown>
[INFO] [stdout]   35:     0x74a7f5b8de40 - __libc_start_main
[INFO] [stdout]   36:     0x64d4e999ffc5 - _start
[INFO] [stdout]   37:                0x0 - <unknown>
[INFO] [stdout] 
[INFO] [stdout] 
[INFO] [stdout] 
[INFO] [stdout] failures:
[INFO] [stdout]     src/config.rs - config::SmartIDConfigBuilder (line 48)
[INFO] [stdout] 
[INFO] [stdout] test result: FAILED. 0 passed; 1 failed; 0 ignored; 0 measured; 0 filtered out; finished in 0.43s
[INFO] [stdout] 
[INFO] [stderr] error: doctest failed, to rerun pass `--doc`
[INFO] running `Command { std: "docker" "inspect" "d7ac5322b4467ee4bccde523cb459481109d4ac98b62537f26d03a55d13ebb23", kill_on_drop: false }`
[INFO] running `Command { std: "docker" "rm" "-f" "d7ac5322b4467ee4bccde523cb459481109d4ac98b62537f26d03a55d13ebb23", kill_on_drop: false }`
[INFO] [stdout] d7ac5322b4467ee4bccde523cb459481109d4ac98b62537f26d03a55d13ebb23
