[INFO] fetching crate small_uid 0.2.1...
[INFO] testing small_uid-0.2.1 against nightly-2024-10-28 for randomize-layout
[INFO] extracting crate small_uid 0.2.1 into /workspace/builds/worker-6-tc1/source
[INFO] validating manifest of crates.io crate small_uid 0.2.1 on toolchain nightly-2024-10-28
[INFO] running `Command { std: CARGO_HOME="/workspace/cargo-home" RUSTUP_HOME="/workspace/rustup-home" "/workspace/cargo-home/bin/cargo" "+nightly-2024-10-28" "metadata" "--manifest-path" "Cargo.toml" "--no-deps", kill_on_drop: false }`
[INFO] started tweaking crates.io crate small_uid 0.2.1
[INFO] finished tweaking crates.io crate small_uid 0.2.1
[INFO] tweaked toml for crates.io crate small_uid 0.2.1 written to /workspace/builds/worker-6-tc1/source/Cargo.toml
[INFO] running `Command { std: CARGO_HOME="/workspace/cargo-home" RUSTUP_HOME="/workspace/rustup-home" "/workspace/cargo-home/bin/cargo" "+nightly-2024-10-28" "generate-lockfile" "--manifest-path" "Cargo.toml", kill_on_drop: false }`
[INFO] [stderr]     Updating crates.io index
[INFO] [stderr]      Locking 19 packages to latest compatible versions
[INFO] running `Command { std: CARGO_HOME="/workspace/cargo-home" RUSTUP_HOME="/workspace/rustup-home" "/workspace/cargo-home/bin/cargo" "+nightly-2024-10-28" "fetch" "--manifest-path" "Cargo.toml", kill_on_drop: false }`
[INFO] running `Command { std: "docker" "create" "-v" "/var/lib/crater-agent-workspace/builds/worker-6-tc1/target:/opt/rustwide/target:rw,Z" "-v" "/var/lib/crater-agent-workspace/builds/worker-6-tc1/source:/opt/rustwide/workdir:ro,Z" "-v" "/var/lib/crater-agent-workspace/cargo-home:/opt/rustwide/cargo-home:ro,Z" "-v" "/var/lib/crater-agent-workspace/rustup-home:/opt/rustwide/rustup-home:ro,Z" "-e" "SOURCE_DIR=/opt/rustwide/workdir" "-e" "CARGO_TARGET_DIR=/opt/rustwide/target" "-e" "CARGO_HOME=/opt/rustwide/cargo-home" "-e" "RUSTUP_HOME=/opt/rustwide/rustup-home" "-w" "/opt/rustwide/workdir" "-m" "1610612736" "--user" "0:0" "--network" "none" "ghcr.io/rust-lang/crates-build-env/linux@sha256:4a844ea9eb2546a2d2c7022eacef16ef2e8229c7fbb2c7d4d55a9ceca922f72d" "/opt/rustwide/cargo-home/bin/cargo" "+nightly-2024-10-28" "metadata" "--no-deps" "--format-version=1", kill_on_drop: false }`
[INFO] [stdout] 197cf61fa768a6fa05ef5c16eb80708702f7a66a249b5bd2e6e5377bd5903981
[INFO] running `Command { std: "docker" "start" "-a" "197cf61fa768a6fa05ef5c16eb80708702f7a66a249b5bd2e6e5377bd5903981", kill_on_drop: false }`
[INFO] running `Command { std: "docker" "inspect" "197cf61fa768a6fa05ef5c16eb80708702f7a66a249b5bd2e6e5377bd5903981", kill_on_drop: false }`
[INFO] running `Command { std: "docker" "rm" "-f" "197cf61fa768a6fa05ef5c16eb80708702f7a66a249b5bd2e6e5377bd5903981", kill_on_drop: false }`
[INFO] [stdout] 197cf61fa768a6fa05ef5c16eb80708702f7a66a249b5bd2e6e5377bd5903981
[INFO] running `Command { std: "docker" "create" "-v" "/var/lib/crater-agent-workspace/builds/worker-6-tc1/target:/opt/rustwide/target:rw,Z" "-v" "/var/lib/crater-agent-workspace/builds/worker-6-tc1/source:/opt/rustwide/workdir:ro,Z" "-v" "/var/lib/crater-agent-workspace/cargo-home:/opt/rustwide/cargo-home:ro,Z" "-v" "/var/lib/crater-agent-workspace/rustup-home:/opt/rustwide/rustup-home:ro,Z" "-e" "SOURCE_DIR=/opt/rustwide/workdir" "-e" "CARGO_TARGET_DIR=/opt/rustwide/target" "-e" "CARGO_INCREMENTAL=0" "-e" "RUST_BACKTRACE=full" "-e" "RUSTFLAGS=--cap-lints=forbid" "-e" "RUSTDOCFLAGS=--cap-lints=forbid" "-e" "CARGO_HOME=/opt/rustwide/cargo-home" "-e" "RUSTUP_HOME=/opt/rustwide/rustup-home" "-w" "/opt/rustwide/workdir" "-m" "1610612736" "--user" "0:0" "--network" "none" "ghcr.io/rust-lang/crates-build-env/linux@sha256:4a844ea9eb2546a2d2c7022eacef16ef2e8229c7fbb2c7d4d55a9ceca922f72d" "/opt/rustwide/cargo-home/bin/cargo" "+nightly-2024-10-28" "build" "--frozen" "--message-format=json", kill_on_drop: false }`
[INFO] [stdout] 9a482355d10cbc68911579621b546da7f0c25be57b8c96b8a40c38da73a6db84
[INFO] running `Command { std: "docker" "start" "-a" "9a482355d10cbc68911579621b546da7f0c25be57b8c96b8a40c38da73a6db84", kill_on_drop: false }`
[INFO] [stderr]    Compiling serde v1.0.214
[INFO] [stderr]    Compiling base64 v0.22.1
[INFO] [stderr]    Compiling getrandom v0.2.15
[INFO] [stderr]    Compiling rand_core v0.9.0-alpha.2
[INFO] [stderr]    Compiling base64-url v3.0.0
[INFO] [stderr]    Compiling rand_chacha v0.9.0-alpha.2
[INFO] [stderr]    Compiling rand v0.9.0-alpha.2
[INFO] [stderr]    Compiling small_uid v0.2.1 (/opt/rustwide/workdir)
[INFO] [stderr]     Finished `dev` profile [unoptimized + debuginfo] target(s) in 2.38s
[INFO] running `Command { std: "docker" "inspect" "9a482355d10cbc68911579621b546da7f0c25be57b8c96b8a40c38da73a6db84", kill_on_drop: false }`
[INFO] running `Command { std: "docker" "rm" "-f" "9a482355d10cbc68911579621b546da7f0c25be57b8c96b8a40c38da73a6db84", kill_on_drop: false }`
[INFO] [stdout] 9a482355d10cbc68911579621b546da7f0c25be57b8c96b8a40c38da73a6db84
[INFO] running `Command { std: "docker" "create" "-v" "/var/lib/crater-agent-workspace/builds/worker-6-tc1/target:/opt/rustwide/target:rw,Z" "-v" "/var/lib/crater-agent-workspace/builds/worker-6-tc1/source:/opt/rustwide/workdir:ro,Z" "-v" "/var/lib/crater-agent-workspace/cargo-home:/opt/rustwide/cargo-home:ro,Z" "-v" "/var/lib/crater-agent-workspace/rustup-home:/opt/rustwide/rustup-home:ro,Z" "-e" "SOURCE_DIR=/opt/rustwide/workdir" "-e" "CARGO_TARGET_DIR=/opt/rustwide/target" "-e" "CARGO_INCREMENTAL=0" "-e" "RUST_BACKTRACE=full" "-e" "RUSTFLAGS=--cap-lints=forbid" "-e" "RUSTDOCFLAGS=--cap-lints=forbid" "-e" "CARGO_HOME=/opt/rustwide/cargo-home" "-e" "RUSTUP_HOME=/opt/rustwide/rustup-home" "-w" "/opt/rustwide/workdir" "-m" "1610612736" "--user" "0:0" "--network" "none" "ghcr.io/rust-lang/crates-build-env/linux@sha256:4a844ea9eb2546a2d2c7022eacef16ef2e8229c7fbb2c7d4d55a9ceca922f72d" "/opt/rustwide/cargo-home/bin/cargo" "+nightly-2024-10-28" "test" "--frozen" "--no-run" "--message-format=json", kill_on_drop: false }`
[INFO] [stdout] 410e6f8a839f0e79e894ae38bda49984e15f40a190d4b27822a8d6daede2a1cb
[INFO] running `Command { std: "docker" "start" "-a" "410e6f8a839f0e79e894ae38bda49984e15f40a190d4b27822a8d6daede2a1cb", kill_on_drop: false }`
[INFO] [stderr]    Compiling small_uid v0.2.1 (/opt/rustwide/workdir)
[INFO] [stderr]     Finished `test` profile [unoptimized + debuginfo] target(s) in 0.21s
[INFO] running `Command { std: "docker" "inspect" "410e6f8a839f0e79e894ae38bda49984e15f40a190d4b27822a8d6daede2a1cb", kill_on_drop: false }`
[INFO] running `Command { std: "docker" "rm" "-f" "410e6f8a839f0e79e894ae38bda49984e15f40a190d4b27822a8d6daede2a1cb", kill_on_drop: false }`
[INFO] [stdout] 410e6f8a839f0e79e894ae38bda49984e15f40a190d4b27822a8d6daede2a1cb
[INFO] running `Command { std: "docker" "create" "-v" "/var/lib/crater-agent-workspace/builds/worker-6-tc1/target:/opt/rustwide/target:rw,Z" "-v" "/var/lib/crater-agent-workspace/builds/worker-6-tc1/source:/opt/rustwide/workdir:ro,Z" "-v" "/var/lib/crater-agent-workspace/cargo-home:/opt/rustwide/cargo-home:ro,Z" "-v" "/var/lib/crater-agent-workspace/rustup-home:/opt/rustwide/rustup-home:ro,Z" "-e" "SOURCE_DIR=/opt/rustwide/workdir" "-e" "CARGO_TARGET_DIR=/opt/rustwide/target" "-e" "CARGO_INCREMENTAL=0" "-e" "RUST_BACKTRACE=full" "-e" "RUSTFLAGS=--cap-lints=forbid" "-e" "RUSTDOCFLAGS=--cap-lints=forbid" "-e" "CARGO_HOME=/opt/rustwide/cargo-home" "-e" "RUSTUP_HOME=/opt/rustwide/rustup-home" "-w" "/opt/rustwide/workdir" "-m" "1610612736" "--user" "0:0" "--network" "none" "ghcr.io/rust-lang/crates-build-env/linux@sha256:4a844ea9eb2546a2d2c7022eacef16ef2e8229c7fbb2c7d4d55a9ceca922f72d" "/opt/rustwide/cargo-home/bin/cargo" "+nightly-2024-10-28" "test" "--frozen", kill_on_drop: false }`
[INFO] [stdout] dc7f3a1d96c22b0f0c7a36592deb80aa7b63d45e1e1fd304991d9abdab67812d
[INFO] running `Command { std: "docker" "start" "-a" "dc7f3a1d96c22b0f0c7a36592deb80aa7b63d45e1e1fd304991d9abdab67812d", kill_on_drop: false }`
[INFO] [stderr]     Finished `test` profile [unoptimized + debuginfo] target(s) in 0.02s
[INFO] [stderr]      Running unittests src/lib.rs (/opt/rustwide/target/debug/deps/small_uid-f2cff613dca7b0fe)
[INFO] [stdout] 
[INFO] [stdout] running 9 tests
[INFO] [stdout] test test::from_u64 ... ok
[INFO] [stdout] test test::test_from ... ok
[INFO] [stdout] test test::test_display ... ok
[INFO] [stdout] test test::test_from_parts ... ok
[INFO] [stdout] test test::test_from_timestamp ... ok
[INFO] [stdout] test test::test_new ... ok
[INFO] [stdout] test test::test_get ... ok
[INFO] [stdout] test test::test_try_from ... ok
[INFO] [stdout] test test::test_from_random ... ok
[INFO] [stdout] 
[INFO] [stdout] test result: ok. 9 passed; 0 failed; 0 ignored; 0 measured; 0 filtered out; finished in 0.00s
[INFO] [stdout] 
[INFO] [stderr]    Doc-tests small_uid
[INFO] [stdout] 
[INFO] [stdout] running 3 tests
[INFO] [stdout] test src/lib.rs - (line 41) ... FAILED
[INFO] [stdout] test src/lib.rs - (line 65) ... FAILED
[INFO] [stdout] test src/lib.rs - (line 58) ... FAILED
[INFO] [stdout] 
[INFO] [stdout] failures:
[INFO] [stdout] 
[INFO] [stdout] ---- src/lib.rs - (line 41) stdout ----
[INFO] [stdout] error: expected parameter name, found `-`
[INFO] [stdout]  --> src/lib.rs:42:3
[INFO] [stdout]   |
[INFO] [stdout] 3 | |-----------------------|  |------------|
[INFO] [stdout]   |   ^ expected parameter name
[INFO] [stdout] 
[INFO] [stdout] error: aborting due to 1 previous error
[INFO] [stdout] 
[INFO] [stdout] Couldn't compile the test.
[INFO] [stdout] ---- src/lib.rs - (line 65) stdout ----
[INFO] [stdout] error[E0433]: failed to resolve: use of undeclared type `SmallUid`
[INFO] [stdout]  --> src/lib.rs:66:16
[INFO] [stdout]   |
[INFO] [stdout] 3 | let smalluid = SmallUid::new();
[INFO] [stdout]   |                ^^^^^^^^ use of undeclared type `SmallUid`
[INFO] [stdout]   |
[INFO] [stdout] help: consider importing this struct
[INFO] [stdout]   |
[INFO] [stdout] 2 + use small_uid::SmallUid;
[INFO] [stdout]   |
[INFO] [stdout] 
[INFO] [stdout] error: aborting due to 1 previous error
[INFO] [stdout] 
[INFO] [stdout] For more information about this error, try `rustc --explain E0433`.
[INFO] [stdout] Couldn't compile the test.
[INFO] [stdout] ---- src/lib.rs - (line 58) stdout ----
[INFO] [stdout] error[E0433]: failed to resolve: use of undeclared type `SmallUid`
[INFO] [stdout]  --> src/lib.rs:59:17
[INFO] [stdout]   |
[INFO] [stdout] 3 | let smalluid1 = SmallUid::new();
[INFO] [stdout]   |                 ^^^^^^^^ use of undeclared type `SmallUid`
[INFO] [stdout]   |
[INFO] [stdout] help: consider importing this struct
[INFO] [stdout]   |
[INFO] [stdout] 2 + use small_uid::SmallUid;
[INFO] [stdout]   |
[INFO] [stdout] 
[INFO] [stdout] error[E0433]: failed to resolve: use of undeclared type `SmallUid`
[INFO] [stdout]  --> src/lib.rs:60:17
[INFO] [stdout]   |
[INFO] [stdout] 4 | let smalluid2 = SmallUid::try_from("GSntNvOw6n8".to_string()).unwrap();
[INFO] [stdout]   |                 ^^^^^^^^ use of undeclared type `SmallUid`
[INFO] [stdout]   |
[INFO] [stdout] help: consider importing this struct
[INFO] [stdout]   |
[INFO] [stdout] 2 + use small_uid::SmallUid;
[INFO] [stdout]   |
[INFO] [stdout] 
[INFO] [stdout] error: aborting due to 2 previous errors
[INFO] [stdout] 
[INFO] [stdout] For more information about this error, try `rustc --explain E0433`.
[INFO] [stdout] Couldn't compile the test.
[INFO] [stdout] 
[INFO] [stdout] failures:
[INFO] [stdout]     src/lib.rs - (line 41)
[INFO] [stdout]     src/lib.rs - (line 58)
[INFO] [stdout]     src/lib.rs - (line 65)
[INFO] [stdout] 
[INFO] [stdout] test result: FAILED. 0 passed; 3 failed; 0 ignored; 0 measured; 0 filtered out; finished in 0.04s
[INFO] [stdout] 
[INFO] [stderr] error: doctest failed, to rerun pass `--doc`
[INFO] running `Command { std: "docker" "inspect" "dc7f3a1d96c22b0f0c7a36592deb80aa7b63d45e1e1fd304991d9abdab67812d", kill_on_drop: false }`
[INFO] running `Command { std: "docker" "rm" "-f" "dc7f3a1d96c22b0f0c7a36592deb80aa7b63d45e1e1fd304991d9abdab67812d", kill_on_drop: false }`
[INFO] [stdout] dc7f3a1d96c22b0f0c7a36592deb80aa7b63d45e1e1fd304991d9abdab67812d
