[INFO] fetching crate slip-10 0.4.1...
[INFO] testing slip-10-0.4.1 against nightly-2024-10-28+rustflags=-Zrandomize-layout for randomize-layout
[INFO] extracting crate slip-10 0.4.1 into /workspace/builds/worker-5-tc2/source
[INFO] validating manifest of crates.io crate slip-10 0.4.1 on toolchain nightly-2024-10-28
[INFO] running `Command { std: CARGO_HOME="/workspace/cargo-home" RUSTUP_HOME="/workspace/rustup-home" "/workspace/cargo-home/bin/cargo" "+nightly-2024-10-28" "metadata" "--manifest-path" "Cargo.toml" "--no-deps", kill_on_drop: false }`
[INFO] started tweaking crates.io crate slip-10 0.4.1
[INFO] removed 0 missing tests
[INFO] finished tweaking crates.io crate slip-10 0.4.1
[INFO] tweaked toml for crates.io crate slip-10 0.4.1 written to /workspace/builds/worker-5-tc2/source/Cargo.toml
[INFO] running `Command { std: CARGO_HOME="/workspace/cargo-home" RUSTUP_HOME="/workspace/rustup-home" "/workspace/cargo-home/bin/cargo" "+nightly-2024-10-28" "generate-lockfile" "--manifest-path" "Cargo.toml", kill_on_drop: false }`
[INFO] [stderr]     Updating crates.io index
[INFO] [stderr]      Locking 53 packages to latest compatible versions
[INFO] [stderr]       Adding generic-array v0.14.7 (available: v1.1.0)
[INFO] running `Command { std: CARGO_HOME="/workspace/cargo-home" RUSTUP_HOME="/workspace/rustup-home" "/workspace/cargo-home/bin/cargo" "+nightly-2024-10-28" "fetch" "--manifest-path" "Cargo.toml", kill_on_drop: false }`
[INFO] running `Command { std: "docker" "create" "-v" "/var/lib/crater-agent-workspace/builds/worker-5-tc2/target:/opt/rustwide/target:rw,Z" "-v" "/var/lib/crater-agent-workspace/builds/worker-5-tc2/source:/opt/rustwide/workdir:ro,Z" "-v" "/var/lib/crater-agent-workspace/cargo-home:/opt/rustwide/cargo-home:ro,Z" "-v" "/var/lib/crater-agent-workspace/rustup-home:/opt/rustwide/rustup-home:ro,Z" "-e" "SOURCE_DIR=/opt/rustwide/workdir" "-e" "CARGO_TARGET_DIR=/opt/rustwide/target" "-e" "CARGO_HOME=/opt/rustwide/cargo-home" "-e" "RUSTUP_HOME=/opt/rustwide/rustup-home" "-w" "/opt/rustwide/workdir" "-m" "1610612736" "--user" "0:0" "--network" "none" "ghcr.io/rust-lang/crates-build-env/linux@sha256:4a844ea9eb2546a2d2c7022eacef16ef2e8229c7fbb2c7d4d55a9ceca922f72d" "/opt/rustwide/cargo-home/bin/cargo" "+nightly-2024-10-28" "metadata" "--no-deps" "--format-version=1", kill_on_drop: false }`
[INFO] [stdout] 334af6b4054bc62842d1b4dce9076439edc9b59cc2afc72e5f88cc38f72d7c96
[INFO] running `Command { std: "docker" "start" "-a" "334af6b4054bc62842d1b4dce9076439edc9b59cc2afc72e5f88cc38f72d7c96", kill_on_drop: false }`
[INFO] running `Command { std: "docker" "inspect" "334af6b4054bc62842d1b4dce9076439edc9b59cc2afc72e5f88cc38f72d7c96", kill_on_drop: false }`
[INFO] running `Command { std: "docker" "rm" "-f" "334af6b4054bc62842d1b4dce9076439edc9b59cc2afc72e5f88cc38f72d7c96", kill_on_drop: false }`
[INFO] [stdout] 334af6b4054bc62842d1b4dce9076439edc9b59cc2afc72e5f88cc38f72d7c96
[INFO] running `Command { std: "docker" "create" "-v" "/var/lib/crater-agent-workspace/builds/worker-5-tc2/target:/opt/rustwide/target:rw,Z" "-v" "/var/lib/crater-agent-workspace/builds/worker-5-tc2/source:/opt/rustwide/workdir:ro,Z" "-v" "/var/lib/crater-agent-workspace/cargo-home:/opt/rustwide/cargo-home:ro,Z" "-v" "/var/lib/crater-agent-workspace/rustup-home:/opt/rustwide/rustup-home:ro,Z" "-e" "SOURCE_DIR=/opt/rustwide/workdir" "-e" "CARGO_TARGET_DIR=/opt/rustwide/target" "-e" "CARGO_INCREMENTAL=0" "-e" "RUST_BACKTRACE=full" "-e" "RUSTFLAGS=--cap-lints=forbid -Zrandomize-layout" "-e" "RUSTDOCFLAGS=--cap-lints=forbid" "-e" "CARGO_HOME=/opt/rustwide/cargo-home" "-e" "RUSTUP_HOME=/opt/rustwide/rustup-home" "-w" "/opt/rustwide/workdir" "-m" "1610612736" "--user" "0:0" "--network" "none" "ghcr.io/rust-lang/crates-build-env/linux@sha256:4a844ea9eb2546a2d2c7022eacef16ef2e8229c7fbb2c7d4d55a9ceca922f72d" "/opt/rustwide/cargo-home/bin/cargo" "+nightly-2024-10-28" "build" "--frozen" "--message-format=json", kill_on_drop: false }`
[INFO] [stdout] 3be7e8f03e1295383670d3c4677cae7c5d2cc59f5e043036443d89a81e876189
[INFO] running `Command { std: "docker" "start" "-a" "3be7e8f03e1295383670d3c4677cae7c5d2cc59f5e043036443d89a81e876189", kill_on_drop: false }`
[INFO] [stderr]    Compiling version_check v0.9.5
[INFO] [stderr]    Compiling typenum v1.17.0
[INFO] [stderr]    Compiling autocfg v1.4.0
[INFO] [stderr]    Compiling subtle v2.6.1
[INFO] [stderr]    Compiling rand_core v0.6.4
[INFO] [stderr]    Compiling cfg-if v1.0.0
[INFO] [stderr]    Compiling cpufeatures v0.2.14
[INFO] [stderr]    Compiling syn v2.0.86
[INFO] [stderr]    Compiling generic-array v0.14.7
[INFO] [stderr]    Compiling num-traits v0.2.19
[INFO] [stderr]    Compiling num-integer v0.1.46
[INFO] [stderr]    Compiling num-bigint v0.4.6
[INFO] [stderr]    Compiling block-buffer v0.10.4
[INFO] [stderr]    Compiling crypto-common v0.1.6
[INFO] [stderr]    Compiling digest v0.10.7
[INFO] [stderr]    Compiling hmac v0.12.1
[INFO] [stderr]    Compiling sha2 v0.10.8
[INFO] [stderr]    Compiling enum-ordinalize v3.1.15
[INFO] [stderr]    Compiling zeroize_derive v1.4.2
[INFO] [stderr]    Compiling zeroize v1.8.1
[INFO] [stderr]    Compiling educe v0.4.23
[INFO] [stderr]    Compiling generic-ec-core v0.2.1
[INFO] [stderr]    Compiling phantom-type v0.4.2
[INFO] [stderr]    Compiling generic-ec v0.4.3
[INFO] [stderr]    Compiling slip-10 v0.4.1 (/opt/rustwide/workdir)
[INFO] [stderr]     Finished `dev` profile [unoptimized + debuginfo] target(s) in 7.93s
[INFO] running `Command { std: "docker" "inspect" "3be7e8f03e1295383670d3c4677cae7c5d2cc59f5e043036443d89a81e876189", kill_on_drop: false }`
[INFO] running `Command { std: "docker" "rm" "-f" "3be7e8f03e1295383670d3c4677cae7c5d2cc59f5e043036443d89a81e876189", kill_on_drop: false }`
[INFO] [stdout] 3be7e8f03e1295383670d3c4677cae7c5d2cc59f5e043036443d89a81e876189
[INFO] running `Command { std: "docker" "create" "-v" "/var/lib/crater-agent-workspace/builds/worker-5-tc2/target:/opt/rustwide/target:rw,Z" "-v" "/var/lib/crater-agent-workspace/builds/worker-5-tc2/source:/opt/rustwide/workdir:ro,Z" "-v" "/var/lib/crater-agent-workspace/cargo-home:/opt/rustwide/cargo-home:ro,Z" "-v" "/var/lib/crater-agent-workspace/rustup-home:/opt/rustwide/rustup-home:ro,Z" "-e" "SOURCE_DIR=/opt/rustwide/workdir" "-e" "CARGO_TARGET_DIR=/opt/rustwide/target" "-e" "CARGO_INCREMENTAL=0" "-e" "RUST_BACKTRACE=full" "-e" "RUSTFLAGS=--cap-lints=forbid -Zrandomize-layout" "-e" "RUSTDOCFLAGS=--cap-lints=forbid" "-e" "CARGO_HOME=/opt/rustwide/cargo-home" "-e" "RUSTUP_HOME=/opt/rustwide/rustup-home" "-w" "/opt/rustwide/workdir" "-m" "1610612736" "--user" "0:0" "--network" "none" "ghcr.io/rust-lang/crates-build-env/linux@sha256:4a844ea9eb2546a2d2c7022eacef16ef2e8229c7fbb2c7d4d55a9ceca922f72d" "/opt/rustwide/cargo-home/bin/cargo" "+nightly-2024-10-28" "test" "--frozen" "--no-run" "--message-format=json", kill_on_drop: false }`
[INFO] [stdout] e57c2daaa3e195474adf686642fb2fee972b47c7ed9fae90978c2ccaadb5c54e
[INFO] running `Command { std: "docker" "start" "-a" "e57c2daaa3e195474adf686642fb2fee972b47c7ed9fae90978c2ccaadb5c54e", kill_on_drop: false }`
[INFO] [stderr]    Compiling hex-literal v0.4.1
[INFO] [stderr]    Compiling slip-10 v0.4.1 (/opt/rustwide/workdir)
[INFO] [stderr]     Finished `test` profile [unoptimized + debuginfo] target(s) in 0.28s
[INFO] running `Command { std: "docker" "inspect" "e57c2daaa3e195474adf686642fb2fee972b47c7ed9fae90978c2ccaadb5c54e", kill_on_drop: false }`
[INFO] running `Command { std: "docker" "rm" "-f" "e57c2daaa3e195474adf686642fb2fee972b47c7ed9fae90978c2ccaadb5c54e", kill_on_drop: false }`
[INFO] [stdout] e57c2daaa3e195474adf686642fb2fee972b47c7ed9fae90978c2ccaadb5c54e
[INFO] running `Command { std: "docker" "create" "-v" "/var/lib/crater-agent-workspace/builds/worker-5-tc2/target:/opt/rustwide/target:rw,Z" "-v" "/var/lib/crater-agent-workspace/builds/worker-5-tc2/source:/opt/rustwide/workdir:ro,Z" "-v" "/var/lib/crater-agent-workspace/cargo-home:/opt/rustwide/cargo-home:ro,Z" "-v" "/var/lib/crater-agent-workspace/rustup-home:/opt/rustwide/rustup-home:ro,Z" "-e" "SOURCE_DIR=/opt/rustwide/workdir" "-e" "CARGO_TARGET_DIR=/opt/rustwide/target" "-e" "CARGO_INCREMENTAL=0" "-e" "RUST_BACKTRACE=full" "-e" "RUSTFLAGS=--cap-lints=forbid -Zrandomize-layout" "-e" "RUSTDOCFLAGS=--cap-lints=forbid" "-e" "CARGO_HOME=/opt/rustwide/cargo-home" "-e" "RUSTUP_HOME=/opt/rustwide/rustup-home" "-w" "/opt/rustwide/workdir" "-m" "1610612736" "--user" "0:0" "--network" "none" "ghcr.io/rust-lang/crates-build-env/linux@sha256:4a844ea9eb2546a2d2c7022eacef16ef2e8229c7fbb2c7d4d55a9ceca922f72d" "/opt/rustwide/cargo-home/bin/cargo" "+nightly-2024-10-28" "test" "--frozen", kill_on_drop: false }`
[INFO] [stdout] 4c2388e3153de80c8475dd4dbcc01c77e49ea5b59caeeaaa6acc253173cc7b7e
[INFO] running `Command { std: "docker" "start" "-a" "4c2388e3153de80c8475dd4dbcc01c77e49ea5b59caeeaaa6acc253173cc7b7e", kill_on_drop: false }`
[INFO] [stderr]     Finished `test` profile [unoptimized + debuginfo] target(s) in 0.02s
[INFO] [stderr]      Running unittests src/lib.rs (/opt/rustwide/target/debug/deps/slip_10-8aea29d04ce6015d)
[INFO] [stdout] 
[INFO] [stdout] running 0 tests
[INFO] [stdout] 
[INFO] [stdout] test result: ok. 0 passed; 0 failed; 0 ignored; 0 measured; 0 filtered out; finished in 0.00s
[INFO] [stdout] 
[INFO] [stderr]    Doc-tests slip_10
[INFO] [stdout] 
[INFO] [stdout] running 8 tests
[INFO] [stdout] test src/lib.rs - (line 51) ... FAILED
[INFO] [stdout] test src/lib.rs - derive_child_key_pair (line 433) ... FAILED
[INFO] [stdout] test src/lib.rs - try_derive_child_key_pair_with_path (line 507) ... FAILED
[INFO] [stdout] test src/lib.rs - H (line 96) ... FAILED
[INFO] [stdout] test src/lib.rs - derive_child_key_pair_with_path (line 474) ... FAILED
[INFO] [stdout] test src/lib.rs - try_derive_child_public_key_with_path (line 597) ... FAILED
[INFO] [stdout] test src/lib.rs - derive_child_public_key (line 536) ... FAILED
[INFO] [stdout] test src/lib.rs - derive_child_public_key_with_path (line 564) ... FAILED
[INFO] [stdout] 
[INFO] [stdout] failures:
[INFO] [stdout] 
[INFO] [stdout] ---- src/lib.rs - (line 51) stdout ----
[INFO] [stdout] error[E0432]: unresolved import `slip_10::supported_curves`
[INFO] [stdout]   --> src/lib.rs:53:14
[INFO] [stdout]    |
[INFO] [stdout] 5  | use slip_10::supported_curves::Secp256k1;
[INFO] [stdout]    |              ^^^^^^^^^^^^^^^^ could not find `supported_curves` in `slip_10`
[INFO] [stdout]    |
[INFO] [stdout] note: found an item that was configured out
[INFO] [stdout]   --> /opt/rustwide/workdir/src/lib.rs:85:31
[INFO] [stdout]    |
[INFO] [stdout] 85 | pub use generic_ec::curves as supported_curves;
[INFO] [stdout]    |                               ^^^^^^^^^^^^^^^^
[INFO] [stdout] note: the item is gated here
[INFO] [stdout]   --> /opt/rustwide/workdir/src/lib.rs:80:1
[INFO] [stdout]    |
[INFO] [stdout] 80 | / #[cfg(any(
[INFO] [stdout] 81 | |     feature = "curve-secp256k1",
[INFO] [stdout] 82 | |     feature = "curve-secp256r1",
[INFO] [stdout] 83 | |     feature = "all-curves"
[INFO] [stdout] 84 | | ))]
[INFO] [stdout]    | |___^
[INFO] [stdout] 
[INFO] [stdout] error: aborting due to 1 previous error
[INFO] [stdout] 
[INFO] [stdout] For more information about this error, try `rustc --explain E0432`.
[INFO] [stdout] Couldn't compile the test.
[INFO] [stdout] ---- src/lib.rs - derive_child_key_pair (line 433) stdout ----
[INFO] [stdout] error[E0432]: unresolved import `slip_10::supported_curves`
[INFO] [stdout]   --> src/lib.rs:435:14
[INFO] [stdout]    |
[INFO] [stdout] 5  | use slip_10::supported_curves::Secp256k1;
[INFO] [stdout]    |              ^^^^^^^^^^^^^^^^ could not find `supported_curves` in `slip_10`
[INFO] [stdout]    |
[INFO] [stdout] note: found an item that was configured out
[INFO] [stdout]   --> /opt/rustwide/workdir/src/lib.rs:85:31
[INFO] [stdout]    |
[INFO] [stdout] 85 | pub use generic_ec::curves as supported_curves;
[INFO] [stdout]    |                               ^^^^^^^^^^^^^^^^
[INFO] [stdout] note: the item is gated here
[INFO] [stdout]   --> /opt/rustwide/workdir/src/lib.rs:80:1
[INFO] [stdout]    |
[INFO] [stdout] 80 | / #[cfg(any(
[INFO] [stdout] 81 | |     feature = "curve-secp256k1",
[INFO] [stdout] 82 | |     feature = "curve-secp256r1",
[INFO] [stdout] 83 | |     feature = "all-curves"
[INFO] [stdout] 84 | | ))]
[INFO] [stdout]    | |___^
[INFO] [stdout] 
[INFO] [stdout] error: aborting due to 1 previous error
[INFO] [stdout] 
[INFO] [stdout] For more information about this error, try `rustc --explain E0432`.
[INFO] [stdout] Couldn't compile the test.
[INFO] [stdout] ---- src/lib.rs - try_derive_child_key_pair_with_path (line 507) stdout ----
[INFO] [stdout] error[E0432]: unresolved import `slip_10::supported_curves`
[INFO] [stdout]   --> src/lib.rs:509:14
[INFO] [stdout]    |
[INFO] [stdout] 5  | use slip_10::supported_curves::Secp256k1;
[INFO] [stdout]    |              ^^^^^^^^^^^^^^^^ could not find `supported_curves` in `slip_10`
[INFO] [stdout]    |
[INFO] [stdout] note: found an item that was configured out
[INFO] [stdout]   --> /opt/rustwide/workdir/src/lib.rs:85:31
[INFO] [stdout]    |
[INFO] [stdout] 85 | pub use generic_ec::curves as supported_curves;
[INFO] [stdout]    |                               ^^^^^^^^^^^^^^^^
[INFO] [stdout] note: the item is gated here
[INFO] [stdout]   --> /opt/rustwide/workdir/src/lib.rs:80:1
[INFO] [stdout]    |
[INFO] [stdout] 80 | / #[cfg(any(
[INFO] [stdout] 81 | |     feature = "curve-secp256k1",
[INFO] [stdout] 82 | |     feature = "curve-secp256r1",
[INFO] [stdout] 83 | |     feature = "all-curves"
[INFO] [stdout] 84 | | ))]
[INFO] [stdout]    | |___^
[INFO] [stdout] 
[INFO] [stdout] error: aborting due to 1 previous error
[INFO] [stdout] 
[INFO] [stdout] For more information about this error, try `rustc --explain E0432`.
[INFO] [stdout] Couldn't compile the test.
[INFO] [stdout] ---- src/lib.rs - H (line 96) stdout ----
[INFO] [stdout] error[E0432]: unresolved import `slip_10::supported_curves`
[INFO] [stdout]   --> src/lib.rs:98:14
[INFO] [stdout]    |
[INFO] [stdout] 5  | use slip_10::supported_curves::Secp256k1;
[INFO] [stdout]    |              ^^^^^^^^^^^^^^^^ could not find `supported_curves` in `slip_10`
[INFO] [stdout]    |
[INFO] [stdout] note: found an item that was configured out
[INFO] [stdout]   --> /opt/rustwide/workdir/src/lib.rs:85:31
[INFO] [stdout]    |
[INFO] [stdout] 85 | pub use generic_ec::curves as supported_curves;
[INFO] [stdout]    |                               ^^^^^^^^^^^^^^^^
[INFO] [stdout] note: the item is gated here
[INFO] [stdout]   --> /opt/rustwide/workdir/src/lib.rs:80:1
[INFO] [stdout]    |
[INFO] [stdout] 80 | / #[cfg(any(
[INFO] [stdout] 81 | |     feature = "curve-secp256k1",
[INFO] [stdout] 82 | |     feature = "curve-secp256r1",
[INFO] [stdout] 83 | |     feature = "all-curves"
[INFO] [stdout] 84 | | ))]
[INFO] [stdout]    | |___^
[INFO] [stdout] 
[INFO] [stdout] error: aborting due to 1 previous error
[INFO] [stdout] 
[INFO] [stdout] For more information about this error, try `rustc --explain E0432`.
[INFO] [stdout] Couldn't compile the test.
[INFO] [stdout] ---- src/lib.rs - derive_child_key_pair_with_path (line 474) stdout ----
[INFO] [stdout] error[E0432]: unresolved import `slip_10::supported_curves`
[INFO] [stdout]   --> src/lib.rs:476:14
[INFO] [stdout]    |
[INFO] [stdout] 5  | use slip_10::supported_curves::Secp256k1;
[INFO] [stdout]    |              ^^^^^^^^^^^^^^^^ could not find `supported_curves` in `slip_10`
[INFO] [stdout]    |
[INFO] [stdout] note: found an item that was configured out
[INFO] [stdout]   --> /opt/rustwide/workdir/src/lib.rs:85:31
[INFO] [stdout]    |
[INFO] [stdout] 85 | pub use generic_ec::curves as supported_curves;
[INFO] [stdout]    |                               ^^^^^^^^^^^^^^^^
[INFO] [stdout] note: the item is gated here
[INFO] [stdout]   --> /opt/rustwide/workdir/src/lib.rs:80:1
[INFO] [stdout]    |
[INFO] [stdout] 80 | / #[cfg(any(
[INFO] [stdout] 81 | |     feature = "curve-secp256k1",
[INFO] [stdout] 82 | |     feature = "curve-secp256r1",
[INFO] [stdout] 83 | |     feature = "all-curves"
[INFO] [stdout] 84 | | ))]
[INFO] [stdout]    | |___^
[INFO] [stdout] 
[INFO] [stdout] error: aborting due to 1 previous error
[INFO] [stdout] 
[INFO] [stdout] For more information about this error, try `rustc --explain E0432`.
[INFO] [stdout] Couldn't compile the test.
[INFO] [stdout] ---- src/lib.rs - try_derive_child_public_key_with_path (line 597) stdout ----
[INFO] [stdout] error[E0432]: unresolved import `slip_10::supported_curves`
[INFO] [stdout]   --> src/lib.rs:599:14
[INFO] [stdout]    |
[INFO] [stdout] 5  | use slip_10::supported_curves::Secp256k1;
[INFO] [stdout]    |              ^^^^^^^^^^^^^^^^ could not find `supported_curves` in `slip_10`
[INFO] [stdout]    |
[INFO] [stdout] note: found an item that was configured out
[INFO] [stdout]   --> /opt/rustwide/workdir/src/lib.rs:85:31
[INFO] [stdout]    |
[INFO] [stdout] 85 | pub use generic_ec::curves as supported_curves;
[INFO] [stdout]    |                               ^^^^^^^^^^^^^^^^
[INFO] [stdout] note: the item is gated here
[INFO] [stdout]   --> /opt/rustwide/workdir/src/lib.rs:80:1
[INFO] [stdout]    |
[INFO] [stdout] 80 | / #[cfg(any(
[INFO] [stdout] 81 | |     feature = "curve-secp256k1",
[INFO] [stdout] 82 | |     feature = "curve-secp256r1",
[INFO] [stdout] 83 | |     feature = "all-curves"
[INFO] [stdout] 84 | | ))]
[INFO] [stdout]    | |___^
[INFO] [stdout] 
[INFO] [stdout] error[E0277]: the trait bound `ParseChildIndexError: std::error::Error` is not satisfied
[INFO] [stdout]   --> src/lib.rs:609:2
[INFO] [stdout]    |
[INFO] [stdout] 15 | )?;
[INFO] [stdout]    |  ^ the trait `std::error::Error` is not implemented for `ParseChildIndexError`, which is required by `Result<(), _>: FromResidual<Result<Infallible, ParseChildIndexError>>`
[INFO] [stdout]    |
[INFO] [stdout]    = help: the trait `FromResidual<Result<Infallible, E>>` is implemented for `Result<T, F>`
[INFO] [stdout]    = note: required for `Box<dyn std::error::Error>` to implement `From<ParseChildIndexError>`
[INFO] [stdout]    = note: required for `Result<(), Box<dyn std::error::Error>>` to implement `FromResidual<Result<Infallible, ParseChildIndexError>>`
[INFO] [stdout] 
[INFO] [stdout] error: aborting due to 2 previous errors
[INFO] [stdout] 
[INFO] [stdout] Some errors have detailed explanations: E0277, E0432.
[INFO] [stdout] For more information about an error, try `rustc --explain E0277`.
[INFO] [stdout] Couldn't compile the test.
[INFO] [stdout] ---- src/lib.rs - derive_child_public_key (line 536) stdout ----
[INFO] [stdout] error[E0432]: unresolved import `slip_10::supported_curves`
[INFO] [stdout]   --> src/lib.rs:538:14
[INFO] [stdout]    |
[INFO] [stdout] 5  | use slip_10::supported_curves::Secp256k1;
[INFO] [stdout]    |              ^^^^^^^^^^^^^^^^ could not find `supported_curves` in `slip_10`
[INFO] [stdout]    |
[INFO] [stdout] note: found an item that was configured out
[INFO] [stdout]   --> /opt/rustwide/workdir/src/lib.rs:85:31
[INFO] [stdout]    |
[INFO] [stdout] 85 | pub use generic_ec::curves as supported_curves;
[INFO] [stdout]    |                               ^^^^^^^^^^^^^^^^
[INFO] [stdout] note: the item is gated here
[INFO] [stdout]   --> /opt/rustwide/workdir/src/lib.rs:80:1
[INFO] [stdout]    |
[INFO] [stdout] 80 | / #[cfg(any(
[INFO] [stdout] 81 | |     feature = "curve-secp256k1",
[INFO] [stdout] 82 | |     feature = "curve-secp256r1",
[INFO] [stdout] 83 | |     feature = "all-curves"
[INFO] [stdout] 84 | | ))]
[INFO] [stdout]    | |___^
[INFO] [stdout] 
[INFO] [stdout] error[E0277]: the trait bound `OutOfRange: std::error::Error` is not satisfied
[INFO] [stdout]   --> src/lib.rs:546:17
[INFO] [stdout]    |
[INFO] [stdout] 13 |     1.try_into()?,
[INFO] [stdout]    |                 ^ the trait `std::error::Error` is not implemented for `OutOfRange`, which is required by `Result<(), _>: FromResidual<Result<Infallible, _>>`
[INFO] [stdout]    |
[INFO] [stdout]    = help: the trait `FromResidual<Result<Infallible, E>>` is implemented for `Result<T, F>`
[INFO] [stdout]    = note: required for `Box<dyn std::error::Error>` to implement `From<OutOfRange>`
[INFO] [stdout]    = note: required for `Result<(), Box<dyn std::error::Error>>` to implement `FromResidual<Result<Infallible, OutOfRange>>`
[INFO] [stdout] 
[INFO] [stdout] error: aborting due to 2 previous errors
[INFO] [stdout] 
[INFO] [stdout] Some errors have detailed explanations: E0277, E0432.
[INFO] [stdout] For more information about an error, try `rustc --explain E0277`.
[INFO] [stdout] Couldn't compile the test.
[INFO] [stdout] ---- src/lib.rs - derive_child_public_key_with_path (line 564) stdout ----
[INFO] [stdout] error[E0432]: unresolved import `slip_10::supported_curves`
[INFO] [stdout]   --> src/lib.rs:566:14
[INFO] [stdout]    |
[INFO] [stdout] 5  | use slip_10::supported_curves::Secp256k1;
[INFO] [stdout]    |              ^^^^^^^^^^^^^^^^ could not find `supported_curves` in `slip_10`
[INFO] [stdout]    |
[INFO] [stdout] note: found an item that was configured out
[INFO] [stdout]   --> /opt/rustwide/workdir/src/lib.rs:85:31
[INFO] [stdout]    |
[INFO] [stdout] 85 | pub use generic_ec::curves as supported_curves;
[INFO] [stdout]    |                               ^^^^^^^^^^^^^^^^
[INFO] [stdout] note: the item is gated here
[INFO] [stdout]   --> /opt/rustwide/workdir/src/lib.rs:80:1
[INFO] [stdout]    |
[INFO] [stdout] 80 | / #[cfg(any(
[INFO] [stdout] 81 | |     feature = "curve-secp256k1",
[INFO] [stdout] 82 | |     feature = "curve-secp256r1",
[INFO] [stdout] 83 | |     feature = "all-curves"
[INFO] [stdout] 84 | | ))]
[INFO] [stdout]    | |___^
[INFO] [stdout] 
[INFO] [stdout] error[E0277]: the trait bound `OutOfRange: std::error::Error` is not satisfied
[INFO] [stdout]   --> src/lib.rs:573:18
[INFO] [stdout]    |
[INFO] [stdout] 12 |     [1.try_into()?, 10.try_into()?],
[INFO] [stdout]    |                  ^ the trait `std::error::Error` is not implemented for `OutOfRange`, which is required by `Result<(), _>: FromResidual<Result<Infallible, _>>`
[INFO] [stdout]    |
[INFO] [stdout]    = help: the trait `FromResidual<Result<Infallible, E>>` is implemented for `Result<T, F>`
[INFO] [stdout]    = note: required for `Box<dyn std::error::Error>` to implement `From<OutOfRange>`
[INFO] [stdout]    = note: required for `Result<(), Box<dyn std::error::Error>>` to implement `FromResidual<Result<Infallible, OutOfRange>>`
[INFO] [stdout] 
[INFO] [stdout] error: aborting due to 2 previous errors
[INFO] [stdout] 
[INFO] [stdout] Some errors have detailed explanations: E0277, E0432.
[INFO] [stdout] For more information about an error, try `rustc --explain E0277`.
[INFO] [stdout] Couldn't compile the test.
[INFO] [stderr] error: doctest failed, to rerun pass `--doc`
[INFO] [stdout] 
[INFO] [stdout] failures:
[INFO] [stdout]     src/lib.rs - (line 51)
[INFO] [stdout]     src/lib.rs - H (line 96)
[INFO] [stdout]     src/lib.rs - derive_child_key_pair (line 433)
[INFO] [stdout]     src/lib.rs - derive_child_key_pair_with_path (line 474)
[INFO] [stdout]     src/lib.rs - derive_child_public_key (line 536)
[INFO] [stdout]     src/lib.rs - derive_child_public_key_with_path (line 564)
[INFO] [stdout]     src/lib.rs - try_derive_child_key_pair_with_path (line 507)
[INFO] [stdout]     src/lib.rs - try_derive_child_public_key_with_path (line 597)
[INFO] [stdout] 
[INFO] [stdout] test result: FAILED. 0 passed; 8 failed; 0 ignored; 0 measured; 0 filtered out; finished in 0.13s
[INFO] [stdout] 
[INFO] running `Command { std: "docker" "inspect" "4c2388e3153de80c8475dd4dbcc01c77e49ea5b59caeeaaa6acc253173cc7b7e", kill_on_drop: false }`
[INFO] running `Command { std: "docker" "rm" "-f" "4c2388e3153de80c8475dd4dbcc01c77e49ea5b59caeeaaa6acc253173cc7b7e", kill_on_drop: false }`
[INFO] [stdout] 4c2388e3153de80c8475dd4dbcc01c77e49ea5b59caeeaaa6acc253173cc7b7e
