[INFO] fetching crate sl-map-apis 0.1.4...
[INFO] testing sl-map-apis-0.1.4 against nightly-2024-10-28+rustflags=-Zrandomize-layout for randomize-layout
[INFO] extracting crate sl-map-apis 0.1.4 into /workspace/builds/worker-6-tc2/source
[INFO] validating manifest of crates.io crate sl-map-apis 0.1.4 on toolchain nightly-2024-10-28
[INFO] running `Command { std: CARGO_HOME="/workspace/cargo-home" RUSTUP_HOME="/workspace/rustup-home" "/workspace/cargo-home/bin/cargo" "+nightly-2024-10-28" "metadata" "--manifest-path" "Cargo.toml" "--no-deps", kill_on_drop: false }`
[INFO] removed /workspace/builds/worker-6-tc2/source/rust-toolchain.toml
[INFO] started tweaking crates.io crate sl-map-apis 0.1.4
[INFO] finished tweaking crates.io crate sl-map-apis 0.1.4
[INFO] tweaked toml for crates.io crate sl-map-apis 0.1.4 written to /workspace/builds/worker-6-tc2/source/Cargo.toml
[INFO] running `Command { std: CARGO_HOME="/workspace/cargo-home" RUSTUP_HOME="/workspace/rustup-home" "/workspace/cargo-home/bin/cargo" "+nightly-2024-10-28" "generate-lockfile" "--manifest-path" "Cargo.toml", kill_on_drop: false }`
[INFO] [stderr]     Updating crates.io index
[INFO] [stderr]      Locking 292 packages to latest compatible versions
[INFO] [stderr]       Adding ratelimit v0.9.1 (available: v0.10.0)
[INFO] running `Command { std: CARGO_HOME="/workspace/cargo-home" RUSTUP_HOME="/workspace/rustup-home" "/workspace/cargo-home/bin/cargo" "+nightly-2024-10-28" "fetch" "--manifest-path" "Cargo.toml", kill_on_drop: false }`
[INFO] running `Command { std: "docker" "create" "-v" "/var/lib/crater-agent-workspace/builds/worker-6-tc2/target:/opt/rustwide/target:rw,Z" "-v" "/var/lib/crater-agent-workspace/builds/worker-6-tc2/source:/opt/rustwide/workdir:ro,Z" "-v" "/var/lib/crater-agent-workspace/cargo-home:/opt/rustwide/cargo-home:ro,Z" "-v" "/var/lib/crater-agent-workspace/rustup-home:/opt/rustwide/rustup-home:ro,Z" "-e" "SOURCE_DIR=/opt/rustwide/workdir" "-e" "CARGO_TARGET_DIR=/opt/rustwide/target" "-e" "CARGO_HOME=/opt/rustwide/cargo-home" "-e" "RUSTUP_HOME=/opt/rustwide/rustup-home" "-w" "/opt/rustwide/workdir" "-m" "1610612736" "--user" "0:0" "--network" "none" "ghcr.io/rust-lang/crates-build-env/linux@sha256:4a844ea9eb2546a2d2c7022eacef16ef2e8229c7fbb2c7d4d55a9ceca922f72d" "/opt/rustwide/cargo-home/bin/cargo" "+nightly-2024-10-28" "metadata" "--no-deps" "--format-version=1", kill_on_drop: false }`
[INFO] [stdout] ad469aee1678980684dd1aac15a4061203888bb21911791d5bc8a2add6ea3465
[INFO] running `Command { std: "docker" "start" "-a" "ad469aee1678980684dd1aac15a4061203888bb21911791d5bc8a2add6ea3465", kill_on_drop: false }`
[INFO] running `Command { std: "docker" "inspect" "ad469aee1678980684dd1aac15a4061203888bb21911791d5bc8a2add6ea3465", kill_on_drop: false }`
[INFO] running `Command { std: "docker" "rm" "-f" "ad469aee1678980684dd1aac15a4061203888bb21911791d5bc8a2add6ea3465", kill_on_drop: false }`
[INFO] [stdout] ad469aee1678980684dd1aac15a4061203888bb21911791d5bc8a2add6ea3465
[INFO] running `Command { std: "docker" "create" "-v" "/var/lib/crater-agent-workspace/builds/worker-6-tc2/target:/opt/rustwide/target:rw,Z" "-v" "/var/lib/crater-agent-workspace/builds/worker-6-tc2/source:/opt/rustwide/workdir:ro,Z" "-v" "/var/lib/crater-agent-workspace/cargo-home:/opt/rustwide/cargo-home:ro,Z" "-v" "/var/lib/crater-agent-workspace/rustup-home:/opt/rustwide/rustup-home:ro,Z" "-e" "SOURCE_DIR=/opt/rustwide/workdir" "-e" "CARGO_TARGET_DIR=/opt/rustwide/target" "-e" "CARGO_INCREMENTAL=0" "-e" "RUST_BACKTRACE=full" "-e" "RUSTFLAGS=--cap-lints=forbid -Zrandomize-layout" "-e" "RUSTDOCFLAGS=--cap-lints=forbid" "-e" "CARGO_HOME=/opt/rustwide/cargo-home" "-e" "RUSTUP_HOME=/opt/rustwide/rustup-home" "-w" "/opt/rustwide/workdir" "-m" "1610612736" "--user" "0:0" "--network" "none" "ghcr.io/rust-lang/crates-build-env/linux@sha256:4a844ea9eb2546a2d2c7022eacef16ef2e8229c7fbb2c7d4d55a9ceca922f72d" "/opt/rustwide/cargo-home/bin/cargo" "+nightly-2024-10-28" "build" "--frozen" "--message-format=json", kill_on_drop: false }`
[INFO] [stdout] bbe5bdce919f8bb69d47c1f07235c12b2f2eded18b15d14e3695798f77aaf84c
[INFO] running `Command { std: "docker" "start" "-a" "bbe5bdce919f8bb69d47c1f07235c12b2f2eded18b15d14e3695798f77aaf84c", kill_on_drop: false }`
[INFO] [stderr]    Compiling libm v0.2.11
[INFO] [stderr]    Compiling itoa v1.0.11
[INFO] [stderr]    Compiling smallvec v1.13.2
[INFO] [stderr]    Compiling parking_lot_core v0.9.10
[INFO] [stderr]    Compiling bytes v1.8.0
[INFO] [stderr]    Compiling pin-project-lite v0.2.15
[INFO] [stderr]    Compiling vcpkg v0.2.15
[INFO] [stderr]    Compiling num-traits v0.2.19
[INFO] [stderr]    Compiling futures-core v0.3.31
[INFO] [stderr]    Compiling log v0.4.22
[INFO] [stderr]    Compiling fnv v1.0.7
[INFO] [stderr]    Compiling openssl-src v300.4.0+3.4.0
[INFO] [stderr]    Compiling syn v2.0.86
[INFO] [stderr]    Compiling signal-hook-registry v1.4.2
[INFO] [stderr]    Compiling mio v1.0.2
[INFO] [stderr]    Compiling socket2 v0.5.7
[INFO] [stderr]    Compiling simd-adler32 v0.3.7
[INFO] [stderr]    Compiling foldhash v0.1.3
[INFO] [stderr]    Compiling slab v0.4.9
[INFO] [stderr]    Compiling serde v1.0.214
[INFO] [stderr]    Compiling hashbrown v0.15.0
[INFO] [stderr]    Compiling paste v1.0.15
[INFO] [stderr]    Compiling tracing-core v0.1.32
[INFO] [stderr]    Compiling bytemuck v1.19.0
[INFO] [stderr]    Compiling openssl v0.10.68
[INFO] [stderr]    Compiling pin-utils v0.1.0
[INFO] [stderr]    Compiling httparse v1.9.5
[INFO] [stderr]    Compiling futures-task v0.3.31
[INFO] [stderr]    Compiling foreign-types-shared v0.1.1
[INFO] [stderr]    Compiling parking_lot v0.12.3
[INFO] [stderr]    Compiling memchr v2.7.4
[INFO] [stderr]    Compiling http v1.1.0
[INFO] [stderr]    Compiling adler2 v2.0.0
[INFO] [stderr]    Compiling futures-sink v0.3.31
[INFO] [stderr]    Compiling futures-util v0.3.31
[INFO] [stderr]    Compiling miniz_oxide v0.8.0
[INFO] [stderr]    Compiling foreign-types v0.3.2
[INFO] [stderr]    Compiling either v1.13.0
[INFO] [stderr]    Compiling minimal-lexical v0.2.1
[INFO] [stderr]    Compiling arrayvec v0.7.6
[INFO] [stderr]    Compiling atomic-waker v1.1.2
[INFO] [stderr]    Compiling aligned-vec v0.5.0
[INFO] [stderr]    Compiling unicode-segmentation v1.12.0
[INFO] [stderr]    Compiling openssl-sys v0.9.104
[INFO] [stderr]    Compiling indexmap v2.6.0
[INFO] [stderr]    Compiling built v0.7.5
[INFO] [stderr]    Compiling try-lock v0.2.5
[INFO] [stderr]    Compiling tinyvec_macros v0.1.1
[INFO] [stderr]    Compiling byteorder v1.5.0
[INFO] [stderr]    Compiling native-tls v0.2.12
[INFO] [stderr]    Compiling nom v7.1.3
[INFO] [stderr]    Compiling want v0.3.1
[INFO] [stderr]    Compiling tinyvec v1.8.0
[INFO] [stderr]    Compiling futures-channel v0.3.31
[INFO] [stderr]    Compiling getrandom v0.2.15
[INFO] [stderr]    Compiling crc32fast v1.4.2
[INFO] [stderr]    Compiling convert_case v0.6.0
[INFO] [stderr]    Compiling rav1e v0.7.1
[INFO] [stderr]    Compiling http-body v1.0.1
[INFO] [stderr]    Compiling openssl-probe v0.1.5
[INFO] [stderr]    Compiling percent-encoding v2.3.1
[INFO] [stderr]    Compiling powerfmt v0.2.0
[INFO] [stderr]    Compiling rand_core v0.6.4
[INFO] [stderr]    Compiling form_urlencoded v1.2.1
[INFO] [stderr]    Compiling flate2 v1.0.34
[INFO] [stderr]    Compiling itertools v0.12.1
[INFO] [stderr]    Compiling safe_arch v0.7.2
[INFO] [stderr]    Compiling deranged v0.3.11
[INFO] [stderr]    Compiling simd_helpers v0.1.0
[INFO] [stderr]    Compiling maybe-rayon v0.1.1
[INFO] [stderr]    Compiling matrixmultiply v0.3.9
[INFO] [stderr]    Compiling noop_proc_macro v0.3.0
[INFO] [stderr]    Compiling typenum v1.17.0
[INFO] [stderr]    Compiling ryu v1.0.18
[INFO] [stderr]    Compiling num-integer v0.1.46
[INFO] [stderr]    Compiling v_frame v0.3.8
[INFO] [stderr]    Compiling num-complex v0.4.6
[INFO] [stderr]    Compiling bitstream-io v2.5.3
[INFO] [stderr]    Compiling weezl v0.1.8
[INFO] [stderr]    Compiling imgref v1.11.0
[INFO] [stderr]    Compiling unicode-bidi v0.3.17
[INFO] [stderr]    Compiling unicode-normalization v0.1.24
[INFO] [stderr]    Compiling time-core v0.1.2
[INFO] [stderr]    Compiling num-bigint v0.4.6
[INFO] [stderr]    Compiling tower-service v0.3.3
[INFO] [stderr]    Compiling num-conv v0.1.0
[INFO] [stderr]    Compiling new_debug_unreachable v1.0.6
[INFO] [stderr]    Compiling quick-error v2.0.1
[INFO] [stderr]    Compiling wide v0.7.28
[INFO] [stderr]    Compiling loop9 v0.1.5
[INFO] [stderr]    Compiling http-body-util v0.1.2
[INFO] [stderr]    Compiling approx v0.5.1
[INFO] [stderr]    Compiling avif-serialize v0.8.2
[INFO] [stderr]    Compiling fdeflate v0.3.6
[INFO] [stderr]    Compiling time v0.3.36
[INFO] [stderr]    Compiling zune-inflate v0.2.54
[INFO] [stderr]    Compiling half v2.4.1
[INFO] [stderr]    Compiling bit_field v0.10.2
[INFO] [stderr]    Compiling ttf-parser v0.25.0
[INFO] [stderr]    Compiling jpeg-decoder v0.3.1
[INFO] [stderr]    Compiling byteorder-lite v0.1.0
[INFO] [stderr]    Compiling bitflags v1.3.2
[INFO] [stderr]    Compiling idna v0.5.0
[INFO] [stderr]    Compiling rgb v0.8.50
[INFO] [stderr]    Compiling rustls-pki-types v1.10.0
[INFO] [stderr]    Compiling rawpointer v0.2.1
[INFO] [stderr]    Compiling zune-core v0.4.12
[INFO] [stderr]    Compiling color_quant v1.1.0
[INFO] [stderr]    Compiling urlencoding v2.1.3
[INFO] [stderr]    Compiling lebe v0.5.2
[INFO] [stderr]    Compiling gif v0.13.1
[INFO] [stderr]    Compiling exr v1.73.0
[INFO] [stderr]    Compiling image-webp v0.2.0
[INFO] [stderr]    Compiling zune-jpeg v0.4.13
[INFO] [stderr]    Compiling rustls-pemfile v2.2.0
[INFO] [stderr]    Compiling png v0.17.14
[INFO] [stderr]    Compiling tiff v0.9.1
[INFO] [stderr]    Compiling num-rational v0.4.2
[INFO] [stderr]    Compiling url v2.5.2
[INFO] [stderr]    Compiling av1-grain v0.2.3
[INFO] [stderr]    Compiling simba v0.8.1
[INFO] [stderr]    Compiling num-iter v0.1.45
[INFO] [stderr]    Compiling rayon v1.10.0
[INFO] [stderr]    Compiling qoi v0.4.1
[INFO] [stderr]    Compiling sync_wrapper v1.0.1
[INFO] [stderr]    Compiling encoding_rs v0.8.35
[INFO] [stderr]    Compiling redb v2.2.0
[INFO] [stderr]    Compiling unicode-xid v0.2.6
[INFO] [stderr]    Compiling base64 v0.22.1
[INFO] [stderr]    Compiling mime v0.3.17
[INFO] [stderr]    Compiling ab_glyph_rasterizer v0.1.8
[INFO] [stderr]    Compiling ipnet v2.10.1
[INFO] [stderr]    Compiling serde_json v1.0.132
[INFO] [stderr]    Compiling num v0.4.3
[INFO] [stderr]    Compiling clocksource v0.8.1
[INFO] [stderr]    Compiling lerp v0.5.0
[INFO] [stderr]    Compiling ranges v0.4.0
[INFO] [stderr]    Compiling uniform-cubic-splines v0.1.10
[INFO] [stderr]    Compiling lru v0.12.5
[INFO] [stderr]    Compiling owned_ttf_parser v0.25.0
[INFO] [stderr]    Compiling ab_glyph v0.2.29
[INFO] [stderr]    Compiling tokio-macros v2.4.0
[INFO] [stderr]    Compiling thiserror-impl v1.0.66
[INFO] [stderr]    Compiling tracing-attributes v0.1.27
[INFO] [stderr]    Compiling serde_derive v1.0.214
[INFO] [stderr]    Compiling openssl-macros v0.1.1
[INFO] [stderr]    Compiling zerocopy-derive v0.7.35
[INFO] [stderr]    Compiling profiling-procmacros v1.0.16
[INFO] [stderr]    Compiling num-derive v0.4.2
[INFO] [stderr]    Compiling arg_enum_proc_macro v0.3.4
[INFO] [stderr]    Compiling kinded_macros v0.3.0
[INFO] [stderr]    Compiling derive_more-impl v1.0.0
[INFO] [stderr]    Compiling profiling v1.0.16
[INFO] [stderr]    Compiling tokio v1.41.0
[INFO] [stderr]    Compiling zerocopy v0.7.35
[INFO] [stderr]    Compiling kinded v0.3.0
[INFO] [stderr]    Compiling thiserror v1.0.66
[INFO] [stderr]    Compiling nutype_macros v0.5.0
[INFO] [stderr]    Compiling ratelimit v0.9.1
[INFO] [stderr]    Compiling tracing v0.1.40
[INFO] [stderr]    Compiling ppv-lite86 v0.2.20
[INFO] [stderr]    Compiling derive_more v1.0.0
[INFO] [stderr]    Compiling rand_chacha v0.3.1
[INFO] [stderr]    Compiling rand v0.8.5
[INFO] [stderr]    Compiling rand_distr v0.4.3
[INFO] [stderr]    Compiling nalgebra v0.32.6
[INFO] [stderr]    Compiling nutype v0.5.0
[INFO] [stderr]    Compiling tokio-util v0.7.12
[INFO] [stderr]    Compiling serde_urlencoded v0.7.1
[INFO] [stderr]    Compiling http-serde v2.1.1
[INFO] [stderr]    Compiling sl-types v0.1.1
[INFO] [stderr]    Compiling h2 v0.4.6
[INFO] [stderr]    Compiling ravif v0.11.11
[INFO] [stderr]    Compiling image v0.25.4
[INFO] [stderr]    Compiling hyper v1.5.0
[INFO] [stderr]    Compiling hyper-util v0.1.10
[INFO] [stderr]    Compiling imageproc v0.25.0
[INFO] [stderr]    Compiling tokio-native-tls v0.3.1
[INFO] [stderr]    Compiling hyper-tls v0.6.0
[INFO] [stderr]    Compiling reqwest v0.12.9
[INFO] [stderr]    Compiling http-cache-semantics v2.1.0
[INFO] [stderr]    Compiling sl-map-apis v0.1.4 (/opt/rustwide/workdir)
[INFO] [stderr]     Finished `dev` profile [unoptimized + debuginfo] target(s) in 47.94s
[INFO] running `Command { std: "docker" "inspect" "bbe5bdce919f8bb69d47c1f07235c12b2f2eded18b15d14e3695798f77aaf84c", kill_on_drop: false }`
[INFO] running `Command { std: "docker" "rm" "-f" "bbe5bdce919f8bb69d47c1f07235c12b2f2eded18b15d14e3695798f77aaf84c", kill_on_drop: false }`
[INFO] [stdout] bbe5bdce919f8bb69d47c1f07235c12b2f2eded18b15d14e3695798f77aaf84c
[INFO] running `Command { std: "docker" "create" "-v" "/var/lib/crater-agent-workspace/builds/worker-6-tc2/target:/opt/rustwide/target:rw,Z" "-v" "/var/lib/crater-agent-workspace/builds/worker-6-tc2/source:/opt/rustwide/workdir:ro,Z" "-v" "/var/lib/crater-agent-workspace/cargo-home:/opt/rustwide/cargo-home:ro,Z" "-v" "/var/lib/crater-agent-workspace/rustup-home:/opt/rustwide/rustup-home:ro,Z" "-e" "SOURCE_DIR=/opt/rustwide/workdir" "-e" "CARGO_TARGET_DIR=/opt/rustwide/target" "-e" "CARGO_INCREMENTAL=0" "-e" "RUST_BACKTRACE=full" "-e" "RUSTFLAGS=--cap-lints=forbid -Zrandomize-layout" "-e" "RUSTDOCFLAGS=--cap-lints=forbid" "-e" "CARGO_HOME=/opt/rustwide/cargo-home" "-e" "RUSTUP_HOME=/opt/rustwide/rustup-home" "-w" "/opt/rustwide/workdir" "-m" "1610612736" "--user" "0:0" "--network" "none" "ghcr.io/rust-lang/crates-build-env/linux@sha256:4a844ea9eb2546a2d2c7022eacef16ef2e8229c7fbb2c7d4d55a9ceca922f72d" "/opt/rustwide/cargo-home/bin/cargo" "+nightly-2024-10-28" "test" "--frozen" "--no-run" "--message-format=json", kill_on_drop: false }`
[INFO] [stdout] f230a94ffd94f101a4f0719bb68557a81f94cdf16c96f21d37166a5d4896bfea
[INFO] running `Command { std: "docker" "start" "-a" "f230a94ffd94f101a4f0719bb68557a81f94cdf16c96f21d37166a5d4896bfea", kill_on_drop: false }`
[INFO] [stderr]    Compiling log v0.4.22
[INFO] [stderr]    Compiling tracing-core v0.1.32
[INFO] [stderr]    Compiling bitflags v2.6.0
[INFO] [stderr]    Compiling tokio v1.41.0
[INFO] [stderr]    Compiling regex-syntax v0.6.29
[INFO] [stderr]    Compiling regex-syntax v0.8.5
[INFO] [stderr]    Compiling overload v0.1.1
[INFO] [stderr]    Compiling lazy_static v1.5.0
[INFO] [stderr]    Compiling rustix v0.38.38
[INFO] [stderr]    Compiling thread_local v1.1.8
[INFO] [stderr]    Compiling linux-raw-sys v0.4.14
[INFO] [stderr]    Compiling tracing-test-macro v0.2.5
[INFO] [stderr]    Compiling yansi v1.0.1
[INFO] [stderr]    Compiling diff v0.1.13
[INFO] [stderr]    Compiling fastrand v2.1.1
[INFO] [stderr]    Compiling nu-ansi-term v0.46.0
[INFO] [stderr]    Compiling sharded-slab v0.1.7
[INFO] [stderr]    Compiling openssl v0.10.68
[INFO] [stderr]    Compiling av1-grain v0.2.3
[INFO] [stderr]    Compiling pretty_assertions v1.4.1
[INFO] [stderr]    Compiling tracing v0.1.40
[INFO] [stderr]    Compiling tracing-log v0.2.0
[INFO] [stderr]    Compiling rav1e v0.7.1
[INFO] [stderr]    Compiling regex-automata v0.4.8
[INFO] [stderr]    Compiling regex-automata v0.1.10
[INFO] [stderr]    Compiling tempfile v3.13.0
[INFO] [stderr]    Compiling matchers v0.1.0
[INFO] [stderr]    Compiling regex v1.11.1
[INFO] [stderr]    Compiling native-tls v0.2.12
[INFO] [stderr]    Compiling tracing-subscriber v0.3.18
[INFO] [stderr]    Compiling tokio-util v0.7.12
[INFO] [stderr]    Compiling tokio-native-tls v0.3.1
[INFO] [stderr]    Compiling tracing-test v0.2.5
[INFO] [stderr]    Compiling h2 v0.4.6
[INFO] [stderr]    Compiling ravif v0.11.11
[INFO] [stderr]    Compiling image v0.25.4
[INFO] [stderr]    Compiling hyper v1.5.0
[INFO] [stderr]    Compiling hyper-util v0.1.10
[INFO] [stderr]    Compiling imageproc v0.25.0
[INFO] [stderr]    Compiling hyper-tls v0.6.0
[INFO] [stderr]    Compiling reqwest v0.12.9
[INFO] [stderr]    Compiling http-cache-semantics v2.1.0
[INFO] [stderr]    Compiling sl-map-apis v0.1.4 (/opt/rustwide/workdir)
[INFO] [stderr]     Finished `test` profile [unoptimized + debuginfo] target(s) in 16.73s
[INFO] running `Command { std: "docker" "inspect" "f230a94ffd94f101a4f0719bb68557a81f94cdf16c96f21d37166a5d4896bfea", kill_on_drop: false }`
[INFO] running `Command { std: "docker" "rm" "-f" "f230a94ffd94f101a4f0719bb68557a81f94cdf16c96f21d37166a5d4896bfea", kill_on_drop: false }`
[INFO] [stdout] f230a94ffd94f101a4f0719bb68557a81f94cdf16c96f21d37166a5d4896bfea
[INFO] running `Command { std: "docker" "create" "-v" "/var/lib/crater-agent-workspace/builds/worker-6-tc2/target:/opt/rustwide/target:rw,Z" "-v" "/var/lib/crater-agent-workspace/builds/worker-6-tc2/source:/opt/rustwide/workdir:ro,Z" "-v" "/var/lib/crater-agent-workspace/cargo-home:/opt/rustwide/cargo-home:ro,Z" "-v" "/var/lib/crater-agent-workspace/rustup-home:/opt/rustwide/rustup-home:ro,Z" "-e" "SOURCE_DIR=/opt/rustwide/workdir" "-e" "CARGO_TARGET_DIR=/opt/rustwide/target" "-e" "CARGO_INCREMENTAL=0" "-e" "RUST_BACKTRACE=full" "-e" "RUSTFLAGS=--cap-lints=forbid -Zrandomize-layout" "-e" "RUSTDOCFLAGS=--cap-lints=forbid" "-e" "CARGO_HOME=/opt/rustwide/cargo-home" "-e" "RUSTUP_HOME=/opt/rustwide/rustup-home" "-w" "/opt/rustwide/workdir" "-m" "1610612736" "--user" "0:0" "--network" "none" "ghcr.io/rust-lang/crates-build-env/linux@sha256:4a844ea9eb2546a2d2c7022eacef16ef2e8229c7fbb2c7d4d55a9ceca922f72d" "/opt/rustwide/cargo-home/bin/cargo" "+nightly-2024-10-28" "test" "--frozen", kill_on_drop: false }`
[INFO] [stdout] 020e2fe7267a84ab3b770bb242236df331eb3541c32ba65cfacbf104cca758d7
[INFO] running `Command { std: "docker" "start" "-a" "020e2fe7267a84ab3b770bb242236df331eb3541c32ba65cfacbf104cca758d7", kill_on_drop: false }`
[INFO] [stderr]     Finished `test` profile [unoptimized + debuginfo] target(s) in 0.22s
[INFO] [stderr]      Running unittests src/lib.rs (/opt/rustwide/target/debug/deps/sl_map_apis-127f6b637a7e8de2)
[INFO] [stdout] 
[INFO] [stdout] running 19 tests
[INFO] [stdout] test map_tiles::test::test_map_tile_coordinates_for_pixel_coordinates_single_region ... FAILED
[INFO] [stdout] test map_tiles::test::test_map_tile_pixel_coordinates_for_coordinates_single_region ... FAILED
[INFO] [stdout] test map_tiles::test::test_fetch_map_tile_lowest_detail ... FAILED
[INFO] [stdout] test map_tiles::test::test_fetch_map_tile_highest_detail ... FAILED
[INFO] [stdout] test map_tiles::test::test_fetch_map_tile_highest_detail_twice ... FAILED
[INFO] [stdout] test region::tests::test_grid_coordinates_to_region_name ... FAILED
[INFO] [stdout] test region::tests::test_region_name_to_grid_coordinates ... FAILED
[INFO] [stdout] test map_tiles::test::test_fetch_map_zoom_level_1_ratelimiter ... FAILED
[INFO] [stdout] test region::tests::test_cache_region_name_to_grid_coordinates_negative_twice ... FAILED
[INFO] [stdout] test region::tests::test_cache_region_name_to_grid_coordinates ... FAILED
[INFO] [stdout] test region::tests::test_cache_region_name_to_grid_coordinates_twice ... FAILED
[INFO] [stdout] test region::tests::test_cache_grid_coordinates_to_region_name_twice ... FAILED
[INFO] [stdout] test region::tests::test_cache_grid_coordinates_to_region_name ... FAILED
[INFO] [stdout] test region::tests::test_cache_grid_coordinates_to_region_name_negative_twice ... FAILED
[INFO] [stdout] test map_tiles::test::test_map_coordinates_for_pixel_coordinates_four_regions ... FAILED
[INFO] [stdout] test map_tiles::test::test_fetch_map_zoom_level_2 ... FAILED
[INFO] [stdout] test map_tiles::test::test_fetch_map_zoom_level_3 ... FAILED
[INFO] [stdout] test map_tiles::test::test_fetch_map_zoom_level_1 ... FAILED
[INFO] [stdout] test map_tiles::test::test_map_pixel_coordinates_for_coordinates_four_regions ... FAILED
[INFO] [stdout] 
[INFO] [stdout] failures:
[INFO] [stdout] 
[INFO] [stdout] ---- map_tiles::test::test_map_tile_coordinates_for_pixel_coordinates_single_region stdout ----
[INFO] [stdout] 2024-11-01T15:18:23.174359Z DEBUG test_map_tile_coordinates_for_pixel_coordinates_single_region: sl_map_apis::map_tiles: Map tile MapTileDescriptor { zoom_level: ZoomLevel(1), lower_left_corner: GridCoordinates { x: 1136, y: 1075 } } requested
[INFO] [stdout] 2024-11-01T15:18:23.174584Z DEBUG test_map_tile_coordinates_for_pixel_coordinates_single_region: sl_map_apis::map_tiles: Waiting for ratelimiter to fetch map tile from server
[INFO] [stdout] 2024-11-01T15:18:23.174610Z DEBUG test_map_tile_coordinates_for_pixel_coordinates_single_region: sl_map_apis::map_tiles: Fetching map tile from server at https://secondlife-maps-cdn.akamaized.net/map-1-1136-1075-objects.jpg
[INFO] [stdout] Error: ReqwestError(reqwest::Error { kind: Request, url: "https://secondlife-maps-cdn.akamaized.net/map-1-1136-1075-objects.jpg", source: hyper_util::client::legacy::Error(Connect, ConnectError("dns error", Custom { kind: Uncategorized, error: "failed to lookup address information: Temporary failure in name resolution" })) })
[INFO] [stdout] 
[INFO] [stdout] ---- map_tiles::test::test_map_tile_pixel_coordinates_for_coordinates_single_region stdout ----
[INFO] [stdout] 2024-11-01T15:18:23.174407Z DEBUG test_map_tile_pixel_coordinates_for_coordinates_single_region: sl_map_apis::map_tiles: Map tile MapTileDescriptor { zoom_level: ZoomLevel(1), lower_left_corner: GridCoordinates { x: 1136, y: 1075 } } requested
[INFO] [stdout] 2024-11-01T15:18:23.174587Z DEBUG test_map_tile_pixel_coordinates_for_coordinates_single_region: sl_map_apis::map_tiles: Waiting for ratelimiter to fetch map tile from server
[INFO] [stdout] 2024-11-01T15:18:23.174619Z DEBUG test_map_tile_pixel_coordinates_for_coordinates_single_region: sl_map_apis::map_tiles: Fetching map tile from server at https://secondlife-maps-cdn.akamaized.net/map-1-1136-1075-objects.jpg
[INFO] [stdout] Error: ReqwestError(reqwest::Error { kind: Request, url: "https://secondlife-maps-cdn.akamaized.net/map-1-1136-1075-objects.jpg", source: hyper_util::client::legacy::Error(Connect, ConnectError("dns error", Custom { kind: Uncategorized, error: "failed to lookup address information: Temporary failure in name resolution" })) })
[INFO] [stdout] 
[INFO] [stdout] ---- map_tiles::test::test_fetch_map_tile_lowest_detail stdout ----
[INFO] [stdout] 2024-11-01T15:18:23.174771Z DEBUG sl_map_apis::map_tiles: Map tile MapTileDescriptor { zoom_level: ZoomLevel(8), lower_left_corner: GridCoordinates { x: 1024, y: 1024 } } requested
[INFO] [stdout] 2024-11-01T15:18:23.174938Z DEBUG sl_map_apis::map_tiles: Waiting for ratelimiter to fetch map tile from server
[INFO] [stdout] 2024-11-01T15:18:23.174950Z DEBUG sl_map_apis::map_tiles: Fetching map tile from server at https://secondlife-maps-cdn.akamaized.net/map-8-1024-1024-objects.jpg
[INFO] [stdout] Error: ReqwestError(reqwest::Error { kind: Request, url: "https://secondlife-maps-cdn.akamaized.net/map-8-1024-1024-objects.jpg", source: hyper_util::client::legacy::Error(Connect, ConnectError("dns error", Custom { kind: Uncategorized, error: "failed to lookup address information: Temporary failure in name resolution" })) })
[INFO] [stdout] 
[INFO] [stdout] ---- map_tiles::test::test_fetch_map_tile_highest_detail stdout ----
[INFO] [stdout] 2024-11-01T15:18:23.174341Z DEBUG sl_map_apis::map_tiles: Map tile MapTileDescriptor { zoom_level: ZoomLevel(1), lower_left_corner: GridCoordinates { x: 1136, y: 1075 } } requested
[INFO] [stdout] 2024-11-01T15:18:23.174584Z DEBUG sl_map_apis::map_tiles: Waiting for ratelimiter to fetch map tile from server
[INFO] [stdout] 2024-11-01T15:18:23.174601Z DEBUG sl_map_apis::map_tiles: Fetching map tile from server at https://secondlife-maps-cdn.akamaized.net/map-1-1136-1075-objects.jpg
[INFO] [stdout] Error: ReqwestError(reqwest::Error { kind: Request, url: "https://secondlife-maps-cdn.akamaized.net/map-1-1136-1075-objects.jpg", source: hyper_util::client::legacy::Error(Connect, ConnectError("dns error", Custom { kind: Uncategorized, error: "failed to lookup address information: Temporary failure in name resolution" })) })
[INFO] [stdout] 
[INFO] [stdout] ---- map_tiles::test::test_fetch_map_tile_highest_detail_twice stdout ----
[INFO] [stdout] 2024-11-01T15:18:23.178919Z DEBUG sl_map_apis::map_tiles: Map tile MapTileDescriptor { zoom_level: ZoomLevel(1), lower_left_corner: GridCoordinates { x: 1136, y: 1075 } } requested
[INFO] [stdout] 2024-11-01T15:18:23.179071Z DEBUG sl_map_apis::map_tiles: Waiting for ratelimiter to fetch map tile from server
[INFO] [stdout] 2024-11-01T15:18:23.179081Z DEBUG sl_map_apis::map_tiles: Fetching map tile from server at https://secondlife-maps-cdn.akamaized.net/map-1-1136-1075-objects.jpg
[INFO] [stdout] Error: ReqwestError(reqwest::Error { kind: Request, url: "https://secondlife-maps-cdn.akamaized.net/map-1-1136-1075-objects.jpg", source: hyper_util::client::legacy::Error(Connect, ConnectError("dns error", Custom { kind: Uncategorized, error: "failed to lookup address information: Temporary failure in name resolution" })) })
[INFO] [stdout] 
[INFO] [stdout] ---- region::tests::test_grid_coordinates_to_region_name stdout ----
[INFO] [stdout] 2024-11-01T15:18:23.188804Z DEBUG sl_map_apis::region: Looking up region name for grid coordinates GridCoordinates { x: 1136, y: 1075 }
[INFO] [stdout] Error: Http(reqwest::Error { kind: Request, url: "https://cap.secondlife.com/cap/0/b713fe80-283b-4585-af4d-a3b7d9a32492?var=region&grid_x=1136&grid_y=1075", source: hyper_util::client::legacy::Error(Connect, ConnectError("dns error", Custom { kind: Uncategorized, error: "failed to lookup address information: Temporary failure in name resolution" })) })
[INFO] [stdout] 
[INFO] [stdout] ---- region::tests::test_region_name_to_grid_coordinates stdout ----
[INFO] [stdout] 2024-11-01T15:18:23.190317Z DEBUG sl_map_apis::region: Looking up grid coordinates for region name Thorkell
[INFO] [stdout] Error: Http(reqwest::Error { kind: Request, url: "https://cap.secondlife.com/cap/0/d661249b-2b5a-4436-966a-3d3b8d7a574f?var=coords&sim_name=Thorkell", source: hyper_util::client::legacy::Error(Connect, ConnectError("dns error", Custom { kind: Uncategorized, error: "failed to lookup address information: Temporary failure in name resolution" })) })
[INFO] [stdout] 
[INFO] [stdout] ---- map_tiles::test::test_fetch_map_zoom_level_1_ratelimiter stdout ----
[INFO] [stdout] 2024-11-01T15:18:23.174357Z DEBUG test_fetch_map_zoom_level_1_ratelimiter: sl_map_apis::map_tiles: Determined max zoom level for map of size (2048, 2048) for GridRectangle { lower_left_corner: GridCoordinates { x: 1131, y: 1068 }, upper_right_corner: GridCoordinates { x: 1139, y: 1075 } } to be ZoomLevel(2), actual map size will be (1152, 1024)
[INFO] [stdout] 2024-11-01T15:18:23.174488Z DEBUG test_fetch_map_zoom_level_1_ratelimiter: sl_map_apis::map_tiles: Map tile for GridCoordinates { x: 1131, y: 1068 } is MapTileDescriptor { zoom_level: ZoomLevel(2), lower_left_corner: GridCoordinates { x: 1130, y: 1068 } }
[INFO] [stdout] 2024-11-01T15:18:23.174509Z DEBUG test_fetch_map_zoom_level_1_ratelimiter: sl_map_apis::map_tiles: Map tile MapTileDescriptor { zoom_level: ZoomLevel(2), lower_left_corner: GridCoordinates { x: 1130, y: 1068 } } requested
[INFO] [stdout] 2024-11-01T15:18:23.174652Z DEBUG test_fetch_map_zoom_level_1_ratelimiter: sl_map_apis::map_tiles: Waiting for ratelimiter to fetch map tile from server
[INFO] [stdout] 2024-11-01T15:18:23.254043Z DEBUG test_fetch_map_zoom_level_1_ratelimiter: sl_map_apis::map_tiles: Fetching map tile from server at https://secondlife-maps-cdn.akamaized.net/map-2-1130-1068-objects.jpg
[INFO] [stdout] Error: MapTileCacheError(ReqwestError(reqwest::Error { kind: Request, url: "https://secondlife-maps-cdn.akamaized.net/map-2-1130-1068-objects.jpg", source: hyper_util::client::legacy::Error(Connect, ConnectError("dns error", Custom { kind: Uncategorized, error: "failed to lookup address information: Temporary failure in name resolution" })) }))
[INFO] [stdout] 
[INFO] [stdout] ---- region::tests::test_cache_region_name_to_grid_coordinates_negative_twice stdout ----
[INFO] [stdout] 2024-11-01T15:18:23.262278Z DEBUG sl_map_apis::region: Retrieving grid coordinates for region RegionName("Thorkel")
[INFO] [stdout] 2024-11-01T15:18:23.262330Z DEBUG sl_map_apis::region: Looking up grid coordinates for region name Thorkel
[INFO] [stdout] Error: GridCoordinatesHttpError(Http(reqwest::Error { kind: Request, url: "https://cap.secondlife.com/cap/0/d661249b-2b5a-4436-966a-3d3b8d7a574f?var=coords&sim_name=Thorkel", source: hyper_util::client::legacy::Error(Connect, ConnectError("dns error", Custom { kind: Uncategorized, error: "failed to lookup address information: Temporary failure in name resolution" })) }))
[INFO] [stdout] 
[INFO] [stdout] ---- region::tests::test_cache_region_name_to_grid_coordinates stdout ----
[INFO] [stdout] 2024-11-01T15:18:23.266183Z DEBUG sl_map_apis::region: Retrieving grid coordinates for region RegionName("Thorkell")
[INFO] [stdout] 2024-11-01T15:18:23.266216Z DEBUG sl_map_apis::region: Looking up grid coordinates for region name Thorkell
[INFO] [stdout] Error: GridCoordinatesHttpError(Http(reqwest::Error { kind: Request, url: "https://cap.secondlife.com/cap/0/d661249b-2b5a-4436-966a-3d3b8d7a574f?var=coords&sim_name=Thorkell", source: hyper_util::client::legacy::Error(Connect, ConnectError("dns error", Custom { kind: Uncategorized, error: "failed to lookup address information: Temporary failure in name resolution" })) }))
[INFO] [stdout] 
[INFO] [stdout] ---- region::tests::test_cache_region_name_to_grid_coordinates_twice stdout ----
[INFO] [stdout] 2024-11-01T15:18:23.268217Z DEBUG sl_map_apis::region: Retrieving grid coordinates for region RegionName("Thorkell")
[INFO] [stdout] 2024-11-01T15:18:23.268249Z DEBUG sl_map_apis::region: Looking up grid coordinates for region name Thorkell
[INFO] [stdout] Error: GridCoordinatesHttpError(Http(reqwest::Error { kind: Request, url: "https://cap.secondlife.com/cap/0/d661249b-2b5a-4436-966a-3d3b8d7a574f?var=coords&sim_name=Thorkell", source: hyper_util::client::legacy::Error(Connect, ConnectError("dns error", Custom { kind: Uncategorized, error: "failed to lookup address information: Temporary failure in name resolution" })) }))
[INFO] [stdout] 
[INFO] [stdout] ---- region::tests::test_cache_grid_coordinates_to_region_name_twice stdout ----
[INFO] [stdout] 2024-11-01T15:18:23.265180Z DEBUG sl_map_apis::region: Retrieving region name for grid coordinates GridCoordinates { x: 1136, y: 1075 }
[INFO] [stdout] 2024-11-01T15:18:23.265217Z DEBUG sl_map_apis::region: Looking up region name for grid coordinates GridCoordinates { x: 1136, y: 1075 }
[INFO] [stdout] Error: RegionNameHttpError(Http(reqwest::Error { kind: Request, url: "https://cap.secondlife.com/cap/0/b713fe80-283b-4585-af4d-a3b7d9a32492?var=region&grid_x=1136&grid_y=1075", source: hyper_util::client::legacy::Error(Connect, ConnectError("dns error", Custom { kind: Uncategorized, error: "failed to lookup address information: Temporary failure in name resolution" })) }))
[INFO] [stdout] 
[INFO] [stdout] ---- region::tests::test_cache_grid_coordinates_to_region_name stdout ----
[INFO] [stdout] 2024-11-01T15:18:23.286481Z DEBUG sl_map_apis::region: Retrieving region name for grid coordinates GridCoordinates { x: 1136, y: 1075 }
[INFO] [stdout] 2024-11-01T15:18:23.286519Z DEBUG sl_map_apis::region: Looking up region name for grid coordinates GridCoordinates { x: 1136, y: 1075 }
[INFO] [stdout] Error: RegionNameHttpError(Http(reqwest::Error { kind: Request, url: "https://cap.secondlife.com/cap/0/b713fe80-283b-4585-af4d-a3b7d9a32492?var=region&grid_x=1136&grid_y=1075", source: hyper_util::client::legacy::Error(Connect, ConnectError("dns error", Custom { kind: Uncategorized, error: "failed to lookup address information: Temporary failure in name resolution" })) }))
[INFO] [stdout] 
[INFO] [stdout] ---- region::tests::test_cache_grid_coordinates_to_region_name_negative_twice stdout ----
[INFO] [stdout] 2024-11-01T15:18:23.289386Z DEBUG sl_map_apis::region: Retrieving region name for grid coordinates GridCoordinates { x: 11136, y: 1075 }
[INFO] [stdout] 2024-11-01T15:18:23.289422Z DEBUG sl_map_apis::region: Looking up region name for grid coordinates GridCoordinates { x: 11136, y: 1075 }
[INFO] [stdout] Error: RegionNameHttpError(Http(reqwest::Error { kind: Request, url: "https://cap.secondlife.com/cap/0/b713fe80-283b-4585-af4d-a3b7d9a32492?var=region&grid_x=11136&grid_y=1075", source: hyper_util::client::legacy::Error(Connect, ConnectError("dns error", Custom { kind: Uncategorized, error: "failed to lookup address information: Temporary failure in name resolution" })) }))
[INFO] [stdout] 
[INFO] [stdout] ---- map_tiles::test::test_map_coordinates_for_pixel_coordinates_four_regions stdout ----
[INFO] [stdout] 2024-11-01T15:18:23.174532Z DEBUG test_map_coordinates_for_pixel_coordinates_four_regions: sl_map_apis::map_tiles: Determined max zoom level for map of size (512, 512) for GridRectangle { lower_left_corner: GridCoordinates { x: 1136, y: 1074 }, upper_right_corner: GridCoordinates { x: 1137, y: 1075 } } to be ZoomLevel(1), actual map size will be (512, 512)
[INFO] [stdout] 2024-11-01T15:18:23.174652Z DEBUG test_map_coordinates_for_pixel_coordinates_four_regions: sl_map_apis::map_tiles: Map tile for GridCoordinates { x: 1136, y: 1074 } is MapTileDescriptor { zoom_level: ZoomLevel(1), lower_left_corner: GridCoordinates { x: 1136, y: 1074 } }
[INFO] [stdout] 2024-11-01T15:18:23.174698Z DEBUG test_map_coordinates_for_pixel_coordinates_four_regions: sl_map_apis::map_tiles: Map tile MapTileDescriptor { zoom_level: ZoomLevel(1), lower_left_corner: GridCoordinates { x: 1136, y: 1074 } } requested
[INFO] [stdout] 2024-11-01T15:18:23.174865Z DEBUG test_map_coordinates_for_pixel_coordinates_four_regions: sl_map_apis::map_tiles: Waiting for ratelimiter to fetch map tile from server
[INFO] [stdout] 2024-11-01T15:18:24.154063Z DEBUG test_map_coordinates_for_pixel_coordinates_four_regions: sl_map_apis::map_tiles: Fetching map tile from server at https://secondlife-maps-cdn.akamaized.net/map-1-1136-1074-objects.jpg
[INFO] [stdout] Error: MapTileCacheError(ReqwestError(reqwest::Error { kind: Request, url: "https://secondlife-maps-cdn.akamaized.net/map-1-1136-1074-objects.jpg", source: hyper_util::client::legacy::Error(Connect, ConnectError("dns error", Custom { kind: Uncategorized, error: "failed to lookup address information: Temporary failure in name resolution" })) }))
[INFO] [stdout] 
[INFO] [stdout] ---- map_tiles::test::test_fetch_map_zoom_level_2 stdout ----
[INFO] [stdout] 2024-11-01T15:18:23.175094Z DEBUG test_fetch_map_zoom_level_2: sl_map_apis::map_tiles: Determined max zoom level for map of size (256, 256) for GridRectangle { lower_left_corner: GridCoordinates { x: 1136, y: 1074 }, upper_right_corner: GridCoordinates { x: 1137, y: 1075 } } to be ZoomLevel(2), actual map size will be (256, 256)
[INFO] [stdout] 2024-11-01T15:18:23.175159Z DEBUG test_fetch_map_zoom_level_2: sl_map_apis::map_tiles: Map tile for GridCoordinates { x: 1136, y: 1074 } is MapTileDescriptor { zoom_level: ZoomLevel(2), lower_left_corner: GridCoordinates { x: 1136, y: 1074 } }
[INFO] [stdout] 2024-11-01T15:18:23.175192Z DEBUG test_fetch_map_zoom_level_2: sl_map_apis::map_tiles: Map tile MapTileDescriptor { zoom_level: ZoomLevel(2), lower_left_corner: GridCoordinates { x: 1136, y: 1074 } } requested
[INFO] [stdout] 2024-11-01T15:18:23.175313Z DEBUG test_fetch_map_zoom_level_2: sl_map_apis::map_tiles: Waiting for ratelimiter to fetch map tile from server
[INFO] [stdout] 2024-11-01T15:18:24.153595Z DEBUG test_fetch_map_zoom_level_2: sl_map_apis::map_tiles: Fetching map tile from server at https://secondlife-maps-cdn.akamaized.net/map-2-1136-1074-objects.jpg
[INFO] [stdout] Error: MapTileCacheError(ReqwestError(reqwest::Error { kind: Request, url: "https://secondlife-maps-cdn.akamaized.net/map-2-1136-1074-objects.jpg", source: hyper_util::client::legacy::Error(Connect, ConnectError("dns error", Custom { kind: Uncategorized, error: "failed to lookup address information: Temporary failure in name resolution" })) }))
[INFO] [stdout] 
[INFO] [stdout] ---- map_tiles::test::test_fetch_map_zoom_level_3 stdout ----
[INFO] [stdout] 2024-11-01T15:18:23.174892Z DEBUG test_fetch_map_zoom_level_3: sl_map_apis::map_tiles: Determined max zoom level for map of size (128, 128) for GridRectangle { lower_left_corner: GridCoordinates { x: 1136, y: 1074 }, upper_right_corner: GridCoordinates { x: 1137, y: 1075 } } to be ZoomLevel(3), actual map size will be (128, 128)
[INFO] [stdout] 2024-11-01T15:18:23.175000Z DEBUG test_fetch_map_zoom_level_3: sl_map_apis::map_tiles: Map tile for GridCoordinates { x: 1136, y: 1074 } is MapTileDescriptor { zoom_level: ZoomLevel(3), lower_left_corner: GridCoordinates { x: 1136, y: 1072 } }
[INFO] [stdout] 2024-11-01T15:18:23.175034Z DEBUG test_fetch_map_zoom_level_3: sl_map_apis::map_tiles: Map tile MapTileDescriptor { zoom_level: ZoomLevel(3), lower_left_corner: GridCoordinates { x: 1136, y: 1072 } } requested
[INFO] [stdout] 2024-11-01T15:18:23.175233Z DEBUG test_fetch_map_zoom_level_3: sl_map_apis::map_tiles: Waiting for ratelimiter to fetch map tile from server
[INFO] [stdout] 2024-11-01T15:18:24.153595Z DEBUG test_fetch_map_zoom_level_3: sl_map_apis::map_tiles: Fetching map tile from server at https://secondlife-maps-cdn.akamaized.net/map-3-1136-1072-objects.jpg
[INFO] [stdout] Error: MapTileCacheError(ReqwestError(reqwest::Error { kind: Request, url: "https://secondlife-maps-cdn.akamaized.net/map-3-1136-1072-objects.jpg", source: hyper_util::client::legacy::Error(Connect, ConnectError("dns error", Custom { kind: Uncategorized, error: "failed to lookup address information: Temporary failure in name resolution" })) }))
[INFO] [stdout] 
[INFO] [stdout] ---- map_tiles::test::test_fetch_map_zoom_level_1 stdout ----
[INFO] [stdout] 2024-11-01T15:18:23.174510Z DEBUG test_fetch_map_zoom_level_1: sl_map_apis::map_tiles: Determined max zoom level for map of size (512, 512) for GridRectangle { lower_left_corner: GridCoordinates { x: 1135, y: 1070 }, upper_right_corner: GridCoordinates { x: 1136, y: 1071 } } to be ZoomLevel(1), actual map size will be (512, 512)
[INFO] [stdout] 2024-11-01T15:18:23.174620Z DEBUG test_fetch_map_zoom_level_1: sl_map_apis::map_tiles: Map tile for GridCoordinates { x: 1135, y: 1070 } is MapTileDescriptor { zoom_level: ZoomLevel(1), lower_left_corner: GridCoordinates { x: 1135, y: 1070 } }
[INFO] [stdout] 2024-11-01T15:18:23.174678Z DEBUG test_fetch_map_zoom_level_1: sl_map_apis::map_tiles: Map tile MapTileDescriptor { zoom_level: ZoomLevel(1), lower_left_corner: GridCoordinates { x: 1135, y: 1070 } } requested
[INFO] [stdout] 2024-11-01T15:18:23.174848Z DEBUG test_fetch_map_zoom_level_1: sl_map_apis::map_tiles: Waiting for ratelimiter to fetch map tile from server
[INFO] [stdout] 2024-11-01T15:18:24.155051Z DEBUG test_fetch_map_zoom_level_1: sl_map_apis::map_tiles: Fetching map tile from server at https://secondlife-maps-cdn.akamaized.net/map-1-1135-1070-objects.jpg
[INFO] [stdout] Error: MapTileCacheError(ReqwestError(reqwest::Error { kind: Request, url: "https://secondlife-maps-cdn.akamaized.net/map-1-1135-1070-objects.jpg", source: hyper_util::client::legacy::Error(Connect, ConnectError("dns error", Custom { kind: Uncategorized, error: "failed to lookup address information: Temporary failure in name resolution" })) }))
[INFO] [stdout] 
[INFO] [stdout] ---- map_tiles::test::test_map_pixel_coordinates_for_coordinates_four_regions stdout ----
[INFO] [stdout] 2024-11-01T15:18:23.178932Z DEBUG test_map_pixel_coordinates_for_coordinates_four_regions: sl_map_apis::map_tiles: Determined max zoom level for map of size (512, 512) for GridRectangle { lower_left_corner: GridCoordinates { x: 1136, y: 1074 }, upper_right_corner: GridCoordinates { x: 1137, y: 1075 } } to be ZoomLevel(1), actual map size will be (512, 512)
[INFO] [stdout] 2024-11-01T15:18:23.178992Z DEBUG test_map_pixel_coordinates_for_coordinates_four_regions: sl_map_apis::map_tiles: Map tile for GridCoordinates { x: 1136, y: 1074 } is MapTileDescriptor { zoom_level: ZoomLevel(1), lower_left_corner: GridCoordinates { x: 1136, y: 1074 } }
[INFO] [stdout] 2024-11-01T15:18:23.179025Z DEBUG test_map_pixel_coordinates_for_coordinates_four_regions: sl_map_apis::map_tiles: Map tile MapTileDescriptor { zoom_level: ZoomLevel(1), lower_left_corner: GridCoordinates { x: 1136, y: 1074 } } requested
[INFO] [stdout] 2024-11-01T15:18:23.179153Z DEBUG test_map_pixel_coordinates_for_coordinates_four_regions: sl_map_apis::map_tiles: Waiting for ratelimiter to fetch map tile from server
[INFO] [stdout] 2024-11-01T15:18:24.154402Z DEBUG test_map_pixel_coordinates_for_coordinates_four_regions: sl_map_apis::map_tiles: Fetching map tile from server at https://secondlife-maps-cdn.akamaized.net/map-1-1136-1074-objects.jpg
[INFO] [stdout] Error: MapTileCacheError(ReqwestError(reqwest::Error { kind: Request, url: "https://secondlife-maps-cdn.akamaized.net/map-1-1136-1074-objects.jpg", source: hyper_util::client::legacy::Error(Connect, ConnectError("dns error", Custom { kind: Uncategorized, error: "failed to lookup address information: Temporary failure in name resolution" })) }))
[INFO] [stdout] 
[INFO] [stdout] 
[INFO] [stdout] failures:
[INFO] [stdout]     map_tiles::test::test_fetch_map_tile_highest_detail
[INFO] [stdout]     map_tiles::test::test_fetch_map_tile_highest_detail_twice
[INFO] [stdout]     map_tiles::test::test_fetch_map_tile_lowest_detail
[INFO] [stdout]     map_tiles::test::test_fetch_map_zoom_level_1
[INFO] [stdout]     map_tiles::test::test_fetch_map_zoom_level_1_ratelimiter
[INFO] [stdout]     map_tiles::test::test_fetch_map_zoom_level_2
[INFO] [stdout]     map_tiles::test::test_fetch_map_zoom_level_3
[INFO] [stdout]     map_tiles::test::test_map_coordinates_for_pixel_coordinates_four_regions
[INFO] [stdout]     map_tiles::test::test_map_pixel_coordinates_for_coordinates_four_regions
[INFO] [stdout]     map_tiles::test::test_map_tile_coordinates_for_pixel_coordinates_single_region
[INFO] [stdout]     map_tiles::test::test_map_tile_pixel_coordinates_for_coordinates_single_region
[INFO] [stdout]     region::tests::test_cache_grid_coordinates_to_region_name
[INFO] [stdout]     region::tests::test_cache_grid_coordinates_to_region_name_negative_twice
[INFO] [stdout]     region::tests::test_cache_grid_coordinates_to_region_name_twice
[INFO] [stdout]     region::tests::test_cache_region_name_to_grid_coordinates
[INFO] [stdout]     region::tests::test_cache_region_name_to_grid_coordinates_negative_twice
[INFO] [stdout]     region::tests::test_cache_region_name_to_grid_coordinates_twice
[INFO] [stdout]     region::tests::test_grid_coordinates_to_region_name
[INFO] [stdout]     region::tests::test_region_name_to_grid_coordinates
[INFO] [stdout] 
[INFO] [stdout] test result: FAILED. 0 passed; 19 failed; 0 ignored; 0 measured; 0 filtered out; finished in 1.01s
[INFO] [stdout] 
[INFO] [stderr] error: test failed, to rerun pass `--lib`
[INFO] running `Command { std: "docker" "inspect" "020e2fe7267a84ab3b770bb242236df331eb3541c32ba65cfacbf104cca758d7", kill_on_drop: false }`
[INFO] running `Command { std: "docker" "rm" "-f" "020e2fe7267a84ab3b770bb242236df331eb3541c32ba65cfacbf104cca758d7", kill_on_drop: false }`
[INFO] [stdout] 020e2fe7267a84ab3b770bb242236df331eb3541c32ba65cfacbf104cca758d7
