[INFO] fetching crate sitetrace-axum 0.0.4...
[INFO] testing sitetrace-axum-0.0.4 against nightly-2024-10-28+rustflags=-Zrandomize-layout for randomize-layout
[INFO] extracting crate sitetrace-axum 0.0.4 into /workspace/builds/worker-1-tc2/source
[INFO] validating manifest of crates.io crate sitetrace-axum 0.0.4 on toolchain nightly-2024-10-28
[INFO] running `Command { std: CARGO_HOME="/workspace/cargo-home" RUSTUP_HOME="/workspace/rustup-home" "/workspace/cargo-home/bin/cargo" "+nightly-2024-10-28" "metadata" "--manifest-path" "Cargo.toml" "--no-deps", kill_on_drop: false }`
[INFO] started tweaking crates.io crate sitetrace-axum 0.0.4
[INFO] removed 0 missing tests
[INFO] finished tweaking crates.io crate sitetrace-axum 0.0.4
[INFO] tweaked toml for crates.io crate sitetrace-axum 0.0.4 written to /workspace/builds/worker-1-tc2/source/Cargo.toml
[INFO] running `Command { std: CARGO_HOME="/workspace/cargo-home" RUSTUP_HOME="/workspace/rustup-home" "/workspace/cargo-home/bin/cargo" "+nightly-2024-10-28" "generate-lockfile" "--manifest-path" "Cargo.toml", kill_on_drop: false }`
[INFO] [stderr]     Updating crates.io index
[INFO] [stderr]      Locking 190 packages to latest compatible versions
[INFO] running `Command { std: CARGO_HOME="/workspace/cargo-home" RUSTUP_HOME="/workspace/rustup-home" "/workspace/cargo-home/bin/cargo" "+nightly-2024-10-28" "fetch" "--manifest-path" "Cargo.toml", kill_on_drop: false }`
[INFO] running `Command { std: "docker" "create" "-v" "/var/lib/crater-agent-workspace/builds/worker-1-tc2/target:/opt/rustwide/target:rw,Z" "-v" "/var/lib/crater-agent-workspace/builds/worker-1-tc2/source:/opt/rustwide/workdir:ro,Z" "-v" "/var/lib/crater-agent-workspace/cargo-home:/opt/rustwide/cargo-home:ro,Z" "-v" "/var/lib/crater-agent-workspace/rustup-home:/opt/rustwide/rustup-home:ro,Z" "-e" "SOURCE_DIR=/opt/rustwide/workdir" "-e" "CARGO_TARGET_DIR=/opt/rustwide/target" "-e" "CARGO_HOME=/opt/rustwide/cargo-home" "-e" "RUSTUP_HOME=/opt/rustwide/rustup-home" "-w" "/opt/rustwide/workdir" "-m" "1610612736" "--user" "0:0" "--network" "none" "ghcr.io/rust-lang/crates-build-env/linux@sha256:4a844ea9eb2546a2d2c7022eacef16ef2e8229c7fbb2c7d4d55a9ceca922f72d" "/opt/rustwide/cargo-home/bin/cargo" "+nightly-2024-10-28" "metadata" "--no-deps" "--format-version=1", kill_on_drop: false }`
[INFO] [stdout] b55fcd963d2ded3811e7cd12df6b89f7808926c6c01baa0033c9e7822d8f3f9b
[INFO] running `Command { std: "docker" "start" "-a" "b55fcd963d2ded3811e7cd12df6b89f7808926c6c01baa0033c9e7822d8f3f9b", kill_on_drop: false }`
[INFO] running `Command { std: "docker" "inspect" "b55fcd963d2ded3811e7cd12df6b89f7808926c6c01baa0033c9e7822d8f3f9b", kill_on_drop: false }`
[INFO] running `Command { std: "docker" "rm" "-f" "b55fcd963d2ded3811e7cd12df6b89f7808926c6c01baa0033c9e7822d8f3f9b", kill_on_drop: false }`
[INFO] [stdout] b55fcd963d2ded3811e7cd12df6b89f7808926c6c01baa0033c9e7822d8f3f9b
[INFO] running `Command { std: "docker" "create" "-v" "/var/lib/crater-agent-workspace/builds/worker-1-tc2/target:/opt/rustwide/target:rw,Z" "-v" "/var/lib/crater-agent-workspace/builds/worker-1-tc2/source:/opt/rustwide/workdir:ro,Z" "-v" "/var/lib/crater-agent-workspace/cargo-home:/opt/rustwide/cargo-home:ro,Z" "-v" "/var/lib/crater-agent-workspace/rustup-home:/opt/rustwide/rustup-home:ro,Z" "-e" "SOURCE_DIR=/opt/rustwide/workdir" "-e" "CARGO_TARGET_DIR=/opt/rustwide/target" "-e" "CARGO_INCREMENTAL=0" "-e" "RUST_BACKTRACE=full" "-e" "RUSTFLAGS=--cap-lints=forbid -Zrandomize-layout" "-e" "RUSTDOCFLAGS=--cap-lints=forbid" "-e" "CARGO_HOME=/opt/rustwide/cargo-home" "-e" "RUSTUP_HOME=/opt/rustwide/rustup-home" "-w" "/opt/rustwide/workdir" "-m" "1610612736" "--user" "0:0" "--network" "none" "ghcr.io/rust-lang/crates-build-env/linux@sha256:4a844ea9eb2546a2d2c7022eacef16ef2e8229c7fbb2c7d4d55a9ceca922f72d" "/opt/rustwide/cargo-home/bin/cargo" "+nightly-2024-10-28" "build" "--frozen" "--message-format=json", kill_on_drop: false }`
[INFO] [stdout] 1964f8bac12b64b8f1b76e0f2056da33d2e134e05bae3c1267de1220cf422866
[INFO] running `Command { std: "docker" "start" "-a" "1964f8bac12b64b8f1b76e0f2056da33d2e134e05bae3c1267de1220cf422866", kill_on_drop: false }`
[INFO] [stderr]    Compiling memchr v2.7.4
[INFO] [stderr]    Compiling itoa v1.0.11
[INFO] [stderr]    Compiling once_cell v1.20.2
[INFO] [stderr]    Compiling futures-core v0.3.31
[INFO] [stderr]    Compiling serde v1.0.214
[INFO] [stderr]    Compiling futures-sink v0.3.31
[INFO] [stderr]    Compiling futures-task v0.3.31
[INFO] [stderr]    Compiling log v0.4.22
[INFO] [stderr]    Compiling futures-io v0.3.31
[INFO] [stderr]    Compiling slab v0.4.9
[INFO] [stderr]    Compiling pin-utils v0.1.0
[INFO] [stderr]    Compiling shlex v1.3.0
[INFO] [stderr]    Compiling fnv v1.0.7
[INFO] [stderr]    Compiling smallvec v1.13.2
[INFO] [stderr]    Compiling syn v2.0.86
[INFO] [stderr]    Compiling vcpkg v0.2.15
[INFO] [stderr]    Compiling mio v1.0.2
[INFO] [stderr]    Compiling futures-channel v0.3.31
[INFO] [stderr]    Compiling socket2 v0.5.7
[INFO] [stderr]    Compiling http v1.1.0
[INFO] [stderr]    Compiling rustversion v1.0.18
[INFO] [stderr]    Compiling cc v1.1.31
[INFO] [stderr]    Compiling tower-service v0.3.3
[INFO] [stderr]    Compiling tracing-core v0.1.32
[INFO] [stderr]    Compiling percent-encoding v2.3.1
[INFO] [stderr]    Compiling httparse v1.9.5
[INFO] [stderr]    Compiling foreign-types-shared v0.1.1
[INFO] [stderr]    Compiling openssl v0.10.68
[INFO] [stderr]    Compiling try-lock v0.2.5
[INFO] [stderr]    Compiling ryu v1.0.18
[INFO] [stderr]    Compiling foreign-types v0.3.2
[INFO] [stderr]    Compiling want v0.3.1
[INFO] [stderr]    Compiling native-tls v0.2.12
[INFO] [stderr]    Compiling tinyvec_macros v0.1.1
[INFO] [stderr]    Compiling httpdate v1.0.3
[INFO] [stderr]    Compiling bitflags v2.6.0
[INFO] [stderr]    Compiling tinyvec v1.8.0
[INFO] [stderr]    Compiling form_urlencoded v1.2.1
[INFO] [stderr]    Compiling sync_wrapper v1.0.1
[INFO] [stderr]    Compiling lock_api v0.4.12
[INFO] [stderr]    Compiling powerfmt v0.2.0
[INFO] [stderr]    Compiling parking_lot_core v0.9.10
[INFO] [stderr]    Compiling openssl-probe v0.1.5
[INFO] [stderr]    Compiling serde_json v1.0.132
[INFO] [stderr]    Compiling tower-layer v0.3.3
[INFO] [stderr]    Compiling mime v0.3.17
[INFO] [stderr]    Compiling time-core v0.1.2
[INFO] [stderr]    Compiling num-conv v0.1.0
[INFO] [stderr]    Compiling cookie v0.18.1
[INFO] [stderr]    Compiling aho-corasick v1.1.3
[INFO] [stderr]    Compiling unicode-bidi v0.3.17
[INFO] [stderr]    Compiling scopeguard v1.2.0
[INFO] [stderr]    Compiling regex-syntax v0.8.5
[INFO] [stderr]    Compiling regex-syntax v0.6.29
[INFO] [stderr]    Compiling time-macros v0.2.18
[INFO] [stderr]    Compiling lazy_static v1.5.0
[INFO] [stderr]    Compiling rustls-pki-types v1.10.0
[INFO] [stderr]    Compiling static_assertions v1.1.0
[INFO] [stderr]    Compiling overload v0.1.1
[INFO] [stderr]    Compiling sync_wrapper v0.1.2
[INFO] [stderr]    Compiling iana-time-zone v0.1.61
[INFO] [stderr]    Compiling nu-ansi-term v0.46.0
[INFO] [stderr]    Compiling sharded-slab v0.1.7
[INFO] [stderr]    Compiling tracing-log v0.2.0
[INFO] [stderr]    Compiling castaway v0.2.3
[INFO] [stderr]    Compiling http-body v1.0.1
[INFO] [stderr]    Compiling compact_str v0.7.1
[INFO] [stderr]    Compiling unicode-normalization v0.1.24
[INFO] [stderr]    Compiling rustls-pemfile v2.2.0
[INFO] [stderr]    Compiling chrono v0.4.38
[INFO] [stderr]    Compiling parking_lot v0.12.3
[INFO] [stderr]    Compiling thread_local v1.1.8
[INFO] [stderr]    Compiling getrandom v0.2.15
[INFO] [stderr]    Compiling zeroize v1.8.1
[INFO] [stderr]    Compiling matchit v0.7.3
[INFO] [stderr]    Compiling ipnet v2.10.1
[INFO] [stderr]    Compiling idna v0.5.0
[INFO] [stderr]    Compiling base64 v0.22.1
[INFO] [stderr]    Compiling openssl-sys v0.9.104
[INFO] [stderr]    Compiling regex-automata v0.4.8
[INFO] [stderr]    Compiling regex-automata v0.1.10
[INFO] [stderr]    Compiling regex v1.11.1
[INFO] [stderr]    Compiling matchers v0.1.0
[INFO] [stderr]    Compiling serde_derive v1.0.214
[INFO] [stderr]    Compiling futures-macro v0.3.31
[INFO] [stderr]    Compiling tracing-attributes v0.1.27
[INFO] [stderr]    Compiling tokio-macros v2.4.0
[INFO] [stderr]    Compiling openssl-macros v0.1.1
[INFO] [stderr]    Compiling async-trait v0.1.83
[INFO] [stderr]    Compiling axum-macros v0.4.2
[INFO] [stderr]    Compiling thiserror-impl v1.0.66
[INFO] [stderr]    Compiling garde_derive v0.20.0
[INFO] [stderr]    Compiling tokio v1.41.0
[INFO] [stderr]    Compiling futures-util v0.3.31
[INFO] [stderr]    Compiling garde v0.20.0
[INFO] [stderr]    Compiling tracing v0.1.40
[INFO] [stderr]    Compiling thiserror v1.0.66
[INFO] [stderr]    Compiling tracing-subscriber v0.3.18
[INFO] [stderr]    Compiling tokio-native-tls v0.3.1
[INFO] [stderr]    Compiling http-body-util v0.1.2
[INFO] [stderr]    Compiling hyper v1.5.0
[INFO] [stderr]    Compiling tower v0.5.1
[INFO] [stderr]    Compiling futures-executor v0.3.31
[INFO] [stderr]    Compiling futures v0.3.31
[INFO] [stderr]    Compiling axum-core v0.4.5
[INFO] [stderr]    Compiling hyper-util v0.1.10
[INFO] [stderr]    Compiling deranged v0.3.11
[INFO] [stderr]    Compiling serde_urlencoded v0.7.1
[INFO] [stderr]    Compiling serde_path_to_error v0.1.16
[INFO] [stderr]    Compiling url v2.5.2
[INFO] [stderr]    Compiling secrecy v0.10.3
[INFO] [stderr]    Compiling uuid v1.11.0
[INFO] [stderr]    Compiling time v0.3.36
[INFO] [stderr]    Compiling hyper-tls v0.6.0
[INFO] [stderr]    Compiling axum v0.7.7
[INFO] [stderr]    Compiling reqwest v0.12.9
[INFO] [stderr]    Compiling tower-cookies v0.10.0
[INFO] [stderr]    Compiling sitetrace-axum v0.0.4 (/opt/rustwide/workdir)
[INFO] [stdout] warning: unused import: `RequestData`
[INFO] [stdout]   --> src/api_calls.rs:12:40
[INFO] [stdout]    |
[INFO] [stdout] 12 |     middleware::{CreateSessionRequest, RequestData, RequestsPayload},
[INFO] [stdout]    |                                        ^^^^^^^^^^^
[INFO] [stdout]    |
[INFO] [stdout]    = note: `#[warn(unused_imports)]` on by default
[INFO] [stdout] 
[INFO] [stdout] 
[INFO] [stdout] warning: unused import: `self`
[INFO] [stdout]   --> src/middleware.rs:23:24
[INFO] [stdout]    |
[INFO] [stdout] 23 | use crate::api_calls::{self, create_session, post_requests, touch_session};
[INFO] [stdout]    |                        ^^^^
[INFO] [stdout] 
[INFO] [stdout] 
[INFO] [stdout] warning: elided lifetime has a name
[INFO] [stdout]    --> src/middleware.rs:600:21
[INFO] [stdout]     |
[INFO] [stdout] 600 | ) -> tower_cookies::Cookie {
[INFO] [stdout]     |                     ^^^^^^ this elided lifetime gets resolved as `'static`
[INFO] [stdout]     |
[INFO] [stdout]     = note: `#[warn(elided_named_lifetimes)]` on by default
[INFO] [stdout] help: consider specifying it explicitly
[INFO] [stdout]     |
[INFO] [stdout] 600 | ) -> tower_cookies::Cookie<'static> {
[INFO] [stdout]     |                           +++++++++
[INFO] [stdout] 
[INFO] [stdout] 
[INFO] [stdout] warning: elided lifetime has a name
[INFO] [stdout]    --> src/middleware.rs:618:21
[INFO] [stdout]     |
[INFO] [stdout] 618 | ) -> tower_cookies::Cookie {
[INFO] [stdout]     |                     ^^^^^^ this elided lifetime gets resolved as `'static`
[INFO] [stdout]     |
[INFO] [stdout] help: consider specifying it explicitly
[INFO] [stdout]     |
[INFO] [stdout] 618 | ) -> tower_cookies::Cookie<'static> {
[INFO] [stdout]     |                           +++++++++
[INFO] [stdout] 
[INFO] [stdout] 
[INFO] [stderr]     Finished `dev` profile [unoptimized + debuginfo] target(s) in 21.10s
[INFO] running `Command { std: "docker" "inspect" "1964f8bac12b64b8f1b76e0f2056da33d2e134e05bae3c1267de1220cf422866", kill_on_drop: false }`
[INFO] running `Command { std: "docker" "rm" "-f" "1964f8bac12b64b8f1b76e0f2056da33d2e134e05bae3c1267de1220cf422866", kill_on_drop: false }`
[INFO] [stdout] 1964f8bac12b64b8f1b76e0f2056da33d2e134e05bae3c1267de1220cf422866
[INFO] running `Command { std: "docker" "create" "-v" "/var/lib/crater-agent-workspace/builds/worker-1-tc2/target:/opt/rustwide/target:rw,Z" "-v" "/var/lib/crater-agent-workspace/builds/worker-1-tc2/source:/opt/rustwide/workdir:ro,Z" "-v" "/var/lib/crater-agent-workspace/cargo-home:/opt/rustwide/cargo-home:ro,Z" "-v" "/var/lib/crater-agent-workspace/rustup-home:/opt/rustwide/rustup-home:ro,Z" "-e" "SOURCE_DIR=/opt/rustwide/workdir" "-e" "CARGO_TARGET_DIR=/opt/rustwide/target" "-e" "CARGO_INCREMENTAL=0" "-e" "RUST_BACKTRACE=full" "-e" "RUSTFLAGS=--cap-lints=forbid -Zrandomize-layout" "-e" "RUSTDOCFLAGS=--cap-lints=forbid" "-e" "CARGO_HOME=/opt/rustwide/cargo-home" "-e" "RUSTUP_HOME=/opt/rustwide/rustup-home" "-w" "/opt/rustwide/workdir" "-m" "1610612736" "--user" "0:0" "--network" "none" "ghcr.io/rust-lang/crates-build-env/linux@sha256:4a844ea9eb2546a2d2c7022eacef16ef2e8229c7fbb2c7d4d55a9ceca922f72d" "/opt/rustwide/cargo-home/bin/cargo" "+nightly-2024-10-28" "test" "--frozen" "--no-run" "--message-format=json", kill_on_drop: false }`
[INFO] [stdout] 7aaa9d95820900d24ae1a8e081ea278fd044d185b58206d23256bc07f0c95c54
[INFO] running `Command { std: "docker" "start" "-a" "7aaa9d95820900d24ae1a8e081ea278fd044d185b58206d23256bc07f0c95c54", kill_on_drop: false }`
[INFO] [stderr]    Compiling serde v1.0.214
[INFO] [stderr]    Compiling lock_api v0.4.12
[INFO] [stderr]    Compiling signal-hook-registry v1.4.2
[INFO] [stderr]    Compiling getrandom v0.2.15
[INFO] [stderr]    Compiling zerocopy-derive v0.7.35
[INFO] [stderr]    Compiling byteorder v1.5.0
[INFO] [stderr]    Compiling rand_core v0.6.4
[INFO] [stderr]    Compiling tokio v1.41.0
[INFO] [stderr]    Compiling zerocopy v0.7.35
[INFO] [stderr]    Compiling ppv-lite86 v0.2.20
[INFO] [stderr]    Compiling rand_chacha v0.3.1
[INFO] [stderr]    Compiling rand v0.8.5
[INFO] [stderr]    Compiling deranged v0.3.11
[INFO] [stderr]    Compiling serde_json v1.0.132
[INFO] [stderr]    Compiling serde_urlencoded v0.7.1
[INFO] [stderr]    Compiling serde_path_to_error v0.1.16
[INFO] [stderr]    Compiling url v2.5.2
[INFO] [stderr]    Compiling uuid v1.11.0
[INFO] [stderr]    Compiling secrecy v0.10.3
[INFO] [stderr]    Compiling parking_lot v0.12.3
[INFO] [stderr]    Compiling time v0.3.36
[INFO] [stderr]    Compiling hyper v1.5.0
[INFO] [stderr]    Compiling tokio-native-tls v0.3.1
[INFO] [stderr]    Compiling tower v0.5.1
[INFO] [stderr]    Compiling hyper-util v0.1.10
[INFO] [stderr]    Compiling cookie v0.18.1
[INFO] [stderr]    Compiling tower-sessions-core v0.13.0
[INFO] [stderr]    Compiling tower-cookies v0.10.0
[INFO] [stderr]    Compiling tower-sessions-memory-store v0.13.0
[INFO] [stderr]    Compiling tower-sessions v0.13.0
[INFO] [stderr]    Compiling hyper-tls v0.6.0
[INFO] [stderr]    Compiling axum v0.7.7
[INFO] [stderr]    Compiling reqwest v0.12.9
[INFO] [stderr]    Compiling sitetrace-axum v0.0.4 (/opt/rustwide/workdir)
[INFO] [stdout] warning: unused import: `RequestData`
[INFO] [stdout]   --> src/api_calls.rs:12:40
[INFO] [stdout]    |
[INFO] [stdout] 12 |     middleware::{CreateSessionRequest, RequestData, RequestsPayload},
[INFO] [stdout]    |                                        ^^^^^^^^^^^
[INFO] [stdout]    |
[INFO] [stdout]    = note: `#[warn(unused_imports)]` on by default
[INFO] [stdout] 
[INFO] [stdout] 
[INFO] [stdout] warning: unused import: `self`
[INFO] [stdout]   --> src/middleware.rs:23:24
[INFO] [stdout]    |
[INFO] [stdout] 23 | use crate::api_calls::{self, create_session, post_requests, touch_session};
[INFO] [stdout]    |                        ^^^^
[INFO] [stdout] 
[INFO] [stdout] 
[INFO] [stdout] warning: elided lifetime has a name
[INFO] [stdout]    --> src/middleware.rs:600:21
[INFO] [stdout]     |
[INFO] [stdout] 600 | ) -> tower_cookies::Cookie {
[INFO] [stdout]     |                     ^^^^^^ this elided lifetime gets resolved as `'static`
[INFO] [stdout]     |
[INFO] [stdout]     = note: `#[warn(elided_named_lifetimes)]` on by default
[INFO] [stdout] help: consider specifying it explicitly
[INFO] [stdout]     |
[INFO] [stdout] 600 | ) -> tower_cookies::Cookie<'static> {
[INFO] [stdout]     |                           +++++++++
[INFO] [stdout] 
[INFO] [stdout] 
[INFO] [stdout] warning: elided lifetime has a name
[INFO] [stdout]    --> src/middleware.rs:618:21
[INFO] [stdout]     |
[INFO] [stdout] 618 | ) -> tower_cookies::Cookie {
[INFO] [stdout]     |                     ^^^^^^ this elided lifetime gets resolved as `'static`
[INFO] [stdout]     |
[INFO] [stdout] help: consider specifying it explicitly
[INFO] [stdout]     |
[INFO] [stdout] 618 | ) -> tower_cookies::Cookie<'static> {
[INFO] [stdout]     |                           +++++++++
[INFO] [stdout] 
[INFO] [stdout] 
[INFO] [stdout] warning: unused import: `RequestData`
[INFO] [stdout]   --> src/api_calls.rs:12:40
[INFO] [stdout]    |
[INFO] [stdout] 12 |     middleware::{CreateSessionRequest, RequestData, RequestsPayload},
[INFO] [stdout]    |                                        ^^^^^^^^^^^
[INFO] [stdout]    |
[INFO] [stdout]    = note: `#[warn(unused_imports)]` on by default
[INFO] [stdout] 
[INFO] [stdout] 
[INFO] [stdout] warning: unused import: `self`
[INFO] [stdout]   --> src/middleware.rs:23:24
[INFO] [stdout]    |
[INFO] [stdout] 23 | use crate::api_calls::{self, create_session, post_requests, touch_session};
[INFO] [stdout]    |                        ^^^^
[INFO] [stdout] 
[INFO] [stdout] 
[INFO] [stdout] warning: elided lifetime has a name
[INFO] [stdout]    --> src/middleware.rs:600:21
[INFO] [stdout]     |
[INFO] [stdout] 600 | ) -> tower_cookies::Cookie {
[INFO] [stdout]     |                     ^^^^^^ this elided lifetime gets resolved as `'static`
[INFO] [stdout]     |
[INFO] [stdout]     = note: `#[warn(elided_named_lifetimes)]` on by default
[INFO] [stdout] help: consider specifying it explicitly
[INFO] [stdout]     |
[INFO] [stdout] 600 | ) -> tower_cookies::Cookie<'static> {
[INFO] [stdout]     |                           +++++++++
[INFO] [stdout] 
[INFO] [stdout] 
[INFO] [stdout] warning: elided lifetime has a name
[INFO] [stdout]    --> src/middleware.rs:618:21
[INFO] [stdout]     |
[INFO] [stdout] 618 | ) -> tower_cookies::Cookie {
[INFO] [stdout]     |                     ^^^^^^ this elided lifetime gets resolved as `'static`
[INFO] [stdout]     |
[INFO] [stdout] help: consider specifying it explicitly
[INFO] [stdout]     |
[INFO] [stdout] 618 | ) -> tower_cookies::Cookie<'static> {
[INFO] [stdout]     |                           +++++++++
[INFO] [stdout] 
[INFO] [stdout] 
[INFO] [stdout] warning: unused import: `extract::FromRequestParts`
[INFO] [stdout]  --> tests/api/main.rs:1:12
[INFO] [stdout]   |
[INFO] [stdout] 1 | use axum::{extract::FromRequestParts, routing, Router};
[INFO] [stdout]   |            ^^^^^^^^^^^^^^^^^^^^^^^^^
[INFO] [stdout]   |
[INFO] [stdout]   = note: `#[warn(unused_imports)]` on by default
[INFO] [stdout] 
[INFO] [stdout] 
[INFO] [stdout] warning: unused variable: `session`
[INFO] [stdout]   --> tests/api/main.rs:39:18
[INFO] [stdout]    |
[INFO] [stdout] 39 |                  session: tower_sessions::Session,
[INFO] [stdout]    |                  ^^^^^^^ help: if this is intentional, prefix it with an underscore: `_session`
[INFO] [stdout]    |
[INFO] [stdout]    = note: `#[warn(unused_variables)]` on by default
[INFO] [stdout] 
[INFO] [stdout] 
[INFO] [stdout] warning: unused variable: `cookies`
[INFO] [stdout]   --> tests/api/main.rs:40:18
[INFO] [stdout]    |
[INFO] [stdout] 40 |                  cookies: tower_cookies::Cookies| async move {
[INFO] [stdout]    |                  ^^^^^^^ help: if this is intentional, prefix it with an underscore: `_cookies`
[INFO] [stdout] 
[INFO] [stdout] 
[INFO] [stderr]     Finished `test` profile [unoptimized + debuginfo] target(s) in 11.20s
[INFO] running `Command { std: "docker" "inspect" "7aaa9d95820900d24ae1a8e081ea278fd044d185b58206d23256bc07f0c95c54", kill_on_drop: false }`
[INFO] running `Command { std: "docker" "rm" "-f" "7aaa9d95820900d24ae1a8e081ea278fd044d185b58206d23256bc07f0c95c54", kill_on_drop: false }`
[INFO] [stdout] 7aaa9d95820900d24ae1a8e081ea278fd044d185b58206d23256bc07f0c95c54
[INFO] running `Command { std: "docker" "create" "-v" "/var/lib/crater-agent-workspace/builds/worker-1-tc2/target:/opt/rustwide/target:rw,Z" "-v" "/var/lib/crater-agent-workspace/builds/worker-1-tc2/source:/opt/rustwide/workdir:ro,Z" "-v" "/var/lib/crater-agent-workspace/cargo-home:/opt/rustwide/cargo-home:ro,Z" "-v" "/var/lib/crater-agent-workspace/rustup-home:/opt/rustwide/rustup-home:ro,Z" "-e" "SOURCE_DIR=/opt/rustwide/workdir" "-e" "CARGO_TARGET_DIR=/opt/rustwide/target" "-e" "CARGO_INCREMENTAL=0" "-e" "RUST_BACKTRACE=full" "-e" "RUSTFLAGS=--cap-lints=forbid -Zrandomize-layout" "-e" "RUSTDOCFLAGS=--cap-lints=forbid" "-e" "CARGO_HOME=/opt/rustwide/cargo-home" "-e" "RUSTUP_HOME=/opt/rustwide/rustup-home" "-w" "/opt/rustwide/workdir" "-m" "1610612736" "--user" "0:0" "--network" "none" "ghcr.io/rust-lang/crates-build-env/linux@sha256:4a844ea9eb2546a2d2c7022eacef16ef2e8229c7fbb2c7d4d55a9ceca922f72d" "/opt/rustwide/cargo-home/bin/cargo" "+nightly-2024-10-28" "test" "--frozen", kill_on_drop: false }`
[INFO] [stdout] 319a779a5963919b4cb188ddbae3781f3ba18ef58c4d75f1b99d14d810587fe0
[INFO] running `Command { std: "docker" "start" "-a" "319a779a5963919b4cb188ddbae3781f3ba18ef58c4d75f1b99d14d810587fe0", kill_on_drop: false }`
[INFO] [stderr] warning: unused import: `RequestData`
[INFO] [stderr]   --> src/api_calls.rs:12:40
[INFO] [stderr]    |
[INFO] [stderr] 12 |     middleware::{CreateSessionRequest, RequestData, RequestsPayload},
[INFO] [stderr]    |                                        ^^^^^^^^^^^
[INFO] [stderr]    |
[INFO] [stderr]    = note: `#[warn(unused_imports)]` on by default
[INFO] [stderr] 
[INFO] [stderr] warning: unused import: `self`
[INFO] [stderr]   --> src/middleware.rs:23:24
[INFO] [stderr]    |
[INFO] [stderr] 23 | use crate::api_calls::{self, create_session, post_requests, touch_session};
[INFO] [stderr]    |                        ^^^^
[INFO] [stderr] 
[INFO] [stderr] warning: elided lifetime has a name
[INFO] [stderr]    --> src/middleware.rs:600:21
[INFO] [stderr]     |
[INFO] [stderr] 600 | ) -> tower_cookies::Cookie {
[INFO] [stderr]     |                     ^^^^^^ this elided lifetime gets resolved as `'static`
[INFO] [stderr]     |
[INFO] [stderr]     = note: `#[warn(elided_named_lifetimes)]` on by default
[INFO] [stderr] help: consider specifying it explicitly
[INFO] [stderr]     |
[INFO] [stderr] 600 | ) -> tower_cookies::Cookie<'static> {
[INFO] [stderr]     |                           +++++++++
[INFO] [stderr] 
[INFO] [stderr] warning: elided lifetime has a name
[INFO] [stderr]    --> src/middleware.rs:618:21
[INFO] [stderr]     |
[INFO] [stderr] 618 | ) -> tower_cookies::Cookie {
[INFO] [stderr]     |                     ^^^^^^ this elided lifetime gets resolved as `'static`
[INFO] [stderr]     |
[INFO] [stderr] help: consider specifying it explicitly
[INFO] [stderr]     |
[INFO] [stderr] 618 | ) -> tower_cookies::Cookie<'static> {
[INFO] [stderr]     |                           +++++++++
[INFO] [stderr] 
[INFO] [stderr] warning: `sitetrace-axum` (lib) generated 4 warnings (run `cargo fix --lib -p sitetrace-axum` to apply 4 suggestions)
[INFO] [stderr] warning: `sitetrace-axum` (lib test) generated 4 warnings (4 duplicates)
[INFO] [stderr] warning: unused import: `extract::FromRequestParts`
[INFO] [stderr]  --> tests/api/main.rs:1:12
[INFO] [stderr]   |
[INFO] [stderr] 1 | use axum::{extract::FromRequestParts, routing, Router};
[INFO] [stderr]   |            ^^^^^^^^^^^^^^^^^^^^^^^^^
[INFO] [stderr]   |
[INFO] [stderr]   = note: `#[warn(unused_imports)]` on by default
[INFO] [stderr] 
[INFO] [stderr] warning: unused variable: `session`
[INFO] [stderr]   --> tests/api/main.rs:39:18
[INFO] [stderr]    |
[INFO] [stderr] 39 |                  session: tower_sessions::Session,
[INFO] [stderr]    |                  ^^^^^^^ help: if this is intentional, prefix it with an underscore: `_session`
[INFO] [stderr]    |
[INFO] [stderr]    = note: `#[warn(unused_variables)]` on by default
[INFO] [stderr] 
[INFO] [stderr] warning: unused variable: `cookies`
[INFO] [stderr]   --> tests/api/main.rs:40:18
[INFO] [stderr]    |
[INFO] [stderr] 40 |                  cookies: tower_cookies::Cookies| async move {
[INFO] [stderr]    |                  ^^^^^^^ help: if this is intentional, prefix it with an underscore: `_cookies`
[INFO] [stderr] 
[INFO] [stderr] warning: `sitetrace-axum` (test "api") generated 3 warnings (run `cargo fix --test "api"` to apply 1 suggestion)
[INFO] [stderr]     Finished `test` profile [unoptimized + debuginfo] target(s) in 0.53s
[INFO] [stderr]      Running unittests src/lib.rs (/opt/rustwide/target/debug/deps/sitetrace_axum-b7ff98c12ab4e1b5)
[INFO] [stdout] 
[INFO] [stdout] running 0 tests
[INFO] [stdout] 
[INFO] [stdout] test result: ok. 0 passed; 0 failed; 0 ignored; 0 measured; 0 filtered out; finished in 0.00s
[INFO] [stdout] 
[INFO] [stderr]      Running tests/api/main.rs (/opt/rustwide/target/debug/deps/api-af9b8d3671c9fc7f)
[INFO] [stdout] 
[INFO] [stdout] running 1 test
[INFO] [stdout] test testme has been running for over 60 seconds
[ERROR] error running command: no output for 300 seconds
[INFO] running `Command { std: "docker" "inspect" "319a779a5963919b4cb188ddbae3781f3ba18ef58c4d75f1b99d14d810587fe0", kill_on_drop: false }`
[INFO] running `Command { std: "docker" "rm" "-f" "319a779a5963919b4cb188ddbae3781f3ba18ef58c4d75f1b99d14d810587fe0", kill_on_drop: false }`
[INFO] [stderr] Error response from daemon: Could not kill running container 319a779a5963919b4cb188ddbae3781f3ba18ef58c4d75f1b99d14d810587fe0, cannot remove - tried to kill container, but did not receive an exit event
[ERROR] failed to delete container 319a779a5963919b4cb188ddbae3781f3ba18ef58c4d75f1b99d14d810587fe0
[ERROR] caused by: command failed: exit status: 1
