[INFO] fetching crate simplicio 0.1.3...
[INFO] testing simplicio-0.1.3 against nightly-2024-10-28+rustflags=-Zrandomize-layout for randomize-layout
[INFO] extracting crate simplicio 0.1.3 into /workspace/builds/worker-2-tc2/source
[INFO] validating manifest of crates.io crate simplicio 0.1.3 on toolchain nightly-2024-10-28
[INFO] running `Command { std: CARGO_HOME="/workspace/cargo-home" RUSTUP_HOME="/workspace/rustup-home" "/workspace/cargo-home/bin/cargo" "+nightly-2024-10-28" "metadata" "--manifest-path" "Cargo.toml" "--no-deps", kill_on_drop: false }`
[INFO] started tweaking crates.io crate simplicio 0.1.3
[INFO] finished tweaking crates.io crate simplicio 0.1.3
[INFO] tweaked toml for crates.io crate simplicio 0.1.3 written to /workspace/builds/worker-2-tc2/source/Cargo.toml
[INFO] running `Command { std: CARGO_HOME="/workspace/cargo-home" RUSTUP_HOME="/workspace/rustup-home" "/workspace/cargo-home/bin/cargo" "+nightly-2024-10-28" "generate-lockfile" "--manifest-path" "Cargo.toml", kill_on_drop: false }`
[INFO] running `Command { std: CARGO_HOME="/workspace/cargo-home" RUSTUP_HOME="/workspace/rustup-home" "/workspace/cargo-home/bin/cargo" "+nightly-2024-10-28" "fetch" "--manifest-path" "Cargo.toml", kill_on_drop: false }`
[INFO] running `Command { std: "docker" "create" "-v" "/var/lib/crater-agent-workspace/builds/worker-2-tc2/target:/opt/rustwide/target:rw,Z" "-v" "/var/lib/crater-agent-workspace/builds/worker-2-tc2/source:/opt/rustwide/workdir:ro,Z" "-v" "/var/lib/crater-agent-workspace/cargo-home:/opt/rustwide/cargo-home:ro,Z" "-v" "/var/lib/crater-agent-workspace/rustup-home:/opt/rustwide/rustup-home:ro,Z" "-e" "SOURCE_DIR=/opt/rustwide/workdir" "-e" "CARGO_TARGET_DIR=/opt/rustwide/target" "-e" "CARGO_HOME=/opt/rustwide/cargo-home" "-e" "RUSTUP_HOME=/opt/rustwide/rustup-home" "-w" "/opt/rustwide/workdir" "-m" "1610612736" "--user" "0:0" "--network" "none" "ghcr.io/rust-lang/crates-build-env/linux@sha256:4a844ea9eb2546a2d2c7022eacef16ef2e8229c7fbb2c7d4d55a9ceca922f72d" "/opt/rustwide/cargo-home/bin/cargo" "+nightly-2024-10-28" "metadata" "--no-deps" "--format-version=1", kill_on_drop: false }`
[INFO] [stdout] 1e40285cc59fee29f2ce8fa98bfb8b6d9181f9ff867043635ae8c37012af1354
[INFO] running `Command { std: "docker" "start" "-a" "1e40285cc59fee29f2ce8fa98bfb8b6d9181f9ff867043635ae8c37012af1354", kill_on_drop: false }`
[INFO] running `Command { std: "docker" "inspect" "1e40285cc59fee29f2ce8fa98bfb8b6d9181f9ff867043635ae8c37012af1354", kill_on_drop: false }`
[INFO] running `Command { std: "docker" "rm" "-f" "1e40285cc59fee29f2ce8fa98bfb8b6d9181f9ff867043635ae8c37012af1354", kill_on_drop: false }`
[INFO] [stdout] 1e40285cc59fee29f2ce8fa98bfb8b6d9181f9ff867043635ae8c37012af1354
[INFO] running `Command { std: "docker" "create" "-v" "/var/lib/crater-agent-workspace/builds/worker-2-tc2/target:/opt/rustwide/target:rw,Z" "-v" "/var/lib/crater-agent-workspace/builds/worker-2-tc2/source:/opt/rustwide/workdir:ro,Z" "-v" "/var/lib/crater-agent-workspace/cargo-home:/opt/rustwide/cargo-home:ro,Z" "-v" "/var/lib/crater-agent-workspace/rustup-home:/opt/rustwide/rustup-home:ro,Z" "-e" "SOURCE_DIR=/opt/rustwide/workdir" "-e" "CARGO_TARGET_DIR=/opt/rustwide/target" "-e" "CARGO_INCREMENTAL=0" "-e" "RUST_BACKTRACE=full" "-e" "RUSTFLAGS=--cap-lints=forbid -Zrandomize-layout" "-e" "RUSTDOCFLAGS=--cap-lints=forbid" "-e" "CARGO_HOME=/opt/rustwide/cargo-home" "-e" "RUSTUP_HOME=/opt/rustwide/rustup-home" "-w" "/opt/rustwide/workdir" "-m" "1610612736" "--user" "0:0" "--network" "none" "ghcr.io/rust-lang/crates-build-env/linux@sha256:4a844ea9eb2546a2d2c7022eacef16ef2e8229c7fbb2c7d4d55a9ceca922f72d" "/opt/rustwide/cargo-home/bin/cargo" "+nightly-2024-10-28" "build" "--frozen" "--message-format=json", kill_on_drop: false }`
[INFO] [stdout] 97d9a4fef5a236eca1b346998fee720f153ba515b4b7669c3e584891464b9b11
[INFO] running `Command { std: "docker" "start" "-a" "97d9a4fef5a236eca1b346998fee720f153ba515b4b7669c3e584891464b9b11", kill_on_drop: false }`
[INFO] [stderr]    Compiling simplicio v0.1.3 (/opt/rustwide/workdir)
[INFO] [stderr]     Finished `dev` profile [unoptimized + debuginfo] target(s) in 0.05s
[INFO] running `Command { std: "docker" "inspect" "97d9a4fef5a236eca1b346998fee720f153ba515b4b7669c3e584891464b9b11", kill_on_drop: false }`
[INFO] running `Command { std: "docker" "rm" "-f" "97d9a4fef5a236eca1b346998fee720f153ba515b4b7669c3e584891464b9b11", kill_on_drop: false }`
[INFO] [stdout] 97d9a4fef5a236eca1b346998fee720f153ba515b4b7669c3e584891464b9b11
[INFO] running `Command { std: "docker" "create" "-v" "/var/lib/crater-agent-workspace/builds/worker-2-tc2/target:/opt/rustwide/target:rw,Z" "-v" "/var/lib/crater-agent-workspace/builds/worker-2-tc2/source:/opt/rustwide/workdir:ro,Z" "-v" "/var/lib/crater-agent-workspace/cargo-home:/opt/rustwide/cargo-home:ro,Z" "-v" "/var/lib/crater-agent-workspace/rustup-home:/opt/rustwide/rustup-home:ro,Z" "-e" "SOURCE_DIR=/opt/rustwide/workdir" "-e" "CARGO_TARGET_DIR=/opt/rustwide/target" "-e" "CARGO_INCREMENTAL=0" "-e" "RUST_BACKTRACE=full" "-e" "RUSTFLAGS=--cap-lints=forbid -Zrandomize-layout" "-e" "RUSTDOCFLAGS=--cap-lints=forbid" "-e" "CARGO_HOME=/opt/rustwide/cargo-home" "-e" "RUSTUP_HOME=/opt/rustwide/rustup-home" "-w" "/opt/rustwide/workdir" "-m" "1610612736" "--user" "0:0" "--network" "none" "ghcr.io/rust-lang/crates-build-env/linux@sha256:4a844ea9eb2546a2d2c7022eacef16ef2e8229c7fbb2c7d4d55a9ceca922f72d" "/opt/rustwide/cargo-home/bin/cargo" "+nightly-2024-10-28" "test" "--frozen" "--no-run" "--message-format=json", kill_on_drop: false }`
[INFO] [stdout] 0d8c91409ab732f6193e28a4af3f994b1a324799b4efc9fe5dd70413a25f3fb9
[INFO] running `Command { std: "docker" "start" "-a" "0d8c91409ab732f6193e28a4af3f994b1a324799b4efc9fe5dd70413a25f3fb9", kill_on_drop: false }`
[INFO] [stderr]    Compiling simplicio v0.1.3 (/opt/rustwide/workdir)
[INFO] [stderr]     Finished `test` profile [unoptimized + debuginfo] target(s) in 0.10s
[INFO] running `Command { std: "docker" "inspect" "0d8c91409ab732f6193e28a4af3f994b1a324799b4efc9fe5dd70413a25f3fb9", kill_on_drop: false }`
[INFO] running `Command { std: "docker" "rm" "-f" "0d8c91409ab732f6193e28a4af3f994b1a324799b4efc9fe5dd70413a25f3fb9", kill_on_drop: false }`
[INFO] [stdout] 0d8c91409ab732f6193e28a4af3f994b1a324799b4efc9fe5dd70413a25f3fb9
[INFO] running `Command { std: "docker" "create" "-v" "/var/lib/crater-agent-workspace/builds/worker-2-tc2/target:/opt/rustwide/target:rw,Z" "-v" "/var/lib/crater-agent-workspace/builds/worker-2-tc2/source:/opt/rustwide/workdir:ro,Z" "-v" "/var/lib/crater-agent-workspace/cargo-home:/opt/rustwide/cargo-home:ro,Z" "-v" "/var/lib/crater-agent-workspace/rustup-home:/opt/rustwide/rustup-home:ro,Z" "-e" "SOURCE_DIR=/opt/rustwide/workdir" "-e" "CARGO_TARGET_DIR=/opt/rustwide/target" "-e" "CARGO_INCREMENTAL=0" "-e" "RUST_BACKTRACE=full" "-e" "RUSTFLAGS=--cap-lints=forbid -Zrandomize-layout" "-e" "RUSTDOCFLAGS=--cap-lints=forbid" "-e" "CARGO_HOME=/opt/rustwide/cargo-home" "-e" "RUSTUP_HOME=/opt/rustwide/rustup-home" "-w" "/opt/rustwide/workdir" "-m" "1610612736" "--user" "0:0" "--network" "none" "ghcr.io/rust-lang/crates-build-env/linux@sha256:4a844ea9eb2546a2d2c7022eacef16ef2e8229c7fbb2c7d4d55a9ceca922f72d" "/opt/rustwide/cargo-home/bin/cargo" "+nightly-2024-10-28" "test" "--frozen", kill_on_drop: false }`
[INFO] [stdout] b3ba15111d1bdc8170467e93951e799b288c273085ac9c349a4492738b9773df
[INFO] running `Command { std: "docker" "start" "-a" "b3ba15111d1bdc8170467e93951e799b288c273085ac9c349a4492738b9773df", kill_on_drop: false }`
[INFO] [stderr]     Finished `test` profile [unoptimized + debuginfo] target(s) in 0.00s
[INFO] [stderr]      Running unittests src/lib.rs (/opt/rustwide/target/debug/deps/simplicio-896bf5485e99f0c3)
[INFO] [stdout] 
[INFO] [stdout] running 0 tests
[INFO] [stdout] 
[INFO] [stdout] test result: ok. 0 passed; 0 failed; 0 ignored; 0 measured; 0 filtered out; finished in 0.00s
[INFO] [stdout] 
[INFO] [stderr]    Doc-tests simplicio
[INFO] [stdout] 
[INFO] [stdout] running 9 tests
[INFO] [stdout] test src/macros.rs - macros::ln (line 173) ... FAILED
[INFO] [stdout] test src/macros.rs - macros::map (line 106) - compile ... ok
[INFO] [stdout] test src/macros.rs - macros::cnct (line 67) - compile ... ok
[INFO] [stdout] test src/macros.rs - macros::s (line 11) - compile ... ok
[INFO] [stdout] test src/../README.md - ReadmeDoctests (line 28) ... ok
[INFO] [stdout] test src/lib.rs - (line 16) ... ok
[INFO] [stdout] test src/helpers.rs - helpers::mapper (line 17) ... ok
[INFO] [stdout] test src/lib.rs - (line 42) ... ok
[INFO] [stdout] test src/../README.md - ReadmeDoctests (line 53) ... ok
[INFO] [stdout] 
[INFO] [stdout] failures:
[INFO] [stdout] 
[INFO] [stdout] ---- src/macros.rs - macros::ln (line 173) stdout ----
[INFO] [stdout] error[E0432]: unresolved import `logfather`
[INFO] [stdout]  --> src/macros.rs:174:5
[INFO] [stdout]   |
[INFO] [stdout] 3 | use logfather::n;
[INFO] [stdout]   |     ^^^^^^^^^ use of undeclared crate or module `logfather`
[INFO] [stdout] 
[INFO] [stdout] error: aborting due to 1 previous error
[INFO] [stdout] 
[INFO] [stdout] For more information about this error, try `rustc --explain E0432`.
[INFO] [stdout] Couldn't compile the test.
[INFO] [stdout] 
[INFO] [stdout] failures:
[INFO] [stdout]     src/macros.rs - macros::ln (line 173)
[INFO] [stdout] 
[INFO] [stdout] test result: FAILED. 8 passed; 1 failed; 0 ignored; 0 measured; 0 filtered out; finished in 0.25s
[INFO] [stdout] 
[INFO] [stderr] error: doctest failed, to rerun pass `--doc`
[INFO] running `Command { std: "docker" "inspect" "b3ba15111d1bdc8170467e93951e799b288c273085ac9c349a4492738b9773df", kill_on_drop: false }`
[INFO] running `Command { std: "docker" "rm" "-f" "b3ba15111d1bdc8170467e93951e799b288c273085ac9c349a4492738b9773df", kill_on_drop: false }`
[INFO] [stdout] b3ba15111d1bdc8170467e93951e799b288c273085ac9c349a4492738b9773df
