[INFO] fetching crate simple_function_logger 0.1.4...
[INFO] testing simple_function_logger-0.1.4 against nightly-2024-10-28 for randomize-layout
[INFO] extracting crate simple_function_logger 0.1.4 into /workspace/builds/worker-4-tc1/source
[INFO] validating manifest of crates.io crate simple_function_logger 0.1.4 on toolchain nightly-2024-10-28
[INFO] running `Command { std: CARGO_HOME="/workspace/cargo-home" RUSTUP_HOME="/workspace/rustup-home" "/workspace/cargo-home/bin/cargo" "+nightly-2024-10-28" "metadata" "--manifest-path" "Cargo.toml" "--no-deps", kill_on_drop: false }`
[INFO] started tweaking crates.io crate simple_function_logger 0.1.4
[INFO] finished tweaking crates.io crate simple_function_logger 0.1.4
[INFO] tweaked toml for crates.io crate simple_function_logger 0.1.4 written to /workspace/builds/worker-4-tc1/source/Cargo.toml
[INFO] running `Command { std: CARGO_HOME="/workspace/cargo-home" RUSTUP_HOME="/workspace/rustup-home" "/workspace/cargo-home/bin/cargo" "+nightly-2024-10-28" "generate-lockfile" "--manifest-path" "Cargo.toml", kill_on_drop: false }`
[INFO] running `Command { std: CARGO_HOME="/workspace/cargo-home" RUSTUP_HOME="/workspace/rustup-home" "/workspace/cargo-home/bin/cargo" "+nightly-2024-10-28" "fetch" "--manifest-path" "Cargo.toml", kill_on_drop: false }`
[INFO] running `Command { std: "docker" "create" "-v" "/var/lib/crater-agent-workspace/builds/worker-4-tc1/target:/opt/rustwide/target:rw,Z" "-v" "/var/lib/crater-agent-workspace/builds/worker-4-tc1/source:/opt/rustwide/workdir:ro,Z" "-v" "/var/lib/crater-agent-workspace/cargo-home:/opt/rustwide/cargo-home:ro,Z" "-v" "/var/lib/crater-agent-workspace/rustup-home:/opt/rustwide/rustup-home:ro,Z" "-e" "SOURCE_DIR=/opt/rustwide/workdir" "-e" "CARGO_TARGET_DIR=/opt/rustwide/target" "-e" "CARGO_HOME=/opt/rustwide/cargo-home" "-e" "RUSTUP_HOME=/opt/rustwide/rustup-home" "-w" "/opt/rustwide/workdir" "-m" "1610612736" "--user" "0:0" "--network" "none" "ghcr.io/rust-lang/crates-build-env/linux@sha256:4a844ea9eb2546a2d2c7022eacef16ef2e8229c7fbb2c7d4d55a9ceca922f72d" "/opt/rustwide/cargo-home/bin/cargo" "+nightly-2024-10-28" "metadata" "--no-deps" "--format-version=1", kill_on_drop: false }`
[INFO] [stdout] 0522fd52c3292a70e96cc1cd0c351dbad77d731d363707845164d3850b5b5b16
[INFO] running `Command { std: "docker" "start" "-a" "0522fd52c3292a70e96cc1cd0c351dbad77d731d363707845164d3850b5b5b16", kill_on_drop: false }`
[INFO] running `Command { std: "docker" "inspect" "0522fd52c3292a70e96cc1cd0c351dbad77d731d363707845164d3850b5b5b16", kill_on_drop: false }`
[INFO] running `Command { std: "docker" "rm" "-f" "0522fd52c3292a70e96cc1cd0c351dbad77d731d363707845164d3850b5b5b16", kill_on_drop: false }`
[INFO] [stdout] 0522fd52c3292a70e96cc1cd0c351dbad77d731d363707845164d3850b5b5b16
[INFO] running `Command { std: "docker" "create" "-v" "/var/lib/crater-agent-workspace/builds/worker-4-tc1/target:/opt/rustwide/target:rw,Z" "-v" "/var/lib/crater-agent-workspace/builds/worker-4-tc1/source:/opt/rustwide/workdir:ro,Z" "-v" "/var/lib/crater-agent-workspace/cargo-home:/opt/rustwide/cargo-home:ro,Z" "-v" "/var/lib/crater-agent-workspace/rustup-home:/opt/rustwide/rustup-home:ro,Z" "-e" "SOURCE_DIR=/opt/rustwide/workdir" "-e" "CARGO_TARGET_DIR=/opt/rustwide/target" "-e" "CARGO_INCREMENTAL=0" "-e" "RUST_BACKTRACE=full" "-e" "RUSTFLAGS=--cap-lints=forbid" "-e" "RUSTDOCFLAGS=--cap-lints=forbid" "-e" "CARGO_HOME=/opt/rustwide/cargo-home" "-e" "RUSTUP_HOME=/opt/rustwide/rustup-home" "-w" "/opt/rustwide/workdir" "-m" "1610612736" "--user" "0:0" "--network" "none" "ghcr.io/rust-lang/crates-build-env/linux@sha256:4a844ea9eb2546a2d2c7022eacef16ef2e8229c7fbb2c7d4d55a9ceca922f72d" "/opt/rustwide/cargo-home/bin/cargo" "+nightly-2024-10-28" "build" "--frozen" "--message-format=json", kill_on_drop: false }`
[INFO] [stdout] d0193f8ba36ec814ca6566011fbff06730d56fa43ba553bf12c915301de910ed
[INFO] running `Command { std: "docker" "start" "-a" "d0193f8ba36ec814ca6566011fbff06730d56fa43ba553bf12c915301de910ed", kill_on_drop: false }`
[INFO] [stderr]    Compiling simple_function_logger v0.1.4 (/opt/rustwide/workdir)
[INFO] [stderr]     Finished `dev` profile [unoptimized + debuginfo] target(s) in 0.21s
[INFO] running `Command { std: "docker" "inspect" "d0193f8ba36ec814ca6566011fbff06730d56fa43ba553bf12c915301de910ed", kill_on_drop: false }`
[INFO] running `Command { std: "docker" "rm" "-f" "d0193f8ba36ec814ca6566011fbff06730d56fa43ba553bf12c915301de910ed", kill_on_drop: false }`
[INFO] [stdout] d0193f8ba36ec814ca6566011fbff06730d56fa43ba553bf12c915301de910ed
[INFO] running `Command { std: "docker" "create" "-v" "/var/lib/crater-agent-workspace/builds/worker-4-tc1/target:/opt/rustwide/target:rw,Z" "-v" "/var/lib/crater-agent-workspace/builds/worker-4-tc1/source:/opt/rustwide/workdir:ro,Z" "-v" "/var/lib/crater-agent-workspace/cargo-home:/opt/rustwide/cargo-home:ro,Z" "-v" "/var/lib/crater-agent-workspace/rustup-home:/opt/rustwide/rustup-home:ro,Z" "-e" "SOURCE_DIR=/opt/rustwide/workdir" "-e" "CARGO_TARGET_DIR=/opt/rustwide/target" "-e" "CARGO_INCREMENTAL=0" "-e" "RUST_BACKTRACE=full" "-e" "RUSTFLAGS=--cap-lints=forbid" "-e" "RUSTDOCFLAGS=--cap-lints=forbid" "-e" "CARGO_HOME=/opt/rustwide/cargo-home" "-e" "RUSTUP_HOME=/opt/rustwide/rustup-home" "-w" "/opt/rustwide/workdir" "-m" "1610612736" "--user" "0:0" "--network" "none" "ghcr.io/rust-lang/crates-build-env/linux@sha256:4a844ea9eb2546a2d2c7022eacef16ef2e8229c7fbb2c7d4d55a9ceca922f72d" "/opt/rustwide/cargo-home/bin/cargo" "+nightly-2024-10-28" "test" "--frozen" "--no-run" "--message-format=json", kill_on_drop: false }`
[INFO] [stdout] 83d19667db07bb248f1bb7bd0c525f2508b695997c19e6ee1b69be43ddc65ae5
[INFO] running `Command { std: "docker" "start" "-a" "83d19667db07bb248f1bb7bd0c525f2508b695997c19e6ee1b69be43ddc65ae5", kill_on_drop: false }`
[INFO] [stderr]    Compiling simple_function_logger v0.1.4 (/opt/rustwide/workdir)
[INFO] [stderr]     Finished `test` profile [unoptimized + debuginfo] target(s) in 0.17s
[INFO] running `Command { std: "docker" "inspect" "83d19667db07bb248f1bb7bd0c525f2508b695997c19e6ee1b69be43ddc65ae5", kill_on_drop: false }`
[INFO] running `Command { std: "docker" "rm" "-f" "83d19667db07bb248f1bb7bd0c525f2508b695997c19e6ee1b69be43ddc65ae5", kill_on_drop: false }`
[INFO] [stdout] 83d19667db07bb248f1bb7bd0c525f2508b695997c19e6ee1b69be43ddc65ae5
[INFO] running `Command { std: "docker" "create" "-v" "/var/lib/crater-agent-workspace/builds/worker-4-tc1/target:/opt/rustwide/target:rw,Z" "-v" "/var/lib/crater-agent-workspace/builds/worker-4-tc1/source:/opt/rustwide/workdir:ro,Z" "-v" "/var/lib/crater-agent-workspace/cargo-home:/opt/rustwide/cargo-home:ro,Z" "-v" "/var/lib/crater-agent-workspace/rustup-home:/opt/rustwide/rustup-home:ro,Z" "-e" "SOURCE_DIR=/opt/rustwide/workdir" "-e" "CARGO_TARGET_DIR=/opt/rustwide/target" "-e" "CARGO_INCREMENTAL=0" "-e" "RUST_BACKTRACE=full" "-e" "RUSTFLAGS=--cap-lints=forbid" "-e" "RUSTDOCFLAGS=--cap-lints=forbid" "-e" "CARGO_HOME=/opt/rustwide/cargo-home" "-e" "RUSTUP_HOME=/opt/rustwide/rustup-home" "-w" "/opt/rustwide/workdir" "-m" "1610612736" "--user" "0:0" "--network" "none" "ghcr.io/rust-lang/crates-build-env/linux@sha256:4a844ea9eb2546a2d2c7022eacef16ef2e8229c7fbb2c7d4d55a9ceca922f72d" "/opt/rustwide/cargo-home/bin/cargo" "+nightly-2024-10-28" "test" "--frozen", kill_on_drop: false }`
[INFO] [stdout] 5ad3383f2135a6d73a2fabbe7038d4b72955522912eb3186d8aa35fc7e0d9096
[INFO] running `Command { std: "docker" "start" "-a" "5ad3383f2135a6d73a2fabbe7038d4b72955522912eb3186d8aa35fc7e0d9096", kill_on_drop: false }`
[INFO] [stderr]     Finished `test` profile [unoptimized + debuginfo] target(s) in 0.01s
[INFO] [stderr]      Running unittests src/lib.rs (/opt/rustwide/target/debug/deps/simple_function_logger-dc0115cb87571d7c)
[INFO] [stdout] 
[INFO] [stdout] running 0 tests
[INFO] [stdout] 
[INFO] [stdout] test result: ok. 0 passed; 0 failed; 0 ignored; 0 measured; 0 filtered out; finished in 0.00s
[INFO] [stdout] 
[INFO] [stderr]    Doc-tests simple_function_logger
[INFO] [stdout] 
[INFO] [stdout] running 6 tests
[INFO] [stdout] test src/lib.rs - printer (line 36) ... FAILED
[INFO] [stdout] test src/lib.rs - printer (line 50) ... FAILED
[INFO] [stdout] test src/lib.rs - printer (line 9) ... FAILED
[INFO] [stdout] test src/lib.rs - printer (line 43) ... FAILED
[INFO] [stdout] test src/lib.rs - printer (line 28) ... FAILED
[INFO] [stdout] test src/lib.rs - printer (line 57) ... FAILED
[INFO] [stdout] 
[INFO] [stdout] failures:
[INFO] [stdout] 
[INFO] [stdout] ---- src/lib.rs - printer (line 36) stdout ----
[INFO] [stdout] error: cannot find attribute `printer` in this scope
[INFO] [stdout]  --> src/lib.rs:37:3
[INFO] [stdout]   |
[INFO] [stdout] 3 | #[printer(name = "foo")]
[INFO] [stdout]   |   ^^^^^^^
[INFO] [stdout]   |
[INFO] [stdout] help: consider importing this attribute macro
[INFO] [stdout]   |
[INFO] [stdout] 2 + use simple_function_logger::printer;
[INFO] [stdout]   |
[INFO] [stdout] 
[INFO] [stdout] error: aborting due to 1 previous error
[INFO] [stdout] 
[INFO] [stdout] Couldn't compile the test.
[INFO] [stdout] ---- src/lib.rs - printer (line 50) stdout ----
[INFO] [stdout] error: cannot find attribute `printer` in this scope
[INFO] [stdout]  --> src/lib.rs:51:3
[INFO] [stdout]   |
[INFO] [stdout] 3 | #[printer(cfg = "baz")]
[INFO] [stdout]   |   ^^^^^^^
[INFO] [stdout]   |
[INFO] [stdout] help: consider importing this attribute macro
[INFO] [stdout]   |
[INFO] [stdout] 2 + use simple_function_logger::printer;
[INFO] [stdout]   |
[INFO] [stdout] 
[INFO] [stdout] error: aborting due to 1 previous error
[INFO] [stdout] 
[INFO] [stdout] Couldn't compile the test.
[INFO] [stdout] ---- src/lib.rs - printer (line 9) stdout ----
[INFO] [stdout] error: cannot find attribute `printer` in this scope
[INFO] [stdout]  --> src/lib.rs:10:3
[INFO] [stdout]   |
[INFO] [stdout] 3 | #[printer($a, ?$b, $3, test, prefix = "ABC ", suffix = " DEF")]
[INFO] [stdout]   |   ^^^^^^^
[INFO] [stdout]   |
[INFO] [stdout] help: consider importing this attribute macro
[INFO] [stdout]   |
[INFO] [stdout] 2 + use simple_function_logger::printer;
[INFO] [stdout]   |
[INFO] [stdout] 
[INFO] [stdout] error: aborting due to 1 previous error
[INFO] [stdout] 
[INFO] [stdout] Couldn't compile the test.
[INFO] [stdout] ---- src/lib.rs - printer (line 43) stdout ----
[INFO] [stdout] error: cannot find attribute `printer` in this scope
[INFO] [stdout]  --> src/lib.rs:44:3
[INFO] [stdout]   |
[INFO] [stdout] 3 | #[printer(eprintln)]
[INFO] [stdout]   |   ^^^^^^^
[INFO] [stdout]   |
[INFO] [stdout] help: consider importing this attribute macro
[INFO] [stdout]   |
[INFO] [stdout] 2 + use simple_function_logger::printer;
[INFO] [stdout]   |
[INFO] [stdout] 
[INFO] [stdout] error: aborting due to 1 previous error
[INFO] [stdout] 
[INFO] [stdout] Couldn't compile the test.
[INFO] [stdout] ---- src/lib.rs - printer (line 28) stdout ----
[INFO] [stdout] error: cannot find attribute `printer` in this scope
[INFO] [stdout]  --> src/lib.rs:29:3
[INFO] [stdout]   |
[INFO] [stdout] 3 | #[printer(dump)]
[INFO] [stdout]   |   ^^^^^^^
[INFO] [stdout]   |
[INFO] [stdout] help: consider importing this attribute macro
[INFO] [stdout]   |
[INFO] [stdout] 2 + use simple_function_logger::printer;
[INFO] [stdout]   |
[INFO] [stdout] 
[INFO] [stdout] error: aborting due to 1 previous error
[INFO] [stdout] 
[INFO] [stdout] Couldn't compile the test.
[INFO] [stdout] ---- src/lib.rs - printer (line 57) stdout ----
[INFO] [stdout] error: cannot find attribute `printer` in this scope
[INFO] [stdout]  --> src/lib.rs:58:3
[INFO] [stdout]   |
[INFO] [stdout] 3 | #[printer($a, cond(a > 3))]
[INFO] [stdout]   |   ^^^^^^^
[INFO] [stdout]   |
[INFO] [stdout] help: consider importing this attribute macro
[INFO] [stdout]   |
[INFO] [stdout] 2 + use simple_function_logger::printer;
[INFO] [stdout]   |
[INFO] [stdout] 
[INFO] [stdout] error: aborting due to 1 previous error
[INFO] [stdout] 
[INFO] [stdout] Couldn't compile the test.
[INFO] [stdout] 
[INFO] [stdout] failures:
[INFO] [stdout]     src/lib.rs - printer (line 28)
[INFO] [stdout]     src/lib.rs - printer (line 36)
[INFO] [stdout]     src/lib.rs - printer (line 43)
[INFO] [stdout]     src/lib.rs - printer (line 50)
[INFO] [stdout]     src/lib.rs - printer (line 57)
[INFO] [stdout]     src/lib.rs - printer (line 9)
[INFO] [stdout] 
[INFO] [stdout] test result: FAILED. 0 passed; 6 failed; 0 ignored; 0 measured; 0 filtered out; finished in 0.07s
[INFO] [stdout] 
[INFO] [stderr] error: doctest failed, to rerun pass `--doc`
[INFO] running `Command { std: "docker" "inspect" "5ad3383f2135a6d73a2fabbe7038d4b72955522912eb3186d8aa35fc7e0d9096", kill_on_drop: false }`
[INFO] running `Command { std: "docker" "rm" "-f" "5ad3383f2135a6d73a2fabbe7038d4b72955522912eb3186d8aa35fc7e0d9096", kill_on_drop: false }`
[INFO] [stdout] 5ad3383f2135a6d73a2fabbe7038d4b72955522912eb3186d8aa35fc7e0d9096
