[INFO] fetching crate simple-tqdm 0.2.0...
[INFO] testing simple-tqdm-0.2.0 against nightly-2024-10-28 for randomize-layout
[INFO] extracting crate simple-tqdm 0.2.0 into /workspace/builds/worker-6-tc1/source
[INFO] validating manifest of crates.io crate simple-tqdm 0.2.0 on toolchain nightly-2024-10-28
[INFO] running `Command { std: CARGO_HOME="/workspace/cargo-home" RUSTUP_HOME="/workspace/rustup-home" "/workspace/cargo-home/bin/cargo" "+nightly-2024-10-28" "metadata" "--manifest-path" "Cargo.toml" "--no-deps", kill_on_drop: false }`
[INFO] started tweaking crates.io crate simple-tqdm 0.2.0
[INFO] removed 0 missing examples
[INFO] finished tweaking crates.io crate simple-tqdm 0.2.0
[INFO] tweaked toml for crates.io crate simple-tqdm 0.2.0 written to /workspace/builds/worker-6-tc1/source/Cargo.toml
[INFO] crate crates.io crate simple-tqdm 0.2.0 already has a lockfile, it will not be regenerated
[INFO] running `Command { std: CARGO_HOME="/workspace/cargo-home" RUSTUP_HOME="/workspace/rustup-home" "/workspace/cargo-home/bin/cargo" "+nightly-2024-10-28" "fetch" "--manifest-path" "Cargo.toml", kill_on_drop: false }`
[INFO] running `Command { std: "docker" "create" "-v" "/var/lib/crater-agent-workspace/builds/worker-6-tc1/target:/opt/rustwide/target:rw,Z" "-v" "/var/lib/crater-agent-workspace/builds/worker-6-tc1/source:/opt/rustwide/workdir:ro,Z" "-v" "/var/lib/crater-agent-workspace/cargo-home:/opt/rustwide/cargo-home:ro,Z" "-v" "/var/lib/crater-agent-workspace/rustup-home:/opt/rustwide/rustup-home:ro,Z" "-e" "SOURCE_DIR=/opt/rustwide/workdir" "-e" "CARGO_TARGET_DIR=/opt/rustwide/target" "-e" "CARGO_HOME=/opt/rustwide/cargo-home" "-e" "RUSTUP_HOME=/opt/rustwide/rustup-home" "-w" "/opt/rustwide/workdir" "-m" "1610612736" "--user" "0:0" "--network" "none" "ghcr.io/rust-lang/crates-build-env/linux@sha256:4a844ea9eb2546a2d2c7022eacef16ef2e8229c7fbb2c7d4d55a9ceca922f72d" "/opt/rustwide/cargo-home/bin/cargo" "+nightly-2024-10-28" "metadata" "--no-deps" "--format-version=1", kill_on_drop: false }`
[INFO] [stdout] b52e22be66093b1895afc443702ccaa71de031b89bc40ca7505d0bf3af2a029a
[INFO] running `Command { std: "docker" "start" "-a" "b52e22be66093b1895afc443702ccaa71de031b89bc40ca7505d0bf3af2a029a", kill_on_drop: false }`
[INFO] running `Command { std: "docker" "inspect" "b52e22be66093b1895afc443702ccaa71de031b89bc40ca7505d0bf3af2a029a", kill_on_drop: false }`
[INFO] running `Command { std: "docker" "rm" "-f" "b52e22be66093b1895afc443702ccaa71de031b89bc40ca7505d0bf3af2a029a", kill_on_drop: false }`
[INFO] [stdout] b52e22be66093b1895afc443702ccaa71de031b89bc40ca7505d0bf3af2a029a
[INFO] running `Command { std: "docker" "create" "-v" "/var/lib/crater-agent-workspace/builds/worker-6-tc1/target:/opt/rustwide/target:rw,Z" "-v" "/var/lib/crater-agent-workspace/builds/worker-6-tc1/source:/opt/rustwide/workdir:ro,Z" "-v" "/var/lib/crater-agent-workspace/cargo-home:/opt/rustwide/cargo-home:ro,Z" "-v" "/var/lib/crater-agent-workspace/rustup-home:/opt/rustwide/rustup-home:ro,Z" "-e" "SOURCE_DIR=/opt/rustwide/workdir" "-e" "CARGO_TARGET_DIR=/opt/rustwide/target" "-e" "CARGO_INCREMENTAL=0" "-e" "RUST_BACKTRACE=full" "-e" "RUSTFLAGS=--cap-lints=forbid" "-e" "RUSTDOCFLAGS=--cap-lints=forbid" "-e" "CARGO_HOME=/opt/rustwide/cargo-home" "-e" "RUSTUP_HOME=/opt/rustwide/rustup-home" "-w" "/opt/rustwide/workdir" "-m" "1610612736" "--user" "0:0" "--network" "none" "ghcr.io/rust-lang/crates-build-env/linux@sha256:4a844ea9eb2546a2d2c7022eacef16ef2e8229c7fbb2c7d4d55a9ceca922f72d" "/opt/rustwide/cargo-home/bin/cargo" "+nightly-2024-10-28" "build" "--frozen" "--message-format=json", kill_on_drop: false }`
[INFO] [stdout] e94dcc7eb15c08c0e4f1afc4fb04c8501f1f2663fce370994f8abb49a0879cf6
[INFO] running `Command { std: "docker" "start" "-a" "e94dcc7eb15c08c0e4f1afc4fb04c8501f1f2663fce370994f8abb49a0879cf6", kill_on_drop: false }`
[INFO] [stderr]    Compiling portable-atomic v1.6.0
[INFO] [stderr]    Compiling unicode-width v0.1.11
[INFO] [stderr]    Compiling number_prefix v0.4.0
[INFO] [stderr]    Compiling console v0.15.8
[INFO] [stderr]    Compiling indicatif v0.17.8
[INFO] [stderr]    Compiling simple-tqdm v0.2.0 (/opt/rustwide/workdir)
[INFO] [stderr]     Finished `dev` profile [unoptimized + debuginfo] target(s) in 0.97s
[INFO] running `Command { std: "docker" "inspect" "e94dcc7eb15c08c0e4f1afc4fb04c8501f1f2663fce370994f8abb49a0879cf6", kill_on_drop: false }`
[INFO] running `Command { std: "docker" "rm" "-f" "e94dcc7eb15c08c0e4f1afc4fb04c8501f1f2663fce370994f8abb49a0879cf6", kill_on_drop: false }`
[INFO] [stdout] e94dcc7eb15c08c0e4f1afc4fb04c8501f1f2663fce370994f8abb49a0879cf6
[INFO] running `Command { std: "docker" "create" "-v" "/var/lib/crater-agent-workspace/builds/worker-6-tc1/target:/opt/rustwide/target:rw,Z" "-v" "/var/lib/crater-agent-workspace/builds/worker-6-tc1/source:/opt/rustwide/workdir:ro,Z" "-v" "/var/lib/crater-agent-workspace/cargo-home:/opt/rustwide/cargo-home:ro,Z" "-v" "/var/lib/crater-agent-workspace/rustup-home:/opt/rustwide/rustup-home:ro,Z" "-e" "SOURCE_DIR=/opt/rustwide/workdir" "-e" "CARGO_TARGET_DIR=/opt/rustwide/target" "-e" "CARGO_INCREMENTAL=0" "-e" "RUST_BACKTRACE=full" "-e" "RUSTFLAGS=--cap-lints=forbid" "-e" "RUSTDOCFLAGS=--cap-lints=forbid" "-e" "CARGO_HOME=/opt/rustwide/cargo-home" "-e" "RUSTUP_HOME=/opt/rustwide/rustup-home" "-w" "/opt/rustwide/workdir" "-m" "1610612736" "--user" "0:0" "--network" "none" "ghcr.io/rust-lang/crates-build-env/linux@sha256:4a844ea9eb2546a2d2c7022eacef16ef2e8229c7fbb2c7d4d55a9ceca922f72d" "/opt/rustwide/cargo-home/bin/cargo" "+nightly-2024-10-28" "test" "--frozen" "--no-run" "--message-format=json", kill_on_drop: false }`
[INFO] [stdout] 6d4581059ccc96ccf453baea9aeb785d02c876abb76c6a3ece65f1d9c7e1c4c3
[INFO] running `Command { std: "docker" "start" "-a" "6d4581059ccc96ccf453baea9aeb785d02c876abb76c6a3ece65f1d9c7e1c4c3", kill_on_drop: false }`
[INFO] [stderr]    Compiling simple-tqdm v0.2.0 (/opt/rustwide/workdir)
[INFO] [stderr]     Finished `test` profile [unoptimized + debuginfo] target(s) in 0.17s
[INFO] running `Command { std: "docker" "inspect" "6d4581059ccc96ccf453baea9aeb785d02c876abb76c6a3ece65f1d9c7e1c4c3", kill_on_drop: false }`
[INFO] running `Command { std: "docker" "rm" "-f" "6d4581059ccc96ccf453baea9aeb785d02c876abb76c6a3ece65f1d9c7e1c4c3", kill_on_drop: false }`
[INFO] [stdout] 6d4581059ccc96ccf453baea9aeb785d02c876abb76c6a3ece65f1d9c7e1c4c3
[INFO] running `Command { std: "docker" "create" "-v" "/var/lib/crater-agent-workspace/builds/worker-6-tc1/target:/opt/rustwide/target:rw,Z" "-v" "/var/lib/crater-agent-workspace/builds/worker-6-tc1/source:/opt/rustwide/workdir:ro,Z" "-v" "/var/lib/crater-agent-workspace/cargo-home:/opt/rustwide/cargo-home:ro,Z" "-v" "/var/lib/crater-agent-workspace/rustup-home:/opt/rustwide/rustup-home:ro,Z" "-e" "SOURCE_DIR=/opt/rustwide/workdir" "-e" "CARGO_TARGET_DIR=/opt/rustwide/target" "-e" "CARGO_INCREMENTAL=0" "-e" "RUST_BACKTRACE=full" "-e" "RUSTFLAGS=--cap-lints=forbid" "-e" "RUSTDOCFLAGS=--cap-lints=forbid" "-e" "CARGO_HOME=/opt/rustwide/cargo-home" "-e" "RUSTUP_HOME=/opt/rustwide/rustup-home" "-w" "/opt/rustwide/workdir" "-m" "1610612736" "--user" "0:0" "--network" "none" "ghcr.io/rust-lang/crates-build-env/linux@sha256:4a844ea9eb2546a2d2c7022eacef16ef2e8229c7fbb2c7d4d55a9ceca922f72d" "/opt/rustwide/cargo-home/bin/cargo" "+nightly-2024-10-28" "test" "--frozen", kill_on_drop: false }`
[INFO] [stdout] c88423bc149e92f638a43896882c6eb8dbe873b9fa81310e095d40be8350e8d1
[INFO] running `Command { std: "docker" "start" "-a" "c88423bc149e92f638a43896882c6eb8dbe873b9fa81310e095d40be8350e8d1", kill_on_drop: false }`
[INFO] [stderr]     Finished `test` profile [unoptimized + debuginfo] target(s) in 0.01s
[INFO] [stderr]      Running unittests src/lib.rs (/opt/rustwide/target/debug/deps/simple_tqdm-157d4b466a9929ff)
[INFO] [stdout] 
[INFO] [stdout] running 0 tests
[INFO] [stdout] 
[INFO] [stdout] test result: ok. 0 passed; 0 failed; 0 ignored; 0 measured; 0 filtered out; finished in 0.00s
[INFO] [stdout] 
[INFO] [stderr]    Doc-tests simple_tqdm
[INFO] [stdout] 
[INFO] [stdout] running 4 tests
[INFO] [stdout] test src/lib.rs - (line 46) ... FAILED
[INFO] [stdout] test src/lib.rs - (line 7) ... ok
[INFO] [stdout] test src/lib.rs - (line 15) ... ok
[INFO] [stdout] test src/lib.rs - (line 23) ... ok
[INFO] [stdout] 
[INFO] [stdout] failures:
[INFO] [stdout] 
[INFO] [stdout] ---- src/lib.rs - (line 46) stdout ----
[INFO] [stdout] error[E0433]: failed to resolve: use of undeclared crate or module `rayon`
[INFO] [stdout]  --> src/lib.rs:49:5
[INFO] [stdout]   |
[INFO] [stdout] 6 | use rayon::prelude::*;
[INFO] [stdout]   |     ^^^^^ use of undeclared crate or module `rayon`
[INFO] [stdout] 
[INFO] [stdout] error[E0432]: unresolved import `simple_tqdm::ParTqdm`
[INFO] [stdout]   --> src/lib.rs:48:5
[INFO] [stdout]    |
[INFO] [stdout] 5  | use simple_tqdm::ParTqdm;
[INFO] [stdout]    |     ^^^^^^^^^^^^^^^^^^^^ no `ParTqdm` in the root
[INFO] [stdout]    |
[INFO] [stdout] note: found an item that was configured out
[INFO] [stdout]   --> /opt/rustwide/workdir/src/lib.rs:65:30
[INFO] [stdout]    |
[INFO] [stdout] 65 | pub use parallel::{par_tqdm, ParTqdm};
[INFO] [stdout]    |                              ^^^^^^^
[INFO] [stdout] note: the item is gated behind the `rayon` feature
[INFO] [stdout]   --> /opt/rustwide/workdir/src/lib.rs:64:7
[INFO] [stdout]    |
[INFO] [stdout] 64 | #[cfg(feature = "rayon")]
[INFO] [stdout]    |       ^^^^^^^^^^^^^^^^^
[INFO] [stdout] 
[INFO] [stdout] error[E0599]: no method named `into_par_iter` found for struct `std::ops::Range` in the current scope
[INFO] [stdout]  --> src/lib.rs:51:31
[INFO] [stdout]   |
[INFO] [stdout] 8 | let vec: Vec<_> = (0..100000).into_par_iter().tqdm().map(|i| i + 1).collect();
[INFO] [stdout]   |                               ^^^^^^^^^^^^^
[INFO] [stdout]   |
[INFO] [stdout] help: there is a method `into_iter` with a similar name
[INFO] [stdout]   |
[INFO] [stdout] 8 | let vec: Vec<_> = (0..100000).into_iter().tqdm().map(|i| i + 1).collect();
[INFO] [stdout]   |                               ~~~~~~~~~
[INFO] [stdout] 
[INFO] [stdout] error: aborting due to 3 previous errors
[INFO] [stdout] 
[INFO] [stdout] Some errors have detailed explanations: E0432, E0433, E0599.
[INFO] [stdout] For more information about an error, try `rustc --explain E0432`.
[INFO] [stdout] Couldn't compile the test.
[INFO] [stdout] 
[INFO] [stdout] failures:
[INFO] [stdout]     src/lib.rs - (line 46)
[INFO] [stdout] 
[INFO] [stdout] test result: FAILED. 3 passed; 1 failed; 0 ignored; 0 measured; 0 filtered out; finished in 4.07s
[INFO] [stdout] 
[INFO] [stderr] error: doctest failed, to rerun pass `--doc`
[INFO] running `Command { std: "docker" "inspect" "c88423bc149e92f638a43896882c6eb8dbe873b9fa81310e095d40be8350e8d1", kill_on_drop: false }`
[INFO] running `Command { std: "docker" "rm" "-f" "c88423bc149e92f638a43896882c6eb8dbe873b9fa81310e095d40be8350e8d1", kill_on_drop: false }`
[INFO] [stdout] c88423bc149e92f638a43896882c6eb8dbe873b9fa81310e095d40be8350e8d1
