[INFO] fetching crate simple-irc-server 0.1.8...
[INFO] testing simple-irc-server-0.1.8 against nightly-2024-10-28+rustflags=-Zrandomize-layout for randomize-layout
[INFO] extracting crate simple-irc-server 0.1.8 into /workspace/builds/worker-3-tc2/source
[INFO] validating manifest of crates.io crate simple-irc-server 0.1.8 on toolchain nightly-2024-10-28
[INFO] running `Command { std: CARGO_HOME="/workspace/cargo-home" RUSTUP_HOME="/workspace/rustup-home" "/workspace/cargo-home/bin/cargo" "+nightly-2024-10-28" "metadata" "--manifest-path" "Cargo.toml" "--no-deps", kill_on_drop: false }`
[INFO] started tweaking crates.io crate simple-irc-server 0.1.8
[INFO] finished tweaking crates.io crate simple-irc-server 0.1.8
[INFO] tweaked toml for crates.io crate simple-irc-server 0.1.8 written to /workspace/builds/worker-3-tc2/source/Cargo.toml
[INFO] crate crates.io crate simple-irc-server 0.1.8 already has a lockfile, it will not be regenerated
[INFO] running `Command { std: CARGO_HOME="/workspace/cargo-home" RUSTUP_HOME="/workspace/rustup-home" "/workspace/cargo-home/bin/cargo" "+nightly-2024-10-28" "fetch" "--manifest-path" "Cargo.toml", kill_on_drop: false }`
[INFO] running `Command { std: "docker" "create" "-v" "/var/lib/crater-agent-workspace/builds/worker-3-tc2/target:/opt/rustwide/target:rw,Z" "-v" "/var/lib/crater-agent-workspace/builds/worker-3-tc2/source:/opt/rustwide/workdir:ro,Z" "-v" "/var/lib/crater-agent-workspace/cargo-home:/opt/rustwide/cargo-home:ro,Z" "-v" "/var/lib/crater-agent-workspace/rustup-home:/opt/rustwide/rustup-home:ro,Z" "-e" "SOURCE_DIR=/opt/rustwide/workdir" "-e" "CARGO_TARGET_DIR=/opt/rustwide/target" "-e" "CARGO_HOME=/opt/rustwide/cargo-home" "-e" "RUSTUP_HOME=/opt/rustwide/rustup-home" "-w" "/opt/rustwide/workdir" "-m" "1610612736" "--user" "0:0" "--network" "none" "ghcr.io/rust-lang/crates-build-env/linux@sha256:4a844ea9eb2546a2d2c7022eacef16ef2e8229c7fbb2c7d4d55a9ceca922f72d" "/opt/rustwide/cargo-home/bin/cargo" "+nightly-2024-10-28" "metadata" "--no-deps" "--format-version=1", kill_on_drop: false }`
[INFO] [stdout] 9e75c9b5a54c8e512550d4fead68927a7a0746a09e1ca11c293fa1318f9fe454
[INFO] running `Command { std: "docker" "start" "-a" "9e75c9b5a54c8e512550d4fead68927a7a0746a09e1ca11c293fa1318f9fe454", kill_on_drop: false }`
[INFO] running `Command { std: "docker" "inspect" "9e75c9b5a54c8e512550d4fead68927a7a0746a09e1ca11c293fa1318f9fe454", kill_on_drop: false }`
[INFO] running `Command { std: "docker" "rm" "-f" "9e75c9b5a54c8e512550d4fead68927a7a0746a09e1ca11c293fa1318f9fe454", kill_on_drop: false }`
[INFO] [stdout] 9e75c9b5a54c8e512550d4fead68927a7a0746a09e1ca11c293fa1318f9fe454
[INFO] running `Command { std: "docker" "create" "-v" "/var/lib/crater-agent-workspace/builds/worker-3-tc2/target:/opt/rustwide/target:rw,Z" "-v" "/var/lib/crater-agent-workspace/builds/worker-3-tc2/source:/opt/rustwide/workdir:ro,Z" "-v" "/var/lib/crater-agent-workspace/cargo-home:/opt/rustwide/cargo-home:ro,Z" "-v" "/var/lib/crater-agent-workspace/rustup-home:/opt/rustwide/rustup-home:ro,Z" "-e" "SOURCE_DIR=/opt/rustwide/workdir" "-e" "CARGO_TARGET_DIR=/opt/rustwide/target" "-e" "CARGO_INCREMENTAL=0" "-e" "RUST_BACKTRACE=full" "-e" "RUSTFLAGS=--cap-lints=forbid -Zrandomize-layout" "-e" "RUSTDOCFLAGS=--cap-lints=forbid" "-e" "CARGO_HOME=/opt/rustwide/cargo-home" "-e" "RUSTUP_HOME=/opt/rustwide/rustup-home" "-w" "/opt/rustwide/workdir" "-m" "1610612736" "--user" "0:0" "--network" "none" "ghcr.io/rust-lang/crates-build-env/linux@sha256:4a844ea9eb2546a2d2c7022eacef16ef2e8229c7fbb2c7d4d55a9ceca922f72d" "/opt/rustwide/cargo-home/bin/cargo" "+nightly-2024-10-28" "build" "--frozen" "--message-format=json", kill_on_drop: false }`
[INFO] [stdout] 89c530243e9de5b9e48bf3ca3d1e99343bcfc5e147d6d1268f476c9bb5ad2422
[INFO] running `Command { std: "docker" "start" "-a" "89c530243e9de5b9e48bf3ca3d1e99343bcfc5e147d6d1268f476c9bb5ad2422", kill_on_drop: false }`
[INFO] [stderr]    Compiling proc-macro2 v1.0.86
[INFO] [stderr]    Compiling unicode-ident v1.0.12
[INFO] [stderr]    Compiling autocfg v1.3.0
[INFO] [stderr]    Compiling version_check v0.9.4
[INFO] [stderr]    Compiling libc v0.2.155
[INFO] [stderr]    Compiling syn v1.0.109
[INFO] [stderr]    Compiling memchr v2.7.4
[INFO] [stderr]    Compiling typenum v1.17.0
[INFO] [stderr]    Compiling pin-project-lite v0.2.14
[INFO] [stderr]    Compiling serde v1.0.204
[INFO] [stderr]    Compiling tinyvec_macros v0.1.1
[INFO] [stderr]    Compiling once_cell v1.19.0
[INFO] [stderr]    Compiling parking_lot_core v0.9.10
[INFO] [stderr]    Compiling futures-core v0.3.30
[INFO] [stderr]    Compiling smallvec v1.13.2
[INFO] [stderr]    Compiling futures-sink v0.3.30
[INFO] [stderr]    Compiling tinyvec v1.8.0
[INFO] [stderr]    Compiling regex-syntax v0.8.4
[INFO] [stderr]    Compiling scopeguard v1.2.0
[INFO] [stderr]    Compiling subtle v2.6.1
[INFO] [stderr]    Compiling unicode-bidi v0.3.15
[INFO] [stderr]    Compiling serde_json v1.0.120
[INFO] [stderr]    Compiling lazy_static v1.5.0
[INFO] [stderr]    Compiling tracing-core v0.1.32
[INFO] [stderr]    Compiling futures-channel v0.3.30
[INFO] [stderr]    Compiling futures-task v0.3.30
[INFO] [stderr]    Compiling itoa v1.0.11
[INFO] [stderr]    Compiling bytes v1.6.1
[INFO] [stderr]    Compiling ryu v1.0.18
[INFO] [stderr]    Compiling percent-encoding v2.3.1
[INFO] [stderr]    Compiling generic-array v0.14.7
[INFO] [stderr]    Compiling proc-macro-error-attr v1.0.4
[INFO] [stderr]    Compiling lock_api v0.4.12
[INFO] [stderr]    Compiling proc-macro-error v1.0.4
[INFO] [stderr]    Compiling slab v0.4.9
[INFO] [stderr]    Compiling indexmap v1.9.3
[INFO] [stderr]    Compiling num-traits v0.2.19
[INFO] [stderr]    Compiling pin-utils v0.1.0
[INFO] [stderr]    Compiling regex-syntax v0.6.29
[INFO] [stderr]    Compiling futures-io v0.3.30
[INFO] [stderr]    Compiling aho-corasick v1.1.3
[INFO] [stderr]    Compiling form_urlencoded v1.2.1
[INFO] [stderr]    Compiling matches v0.1.10
[INFO] [stderr]    Compiling heck v0.4.1
[INFO] [stderr]    Compiling base64ct v1.6.0
[INFO] [stderr]    Compiling if_chain v1.0.2
[INFO] [stderr]    Compiling os_str_bytes v6.6.1
[INFO] [stderr]    Compiling rand_core v0.6.4
[INFO] [stderr]    Compiling overload v0.1.1
[INFO] [stderr]    Compiling quote v1.0.36
[INFO] [stderr]    Compiling nu-ansi-term v0.46.0
[INFO] [stderr]    Compiling password-hash v0.4.2
[INFO] [stderr]    Compiling tracing-log v0.2.0
[INFO] [stderr]    Compiling unicode-normalization v0.1.23
[INFO] [stderr]    Compiling clap_lex v0.2.4
[INFO] [stderr]    Compiling sharded-slab v0.1.7
[INFO] [stderr]    Compiling syn v2.0.71
[INFO] [stderr]    Compiling socket2 v0.5.7
[INFO] [stderr]    Compiling mio v0.8.11
[INFO] [stderr]    Compiling num_cpus v1.16.0
[INFO] [stderr]    Compiling parking_lot v0.12.3
[INFO] [stderr]    Compiling signal-hook-registry v1.4.2
[INFO] [stderr]    Compiling atty v0.2.14
[INFO] [stderr]    Compiling idna v0.5.0
[INFO] [stderr]    Compiling idna v0.2.3
[INFO] [stderr]    Compiling thread_local v1.1.8
[INFO] [stderr]    Compiling iana-time-zone v0.1.60
[INFO] [stderr]    Compiling termcolor v1.4.1
[INFO] [stderr]    Compiling textwrap v0.16.1
[INFO] [stderr]    Compiling crypto-common v0.1.6
[INFO] [stderr]    Compiling block-buffer v0.10.4
[INFO] [stderr]    Compiling flagset v0.4.6
[INFO] [stderr]    Compiling digest v0.10.7
[INFO] [stderr]    Compiling url v2.5.2
[INFO] [stderr]    Compiling blake2 v0.10.6
[INFO] [stderr]    Compiling regex-automata v0.4.7
[INFO] [stderr]    Compiling argon2 v0.4.1
[INFO] [stderr]    Compiling regex-automata v0.1.10
[INFO] [stderr]    Compiling matchers v0.1.0
[INFO] [stderr]    Compiling validator_types v0.14.0
[INFO] [stderr]    Compiling regex v1.10.5
[INFO] [stderr]    Compiling serde_derive v1.0.204
[INFO] [stderr]    Compiling futures-macro v0.3.30
[INFO] [stderr]    Compiling tokio-macros v2.3.0
[INFO] [stderr]    Compiling tracing-attributes v0.1.27
[INFO] [stderr]    Compiling clap_derive v3.2.25
[INFO] [stderr]    Compiling validator_derive v0.14.0
[INFO] [stderr]    Compiling const-table v0.1.0
[INFO] [stderr]    Compiling tokio v1.38.1
[INFO] [stderr]    Compiling futures-util v0.3.30
[INFO] [stderr]    Compiling tracing v0.1.40
[INFO] [stderr]    Compiling tracing-subscriber v0.3.18
[INFO] [stderr]    Compiling clap v3.2.25
[INFO] [stderr]    Compiling futures-executor v0.3.30
[INFO] [stderr]    Compiling futures v0.3.30
[INFO] [stderr]    Compiling tokio-stream v0.1.15
[INFO] [stderr]    Compiling tokio-util v0.7.11
[INFO] [stderr]    Compiling toml v0.5.11
[INFO] [stderr]    Compiling chrono v0.4.38
[INFO] [stderr]    Compiling rpassword v6.0.1
[INFO] [stderr]    Compiling validator v0.14.0
[INFO] [stderr]    Compiling simple-irc-server v0.1.8 (/opt/rustwide/workdir)
[INFO] [stdout] warning: use of deprecated associated function `chrono::DateTime::<Tz>::from_utc`: Use TimeZone::from_utc_datetime() or DateTime::from_naive_utc_and_offset instead
[INFO] [stdout]    --> src/state/rest_cmds.rs:606:50
[INFO] [stdout]     |
[INFO] [stdout] 606 | ...                   DateTime::<Utc>::from_utc(
[INFO] [stdout]     |                                        ^^^^^^^^
[INFO] [stdout]     |
[INFO] [stdout]     = note: `#[warn(deprecated)]` on by default
[INFO] [stdout] 
[INFO] [stdout] 
[INFO] [stdout] warning: use of deprecated associated function `chrono::NaiveDateTime::from_timestamp`: use `DateTime::from_timestamp` instead
[INFO] [stdout]    --> src/state/rest_cmds.rs:607:52
[INFO] [stdout]     |
[INFO] [stdout] 607 | ...                   NaiveDateTime::from_timestamp(entry.signon as i64, 0),
[INFO] [stdout]     |                                      ^^^^^^^^^^^^^^
[INFO] [stdout] 
[INFO] [stdout] 
[INFO] [stderr]     Finished `dev` profile [unoptimized + debuginfo] target(s) in 15.49s
[INFO] running `Command { std: "docker" "inspect" "89c530243e9de5b9e48bf3ca3d1e99343bcfc5e147d6d1268f476c9bb5ad2422", kill_on_drop: false }`
[INFO] running `Command { std: "docker" "rm" "-f" "89c530243e9de5b9e48bf3ca3d1e99343bcfc5e147d6d1268f476c9bb5ad2422", kill_on_drop: false }`
[INFO] [stdout] 89c530243e9de5b9e48bf3ca3d1e99343bcfc5e147d6d1268f476c9bb5ad2422
[INFO] running `Command { std: "docker" "create" "-v" "/var/lib/crater-agent-workspace/builds/worker-3-tc2/target:/opt/rustwide/target:rw,Z" "-v" "/var/lib/crater-agent-workspace/builds/worker-3-tc2/source:/opt/rustwide/workdir:ro,Z" "-v" "/var/lib/crater-agent-workspace/cargo-home:/opt/rustwide/cargo-home:ro,Z" "-v" "/var/lib/crater-agent-workspace/rustup-home:/opt/rustwide/rustup-home:ro,Z" "-e" "SOURCE_DIR=/opt/rustwide/workdir" "-e" "CARGO_TARGET_DIR=/opt/rustwide/target" "-e" "CARGO_INCREMENTAL=0" "-e" "RUST_BACKTRACE=full" "-e" "RUSTFLAGS=--cap-lints=forbid -Zrandomize-layout" "-e" "RUSTDOCFLAGS=--cap-lints=forbid" "-e" "CARGO_HOME=/opt/rustwide/cargo-home" "-e" "RUSTUP_HOME=/opt/rustwide/rustup-home" "-w" "/opt/rustwide/workdir" "-m" "1610612736" "--user" "0:0" "--network" "none" "ghcr.io/rust-lang/crates-build-env/linux@sha256:4a844ea9eb2546a2d2c7022eacef16ef2e8229c7fbb2c7d4d55a9ceca922f72d" "/opt/rustwide/cargo-home/bin/cargo" "+nightly-2024-10-28" "test" "--frozen" "--no-run" "--message-format=json", kill_on_drop: false }`
[INFO] [stdout] 2e7ac85104a1c0ded5df9cf32b9e6c73bd49f2e7631b8b40d06ddc98409560ab
[INFO] running `Command { std: "docker" "start" "-a" "2e7ac85104a1c0ded5df9cf32b9e6c73bd49f2e7631b8b40d06ddc98409560ab", kill_on_drop: false }`
[INFO] [stderr]    Compiling simple-irc-server v0.1.8 (/opt/rustwide/workdir)
[INFO] [stdout] warning: use of deprecated associated function `chrono::DateTime::<Tz>::from_utc`: Use TimeZone::from_utc_datetime() or DateTime::from_naive_utc_and_offset instead
[INFO] [stdout]    --> src/state/rest_cmds.rs:606:50
[INFO] [stdout]     |
[INFO] [stdout] 606 | ...                   DateTime::<Utc>::from_utc(
[INFO] [stdout]     |                                        ^^^^^^^^
[INFO] [stdout]     |
[INFO] [stdout]     = note: `#[warn(deprecated)]` on by default
[INFO] [stdout] 
[INFO] [stdout] 
[INFO] [stdout] warning: use of deprecated associated function `chrono::NaiveDateTime::from_timestamp`: use `DateTime::from_timestamp` instead
[INFO] [stdout]    --> src/state/rest_cmds.rs:607:52
[INFO] [stdout]     |
[INFO] [stdout] 607 | ...                   NaiveDateTime::from_timestamp(entry.signon as i64, 0),
[INFO] [stdout]     |                                      ^^^^^^^^^^^^^^
[INFO] [stdout] 
[INFO] [stdout] 
[INFO] [stdout] warning: use of deprecated associated function `chrono::DateTime::<Tz>::from_utc`: Use TimeZone::from_utc_datetime() or DateTime::from_naive_utc_and_offset instead
[INFO] [stdout]     --> src/state/rest_cmds.rs:2432:38
[INFO] [stdout]      |
[INFO] [stdout] 2432 |                     DateTime::<Utc>::from_utc(
[INFO] [stdout]      |                                      ^^^^^^^^
[INFO] [stdout] 
[INFO] [stdout] 
[INFO] [stdout] warning: use of deprecated associated function `chrono::NaiveDateTime::from_timestamp`: use `DateTime::from_timestamp` instead
[INFO] [stdout]     --> src/state/rest_cmds.rs:2433:40
[INFO] [stdout]      |
[INFO] [stdout] 2433 |                         NaiveDateTime::from_timestamp(signon1 as i64, 0),
[INFO] [stdout]      |                                        ^^^^^^^^^^^^^^
[INFO] [stdout] 
[INFO] [stdout] 
[INFO] [stdout] warning: use of deprecated associated function `chrono::DateTime::<Tz>::from_utc`: Use TimeZone::from_utc_datetime() or DateTime::from_naive_utc_and_offset instead
[INFO] [stdout]     --> src/state/rest_cmds.rs:2440:38
[INFO] [stdout]      |
[INFO] [stdout] 2440 |                     DateTime::<Utc>::from_utc(
[INFO] [stdout]      |                                      ^^^^^^^^
[INFO] [stdout] 
[INFO] [stdout] 
[INFO] [stdout] warning: use of deprecated associated function `chrono::NaiveDateTime::from_timestamp`: use `DateTime::from_timestamp` instead
[INFO] [stdout]     --> src/state/rest_cmds.rs:2441:40
[INFO] [stdout]      |
[INFO] [stdout] 2441 |                         NaiveDateTime::from_timestamp(signon2 as i64, 0),
[INFO] [stdout]      |                                        ^^^^^^^^^^^^^^
[INFO] [stdout] 
[INFO] [stdout] 
[INFO] [stdout] warning: use of deprecated associated function `chrono::DateTime::<Tz>::from_utc`: Use TimeZone::from_utc_datetime() or DateTime::from_naive_utc_and_offset instead
[INFO] [stdout]     --> src/state/rest_cmds.rs:2464:38
[INFO] [stdout]      |
[INFO] [stdout] 2464 |                     DateTime::<Utc>::from_utc(
[INFO] [stdout]      |                                      ^^^^^^^^
[INFO] [stdout] 
[INFO] [stdout] 
[INFO] [stdout] warning: use of deprecated associated function `chrono::NaiveDateTime::from_timestamp`: use `DateTime::from_timestamp` instead
[INFO] [stdout]     --> src/state/rest_cmds.rs:2465:40
[INFO] [stdout]      |
[INFO] [stdout] 2465 |                         NaiveDateTime::from_timestamp(signon1 as i64, 0),
[INFO] [stdout]      |                                        ^^^^^^^^^^^^^^
[INFO] [stdout] 
[INFO] [stdout] 
[INFO] [stdout] warning: use of deprecated associated function `chrono::DateTime::<Tz>::from_utc`: Use TimeZone::from_utc_datetime() or DateTime::from_naive_utc_and_offset instead
[INFO] [stdout]     --> src/state/rest_cmds.rs:2497:38
[INFO] [stdout]      |
[INFO] [stdout] 2497 |                     DateTime::<Utc>::from_utc(
[INFO] [stdout]      |                                      ^^^^^^^^
[INFO] [stdout] 
[INFO] [stdout] 
[INFO] [stdout] warning: use of deprecated associated function `chrono::NaiveDateTime::from_timestamp`: use `DateTime::from_timestamp` instead
[INFO] [stdout]     --> src/state/rest_cmds.rs:2498:40
[INFO] [stdout]      |
[INFO] [stdout] 2498 |                         NaiveDateTime::from_timestamp(signon0 as i64, 0),
[INFO] [stdout]      |                                        ^^^^^^^^^^^^^^
[INFO] [stdout] 
[INFO] [stdout] 
[INFO] [stdout] warning: use of deprecated associated function `chrono::DateTime::<Tz>::from_utc`: Use TimeZone::from_utc_datetime() or DateTime::from_naive_utc_and_offset instead
[INFO] [stdout]     --> src/state/rest_cmds.rs:2505:38
[INFO] [stdout]      |
[INFO] [stdout] 2505 |                     DateTime::<Utc>::from_utc(
[INFO] [stdout]      |                                      ^^^^^^^^
[INFO] [stdout] 
[INFO] [stdout] 
[INFO] [stdout] warning: use of deprecated associated function `chrono::NaiveDateTime::from_timestamp`: use `DateTime::from_timestamp` instead
[INFO] [stdout]     --> src/state/rest_cmds.rs:2506:40
[INFO] [stdout]      |
[INFO] [stdout] 2506 |                         NaiveDateTime::from_timestamp(signon1 as i64, 0),
[INFO] [stdout]      |                                        ^^^^^^^^^^^^^^
[INFO] [stdout] 
[INFO] [stdout] 
[INFO] [stdout] warning: use of deprecated associated function `chrono::DateTime::<Tz>::from_utc`: Use TimeZone::from_utc_datetime() or DateTime::from_naive_utc_and_offset instead
[INFO] [stdout]     --> src/state/rest_cmds.rs:2513:38
[INFO] [stdout]      |
[INFO] [stdout] 2513 |                     DateTime::<Utc>::from_utc(
[INFO] [stdout]      |                                      ^^^^^^^^
[INFO] [stdout] 
[INFO] [stdout] 
[INFO] [stdout] warning: use of deprecated associated function `chrono::NaiveDateTime::from_timestamp`: use `DateTime::from_timestamp` instead
[INFO] [stdout]     --> src/state/rest_cmds.rs:2514:40
[INFO] [stdout]      |
[INFO] [stdout] 2514 |                         NaiveDateTime::from_timestamp(signon2 as i64, 0),
[INFO] [stdout]      |                                        ^^^^^^^^^^^^^^
[INFO] [stdout] 
[INFO] [stdout] 
[INFO] [stdout] warning: variable does not need to be mutable
[INFO] [stdout]     --> src/state/channel_cmds.rs:1180:21
[INFO] [stdout]      |
[INFO] [stdout] 1180 |                 let mut chmodes = &mut state.channels.get_mut("#secrets").unwrap().modes;
[INFO] [stdout]      |                     ----^^^^^^^
[INFO] [stdout]      |                     |
[INFO] [stdout]      |                     help: remove this `mut`
[INFO] [stdout]      |
[INFO] [stdout]      = note: `#[warn(unused_mut)]` on by default
[INFO] [stdout] 
[INFO] [stdout] 
[INFO] [stdout] warning: variable does not need to be mutable
[INFO] [stdout]     --> src/state/channel_cmds.rs:1249:21
[INFO] [stdout]      |
[INFO] [stdout] 1249 |                 let mut chmodes = &mut state.channels.get_mut("#exclusive").unwrap().modes;
[INFO] [stdout]      |                     ----^^^^^^^
[INFO] [stdout]      |                     |
[INFO] [stdout]      |                     help: remove this `mut`
[INFO] [stdout] 
[INFO] [stdout] 
[INFO] [stdout] warning: variable does not need to be mutable
[INFO] [stdout]     --> src/state/channel_cmds.rs:1462:21
[INFO] [stdout]      |
[INFO] [stdout] 1462 |                 let mut modes = &mut state.channels.get_mut("#furnitures").unwrap().modes;
[INFO] [stdout]      |                     ----^^^^^
[INFO] [stdout]      |                     |
[INFO] [stdout]      |                     help: remove this `mut`
[INFO] [stdout] 
[INFO] [stdout] 
[INFO] [stderr]     Finished `test` profile [unoptimized + debuginfo] target(s) in 7.65s
[INFO] running `Command { std: "docker" "inspect" "2e7ac85104a1c0ded5df9cf32b9e6c73bd49f2e7631b8b40d06ddc98409560ab", kill_on_drop: false }`
[INFO] running `Command { std: "docker" "rm" "-f" "2e7ac85104a1c0ded5df9cf32b9e6c73bd49f2e7631b8b40d06ddc98409560ab", kill_on_drop: false }`
[INFO] [stdout] 2e7ac85104a1c0ded5df9cf32b9e6c73bd49f2e7631b8b40d06ddc98409560ab
[INFO] running `Command { std: "docker" "create" "-v" "/var/lib/crater-agent-workspace/builds/worker-3-tc2/target:/opt/rustwide/target:rw,Z" "-v" "/var/lib/crater-agent-workspace/builds/worker-3-tc2/source:/opt/rustwide/workdir:ro,Z" "-v" "/var/lib/crater-agent-workspace/cargo-home:/opt/rustwide/cargo-home:ro,Z" "-v" "/var/lib/crater-agent-workspace/rustup-home:/opt/rustwide/rustup-home:ro,Z" "-e" "SOURCE_DIR=/opt/rustwide/workdir" "-e" "CARGO_TARGET_DIR=/opt/rustwide/target" "-e" "CARGO_INCREMENTAL=0" "-e" "RUST_BACKTRACE=full" "-e" "RUSTFLAGS=--cap-lints=forbid -Zrandomize-layout" "-e" "RUSTDOCFLAGS=--cap-lints=forbid" "-e" "CARGO_HOME=/opt/rustwide/cargo-home" "-e" "RUSTUP_HOME=/opt/rustwide/rustup-home" "-w" "/opt/rustwide/workdir" "-m" "1610612736" "--user" "0:0" "--network" "none" "ghcr.io/rust-lang/crates-build-env/linux@sha256:4a844ea9eb2546a2d2c7022eacef16ef2e8229c7fbb2c7d4d55a9ceca922f72d" "/opt/rustwide/cargo-home/bin/cargo" "+nightly-2024-10-28" "test" "--frozen", kill_on_drop: false }`
[INFO] [stdout] 13b3362d2411bce44ca74fd64bc54647b914850fb6147fa84a9b68566a46f501
[INFO] running `Command { std: "docker" "start" "-a" "13b3362d2411bce44ca74fd64bc54647b914850fb6147fa84a9b68566a46f501", kill_on_drop: false }`
[INFO] [stderr] warning: use of deprecated associated function `chrono::DateTime::<Tz>::from_utc`: Use TimeZone::from_utc_datetime() or DateTime::from_naive_utc_and_offset instead
[INFO] [stderr]    --> src/state/rest_cmds.rs:606:50
[INFO] [stderr]     |
[INFO] [stderr] 606 | ...                   DateTime::<Utc>::from_utc(
[INFO] [stderr]     |                                        ^^^^^^^^
[INFO] [stderr]     |
[INFO] [stderr]     = note: `#[warn(deprecated)]` on by default
[INFO] [stderr] 
[INFO] [stderr] warning: use of deprecated associated function `chrono::NaiveDateTime::from_timestamp`: use `DateTime::from_timestamp` instead
[INFO] [stderr]    --> src/state/rest_cmds.rs:607:52
[INFO] [stderr]     |
[INFO] [stderr] 607 | ...                   NaiveDateTime::from_timestamp(entry.signon as i64, 0),
[INFO] [stderr]     |                                      ^^^^^^^^^^^^^^
[INFO] [stderr] 
[INFO] [stderr] warning: use of deprecated associated function `chrono::DateTime::<Tz>::from_utc`: Use TimeZone::from_utc_datetime() or DateTime::from_naive_utc_and_offset instead
[INFO] [stderr]     --> src/state/rest_cmds.rs:2432:38
[INFO] [stderr]      |
[INFO] [stderr] 2432 |                     DateTime::<Utc>::from_utc(
[INFO] [stderr]      |                                      ^^^^^^^^
[INFO] [stderr] 
[INFO] [stderr] warning: use of deprecated associated function `chrono::NaiveDateTime::from_timestamp`: use `DateTime::from_timestamp` instead
[INFO] [stderr]     --> src/state/rest_cmds.rs:2433:40
[INFO] [stderr]      |
[INFO] [stderr] 2433 |                         NaiveDateTime::from_timestamp(signon1 as i64, 0),
[INFO] [stderr]      |                                        ^^^^^^^^^^^^^^
[INFO] [stderr] 
[INFO] [stderr] warning: use of deprecated associated function `chrono::DateTime::<Tz>::from_utc`: Use TimeZone::from_utc_datetime() or DateTime::from_naive_utc_and_offset instead
[INFO] [stderr]     --> src/state/rest_cmds.rs:2440:38
[INFO] [stderr]      |
[INFO] [stderr] 2440 |                     DateTime::<Utc>::from_utc(
[INFO] [stderr]      |                                      ^^^^^^^^
[INFO] [stderr] 
[INFO] [stderr] warning: use of deprecated associated function `chrono::NaiveDateTime::from_timestamp`: use `DateTime::from_timestamp` instead
[INFO] [stderr]     --> src/state/rest_cmds.rs:2441:40
[INFO] [stderr]      |
[INFO] [stderr] 2441 |                         NaiveDateTime::from_timestamp(signon2 as i64, 0),
[INFO] [stderr]      |                                        ^^^^^^^^^^^^^^
[INFO] [stderr] 
[INFO] [stderr] warning: use of deprecated associated function `chrono::DateTime::<Tz>::from_utc`: Use TimeZone::from_utc_datetime() or DateTime::from_naive_utc_and_offset instead
[INFO] [stderr]     --> src/state/rest_cmds.rs:2464:38
[INFO] [stderr]      |
[INFO] [stderr] 2464 |                     DateTime::<Utc>::from_utc(
[INFO] [stderr]      |                                      ^^^^^^^^
[INFO] [stderr] 
[INFO] [stderr] warning: use of deprecated associated function `chrono::NaiveDateTime::from_timestamp`: use `DateTime::from_timestamp` instead
[INFO] [stderr]     --> src/state/rest_cmds.rs:2465:40
[INFO] [stderr]      |
[INFO] [stderr] 2465 |                         NaiveDateTime::from_timestamp(signon1 as i64, 0),
[INFO] [stderr]      |                                        ^^^^^^^^^^^^^^
[INFO] [stderr] 
[INFO] [stderr] warning: use of deprecated associated function `chrono::DateTime::<Tz>::from_utc`: Use TimeZone::from_utc_datetime() or DateTime::from_naive_utc_and_offset instead
[INFO] [stderr]     --> src/state/rest_cmds.rs:2497:38
[INFO] [stderr]      |
[INFO] [stderr] 2497 |                     DateTime::<Utc>::from_utc(
[INFO] [stderr]      |                                      ^^^^^^^^
[INFO] [stderr] 
[INFO] [stderr] warning: use of deprecated associated function `chrono::NaiveDateTime::from_timestamp`: use `DateTime::from_timestamp` instead
[INFO] [stderr]     --> src/state/rest_cmds.rs:2498:40
[INFO] [stderr]      |
[INFO] [stderr] 2498 |                         NaiveDateTime::from_timestamp(signon0 as i64, 0),
[INFO] [stderr]      |                                        ^^^^^^^^^^^^^^
[INFO] [stderr] 
[INFO] [stderr] warning: use of deprecated associated function `chrono::DateTime::<Tz>::from_utc`: Use TimeZone::from_utc_datetime() or DateTime::from_naive_utc_and_offset instead
[INFO] [stderr]     --> src/state/rest_cmds.rs:2505:38
[INFO] [stderr]      |
[INFO] [stderr] 2505 |                     DateTime::<Utc>::from_utc(
[INFO] [stderr]      |                                      ^^^^^^^^
[INFO] [stderr] 
[INFO] [stderr] warning: use of deprecated associated function `chrono::NaiveDateTime::from_timestamp`: use `DateTime::from_timestamp` instead
[INFO] [stderr]     --> src/state/rest_cmds.rs:2506:40
[INFO] [stderr]      |
[INFO] [stderr] 2506 |                         NaiveDateTime::from_timestamp(signon1 as i64, 0),
[INFO] [stderr]      |                                        ^^^^^^^^^^^^^^
[INFO] [stderr] 
[INFO] [stderr] warning: use of deprecated associated function `chrono::DateTime::<Tz>::from_utc`: Use TimeZone::from_utc_datetime() or DateTime::from_naive_utc_and_offset instead
[INFO] [stderr]     --> src/state/rest_cmds.rs:2513:38
[INFO] [stderr]      |
[INFO] [stderr] 2513 |                     DateTime::<Utc>::from_utc(
[INFO] [stderr]      |                                      ^^^^^^^^
[INFO] [stderr] 
[INFO] [stderr] warning: use of deprecated associated function `chrono::NaiveDateTime::from_timestamp`: use `DateTime::from_timestamp` instead
[INFO] [stderr]     --> src/state/rest_cmds.rs:2514:40
[INFO] [stderr]      |
[INFO] [stderr] 2514 |                         NaiveDateTime::from_timestamp(signon2 as i64, 0),
[INFO] [stderr]      |                                        ^^^^^^^^^^^^^^
[INFO] [stderr] 
[INFO] [stderr] warning: variable does not need to be mutable
[INFO] [stderr]     --> src/state/channel_cmds.rs:1180:21
[INFO] [stderr]      |
[INFO] [stderr] 1180 |                 let mut chmodes = &mut state.channels.get_mut("#secrets").unwrap().modes;
[INFO] [stderr]      |                     ----^^^^^^^
[INFO] [stderr]      |                     |
[INFO] [stderr]      |                     help: remove this `mut`
[INFO] [stderr]      |
[INFO] [stderr]      = note: `#[warn(unused_mut)]` on by default
[INFO] [stderr] 
[INFO] [stderr] warning: variable does not need to be mutable
[INFO] [stderr]     --> src/state/channel_cmds.rs:1249:21
[INFO] [stderr]      |
[INFO] [stderr] 1249 |                 let mut chmodes = &mut state.channels.get_mut("#exclusive").unwrap().modes;
[INFO] [stderr]      |                     ----^^^^^^^
[INFO] [stderr]      |                     |
[INFO] [stderr]      |                     help: remove this `mut`
[INFO] [stderr] 
[INFO] [stderr] warning: variable does not need to be mutable
[INFO] [stderr]     --> src/state/channel_cmds.rs:1462:21
[INFO] [stderr]      |
[INFO] [stderr] 1462 |                 let mut modes = &mut state.channels.get_mut("#furnitures").unwrap().modes;
[INFO] [stderr]      |                     ----^^^^^
[INFO] [stderr]      |                     |
[INFO] [stderr]      |                     help: remove this `mut`
[INFO] [stderr] 
[INFO] [stderr] warning: `simple-irc-server` (bin "simple-irc-server" test) generated 17 warnings (run `cargo fix --bin "simple-irc-server" --tests` to apply 3 suggestions)
[INFO] [stderr]     Finished `test` profile [unoptimized + debuginfo] target(s) in 0.16s
[INFO] [stderr]      Running unittests src/main.rs (/opt/rustwide/target/debug/deps/simple_irc_server-7a64caf17ae70d10)
[INFO] [stdout] 
[INFO] [stdout] running 144 tests
[INFO] [stdout] test command::test::test_message_to_string_with_source ... ok
[INFO] [stdout] test command::test::test_message_from_shared_str ... ok
[INFO] [stdout] test config::test::test_channelmodes_banned ... ok
[INFO] [stdout] test config::test::test_channelmodes_new_for_channel ... ok
[INFO] [stdout] test config::test::test_channelmodes_rename_user ... ok
[INFO] [stdout] test config::test::test_channelmodes_to_string ... ok
[INFO] [stdout] test command::test::test_command_from_message ... ok
[INFO] [stdout] test config::test::test_usermodes_to_string ... ok
[INFO] [stdout] test reply::test::test_replies ... ok
[INFO] [stdout] test config::test::test_mainconfig_new ... ok
[INFO] [stdout] test state::channel_cmds::test::test_command_join_multi_prefix_names ... ok
[INFO] [stdout] test state::channel_cmds::test::test_command_join_with_topic ... ok
[INFO] [stdout] test state::channel_cmds::test::test_command_join_multiple_no_max_joins ... ok
[INFO] [stdout] test state::channel_cmds::test::test_command_join_no_max_joins ... ok
[INFO] [stdout] test state::channel_cmds::test::test_command_join_max_joins ... ok
[INFO] [stdout] test state::channel_cmds::test::test_command_join_key_check ... ok
[INFO] [stdout] test state::channel_cmds::test::test_command_join_invite ... ok
[INFO] [stdout] test state::channel_cmds::test::test_command_join_ban ... ok
[INFO] [stdout] test state::channel_cmds::test::test_command_kick_reason ... ok
[INFO] [stdout] test state::channel_cmds::test::test_command_join_multiple_with_key ... ok
[INFO] [stdout] test state::channel_cmds::test::test_command_join_multiple ... ok
[INFO] [stdout] test state::channel_cmds::test::test_command_names_invisible_users ... ok
[INFO] [stdout] test state::channel_cmds::test::test_command_join_limit_check ... ok
[INFO] [stdout] test state::channel_cmds::test::test_command_invite_failures ... ok
[INFO] [stdout] test state::channel_cmds::test::test_command_names_with_multi_prefix ... ok
[INFO] [stdout] test state::channel_cmds::test::test_command_names_secret ... ok
[INFO] [stdout] test state::channel_cmds::test::test_command_topic_read ... ok
[INFO] [stdout] test state::channel_cmds::test::test_command_list ... ok
[INFO] [stdout] test state::conn_cmds::test::test_auth_after_user_pass_failed ... ok
[INFO] [stdout] test state::channel_cmds::test::test_command_join ... ok
[INFO] [stdout] test state::conn_cmds::test::test_auth_with_caps ... ok
[INFO] [stdout] test state::conn_cmds::test::test_auth_with_default_user_modes ... ok
[INFO] [stdout] test state::channel_cmds::test::test_command_part_preconfigured ... ok
[INFO] [stdout] test state::channel_cmds::test::test_command_join_already_joined ... ok
[INFO] [stdout] test state::channel_cmds::test::test_command_kick_multiple_users ... ok
[INFO] [stdout] test state::channel_cmds::test::test_command_kick_self ... ok
[INFO] [stdout] test state::conn_cmds::test::test_command_ping ... ok
[INFO] [stdout] test state::channel_cmds::test::test_command_join_multiple_activity ... ok
[INFO] [stdout] test state::channel_cmds::test::test_command_part_multiple_activity ... ok
[INFO] [stdout] test state::channel_cmds::test::test_command_invite ... ok
[INFO] [stdout] test state::channel_cmds::test::test_command_names ... ok
[INFO] [stdout] test state::conn_cmds::test::test_command_quit ... ok
[INFO] [stdout] test state::conn_cmds::test::test_command_quit_from_channels ... ok
[INFO] [stdout] test state::conn_cmds::test::test_nick_rename ... ok
[INFO] [stdout] test state::channel_cmds::test::test_command_join_activity ... ok
[INFO] [stdout] test state::channel_cmds::test::test_command_part ... ok
[INFO] [stdout] test state::rest_cmds::test::test_command_ison_notfound ... ok
[INFO] [stdout] test state::conn_cmds::test::test_nick_rename_at_channel ... ok
[INFO] [stdout] test state::channel_cmds::test::test_command_part_multiple ... ok
[INFO] [stdout] test state::rest_cmds::test::test_command_ison ... ok
[INFO] [stdout] test state::channel_cmds::test::test_command_part_with_reason ... ok
[INFO] [stdout] test state::rest_cmds::test::test_command_kill_no_privileges ... ok
[INFO] [stdout] test state::rest_cmds::test::test_command_notice ... ok
[INFO] [stdout] test state::rest_cmds::test::test_command_away ... ok
[INFO] [stdout] test state::rest_cmds::test::test_command_privmsg_channel ... ok
[INFO] [stdout] test state::channel_cmds::test::test_command_topic_write ... ok
[INFO] [stdout] test state::rest_cmds::test::test_command_privmsg_multiple ... ok
[INFO] [stdout] test state::rest_cmds::test::test_command_privmsg_channel_prefixed ... ok
[INFO] [stdout] test state::rest_cmds::test::test_command_squit_no_privileges ... ok
[INFO] [stdout] test state::rest_cmds::test::test_command_userhost ... ok
[INFO] [stdout] test state::rest_cmds::test::test_command_userhost_away ... ok
[INFO] [stdout] test state::rest_cmds::test::test_command_userhost_notfound ... ok
[INFO] [stdout] test state::rest_cmds::test::test_command_privmsg_channel_banned ... ok
[INFO] [stdout] test state::rest_cmds::test::test_command_privmsg_channel_external_messages ... ok
[INFO] [stdout] test state::rest_cmds::test::test_command_privmsg_user ... ok
[INFO] [stdout] test state::rest_cmds::test::test_command_die ... ok
[INFO] [stdout] test state::conn_cmds::test::test_auth_failed_nick_used ... ok
[INFO] [stdout] test state::rest_cmds::test::test_command_privmsg_activity ... ok
[INFO] [stdout] test state::rest_cmds::test::test_command_who_channel ... ok
[INFO] [stdout] test state::rest_cmds::test::test_command_who_wildcards ... ok
[INFO] [stdout] test state::channel_cmds::test::test_command_kick ... ok
[INFO] [stdout] test state::rest_cmds::test::test_command_privmsg_channel_moderated ... ok
[INFO] [stdout] test state::rest_cmds::test::test_command_who_channel_multi_prefix ... ok
[INFO] [stdout] test state::rest_cmds::test::test_command_die_no_message ... ok
[INFO] [stdout] test state::rest_cmds::test::test_command_whois_channel_multi_prefix ... ok
[INFO] [stdout] test state::rest_cmds::test::test_command_who_invisible ... ok
[INFO] [stdout] test state::rest_cmds::test::test_command_whois_channels ... ok
[INFO] [stdout] test state::srv_query_cmds::test::test_command_admin ... ok
[INFO] [stdout] test state::srv_query_cmds::test::test_command_admin_default ... ok
[INFO] [stdout] test state::srv_query_cmds::test::test_command_help ... ok
[INFO] [stdout] test state::conn_cmds::test::test_auth_with_password ... ok
[INFO] [stdout] test state::srv_query_cmds::test::test_command_info ... ok
[INFO] [stdout] test state::srv_query_cmds::test::test_command_links ... ok
[INFO] [stdout] test state::rest_cmds::test::test_command_who_invisible_channel ... ok
[INFO] [stdout] test state::rest_cmds::test::test_command_whois_multiple ... ok
[INFO] [stdout] test state::rest_cmds::test::test_command_whois_wilcards ... ok
[INFO] [stdout] test state::rest_cmds::test::test_command_kill ... ok
[INFO] [stdout] test state::rest_cmds::test::test_command_whois_invisible_channel ... ok
[INFO] [stdout] test state::srv_query_cmds::test::test_command_mode_channel_user_modes_fail_1 ... ok
[INFO] [stdout] test state::rest_cmds::test::test_command_squit ... ok
[INFO] [stdout] test state::srv_query_cmds::test::test_command_mode_channel_modes ... ok
[INFO] [stdout] test state::rest_cmds::test::test_command_userhost_oper ... ok
[INFO] [stdout] test state::conn_cmds::test::test_auth_with_user_configs_2 ... ok
[INFO] [stdout] test state::rest_cmds::test::test_command_wallops ... ok
[INFO] [stdout] test state::rest_cmds::test::test_command_whowas ... ok
[INFO] [stdout] test state::srv_query_cmds::test::test_command_motd ... ok
[INFO] [stdout] test state::srv_query_cmds::test::test_command_mode_channel_half_op ... ok
[INFO] [stdout] test state::srv_query_cmds::test::test_command_time ... ok
[INFO] [stdout] test state::srv_query_cmds::test::test_command_version ... ok
[INFO] [stdout] test state::structs::test::test_channel_add_remove_mode ... ok
[INFO] [stdout] test state::structs::test::test_channel_default_modes_new_from_modes_and_cleanup ... ok
[INFO] [stdout] test state::structs::test::test_channel_join_remove_user ... ok
[INFO] [stdout] test state::structs::test::test_channel_new ... ok
[INFO] [stdout] test state::structs::test::test_channel_rename_user ... ok
[INFO] [stdout] test state::structs::test::test_channel_user_modes ... ok
[INFO] [stdout] test state::structs::test::test_channel_user_modes_to_string ... ok
[INFO] [stdout] test state::structs::test::test_conn_user_state ... ok
[INFO] [stdout] test state::structs::test::test_get_privmsg_target_type ... ok
[INFO] [stdout] test state::structs::test::test_user_new ... ok
[INFO] [stdout] test state::structs::test::test_volatile_remove_user_from_channel ... ok
[INFO] [stdout] test state::structs::test::test_volatile_state_add_remove_user ... ok
[INFO] [stdout] test state::structs::test::test_volatile_state_insert_to_nick_history ... ok
[INFO] [stdout] test state::structs::test::test_volatile_state_new ... ok
[INFO] [stdout] test state::rest_cmds::test::test_command_who ... ok
[INFO] [stdout] test state::srv_query_cmds::test::test_command_mode_channel_user_modes ... ok
[INFO] [stdout] test state::srv_query_cmds::test::test_command_mode_user ... ok
[INFO] [stdout] test utils::test::test_irc_lines_codec ... ok
[INFO] [stdout] test utils::test::test_match_wildcard ... ok
[INFO] [stdout] test utils::test::test_normalize_sourcemask ... ok
[INFO] [stdout] test state::srv_query_cmds::test::test_command_mode_channel_user_modes_privs ... ok
[INFO] [stdout] test utils::test::test_validate_channel ... ok
[INFO] [stdout] test utils::test::test_validate_channelmodes ... ok
[INFO] [stdout] test utils::test::test_validate_password_hash ... ok
[INFO] [stdout] test utils::test::test_validate_prefixed_channel ... ok
[INFO] [stdout] test utils::test::test_validate_server ... ok
[INFO] [stdout] test utils::test::test_validate_server_mask ... ok
[INFO] [stdout] test utils::test::test_validate_source ... ok
[INFO] [stdout] test utils::test::test_validate_usermodes ... ok
[INFO] [stdout] test utils::test::test_validate_username ... ok
[INFO] [stdout] test state::test::test_server_command0 ... ok
[INFO] [stdout] test state::test::test_server_authentication ... ok
[INFO] [stdout] test state::srv_query_cmds::test::test_command_mode_user_multiple ... ok
[INFO] [stdout] test state::srv_query_cmds::test::test_command_mode_channel ... ok
[INFO] [stdout] test state::rest_cmds::test::test_command_whois ... ok
[INFO] [stdout] test state::srv_query_cmds::test::test_command_mode_user_registered ... ok
[INFO] [stdout] test state::srv_query_cmds::test::test_command_mode_channel_lists ... FAILED
[INFO] [stdout] test state::srv_query_cmds::test::test_command_lusers ... ok
[INFO] [stdout] test state::srv_query_cmds::test::test_command_mode_user_operator ... ok
[INFO] [stdout] test state::srv_query_cmds::test::test_command_stats ... ok
[INFO] [stdout] test state::srv_query_cmds::test::test_command_mode_user_local_operator ... ok
[INFO] [stdout] test utils::test::test_argon2_verify_password_async ... ok
[INFO] [stdout] test utils::test::test_test_argon2_verify_password ... ok
[INFO] [stdout] test state::conn_cmds::test::test_auth_with_user_configs ... ok
[INFO] [stdout] test state::conn_cmds::test::test_command_oper ... ok
[INFO] [stdout] 
[INFO] [stdout] failures:
[INFO] [stdout] 
[INFO] [stdout] ---- state::srv_query_cmds::test::test_command_mode_channel_lists stdout ----
[INFO] [stdout] thread 'state::srv_query_cmds::test::test_command_mode_channel_lists' panicked at src/state/srv_query_cmds.rs:2291:17:
[INFO] [stdout] assertion `left == right` failed
[INFO] [stdout]   left: {"*digger.com!*@*": BanInfo { set_time: 1730473942, who: "sonny" }, "nick*!*@*": BanInfo { set_time: 1730473942, who: "sonny" }}
[INFO] [stdout]  right: {"nick*!*@*": BanInfo { set_time: 1730473943, who: "sonny" }, "*digger.com!*@*": BanInfo { set_time: 1730473942, who: "sonny" }}
[INFO] [stdout] stack backtrace:
[INFO] [stdout]    0:     0x649b42b4a66a - std::backtrace_rs::backtrace::libunwind::trace::h207520d6e9873551
[INFO] [stdout]                                at /rustc/df4ca44d3fbc9301ee17f30f4d474e6ae4b05252/library/std/src/../../backtrace/src/backtrace/libunwind.rs:116:5
[INFO] [stdout]    1:     0x649b42b4a66a - std::backtrace_rs::backtrace::trace_unsynchronized::h2ed7433f370e3eca
[INFO] [stdout]                                at /rustc/df4ca44d3fbc9301ee17f30f4d474e6ae4b05252/library/std/src/../../backtrace/src/backtrace/mod.rs:66:5
[INFO] [stdout]    2:     0x649b42b4a66a - std::sys::backtrace::_print_fmt::h916fac51166b18d7
[INFO] [stdout]                                at /rustc/df4ca44d3fbc9301ee17f30f4d474e6ae4b05252/library/std/src/sys/backtrace.rs:66:9
[INFO] [stdout]    3:     0x649b42b4a66a - <std::sys::backtrace::BacktraceLock::print::DisplayBacktrace as core::fmt::Display>::fmt::ha0a4c9b8ce3802e6
[INFO] [stdout]                                at /rustc/df4ca44d3fbc9301ee17f30f4d474e6ae4b05252/library/std/src/sys/backtrace.rs:39:26
[INFO] [stdout]    4:     0x649b42b74663 - core::fmt::rt::Argument::fmt::h4cfc8587d52b3eb5
[INFO] [stdout]                                at /rustc/df4ca44d3fbc9301ee17f30f4d474e6ae4b05252/library/core/src/fmt/rt.rs:177:76
[INFO] [stdout]    5:     0x649b42b74663 - core::fmt::write::h522cc39e5b36ae9f
[INFO] [stdout]                                at /rustc/df4ca44d3fbc9301ee17f30f4d474e6ae4b05252/library/core/src/fmt/mod.rs:1190:21
[INFO] [stdout]    6:     0x649b42b46673 - std::io::Write::write_fmt::h7d3c26752da97734
[INFO] [stdout]                                at /rustc/df4ca44d3fbc9301ee17f30f4d474e6ae4b05252/library/std/src/io/mod.rs:1839:15
[INFO] [stdout]    7:     0x649b42b4a4b2 - std::sys::backtrace::BacktraceLock::print::h4b9e00b29e9c0942
[INFO] [stdout]                                at /rustc/df4ca44d3fbc9301ee17f30f4d474e6ae4b05252/library/std/src/sys/backtrace.rs:42:9
[INFO] [stdout]    8:     0x649b42b4bafa - std::panicking::default_hook::{{closure}}::hb59b88280d0324d9
[INFO] [stdout]                                at /rustc/df4ca44d3fbc9301ee17f30f4d474e6ae4b05252/library/std/src/panicking.rs:268:22
[INFO] [stdout]    9:     0x649b42b4b904 - std::panicking::default_hook::he1dd496665be4a29
[INFO] [stdout]                                at /rustc/df4ca44d3fbc9301ee17f30f4d474e6ae4b05252/library/std/src/panicking.rs:292:9
[INFO] [stdout]   10:     0x649b42955629 - <alloc::boxed::Box<F,A> as core::ops::function::Fn<Args>>::call::h4ff71de18744e1dc
[INFO] [stdout]                                at /rustc/df4ca44d3fbc9301ee17f30f4d474e6ae4b05252/library/alloc/src/boxed.rs:2468:9
[INFO] [stdout]   11:     0x649b42955629 - test::test_main::{{closure}}::hcf7c055ce117aa81
[INFO] [stdout]                                at /rustc/df4ca44d3fbc9301ee17f30f4d474e6ae4b05252/library/test/src/lib.rs:133:21
[INFO] [stdout]   12:     0x649b42b4c1f8 - <alloc::boxed::Box<F,A> as core::ops::function::Fn<Args>>::call::h1d66c6bbd60c9692
[INFO] [stdout]                                at /rustc/df4ca44d3fbc9301ee17f30f4d474e6ae4b05252/library/alloc/src/boxed.rs:2468:9
[INFO] [stdout]   13:     0x649b42b4c1f8 - std::panicking::rust_panic_with_hook::h2ff17fe8f26dfcf8
[INFO] [stdout]                                at /rustc/df4ca44d3fbc9301ee17f30f4d474e6ae4b05252/library/std/src/panicking.rs:809:13
[INFO] [stdout]   14:     0x649b42b4bfba - std::panicking::begin_panic_handler::{{closure}}::h4fad77951c07e101
[INFO] [stdout]                                at /rustc/df4ca44d3fbc9301ee17f30f4d474e6ae4b05252/library/std/src/panicking.rs:674:13
[INFO] [stdout]   15:     0x649b42b4ab49 - std::sys::backtrace::__rust_end_short_backtrace::hb1a25b3da5d0ea08
[INFO] [stdout]                                at /rustc/df4ca44d3fbc9301ee17f30f4d474e6ae4b05252/library/std/src/sys/backtrace.rs:170:18
[INFO] [stdout]   16:     0x649b42b4bc4c - rust_begin_unwind
[INFO] [stdout]                                at /rustc/df4ca44d3fbc9301ee17f30f4d474e6ae4b05252/library/std/src/panicking.rs:665:5
[INFO] [stdout]   17:     0x649b42b729f0 - core::panicking::panic_fmt::ha9db07b529f9b256
[INFO] [stdout]                                at /rustc/df4ca44d3fbc9301ee17f30f4d474e6ae4b05252/library/core/src/panicking.rs:75:14
[INFO] [stdout]   18:     0x649b42b72e55 - core::panicking::assert_failed_inner::h04f38944d74a80a8
[INFO] [stdout]   19:     0x649b426dfb48 - core::panicking::assert_failed::h030cef322e1cf1e3
[INFO] [stdout]                                at /rustc/df4ca44d3fbc9301ee17f30f4d474e6ae4b05252/library/core/src/panicking.rs:377:5
[INFO] [stdout]   20:     0x649b428def81 - simple_irc_server::state::srv_query_cmds::test::test_command_mode_channel_lists::{{closure}}::h0f1f65833c2b2134
[INFO] [stdout]                                at /opt/rustwide/workdir/src/state/srv_query_cmds.rs:2291:17
[INFO] [stdout]   21:     0x649b42683392 - <core::pin::Pin<P> as core::future::future::Future>::poll::h13b8f98bc7ba77f8
[INFO] [stdout]                                at /rustc/df4ca44d3fbc9301ee17f30f4d474e6ae4b05252/library/core/src/future/future.rs:123:9
[INFO] [stdout]   22:     0x649b4268340d - <core::pin::Pin<P> as core::future::future::Future>::poll::h797d0c526bd3a1bc
[INFO] [stdout]                                at /rustc/df4ca44d3fbc9301ee17f30f4d474e6ae4b05252/library/core/src/future/future.rs:123:9
[INFO] [stdout]   23:     0x649b427a150f - tokio::runtime::scheduler::current_thread::CoreGuard::block_on::{{closure}}::{{closure}}::{{closure}}::h1c5bb11df9068b36
[INFO] [stdout]                                at /opt/rustwide/cargo-home/registry/src/index.crates.io-6f17d22bba15001f/tokio-1.38.1/src/runtime/scheduler/current_thread/mod.rs:659:57
[INFO] [stdout]   24:     0x649b427a1455 - tokio::runtime::coop::with_budget::haa4e5c0fc09f26e6
[INFO] [stdout]                                at /opt/rustwide/cargo-home/registry/src/index.crates.io-6f17d22bba15001f/tokio-1.38.1/src/runtime/coop.rs:107:5
[INFO] [stdout]   25:     0x649b427a1455 - tokio::runtime::coop::budget::h1a2c96d92d4666e6
[INFO] [stdout]                                at /opt/rustwide/cargo-home/registry/src/index.crates.io-6f17d22bba15001f/tokio-1.38.1/src/runtime/coop.rs:73:5
[INFO] [stdout]   26:     0x649b427a1455 - tokio::runtime::scheduler::current_thread::CoreGuard::block_on::{{closure}}::{{closure}}::h61f0dcf8e4d5bfd4
[INFO] [stdout]                                at /opt/rustwide/cargo-home/registry/src/index.crates.io-6f17d22bba15001f/tokio-1.38.1/src/runtime/scheduler/current_thread/mod.rs:659:25
[INFO] [stdout]   27:     0x649b4279ff20 - tokio::runtime::scheduler::current_thread::Context::enter::hd2710de0a3027e9f
[INFO] [stdout]                                at /opt/rustwide/cargo-home/registry/src/index.crates.io-6f17d22bba15001f/tokio-1.38.1/src/runtime/scheduler/current_thread/mod.rs:404:19
[INFO] [stdout]   28:     0x649b427a0ccb - tokio::runtime::scheduler::current_thread::CoreGuard::block_on::{{closure}}::h6717b1e0abbdaecc
[INFO] [stdout]                                at /opt/rustwide/cargo-home/registry/src/index.crates.io-6f17d22bba15001f/tokio-1.38.1/src/runtime/scheduler/current_thread/mod.rs:658:36
[INFO] [stdout]   29:     0x649b427a0a34 - tokio::runtime::scheduler::current_thread::CoreGuard::enter::{{closure}}::hfb7bf11f18d72196
[INFO] [stdout]                                at /opt/rustwide/cargo-home/registry/src/index.crates.io-6f17d22bba15001f/tokio-1.38.1/src/runtime/scheduler/current_thread/mod.rs:737:68
[INFO] [stdout]   30:     0x649b4282b1ab - tokio::runtime::context::scoped::Scoped<T>::set::h03c24a7a990ad1c5
[INFO] [stdout]                                at /opt/rustwide/cargo-home/registry/src/index.crates.io-6f17d22bba15001f/tokio-1.38.1/src/runtime/context/scoped.rs:40:9
[INFO] [stdout]   31:     0x649b4280c569 - tokio::runtime::context::set_scheduler::{{closure}}::hceced6f491f3d2a2
[INFO] [stdout]                                at /opt/rustwide/cargo-home/registry/src/index.crates.io-6f17d22bba15001f/tokio-1.38.1/src/runtime/context.rs:180:26
[INFO] [stdout]   32:     0x649b4272e04d - std::thread::local::LocalKey<T>::try_with::h1b7e2c6c10211130
[INFO] [stdout]                                at /rustc/df4ca44d3fbc9301ee17f30f4d474e6ae4b05252/library/std/src/thread/local.rs:283:12
[INFO] [stdout]   33:     0x649b4272dd3a - std::thread::local::LocalKey<T>::with::h43cabbf05e55e289
[INFO] [stdout]                                at /rustc/df4ca44d3fbc9301ee17f30f4d474e6ae4b05252/library/std/src/thread/local.rs:260:9
[INFO] [stdout]   34:     0x649b4280c51d - tokio::runtime::context::set_scheduler::hacb769ef01ef700d
[INFO] [stdout]                                at /opt/rustwide/cargo-home/registry/src/index.crates.io-6f17d22bba15001f/tokio-1.38.1/src/runtime/context.rs:180:9
[INFO] [stdout]   35:     0x649b427a07e8 - tokio::runtime::scheduler::current_thread::CoreGuard::enter::h5aecc2a6c89a1f99
[INFO] [stdout]                                at /opt/rustwide/cargo-home/registry/src/index.crates.io-6f17d22bba15001f/tokio-1.38.1/src/runtime/scheduler/current_thread/mod.rs:737:27
[INFO] [stdout]   36:     0x649b427a0a53 - tokio::runtime::scheduler::current_thread::CoreGuard::block_on::h0afcbfe4a03aed7a
[INFO] [stdout]                                at /opt/rustwide/cargo-home/registry/src/index.crates.io-6f17d22bba15001f/tokio-1.38.1/src/runtime/scheduler/current_thread/mod.rs:646:19
[INFO] [stdout]   37:     0x649b4279e12d - tokio::runtime::scheduler::current_thread::CurrentThread::block_on::{{closure}}::h0363d2aad7973420
[INFO] [stdout]                                at /opt/rustwide/cargo-home/registry/src/index.crates.io-6f17d22bba15001f/tokio-1.38.1/src/runtime/scheduler/current_thread/mod.rs:175:28
[INFO] [stdout]   38:     0x649b426813f6 - tokio::runtime::context::runtime::enter_runtime::h1bc3087f441fb075
[INFO] [stdout]                                at /opt/rustwide/cargo-home/registry/src/index.crates.io-6f17d22bba15001f/tokio-1.38.1/src/runtime/context/runtime.rs:65:16
[INFO] [stdout]   39:     0x649b4279e041 - tokio::runtime::scheduler::current_thread::CurrentThread::block_on::h5162d74e07b6c4a1
[INFO] [stdout]                                at /opt/rustwide/cargo-home/registry/src/index.crates.io-6f17d22bba15001f/tokio-1.38.1/src/runtime/scheduler/current_thread/mod.rs:167:9
[INFO] [stdout]   40:     0x649b4264dfe2 - tokio::runtime::runtime::Runtime::block_on::h0c6a5f52f10fde97
[INFO] [stdout]                                at /opt/rustwide/cargo-home/registry/src/index.crates.io-6f17d22bba15001f/tokio-1.38.1/src/runtime/runtime.rs:347:47
[INFO] [stdout]   41:     0x649b428d7a30 - simple_irc_server::state::srv_query_cmds::test::test_command_mode_channel_lists::h5977627775254f81
[INFO] [stdout]                                at /opt/rustwide/workdir/src/state/srv_query_cmds.rs:2118:9
[INFO] [stdout]   42:     0x649b428d78c7 - simple_irc_server::state::srv_query_cmds::test::test_command_mode_channel_lists::{{closure}}::he6d5b524cbe990ab
[INFO] [stdout]                                at /opt/rustwide/workdir/src/state/srv_query_cmds.rs:2115:47
[INFO] [stdout]   43:     0x649b424f98d6 - core::ops::function::FnOnce::call_once::hccf6e26bc31c8efc
[INFO] [stdout]                                at /rustc/df4ca44d3fbc9301ee17f30f4d474e6ae4b05252/library/core/src/ops/function.rs:250:5
[INFO] [stdout]   44:     0x649b42959efb - core::ops::function::FnOnce::call_once::h22c3ba5715e93f05
[INFO] [stdout]                                at /rustc/df4ca44d3fbc9301ee17f30f4d474e6ae4b05252/library/core/src/ops/function.rs:250:5
[INFO] [stdout]   45:     0x649b42959efb - test::__rust_begin_short_backtrace::h8e82d8113d0da17f
[INFO] [stdout]                                at /rustc/df4ca44d3fbc9301ee17f30f4d474e6ae4b05252/library/test/src/lib.rs:621:18
[INFO] [stdout]   46:     0x649b42959877 - test::run_test_in_process::{{closure}}::h33235f4f20b7b7c7
[INFO] [stdout]                                at /rustc/df4ca44d3fbc9301ee17f30f4d474e6ae4b05252/library/test/src/lib.rs:644:60
[INFO] [stdout]   47:     0x649b42959877 - <core::panic::unwind_safe::AssertUnwindSafe<F> as core::ops::function::FnOnce<()>>::call_once::hb5043206310c586f
[INFO] [stdout]                                at /rustc/df4ca44d3fbc9301ee17f30f4d474e6ae4b05252/library/core/src/panic/unwind_safe.rs:272:9
[INFO] [stdout]   48:     0x649b42959877 - std::panicking::try::do_call::h9ad4731a60ab23e2
[INFO] [stdout]                                at /rustc/df4ca44d3fbc9301ee17f30f4d474e6ae4b05252/library/std/src/panicking.rs:557:40
[INFO] [stdout]   49:     0x649b42959877 - std::panicking::try::h3824d23db772a716
[INFO] [stdout]                                at /rustc/df4ca44d3fbc9301ee17f30f4d474e6ae4b05252/library/std/src/panicking.rs:520:19
[INFO] [stdout]   50:     0x649b42959877 - std::panic::catch_unwind::h5afd514605fde46b
[INFO] [stdout]                                at /rustc/df4ca44d3fbc9301ee17f30f4d474e6ae4b05252/library/std/src/panic.rs:358:14
[INFO] [stdout]   51:     0x649b42959877 - test::run_test_in_process::h0d5cbfa7067d1720
[INFO] [stdout]                                at /rustc/df4ca44d3fbc9301ee17f30f4d474e6ae4b05252/library/test/src/lib.rs:644:27
[INFO] [stdout]   52:     0x649b42959877 - test::run_test::{{closure}}::h708eb8872708115d
[INFO] [stdout]                                at /rustc/df4ca44d3fbc9301ee17f30f4d474e6ae4b05252/library/test/src/lib.rs:565:43
[INFO] [stdout]   53:     0x649b4291cf94 - test::run_test::{{closure}}::h392c51cee94713ab
[INFO] [stdout]                                at /rustc/df4ca44d3fbc9301ee17f30f4d474e6ae4b05252/library/test/src/lib.rs:595:41
[INFO] [stdout]   54:     0x649b4291cf94 - std::sys::backtrace::__rust_begin_short_backtrace::h2f40290710935a8b
[INFO] [stdout]                                at /rustc/df4ca44d3fbc9301ee17f30f4d474e6ae4b05252/library/std/src/sys/backtrace.rs:154:18
[INFO] [stdout]   55:     0x649b4292073e - std::thread::Builder::spawn_unchecked_::{{closure}}::{{closure}}::h3fd968d89053a903
[INFO] [stdout]                                at /rustc/df4ca44d3fbc9301ee17f30f4d474e6ae4b05252/library/std/src/thread/mod.rs:541:17
[INFO] [stdout]   56:     0x649b4292073e - <core::panic::unwind_safe::AssertUnwindSafe<F> as core::ops::function::FnOnce<()>>::call_once::h743f637ba4229880
[INFO] [stdout]                                at /rustc/df4ca44d3fbc9301ee17f30f4d474e6ae4b05252/library/core/src/panic/unwind_safe.rs:272:9
[INFO] [stdout]   57:     0x649b4292073e - std::panicking::try::do_call::h07440897322525a6
[INFO] [stdout]                                at /rustc/df4ca44d3fbc9301ee17f30f4d474e6ae4b05252/library/std/src/panicking.rs:557:40
[INFO] [stdout]   58:     0x649b4292073e - std::panicking::try::he5a2e00188156637
[INFO] [stdout]                                at /rustc/df4ca44d3fbc9301ee17f30f4d474e6ae4b05252/library/std/src/panicking.rs:520:19
[INFO] [stdout]   59:     0x649b4292073e - std::panic::catch_unwind::hbaf3cae49b3c6433
[INFO] [stdout]                                at /rustc/df4ca44d3fbc9301ee17f30f4d474e6ae4b05252/library/std/src/panic.rs:358:14
[INFO] [stdout]   60:     0x649b4292073e - std::thread::Builder::spawn_unchecked_::{{closure}}::h8e141ea224820bce
[INFO] [stdout]                                at /rustc/df4ca44d3fbc9301ee17f30f4d474e6ae4b05252/library/std/src/thread/mod.rs:540:30
[INFO] [stdout]   61:     0x649b4292073e - core::ops::function::FnOnce::call_once{{vtable.shim}}::h90d312fedd7b8ea8
[INFO] [stdout]                                at /rustc/df4ca44d3fbc9301ee17f30f4d474e6ae4b05252/library/core/src/ops/function.rs:250:5
[INFO] [stdout]   62:     0x649b42b5062b - <alloc::boxed::Box<F,A> as core::ops::function::FnOnce<Args>>::call_once::h69aa08ddb6adb8b6
[INFO] [stdout]                                at /rustc/df4ca44d3fbc9301ee17f30f4d474e6ae4b05252/library/alloc/src/boxed.rs:2454:9
[INFO] [stdout]   63:     0x649b42b5062b - <alloc::boxed::Box<F,A> as core::ops::function::FnOnce<Args>>::call_once::h5aa36efdb79c806f
[INFO] [stdout]                                at /rustc/df4ca44d3fbc9301ee17f30f4d474e6ae4b05252/library/alloc/src/boxed.rs:2454:9
[INFO] [stdout]   64:     0x649b42b5062b - std::sys::pal::unix::thread::Thread::new::thread_start::h6cd80a1b4be5158d
[INFO] [stdout]                                at /rustc/df4ca44d3fbc9301ee17f30f4d474e6ae4b05252/library/std/src/sys/pal/unix/thread.rs:105:17
[INFO] [stdout]   65:     0x79ad5dbeaac3 - <unknown>
[INFO] [stdout]   66:     0x79ad5dc7ba04 - clone
[INFO] [stdout]   67:                0x0 - <unknown>
[INFO] [stdout] 
[INFO] [stdout] 
[INFO] [stdout] failures:
[INFO] [stdout]     state::srv_query_cmds::test::test_command_mode_channel_lists
[INFO] [stdout] 
[INFO] [stdout] test result: FAILED. 143 passed; 1 failed; 0 ignored; 0 measured; 0 filtered out; finished in 1.37s
[INFO] [stdout] 
[INFO] [stderr] error: test failed, to rerun pass `--bin simple-irc-server`
[INFO] running `Command { std: "docker" "inspect" "13b3362d2411bce44ca74fd64bc54647b914850fb6147fa84a9b68566a46f501", kill_on_drop: false }`
[INFO] running `Command { std: "docker" "rm" "-f" "13b3362d2411bce44ca74fd64bc54647b914850fb6147fa84a9b68566a46f501", kill_on_drop: false }`
[INFO] [stdout] 13b3362d2411bce44ca74fd64bc54647b914850fb6147fa84a9b68566a46f501
