[INFO] fetching crate simple-dmenu 0.1.0...
[INFO] testing simple-dmenu-0.1.0 against nightly-2024-10-28 for randomize-layout
[INFO] extracting crate simple-dmenu 0.1.0 into /workspace/builds/worker-7-tc1/source
[INFO] validating manifest of crates.io crate simple-dmenu 0.1.0 on toolchain nightly-2024-10-28
[INFO] running `Command { std: CARGO_HOME="/workspace/cargo-home" RUSTUP_HOME="/workspace/rustup-home" "/workspace/cargo-home/bin/cargo" "+nightly-2024-10-28" "metadata" "--manifest-path" "Cargo.toml" "--no-deps", kill_on_drop: false }`
[INFO] started tweaking crates.io crate simple-dmenu 0.1.0
[INFO] finished tweaking crates.io crate simple-dmenu 0.1.0
[INFO] tweaked toml for crates.io crate simple-dmenu 0.1.0 written to /workspace/builds/worker-7-tc1/source/Cargo.toml
[INFO] running `Command { std: CARGO_HOME="/workspace/cargo-home" RUSTUP_HOME="/workspace/rustup-home" "/workspace/cargo-home/bin/cargo" "+nightly-2024-10-28" "generate-lockfile" "--manifest-path" "Cargo.toml", kill_on_drop: false }`
[INFO] running `Command { std: CARGO_HOME="/workspace/cargo-home" RUSTUP_HOME="/workspace/rustup-home" "/workspace/cargo-home/bin/cargo" "+nightly-2024-10-28" "fetch" "--manifest-path" "Cargo.toml", kill_on_drop: false }`
[INFO] running `Command { std: "docker" "create" "-v" "/var/lib/crater-agent-workspace/builds/worker-7-tc1/target:/opt/rustwide/target:rw,Z" "-v" "/var/lib/crater-agent-workspace/builds/worker-7-tc1/source:/opt/rustwide/workdir:ro,Z" "-v" "/var/lib/crater-agent-workspace/cargo-home:/opt/rustwide/cargo-home:ro,Z" "-v" "/var/lib/crater-agent-workspace/rustup-home:/opt/rustwide/rustup-home:ro,Z" "-e" "SOURCE_DIR=/opt/rustwide/workdir" "-e" "CARGO_TARGET_DIR=/opt/rustwide/target" "-e" "CARGO_HOME=/opt/rustwide/cargo-home" "-e" "RUSTUP_HOME=/opt/rustwide/rustup-home" "-w" "/opt/rustwide/workdir" "-m" "1610612736" "--user" "0:0" "--network" "none" "ghcr.io/rust-lang/crates-build-env/linux@sha256:4a844ea9eb2546a2d2c7022eacef16ef2e8229c7fbb2c7d4d55a9ceca922f72d" "/opt/rustwide/cargo-home/bin/cargo" "+nightly-2024-10-28" "metadata" "--no-deps" "--format-version=1", kill_on_drop: false }`
[INFO] [stdout] 181663481bce5d0c7b2dd80b6e26548bf4456d0304dca6cf35e04ef9be361c48
[INFO] running `Command { std: "docker" "start" "-a" "181663481bce5d0c7b2dd80b6e26548bf4456d0304dca6cf35e04ef9be361c48", kill_on_drop: false }`
[INFO] running `Command { std: "docker" "inspect" "181663481bce5d0c7b2dd80b6e26548bf4456d0304dca6cf35e04ef9be361c48", kill_on_drop: false }`
[INFO] running `Command { std: "docker" "rm" "-f" "181663481bce5d0c7b2dd80b6e26548bf4456d0304dca6cf35e04ef9be361c48", kill_on_drop: false }`
[INFO] [stdout] 181663481bce5d0c7b2dd80b6e26548bf4456d0304dca6cf35e04ef9be361c48
[INFO] running `Command { std: "docker" "create" "-v" "/var/lib/crater-agent-workspace/builds/worker-7-tc1/target:/opt/rustwide/target:rw,Z" "-v" "/var/lib/crater-agent-workspace/builds/worker-7-tc1/source:/opt/rustwide/workdir:ro,Z" "-v" "/var/lib/crater-agent-workspace/cargo-home:/opt/rustwide/cargo-home:ro,Z" "-v" "/var/lib/crater-agent-workspace/rustup-home:/opt/rustwide/rustup-home:ro,Z" "-e" "SOURCE_DIR=/opt/rustwide/workdir" "-e" "CARGO_TARGET_DIR=/opt/rustwide/target" "-e" "CARGO_INCREMENTAL=0" "-e" "RUST_BACKTRACE=full" "-e" "RUSTFLAGS=--cap-lints=forbid" "-e" "RUSTDOCFLAGS=--cap-lints=forbid" "-e" "CARGO_HOME=/opt/rustwide/cargo-home" "-e" "RUSTUP_HOME=/opt/rustwide/rustup-home" "-w" "/opt/rustwide/workdir" "-m" "1610612736" "--user" "0:0" "--network" "none" "ghcr.io/rust-lang/crates-build-env/linux@sha256:4a844ea9eb2546a2d2c7022eacef16ef2e8229c7fbb2c7d4d55a9ceca922f72d" "/opt/rustwide/cargo-home/bin/cargo" "+nightly-2024-10-28" "build" "--frozen" "--message-format=json", kill_on_drop: false }`
[INFO] [stdout] 4f7545da14de3169d2aa5c8d06978f17b065a3a4e51b5c0cdef703032a3aa21d
[INFO] running `Command { std: "docker" "start" "-a" "4f7545da14de3169d2aa5c8d06978f17b065a3a4e51b5c0cdef703032a3aa21d", kill_on_drop: false }`
[INFO] [stderr]    Compiling simple-dmenu v0.1.0 (/opt/rustwide/workdir)
[INFO] [stderr]     Finished `dev` profile [unoptimized + debuginfo] target(s) in 0.02s
[INFO] running `Command { std: "docker" "inspect" "4f7545da14de3169d2aa5c8d06978f17b065a3a4e51b5c0cdef703032a3aa21d", kill_on_drop: false }`
[INFO] running `Command { std: "docker" "rm" "-f" "4f7545da14de3169d2aa5c8d06978f17b065a3a4e51b5c0cdef703032a3aa21d", kill_on_drop: false }`
[INFO] [stdout] 4f7545da14de3169d2aa5c8d06978f17b065a3a4e51b5c0cdef703032a3aa21d
[INFO] running `Command { std: "docker" "create" "-v" "/var/lib/crater-agent-workspace/builds/worker-7-tc1/target:/opt/rustwide/target:rw,Z" "-v" "/var/lib/crater-agent-workspace/builds/worker-7-tc1/source:/opt/rustwide/workdir:ro,Z" "-v" "/var/lib/crater-agent-workspace/cargo-home:/opt/rustwide/cargo-home:ro,Z" "-v" "/var/lib/crater-agent-workspace/rustup-home:/opt/rustwide/rustup-home:ro,Z" "-e" "SOURCE_DIR=/opt/rustwide/workdir" "-e" "CARGO_TARGET_DIR=/opt/rustwide/target" "-e" "CARGO_INCREMENTAL=0" "-e" "RUST_BACKTRACE=full" "-e" "RUSTFLAGS=--cap-lints=forbid" "-e" "RUSTDOCFLAGS=--cap-lints=forbid" "-e" "CARGO_HOME=/opt/rustwide/cargo-home" "-e" "RUSTUP_HOME=/opt/rustwide/rustup-home" "-w" "/opt/rustwide/workdir" "-m" "1610612736" "--user" "0:0" "--network" "none" "ghcr.io/rust-lang/crates-build-env/linux@sha256:4a844ea9eb2546a2d2c7022eacef16ef2e8229c7fbb2c7d4d55a9ceca922f72d" "/opt/rustwide/cargo-home/bin/cargo" "+nightly-2024-10-28" "test" "--frozen" "--no-run" "--message-format=json", kill_on_drop: false }`
[INFO] [stdout] d14c8c1e7f1ab503ef61499f89bafc72097a04d18ea0e8673b080fc984702f53
[INFO] running `Command { std: "docker" "start" "-a" "d14c8c1e7f1ab503ef61499f89bafc72097a04d18ea0e8673b080fc984702f53", kill_on_drop: false }`
[INFO] [stderr]    Compiling simple-dmenu v0.1.0 (/opt/rustwide/workdir)
[INFO] [stderr]     Finished `test` profile [unoptimized + debuginfo] target(s) in 0.07s
[INFO] running `Command { std: "docker" "inspect" "d14c8c1e7f1ab503ef61499f89bafc72097a04d18ea0e8673b080fc984702f53", kill_on_drop: false }`
[INFO] running `Command { std: "docker" "rm" "-f" "d14c8c1e7f1ab503ef61499f89bafc72097a04d18ea0e8673b080fc984702f53", kill_on_drop: false }`
[INFO] [stdout] d14c8c1e7f1ab503ef61499f89bafc72097a04d18ea0e8673b080fc984702f53
[INFO] running `Command { std: "docker" "create" "-v" "/var/lib/crater-agent-workspace/builds/worker-7-tc1/target:/opt/rustwide/target:rw,Z" "-v" "/var/lib/crater-agent-workspace/builds/worker-7-tc1/source:/opt/rustwide/workdir:ro,Z" "-v" "/var/lib/crater-agent-workspace/cargo-home:/opt/rustwide/cargo-home:ro,Z" "-v" "/var/lib/crater-agent-workspace/rustup-home:/opt/rustwide/rustup-home:ro,Z" "-e" "SOURCE_DIR=/opt/rustwide/workdir" "-e" "CARGO_TARGET_DIR=/opt/rustwide/target" "-e" "CARGO_INCREMENTAL=0" "-e" "RUST_BACKTRACE=full" "-e" "RUSTFLAGS=--cap-lints=forbid" "-e" "RUSTDOCFLAGS=--cap-lints=forbid" "-e" "CARGO_HOME=/opt/rustwide/cargo-home" "-e" "RUSTUP_HOME=/opt/rustwide/rustup-home" "-w" "/opt/rustwide/workdir" "-m" "1610612736" "--user" "0:0" "--network" "none" "ghcr.io/rust-lang/crates-build-env/linux@sha256:4a844ea9eb2546a2d2c7022eacef16ef2e8229c7fbb2c7d4d55a9ceca922f72d" "/opt/rustwide/cargo-home/bin/cargo" "+nightly-2024-10-28" "test" "--frozen", kill_on_drop: false }`
[INFO] [stdout] 91149a5520962126f6a6061301e6ad48d26ba8da94dbedef380931d952c69fe3
[INFO] running `Command { std: "docker" "start" "-a" "91149a5520962126f6a6061301e6ad48d26ba8da94dbedef380931d952c69fe3", kill_on_drop: false }`
[INFO] [stderr]     Finished `test` profile [unoptimized + debuginfo] target(s) in 0.00s
[INFO] [stderr]      Running unittests src/lib.rs (/opt/rustwide/target/debug/deps/simple_dmenu-4e32fee7e9dc6daf)
[INFO] [stdout] 
[INFO] [stdout] running 0 tests
[INFO] [stdout] 
[INFO] [stdout] test result: ok. 0 passed; 0 failed; 0 ignored; 0 measured; 0 filtered out; finished in 0.00s
[INFO] [stdout] 
[INFO] [stderr]    Doc-tests simple_dmenu
[INFO] [stdout] 
[INFO] [stdout] running 6 tests
[INFO] [stdout] test src/lib.rs - dmenu (line 62) ... FAILED
[INFO] [stdout] test src/lib.rs - dmenu (line 52) ... FAILED
[INFO] [stdout] test src/lib.rs - dmenu (line 7) ... FAILED
[INFO] [stdout] test src/lib.rs - dmenu (line 42) ... FAILED
[INFO] [stdout] test src/lib.rs - dmenu (line 29) ... FAILED
[INFO] [stdout] test src/lib.rs - dmenu (line 18) ... FAILED
[INFO] [stdout] 
[INFO] [stdout] failures:
[INFO] [stdout] 
[INFO] [stdout] ---- src/lib.rs - dmenu (line 62) stdout ----
[INFO] [stdout] error: cannot find macro `dmenu` in this scope
[INFO] [stdout]  --> src/lib.rs:65:14
[INFO] [stdout]   |
[INFO] [stdout] 5 | let output = dmenu!(args
[INFO] [stdout]   |              ^^^^^
[INFO] [stdout]   |
[INFO] [stdout] help: consider importing this macro
[INFO] [stdout]   |
[INFO] [stdout] 4 + use simple_dmenu::dmenu;
[INFO] [stdout]   |
[INFO] [stdout] 
[INFO] [stdout] error: aborting due to 1 previous error
[INFO] [stdout] 
[INFO] [stdout] Couldn't compile the test.
[INFO] [stdout] ---- src/lib.rs - dmenu (line 52) stdout ----
[INFO] [stdout] error: cannot find macro `dmenu` in this scope
[INFO] [stdout]  --> src/lib.rs:55:14
[INFO] [stdout]   |
[INFO] [stdout] 5 | let output = dmenu!(stringify 1, 2, 3; args "-p", "Choose a number", "-l", "3");
[INFO] [stdout]   |              ^^^^^
[INFO] [stdout]   |
[INFO] [stdout] help: consider importing this macro
[INFO] [stdout]   |
[INFO] [stdout] 4 + use simple_dmenu::dmenu;
[INFO] [stdout]   |
[INFO] [stdout] 
[INFO] [stdout] error: aborting due to 1 previous error
[INFO] [stdout] 
[INFO] [stdout] Couldn't compile the test.
[INFO] [stdout] ---- src/lib.rs - dmenu (line 7) stdout ----
[INFO] [stdout] error: cannot find macro `dmenu` in this scope
[INFO] [stdout]  --> src/lib.rs:10:14
[INFO] [stdout]   |
[INFO] [stdout] 5 | let output = dmenu!("1", "2", "3");
[INFO] [stdout]   |              ^^^^^
[INFO] [stdout]   |
[INFO] [stdout] help: consider importing this macro
[INFO] [stdout]   |
[INFO] [stdout] 4 + use simple_dmenu::dmenu;
[INFO] [stdout]   |
[INFO] [stdout] 
[INFO] [stdout] error: aborting due to 1 previous error
[INFO] [stdout] 
[INFO] [stdout] Couldn't compile the test.
[INFO] [stdout] ---- src/lib.rs - dmenu (line 42) stdout ----
[INFO] [stdout] error: cannot find macro `dmenu` in this scope
[INFO] [stdout]  --> src/lib.rs:45:16
[INFO] [stdout]   |
[INFO] [stdout] 5 | let username = dmenu!(prompt "What's your name?");
[INFO] [stdout]   |                ^^^^^
[INFO] [stdout]   |
[INFO] [stdout] help: consider importing this macro
[INFO] [stdout]   |
[INFO] [stdout] 4 + use simple_dmenu::dmenu;
[INFO] [stdout]   |
[INFO] [stdout] 
[INFO] [stdout] error: aborting due to 1 previous error
[INFO] [stdout] 
[INFO] [stdout] Couldn't compile the test.
[INFO] [stdout] ---- src/lib.rs - dmenu (line 29) stdout ----
[INFO] [stdout] error: cannot find macro `dmenu` in this scope
[INFO] [stdout]  --> src/lib.rs:35:14
[INFO] [stdout]   |
[INFO] [stdout] 8 | let output = dmenu!(iter a);
[INFO] [stdout]   |              ^^^^^
[INFO] [stdout]   |
[INFO] [stdout] help: consider importing this macro
[INFO] [stdout]   |
[INFO] [stdout] 4 + use simple_dmenu::dmenu;
[INFO] [stdout]   |
[INFO] [stdout] 
[INFO] [stdout] error: aborting due to 1 previous error
[INFO] [stdout] 
[INFO] [stdout] Couldn't compile the test.
[INFO] [stdout] ---- src/lib.rs - dmenu (line 18) stdout ----
[INFO] [stdout] error: cannot find macro `dmenu` in this scope
[INFO] [stdout]  --> src/lib.rs:21:14
[INFO] [stdout]   |
[INFO] [stdout] 5 | let output = dmenu!(stringify 1, 2, 3);
[INFO] [stdout]   |              ^^^^^
[INFO] [stdout]   |
[INFO] [stdout] help: consider importing this macro
[INFO] [stdout]   |
[INFO] [stdout] 4 + use simple_dmenu::dmenu;
[INFO] [stdout]   |
[INFO] [stdout] 
[INFO] [stdout] error: aborting due to 1 previous error
[INFO] [stdout] 
[INFO] [stdout] Couldn't compile the test.
[INFO] [stdout] 
[INFO] [stdout] failures:
[INFO] [stdout]     src/lib.rs - dmenu (line 18)
[INFO] [stdout]     src/lib.rs - dmenu (line 29)
[INFO] [stdout]     src/lib.rs - dmenu (line 42)
[INFO] [stdout]     src/lib.rs - dmenu (line 52)
[INFO] [stdout]     src/lib.rs - dmenu (line 62)
[INFO] [stdout]     src/lib.rs - dmenu (line 7)
[INFO] [stdout] 
[INFO] [stdout] test result: FAILED. 0 passed; 6 failed; 0 ignored; 0 measured; 0 filtered out; finished in 0.04s
[INFO] [stdout] 
[INFO] [stderr] error: doctest failed, to rerun pass `--doc`
[INFO] running `Command { std: "docker" "inspect" "91149a5520962126f6a6061301e6ad48d26ba8da94dbedef380931d952c69fe3", kill_on_drop: false }`
[INFO] running `Command { std: "docker" "rm" "-f" "91149a5520962126f6a6061301e6ad48d26ba8da94dbedef380931d952c69fe3", kill_on_drop: false }`
[INFO] [stdout] 91149a5520962126f6a6061301e6ad48d26ba8da94dbedef380931d952c69fe3
