[INFO] fetching crate simple-cmd 0.0.19...
[INFO] testing simple-cmd-0.0.19 against nightly-2024-10-28+rustflags=-Zrandomize-layout for randomize-layout
[INFO] extracting crate simple-cmd 0.0.19 into /workspace/builds/worker-6-tc2/source
[INFO] validating manifest of crates.io crate simple-cmd 0.0.19 on toolchain nightly-2024-10-28
[INFO] running `Command { std: CARGO_HOME="/workspace/cargo-home" RUSTUP_HOME="/workspace/rustup-home" "/workspace/cargo-home/bin/cargo" "+nightly-2024-10-28" "metadata" "--manifest-path" "Cargo.toml" "--no-deps", kill_on_drop: false }`
[INFO] started tweaking crates.io crate simple-cmd 0.0.19
[INFO] finished tweaking crates.io crate simple-cmd 0.0.19
[INFO] tweaked toml for crates.io crate simple-cmd 0.0.19 written to /workspace/builds/worker-6-tc2/source/Cargo.toml
[INFO] running `Command { std: CARGO_HOME="/workspace/cargo-home" RUSTUP_HOME="/workspace/rustup-home" "/workspace/cargo-home/bin/cargo" "+nightly-2024-10-28" "generate-lockfile" "--manifest-path" "Cargo.toml", kill_on_drop: false }`
[INFO] [stderr]     Updating crates.io index
[INFO] [stderr]      Locking 72 packages to latest compatible versions
[INFO] [stderr]       Adding simple_logger v4.3.3 (available: v5.0.0)
[INFO] running `Command { std: CARGO_HOME="/workspace/cargo-home" RUSTUP_HOME="/workspace/rustup-home" "/workspace/cargo-home/bin/cargo" "+nightly-2024-10-28" "fetch" "--manifest-path" "Cargo.toml", kill_on_drop: false }`
[INFO] running `Command { std: "docker" "create" "-v" "/var/lib/crater-agent-workspace/builds/worker-6-tc2/target:/opt/rustwide/target:rw,Z" "-v" "/var/lib/crater-agent-workspace/builds/worker-6-tc2/source:/opt/rustwide/workdir:ro,Z" "-v" "/var/lib/crater-agent-workspace/cargo-home:/opt/rustwide/cargo-home:ro,Z" "-v" "/var/lib/crater-agent-workspace/rustup-home:/opt/rustwide/rustup-home:ro,Z" "-e" "SOURCE_DIR=/opt/rustwide/workdir" "-e" "CARGO_TARGET_DIR=/opt/rustwide/target" "-e" "CARGO_HOME=/opt/rustwide/cargo-home" "-e" "RUSTUP_HOME=/opt/rustwide/rustup-home" "-w" "/opt/rustwide/workdir" "-m" "1610612736" "--user" "0:0" "--network" "none" "ghcr.io/rust-lang/crates-build-env/linux@sha256:4a844ea9eb2546a2d2c7022eacef16ef2e8229c7fbb2c7d4d55a9ceca922f72d" "/opt/rustwide/cargo-home/bin/cargo" "+nightly-2024-10-28" "metadata" "--no-deps" "--format-version=1", kill_on_drop: false }`
[INFO] [stdout] f8fa1a5a4e467ecbc37de71afd34162714b9573507a4a9841acf9700eeb16569
[INFO] running `Command { std: "docker" "start" "-a" "f8fa1a5a4e467ecbc37de71afd34162714b9573507a4a9841acf9700eeb16569", kill_on_drop: false }`
[INFO] running `Command { std: "docker" "inspect" "f8fa1a5a4e467ecbc37de71afd34162714b9573507a4a9841acf9700eeb16569", kill_on_drop: false }`
[INFO] running `Command { std: "docker" "rm" "-f" "f8fa1a5a4e467ecbc37de71afd34162714b9573507a4a9841acf9700eeb16569", kill_on_drop: false }`
[INFO] [stdout] f8fa1a5a4e467ecbc37de71afd34162714b9573507a4a9841acf9700eeb16569
[INFO] running `Command { std: "docker" "create" "-v" "/var/lib/crater-agent-workspace/builds/worker-6-tc2/target:/opt/rustwide/target:rw,Z" "-v" "/var/lib/crater-agent-workspace/builds/worker-6-tc2/source:/opt/rustwide/workdir:ro,Z" "-v" "/var/lib/crater-agent-workspace/cargo-home:/opt/rustwide/cargo-home:ro,Z" "-v" "/var/lib/crater-agent-workspace/rustup-home:/opt/rustwide/rustup-home:ro,Z" "-e" "SOURCE_DIR=/opt/rustwide/workdir" "-e" "CARGO_TARGET_DIR=/opt/rustwide/target" "-e" "CARGO_INCREMENTAL=0" "-e" "RUST_BACKTRACE=full" "-e" "RUSTFLAGS=--cap-lints=forbid -Zrandomize-layout" "-e" "RUSTDOCFLAGS=--cap-lints=forbid" "-e" "CARGO_HOME=/opt/rustwide/cargo-home" "-e" "RUSTUP_HOME=/opt/rustwide/rustup-home" "-w" "/opt/rustwide/workdir" "-m" "1610612736" "--user" "0:0" "--network" "none" "ghcr.io/rust-lang/crates-build-env/linux@sha256:4a844ea9eb2546a2d2c7022eacef16ef2e8229c7fbb2c7d4d55a9ceca922f72d" "/opt/rustwide/cargo-home/bin/cargo" "+nightly-2024-10-28" "build" "--frozen" "--message-format=json", kill_on_drop: false }`
[INFO] [stdout] 1d2b55f72afd3f3ef735ed13914046fc6c129a8e05db26fa049c0ca998eeaeda
[INFO] running `Command { std: "docker" "start" "-a" "1d2b55f72afd3f3ef735ed13914046fc6c129a8e05db26fa049c0ca998eeaeda", kill_on_drop: false }`
[INFO] [stderr]    Compiling crossbeam-utils v0.8.20
[INFO] [stderr]    Compiling libc v0.2.161
[INFO] [stderr]    Compiling signal-hook v0.3.17
[INFO] [stderr]    Compiling tracing-core v0.1.32
[INFO] [stderr]    Compiling syn v2.0.86
[INFO] [stderr]    Compiling crossbeam-epoch v0.9.18
[INFO] [stderr]    Compiling crossbeam-channel v0.5.13
[INFO] [stderr]    Compiling crossbeam-queue v0.3.11
[INFO] [stderr]    Compiling crossbeam-deque v0.8.5
[INFO] [stderr]    Compiling signal-hook-registry v1.4.2
[INFO] [stderr]    Compiling crossbeam v0.8.4
[INFO] [stderr]    Compiling thiserror-impl v1.0.66
[INFO] [stderr]    Compiling tracing-attributes v0.1.27
[INFO] [stderr]    Compiling thiserror v1.0.66
[INFO] [stderr]    Compiling tracing v0.1.40
[INFO] [stderr]    Compiling simple-cmd v0.0.19 (/opt/rustwide/workdir)
[INFO] [stdout] warning: trait `OutputResult` is never used
[INFO] [stdout]   --> src/lib.rs:55:18
[INFO] [stdout]    |
[INFO] [stdout] 55 | pub(crate) trait OutputResult {
[INFO] [stdout]    |                  ^^^^^^^^^^^^
[INFO] [stdout]    |
[INFO] [stdout]    = note: `#[warn(dead_code)]` on by default
[INFO] [stdout] 
[INFO] [stdout] 
[INFO] [stderr]     Finished `dev` profile [unoptimized + debuginfo] target(s) in 3.68s
[INFO] running `Command { std: "docker" "inspect" "1d2b55f72afd3f3ef735ed13914046fc6c129a8e05db26fa049c0ca998eeaeda", kill_on_drop: false }`
[INFO] running `Command { std: "docker" "rm" "-f" "1d2b55f72afd3f3ef735ed13914046fc6c129a8e05db26fa049c0ca998eeaeda", kill_on_drop: false }`
[INFO] [stdout] 1d2b55f72afd3f3ef735ed13914046fc6c129a8e05db26fa049c0ca998eeaeda
[INFO] running `Command { std: "docker" "create" "-v" "/var/lib/crater-agent-workspace/builds/worker-6-tc2/target:/opt/rustwide/target:rw,Z" "-v" "/var/lib/crater-agent-workspace/builds/worker-6-tc2/source:/opt/rustwide/workdir:ro,Z" "-v" "/var/lib/crater-agent-workspace/cargo-home:/opt/rustwide/cargo-home:ro,Z" "-v" "/var/lib/crater-agent-workspace/rustup-home:/opt/rustwide/rustup-home:ro,Z" "-e" "SOURCE_DIR=/opt/rustwide/workdir" "-e" "CARGO_TARGET_DIR=/opt/rustwide/target" "-e" "CARGO_INCREMENTAL=0" "-e" "RUST_BACKTRACE=full" "-e" "RUSTFLAGS=--cap-lints=forbid -Zrandomize-layout" "-e" "RUSTDOCFLAGS=--cap-lints=forbid" "-e" "CARGO_HOME=/opt/rustwide/cargo-home" "-e" "RUSTUP_HOME=/opt/rustwide/rustup-home" "-w" "/opt/rustwide/workdir" "-m" "1610612736" "--user" "0:0" "--network" "none" "ghcr.io/rust-lang/crates-build-env/linux@sha256:4a844ea9eb2546a2d2c7022eacef16ef2e8229c7fbb2c7d4d55a9ceca922f72d" "/opt/rustwide/cargo-home/bin/cargo" "+nightly-2024-10-28" "test" "--frozen" "--no-run" "--message-format=json", kill_on_drop: false }`
[INFO] [stdout] 875c4b8394c4a0d51cd00f08d52996ebde743dbc2faecd567fe607e8ca771bda
[INFO] running `Command { std: "docker" "start" "-a" "875c4b8394c4a0d51cd00f08d52996ebde743dbc2faecd567fe607e8ca771bda", kill_on_drop: false }`
[INFO] [stderr]    Compiling cfg_aliases v0.2.1
[INFO] [stderr]    Compiling tracing-core v0.1.32
[INFO] [stderr]    Compiling time-macros v0.2.18
[INFO] [stderr]    Compiling colored v2.1.0
[INFO] [stderr]    Compiling signal-hook v0.3.17
[INFO] [stderr]    Compiling nix v0.29.0
[INFO] [stderr]    Compiling tracing v0.1.40
[INFO] [stderr]    Compiling tracing-log v0.2.0
[INFO] [stderr]    Compiling tracing-subscriber v0.3.18
[INFO] [stderr]    Compiling simple-cmd v0.0.19 (/opt/rustwide/workdir)
[INFO] [stdout] warning: trait `OutputResult` is never used
[INFO] [stdout]   --> src/lib.rs:55:18
[INFO] [stdout]    |
[INFO] [stdout] 55 | pub(crate) trait OutputResult {
[INFO] [stdout]    |                  ^^^^^^^^^^^^
[INFO] [stdout]    |
[INFO] [stdout]    = note: `#[warn(dead_code)]` on by default
[INFO] [stdout] 
[INFO] [stdout] 
[INFO] [stderr]    Compiling time v0.3.36
[INFO] [stderr]    Compiling ctrlc v3.4.5
[INFO] [stderr]    Compiling simple_logger v4.3.3
[INFO] [stdout] warning: trait `OutputResult` is never used
[INFO] [stdout]   --> src/lib.rs:55:18
[INFO] [stdout]    |
[INFO] [stdout] 55 | pub(crate) trait OutputResult {
[INFO] [stdout]    |                  ^^^^^^^^^^^^
[INFO] [stdout]    |
[INFO] [stdout]    = note: `#[warn(dead_code)]` on by default
[INFO] [stdout] 
[INFO] [stdout] 
[INFO] [stderr]     Finished `test` profile [unoptimized + debuginfo] target(s) in 2.38s
[INFO] running `Command { std: "docker" "inspect" "875c4b8394c4a0d51cd00f08d52996ebde743dbc2faecd567fe607e8ca771bda", kill_on_drop: false }`
[INFO] running `Command { std: "docker" "rm" "-f" "875c4b8394c4a0d51cd00f08d52996ebde743dbc2faecd567fe607e8ca771bda", kill_on_drop: false }`
[INFO] [stdout] 875c4b8394c4a0d51cd00f08d52996ebde743dbc2faecd567fe607e8ca771bda
[INFO] running `Command { std: "docker" "create" "-v" "/var/lib/crater-agent-workspace/builds/worker-6-tc2/target:/opt/rustwide/target:rw,Z" "-v" "/var/lib/crater-agent-workspace/builds/worker-6-tc2/source:/opt/rustwide/workdir:ro,Z" "-v" "/var/lib/crater-agent-workspace/cargo-home:/opt/rustwide/cargo-home:ro,Z" "-v" "/var/lib/crater-agent-workspace/rustup-home:/opt/rustwide/rustup-home:ro,Z" "-e" "SOURCE_DIR=/opt/rustwide/workdir" "-e" "CARGO_TARGET_DIR=/opt/rustwide/target" "-e" "CARGO_INCREMENTAL=0" "-e" "RUST_BACKTRACE=full" "-e" "RUSTFLAGS=--cap-lints=forbid -Zrandomize-layout" "-e" "RUSTDOCFLAGS=--cap-lints=forbid" "-e" "CARGO_HOME=/opt/rustwide/cargo-home" "-e" "RUSTUP_HOME=/opt/rustwide/rustup-home" "-w" "/opt/rustwide/workdir" "-m" "1610612736" "--user" "0:0" "--network" "none" "ghcr.io/rust-lang/crates-build-env/linux@sha256:4a844ea9eb2546a2d2c7022eacef16ef2e8229c7fbb2c7d4d55a9ceca922f72d" "/opt/rustwide/cargo-home/bin/cargo" "+nightly-2024-10-28" "test" "--frozen", kill_on_drop: false }`
[INFO] [stdout] 265a5f1c9f08fc17b34f529e927b104e40fec0a88927b4eadc55cc16a4f9c22c
[INFO] running `Command { std: "docker" "start" "-a" "265a5f1c9f08fc17b34f529e927b104e40fec0a88927b4eadc55cc16a4f9c22c", kill_on_drop: false }`
[INFO] [stderr] warning: trait `OutputResult` is never used
[INFO] [stderr]   --> src/lib.rs:55:18
[INFO] [stderr]    |
[INFO] [stderr] 55 | pub(crate) trait OutputResult {
[INFO] [stderr]    |                  ^^^^^^^^^^^^
[INFO] [stderr]    |
[INFO] [stderr]    = note: `#[warn(dead_code)]` on by default
[INFO] [stderr] 
[INFO] [stderr] warning: `simple-cmd` (lib) generated 1 warning
[INFO] [stderr] warning: `simple-cmd` (lib test) generated 1 warning (1 duplicate)
[INFO] [stderr]     Finished `test` profile [unoptimized + debuginfo] target(s) in 0.03s
[INFO] [stderr]      Running unittests src/lib.rs (/opt/rustwide/target/debug/deps/simple_cmd-492a44ad92f9a53e)
[INFO] [stdout] 
[INFO] [stdout] running 9 tests
[INFO] [stdout] [2m2024-11-01T15:11:27.643905Z[0m [35mTRACE[0m test::tests::test_error [2msimple_cmd::debug[0m[2m:[0m Executing `sleep 2`...
[INFO] [stdout] [2m2024-11-01T15:11:27.644012Z[0m [35mTRACE[0m test::tests::test_current_dir [2msimple_cmd::debug[0m[2m:[0m Executing `ls -la`...
[INFO] [stdout] [2m2024-11-01T15:11:27.644025Z[0m [35mTRACE[0m        test::tests::test_pipe [2msimple_cmd::impls[0m[2m:[0m Executing `echo hello pretty world | sed s/pretty/_/`...
[INFO] [stdout] [2m2024-11-01T15:11:27.644105Z[0m [35mTRACE[0m test::tests::test_cancel_signal [2msimple_cmd::debug[0m[2m:[0m Executing `sleep 2`...
[INFO] [stdout] [2m2024-11-01T15:11:27.644268Z[0m [35mTRACE[0m        test::tests::test_simple [2msimple_cmd::debug[0m[2m:[0m Executing `ls `...
[INFO] [stdout] test test::tests::test_cmd_to_string ... ok
[INFO] [stdout] [2m2024-11-01T15:11:27.644767Z[0m [35mTRACE[0m         test::tests::test_sleep [2msimple_cmd::debug[0m[2m:[0m Executing `sleep 1`...
[INFO] [stdout] [2m2024-11-01T15:11:27.644932Z[0m [35mTRACE[0m    test::tests::test_to_command [2msimple_cmd::debug[0m[2m:[0m Executing `sleep 1`...
[INFO] [stdout] [2m2024-11-01T15:11:27.645944Z[0m [35mTRACE[0m ThreadId(16) [2msimple_cmd::test::tests[0m[2m:[0m cmd 1 done
[INFO] [stdout] [2m2024-11-01T15:11:27.645994Z[0m [35mTRACE[0m ThreadId(17) [2msimple_cmd::test::tests[0m[2m:[0m cmd 2 done
[INFO] [stdout] [2m2024-11-01T15:11:27.646275Z[0m [35mTRACE[0m ThreadId(16) [2msimple_cmd::test::tests[0m[2m:[0m cmd 3 done
[INFO] [stdout] [2m2024-11-01T15:11:27.646400Z[0m [35mTRACE[0m        test::tests::test_simple [2msimple_cmd::test::tests[0m[2m:[0m output: Output {
[INFO] [stdout]     status: ExitStatus(
[INFO] [stdout]         unix_wait_status(
[INFO] [stdout]             0,
[INFO] [stdout]         ),
[INFO] [stdout]     ),
[INFO] [stdout]     stdout: "Cargo.lock\nCargo.toml\nCargo.toml.orig\nREADME.md\njustfile\nsrc\n",
[INFO] [stdout]     stderr: "",
[INFO] [stdout] }
[INFO] [stdout] [2m2024-11-01T15:11:27.646442Z[0m [35mTRACE[0m ThreadId(17) [2msimple_cmd::test::tests[0m[2m:[0m cmd 4 done
[INFO] [stdout] [2m2024-11-01T15:11:27.646489Z[0m [35mTRACE[0m           test::tests::test_run [2msimple_cmd::test::tests[0m[2m:[0m done in 1ms
[INFO] [stdout] test test::tests::test_simple ... ok
[INFO] [stdout] test test::tests::test_pipe ... ok
[INFO] [stdout] test test::tests::test_run ... ok
[INFO] [stdout] test test::tests::test_current_dir ... FAILED
[INFO] [stdout] [2m2024-11-01T15:11:27.744851Z[0m [33m WARN[0m                        cmd_wait [2msimple_cmd::impls[0m[2m:[0m timeout!
[INFO] [stdout] [2m2024-11-01T15:11:27.745171Z[0m [35mTRACE[0m         test::tests::test_sleep [2msimple_cmd::test::tests[0m[2m:[0m output: Output {
[INFO] [stdout]     status: ExitStatus(
[INFO] [stdout]         unix_wait_status(
[INFO] [stdout]             9,
[INFO] [stdout]         ),
[INFO] [stdout]     ),
[INFO] [stdout]     stdout: "",
[INFO] [stdout]     stderr: "",
[INFO] [stdout] }
[INFO] [stdout] test test::tests::test_sleep ... ok
[INFO] [stdout] [2m2024-11-01T15:11:28.643995Z[0m [33m WARN[0m                        cmd_wait [2msimple_cmd::impls[0m[2m:[0m timeout!
[INFO] [stdout] [2m2024-11-01T15:11:28.644231Z[0m [35mTRACE[0m ThreadId(07) [2msimple_cmd::test::tests[0m[2m:[0m sending CTRL+C signal...
[INFO] [stdout] [2m2024-11-01T15:11:28.644373Z[0m [33m WARN[0m                        cmd_wait [2msimple_cmd::impls[0m[2m:[0m ctrl+c received
[INFO] [stdout] test test::tests::test_error ... ok
[INFO] [stdout] [2m2024-11-01T15:11:28.644727Z[0m [35mTRACE[0m test::tests::test_cancel_signal [2msimple_cmd::test::tests[0m[2m:[0m output: Output {
[INFO] [stdout]     status: ExitStatus(
[INFO] [stdout]         unix_wait_status(
[INFO] [stdout]             9,
[INFO] [stdout]         ),
[INFO] [stdout]     ),
[INFO] [stdout]     stdout: "",
[INFO] [stdout]     stderr: "",
[INFO] [stdout] }
[INFO] [stdout] test test::tests::test_cancel_signal ... ok
[INFO] [stdout] test test::tests::test_to_command ... ok
[INFO] [stdout] 
[INFO] [stdout] failures:
[INFO] [stdout] 
[INFO] [stdout] ---- test::tests::test_current_dir stdout ----
[INFO] [stdout] thread 'test::tests::test_current_dir' panicked at src/impls.rs:255:41:
[INFO] [stdout] called `Result::unwrap()` on an `Err` value: Os { code: 2, kind: NotFound, message: "No such file or directory" }
[INFO] [stdout] stack backtrace:
[INFO] [stdout]    0:     0x6122a120db1a - std::backtrace_rs::backtrace::libunwind::trace::h207520d6e9873551
[INFO] [stdout]                                at /rustc/df4ca44d3fbc9301ee17f30f4d474e6ae4b05252/library/std/src/../../backtrace/src/backtrace/libunwind.rs:116:5
[INFO] [stdout]    1:     0x6122a120db1a - std::backtrace_rs::backtrace::trace_unsynchronized::h2ed7433f370e3eca
[INFO] [stdout]                                at /rustc/df4ca44d3fbc9301ee17f30f4d474e6ae4b05252/library/std/src/../../backtrace/src/backtrace/mod.rs:66:5
[INFO] [stdout]    2:     0x6122a120db1a - std::sys::backtrace::_print_fmt::h916fac51166b18d7
[INFO] [stdout]                                at /rustc/df4ca44d3fbc9301ee17f30f4d474e6ae4b05252/library/std/src/sys/backtrace.rs:66:9
[INFO] [stdout]    3:     0x6122a120db1a - <std::sys::backtrace::BacktraceLock::print::DisplayBacktrace as core::fmt::Display>::fmt::ha0a4c9b8ce3802e6
[INFO] [stdout]                                at /rustc/df4ca44d3fbc9301ee17f30f4d474e6ae4b05252/library/std/src/sys/backtrace.rs:39:26
[INFO] [stdout]    4:     0x6122a1235243 - core::fmt::rt::Argument::fmt::h4cfc8587d52b3eb5
[INFO] [stdout]                                at /rustc/df4ca44d3fbc9301ee17f30f4d474e6ae4b05252/library/core/src/fmt/rt.rs:177:76
[INFO] [stdout]    5:     0x6122a1235243 - core::fmt::write::h522cc39e5b36ae9f
[INFO] [stdout]                                at /rustc/df4ca44d3fbc9301ee17f30f4d474e6ae4b05252/library/core/src/fmt/mod.rs:1190:21
[INFO] [stdout]    6:     0x6122a120a143 - std::io::Write::write_fmt::h7d3c26752da97734
[INFO] [stdout]                                at /rustc/df4ca44d3fbc9301ee17f30f4d474e6ae4b05252/library/std/src/io/mod.rs:1839:15
[INFO] [stdout]    7:     0x6122a120d962 - std::sys::backtrace::BacktraceLock::print::h4b9e00b29e9c0942
[INFO] [stdout]                                at /rustc/df4ca44d3fbc9301ee17f30f4d474e6ae4b05252/library/std/src/sys/backtrace.rs:42:9
[INFO] [stdout]    8:     0x6122a120efaa - std::panicking::default_hook::{{closure}}::hb59b88280d0324d9
[INFO] [stdout]                                at /rustc/df4ca44d3fbc9301ee17f30f4d474e6ae4b05252/library/std/src/panicking.rs:268:22
[INFO] [stdout]    9:     0x6122a120edb4 - std::panicking::default_hook::he1dd496665be4a29
[INFO] [stdout]                                at /rustc/df4ca44d3fbc9301ee17f30f4d474e6ae4b05252/library/std/src/panicking.rs:292:9
[INFO] [stdout]   10:     0x6122a11bd6d9 - <alloc::boxed::Box<F,A> as core::ops::function::Fn<Args>>::call::h4ff71de18744e1dc
[INFO] [stdout]                                at /rustc/df4ca44d3fbc9301ee17f30f4d474e6ae4b05252/library/alloc/src/boxed.rs:2468:9
[INFO] [stdout]   11:     0x6122a11bd6d9 - test::test_main::{{closure}}::hcf7c055ce117aa81
[INFO] [stdout]                                at /rustc/df4ca44d3fbc9301ee17f30f4d474e6ae4b05252/library/test/src/lib.rs:133:21
[INFO] [stdout]   12:     0x6122a120f6a8 - <alloc::boxed::Box<F,A> as core::ops::function::Fn<Args>>::call::h1d66c6bbd60c9692
[INFO] [stdout]                                at /rustc/df4ca44d3fbc9301ee17f30f4d474e6ae4b05252/library/alloc/src/boxed.rs:2468:9
[INFO] [stdout]   13:     0x6122a120f6a8 - std::panicking::rust_panic_with_hook::h2ff17fe8f26dfcf8
[INFO] [stdout]                                at /rustc/df4ca44d3fbc9301ee17f30f4d474e6ae4b05252/library/std/src/panicking.rs:809:13
[INFO] [stdout]   14:     0x6122a120f46a - std::panicking::begin_panic_handler::{{closure}}::h4fad77951c07e101
[INFO] [stdout]                                at /rustc/df4ca44d3fbc9301ee17f30f4d474e6ae4b05252/library/std/src/panicking.rs:674:13
[INFO] [stdout]   15:     0x6122a120dff9 - std::sys::backtrace::__rust_end_short_backtrace::hb1a25b3da5d0ea08
[INFO] [stdout]                                at /rustc/df4ca44d3fbc9301ee17f30f4d474e6ae4b05252/library/std/src/sys/backtrace.rs:170:18
[INFO] [stdout]   16:     0x6122a120f0fc - rust_begin_unwind
[INFO] [stdout]                                at /rustc/df4ca44d3fbc9301ee17f30f4d474e6ae4b05252/library/std/src/panicking.rs:665:5
[INFO] [stdout]   17:     0x6122a12333b0 - core::panicking::panic_fmt::ha9db07b529f9b256
[INFO] [stdout]                                at /rustc/df4ca44d3fbc9301ee17f30f4d474e6ae4b05252/library/core/src/panicking.rs:75:14
[INFO] [stdout]   18:     0x6122a12337f6 - core::result::unwrap_failed::h5e8218e4d4338b8a
[INFO] [stdout]                                at /rustc/df4ca44d3fbc9301ee17f30f4d474e6ae4b05252/library/core/src/result.rs:1698:5
[INFO] [stdout]   19:     0x6122a111c3fa - core::result::Result<T,E>::unwrap::hf62db068423de7b9
[INFO] [stdout]                                at /rustc/df4ca44d3fbc9301ee17f30f4d474e6ae4b05252/library/core/src/result.rs:1103:23
[INFO] [stdout]   20:     0x6122a111c3fa - simple_cmd::impls::<impl simple_cmd::Cmd>::wait_for_output::h6ee7e9dcfacdec24
[INFO] [stdout]                                at /opt/rustwide/workdir/src/impls.rs:255:19
[INFO] [stdout]   21:     0x6122a111c0ed - simple_cmd::impls::<impl simple_cmd::Cmd>::output::h1c760114aac2d8ea
[INFO] [stdout]                                at /opt/rustwide/workdir/src/impls.rs:242:3
[INFO] [stdout]   22:     0x6122a10e5558 - simple_cmd::test::tests::test_current_dir::h6e8ed94b1027c79f
[INFO] [stdout]                                at /opt/rustwide/workdir/src/test.rs:81:16
[INFO] [stdout]   23:     0x6122a10e52f7 - simple_cmd::test::tests::test_current_dir::{{closure}}::h3002d29dd44e173a
[INFO] [stdout]                                at /opt/rustwide/workdir/src/test.rs:73:23
[INFO] [stdout]   24:     0x6122a1114476 - core::ops::function::FnOnce::call_once::h68833df63ce24909
[INFO] [stdout]                                at /rustc/df4ca44d3fbc9301ee17f30f4d474e6ae4b05252/library/core/src/ops/function.rs:250:5
[INFO] [stdout]   25:     0x6122a11c1fab - core::ops::function::FnOnce::call_once::h22c3ba5715e93f05
[INFO] [stdout]                                at /rustc/df4ca44d3fbc9301ee17f30f4d474e6ae4b05252/library/core/src/ops/function.rs:250:5
[INFO] [stdout]   26:     0x6122a11c1fab - test::__rust_begin_short_backtrace::h8e82d8113d0da17f
[INFO] [stdout]                                at /rustc/df4ca44d3fbc9301ee17f30f4d474e6ae4b05252/library/test/src/lib.rs:621:18
[INFO] [stdout]   27:     0x6122a11c1927 - test::run_test_in_process::{{closure}}::h33235f4f20b7b7c7
[INFO] [stdout]                                at /rustc/df4ca44d3fbc9301ee17f30f4d474e6ae4b05252/library/test/src/lib.rs:644:60
[INFO] [stdout]   28:     0x6122a11c1927 - <core::panic::unwind_safe::AssertUnwindSafe<F> as core::ops::function::FnOnce<()>>::call_once::hb5043206310c586f
[INFO] [stdout]                                at /rustc/df4ca44d3fbc9301ee17f30f4d474e6ae4b05252/library/core/src/panic/unwind_safe.rs:272:9
[INFO] [stdout]   29:     0x6122a11c1927 - std::panicking::try::do_call::h9ad4731a60ab23e2
[INFO] [stdout]                                at /rustc/df4ca44d3fbc9301ee17f30f4d474e6ae4b05252/library/std/src/panicking.rs:557:40
[INFO] [stdout]   30:     0x6122a11c1927 - std::panicking::try::h3824d23db772a716
[INFO] [stdout]                                at /rustc/df4ca44d3fbc9301ee17f30f4d474e6ae4b05252/library/std/src/panicking.rs:520:19
[INFO] [stdout]   31:     0x6122a11c1927 - std::panic::catch_unwind::h5afd514605fde46b
[INFO] [stdout]                                at /rustc/df4ca44d3fbc9301ee17f30f4d474e6ae4b05252/library/std/src/panic.rs:358:14
[INFO] [stdout]   32:     0x6122a11c1927 - test::run_test_in_process::h0d5cbfa7067d1720
[INFO] [stdout]                                at /rustc/df4ca44d3fbc9301ee17f30f4d474e6ae4b05252/library/test/src/lib.rs:644:27
[INFO] [stdout]   33:     0x6122a11c1927 - test::run_test::{{closure}}::h708eb8872708115d
[INFO] [stdout]                                at /rustc/df4ca44d3fbc9301ee17f30f4d474e6ae4b05252/library/test/src/lib.rs:565:43
[INFO] [stdout]   34:     0x6122a1185044 - test::run_test::{{closure}}::h392c51cee94713ab
[INFO] [stdout]                                at /rustc/df4ca44d3fbc9301ee17f30f4d474e6ae4b05252/library/test/src/lib.rs:595:41
[INFO] [stdout]   35:     0x6122a1185044 - std::sys::backtrace::__rust_begin_short_backtrace::h2f40290710935a8b
[INFO] [stdout]                                at /rustc/df4ca44d3fbc9301ee17f30f4d474e6ae4b05252/library/std/src/sys/backtrace.rs:154:18
[INFO] [stdout]   36:     0x6122a11887ee - std::thread::Builder::spawn_unchecked_::{{closure}}::{{closure}}::h3fd968d89053a903
[INFO] [stdout]                                at /rustc/df4ca44d3fbc9301ee17f30f4d474e6ae4b05252/library/std/src/thread/mod.rs:541:17
[INFO] [stdout]   37:     0x6122a11887ee - <core::panic::unwind_safe::AssertUnwindSafe<F> as core::ops::function::FnOnce<()>>::call_once::h743f637ba4229880
[INFO] [stdout]                                at /rustc/df4ca44d3fbc9301ee17f30f4d474e6ae4b05252/library/core/src/panic/unwind_safe.rs:272:9
[INFO] [stdout]   38:     0x6122a11887ee - std::panicking::try::do_call::h07440897322525a6
[INFO] [stdout]                                at /rustc/df4ca44d3fbc9301ee17f30f4d474e6ae4b05252/library/std/src/panicking.rs:557:40
[INFO] [stdout]   39:     0x6122a11887ee - std::panicking::try::he5a2e00188156637
[INFO] [stdout]                                at /rustc/df4ca44d3fbc9301ee17f30f4d474e6ae4b05252/library/std/src/panicking.rs:520:19
[INFO] [stdout]   40:     0x6122a11887ee - std::panic::catch_unwind::hbaf3cae49b3c6433
[INFO] [stdout]                                at /rustc/df4ca44d3fbc9301ee17f30f4d474e6ae4b05252/library/std/src/panic.rs:358:14
[INFO] [stdout]   41:     0x6122a11887ee - std::thread::Builder::spawn_unchecked_::{{closure}}::h8e141ea224820bce
[INFO] [stdout]                                at /rustc/df4ca44d3fbc9301ee17f30f4d474e6ae4b05252/library/std/src/thread/mod.rs:540:30
[INFO] [stdout]   42:     0x6122a11887ee - core::ops::function::FnOnce::call_once{{vtable.shim}}::h90d312fedd7b8ea8
[INFO] [stdout]                                at /rustc/df4ca44d3fbc9301ee17f30f4d474e6ae4b05252/library/core/src/ops/function.rs:250:5
[INFO] [stdout]   43:     0x6122a12137bb - <alloc::boxed::Box<F,A> as core::ops::function::FnOnce<Args>>::call_once::h69aa08ddb6adb8b6
[INFO] [stdout]                                at /rustc/df4ca44d3fbc9301ee17f30f4d474e6ae4b05252/library/alloc/src/boxed.rs:2454:9
[INFO] [stdout]   44:     0x6122a12137bb - <alloc::boxed::Box<F,A> as core::ops::function::FnOnce<Args>>::call_once::h5aa36efdb79c806f
[INFO] [stdout]                                at /rustc/df4ca44d3fbc9301ee17f30f4d474e6ae4b05252/library/alloc/src/boxed.rs:2454:9
[INFO] [stdout]   45:     0x6122a12137bb - std::sys::pal::unix::thread::Thread::new::thread_start::h6cd80a1b4be5158d
[INFO] [stdout]                                at /rustc/df4ca44d3fbc9301ee17f30f4d474e6ae4b05252/library/std/src/sys/pal/unix/thread.rs:105:17
[INFO] [stdout]   46:     0x77c818ebbac3 - <unknown>
[INFO] [stdout]   47:     0x77c818f4ca04 - clone
[INFO] [stdout]   48:                0x0 - <unknown>
[INFO] [stdout] 
[INFO] [stdout] 
[INFO] [stdout] failures:
[INFO] [stdout]     test::tests::test_current_dir
[INFO] [stdout] 
[INFO] [stdout] test result: FAILED. 8 passed; 1 failed; 0 ignored; 0 measured; 0 filtered out; finished in 1.00s
[INFO] [stdout] 
[INFO] [stderr] error: test failed, to rerun pass `--lib`
[INFO] running `Command { std: "docker" "inspect" "265a5f1c9f08fc17b34f529e927b104e40fec0a88927b4eadc55cc16a4f9c22c", kill_on_drop: false }`
[INFO] running `Command { std: "docker" "rm" "-f" "265a5f1c9f08fc17b34f529e927b104e40fec0a88927b4eadc55cc16a4f9c22c", kill_on_drop: false }`
[INFO] [stdout] 265a5f1c9f08fc17b34f529e927b104e40fec0a88927b4eadc55cc16a4f9c22c
