[INFO] fetching crate simpl_actor_macros 0.2.7...
[INFO] testing simpl_actor_macros-0.2.7 against nightly-2024-10-28+rustflags=-Zrandomize-layout for randomize-layout
[INFO] extracting crate simpl_actor_macros 0.2.7 into /workspace/builds/worker-0-tc2/source
[INFO] validating manifest of crates.io crate simpl_actor_macros 0.2.7 on toolchain nightly-2024-10-28
[INFO] running `Command { std: CARGO_HOME="/workspace/cargo-home" RUSTUP_HOME="/workspace/rustup-home" "/workspace/cargo-home/bin/cargo" "+nightly-2024-10-28" "metadata" "--manifest-path" "Cargo.toml" "--no-deps", kill_on_drop: false }`
[INFO] started tweaking crates.io crate simpl_actor_macros 0.2.7
[INFO] finished tweaking crates.io crate simpl_actor_macros 0.2.7
[INFO] tweaked toml for crates.io crate simpl_actor_macros 0.2.7 written to /workspace/builds/worker-0-tc2/source/Cargo.toml
[INFO] running `Command { std: CARGO_HOME="/workspace/cargo-home" RUSTUP_HOME="/workspace/rustup-home" "/workspace/cargo-home/bin/cargo" "+nightly-2024-10-28" "generate-lockfile" "--manifest-path" "Cargo.toml", kill_on_drop: false }`
[INFO] [stderr]     Updating crates.io index
[INFO] [stderr]      Locking 5 packages to latest compatible versions
[INFO] [stderr]       Adding heck v0.4.1 (available: v0.5.0)
[INFO] running `Command { std: CARGO_HOME="/workspace/cargo-home" RUSTUP_HOME="/workspace/rustup-home" "/workspace/cargo-home/bin/cargo" "+nightly-2024-10-28" "fetch" "--manifest-path" "Cargo.toml", kill_on_drop: false }`
[INFO] running `Command { std: "docker" "create" "-v" "/var/lib/crater-agent-workspace/builds/worker-0-tc2/target:/opt/rustwide/target:rw,Z" "-v" "/var/lib/crater-agent-workspace/builds/worker-0-tc2/source:/opt/rustwide/workdir:ro,Z" "-v" "/var/lib/crater-agent-workspace/cargo-home:/opt/rustwide/cargo-home:ro,Z" "-v" "/var/lib/crater-agent-workspace/rustup-home:/opt/rustwide/rustup-home:ro,Z" "-e" "SOURCE_DIR=/opt/rustwide/workdir" "-e" "CARGO_TARGET_DIR=/opt/rustwide/target" "-e" "CARGO_HOME=/opt/rustwide/cargo-home" "-e" "RUSTUP_HOME=/opt/rustwide/rustup-home" "-w" "/opt/rustwide/workdir" "-m" "1610612736" "--user" "0:0" "--network" "none" "ghcr.io/rust-lang/crates-build-env/linux@sha256:4a844ea9eb2546a2d2c7022eacef16ef2e8229c7fbb2c7d4d55a9ceca922f72d" "/opt/rustwide/cargo-home/bin/cargo" "+nightly-2024-10-28" "metadata" "--no-deps" "--format-version=1", kill_on_drop: false }`
[INFO] [stdout] d34d2169822da0321c8d4518de8af2683dbd5e678dfa6b8e7c02f8e1a813516b
[INFO] running `Command { std: "docker" "start" "-a" "d34d2169822da0321c8d4518de8af2683dbd5e678dfa6b8e7c02f8e1a813516b", kill_on_drop: false }`
[INFO] running `Command { std: "docker" "inspect" "d34d2169822da0321c8d4518de8af2683dbd5e678dfa6b8e7c02f8e1a813516b", kill_on_drop: false }`
[INFO] running `Command { std: "docker" "rm" "-f" "d34d2169822da0321c8d4518de8af2683dbd5e678dfa6b8e7c02f8e1a813516b", kill_on_drop: false }`
[INFO] [stdout] d34d2169822da0321c8d4518de8af2683dbd5e678dfa6b8e7c02f8e1a813516b
[INFO] running `Command { std: "docker" "create" "-v" "/var/lib/crater-agent-workspace/builds/worker-0-tc2/target:/opt/rustwide/target:rw,Z" "-v" "/var/lib/crater-agent-workspace/builds/worker-0-tc2/source:/opt/rustwide/workdir:ro,Z" "-v" "/var/lib/crater-agent-workspace/cargo-home:/opt/rustwide/cargo-home:ro,Z" "-v" "/var/lib/crater-agent-workspace/rustup-home:/opt/rustwide/rustup-home:ro,Z" "-e" "SOURCE_DIR=/opt/rustwide/workdir" "-e" "CARGO_TARGET_DIR=/opt/rustwide/target" "-e" "CARGO_INCREMENTAL=0" "-e" "RUST_BACKTRACE=full" "-e" "RUSTFLAGS=--cap-lints=forbid -Zrandomize-layout" "-e" "RUSTDOCFLAGS=--cap-lints=forbid" "-e" "CARGO_HOME=/opt/rustwide/cargo-home" "-e" "RUSTUP_HOME=/opt/rustwide/rustup-home" "-w" "/opt/rustwide/workdir" "-m" "1610612736" "--user" "0:0" "--network" "none" "ghcr.io/rust-lang/crates-build-env/linux@sha256:4a844ea9eb2546a2d2c7022eacef16ef2e8229c7fbb2c7d4d55a9ceca922f72d" "/opt/rustwide/cargo-home/bin/cargo" "+nightly-2024-10-28" "build" "--frozen" "--message-format=json", kill_on_drop: false }`
[INFO] [stdout] f6fbf01830f15ea9fd8f694d5949643b6d3ecda1eeee42e61bb17d6b9aff4ac4
[INFO] running `Command { std: "docker" "start" "-a" "f6fbf01830f15ea9fd8f694d5949643b6d3ecda1eeee42e61bb17d6b9aff4ac4", kill_on_drop: false }`
[INFO] [stderr]    Compiling syn v2.0.86
[INFO] [stderr]    Compiling simpl_actor_macros v0.2.7 (/opt/rustwide/workdir)
[INFO] [stderr]     Finished `dev` profile [unoptimized + debuginfo] target(s) in 2.62s
[INFO] running `Command { std: "docker" "inspect" "f6fbf01830f15ea9fd8f694d5949643b6d3ecda1eeee42e61bb17d6b9aff4ac4", kill_on_drop: false }`
[INFO] running `Command { std: "docker" "rm" "-f" "f6fbf01830f15ea9fd8f694d5949643b6d3ecda1eeee42e61bb17d6b9aff4ac4", kill_on_drop: false }`
[INFO] [stdout] f6fbf01830f15ea9fd8f694d5949643b6d3ecda1eeee42e61bb17d6b9aff4ac4
[INFO] running `Command { std: "docker" "create" "-v" "/var/lib/crater-agent-workspace/builds/worker-0-tc2/target:/opt/rustwide/target:rw,Z" "-v" "/var/lib/crater-agent-workspace/builds/worker-0-tc2/source:/opt/rustwide/workdir:ro,Z" "-v" "/var/lib/crater-agent-workspace/cargo-home:/opt/rustwide/cargo-home:ro,Z" "-v" "/var/lib/crater-agent-workspace/rustup-home:/opt/rustwide/rustup-home:ro,Z" "-e" "SOURCE_DIR=/opt/rustwide/workdir" "-e" "CARGO_TARGET_DIR=/opt/rustwide/target" "-e" "CARGO_INCREMENTAL=0" "-e" "RUST_BACKTRACE=full" "-e" "RUSTFLAGS=--cap-lints=forbid -Zrandomize-layout" "-e" "RUSTDOCFLAGS=--cap-lints=forbid" "-e" "CARGO_HOME=/opt/rustwide/cargo-home" "-e" "RUSTUP_HOME=/opt/rustwide/rustup-home" "-w" "/opt/rustwide/workdir" "-m" "1610612736" "--user" "0:0" "--network" "none" "ghcr.io/rust-lang/crates-build-env/linux@sha256:4a844ea9eb2546a2d2c7022eacef16ef2e8229c7fbb2c7d4d55a9ceca922f72d" "/opt/rustwide/cargo-home/bin/cargo" "+nightly-2024-10-28" "test" "--frozen" "--no-run" "--message-format=json", kill_on_drop: false }`
[INFO] [stdout] 2a360d5401d9360eaf031a3f9d9af4253192f78486b6a4de184a92c407d9e570
[INFO] running `Command { std: "docker" "start" "-a" "2a360d5401d9360eaf031a3f9d9af4253192f78486b6a4de184a92c407d9e570", kill_on_drop: false }`
[INFO] [stderr]    Compiling simpl_actor_macros v0.2.7 (/opt/rustwide/workdir)
[INFO] [stderr]     Finished `test` profile [unoptimized + debuginfo] target(s) in 0.46s
[INFO] running `Command { std: "docker" "inspect" "2a360d5401d9360eaf031a3f9d9af4253192f78486b6a4de184a92c407d9e570", kill_on_drop: false }`
[INFO] running `Command { std: "docker" "rm" "-f" "2a360d5401d9360eaf031a3f9d9af4253192f78486b6a4de184a92c407d9e570", kill_on_drop: false }`
[INFO] [stdout] 2a360d5401d9360eaf031a3f9d9af4253192f78486b6a4de184a92c407d9e570
[INFO] running `Command { std: "docker" "create" "-v" "/var/lib/crater-agent-workspace/builds/worker-0-tc2/target:/opt/rustwide/target:rw,Z" "-v" "/var/lib/crater-agent-workspace/builds/worker-0-tc2/source:/opt/rustwide/workdir:ro,Z" "-v" "/var/lib/crater-agent-workspace/cargo-home:/opt/rustwide/cargo-home:ro,Z" "-v" "/var/lib/crater-agent-workspace/rustup-home:/opt/rustwide/rustup-home:ro,Z" "-e" "SOURCE_DIR=/opt/rustwide/workdir" "-e" "CARGO_TARGET_DIR=/opt/rustwide/target" "-e" "CARGO_INCREMENTAL=0" "-e" "RUST_BACKTRACE=full" "-e" "RUSTFLAGS=--cap-lints=forbid -Zrandomize-layout" "-e" "RUSTDOCFLAGS=--cap-lints=forbid" "-e" "CARGO_HOME=/opt/rustwide/cargo-home" "-e" "RUSTUP_HOME=/opt/rustwide/rustup-home" "-w" "/opt/rustwide/workdir" "-m" "1610612736" "--user" "0:0" "--network" "none" "ghcr.io/rust-lang/crates-build-env/linux@sha256:4a844ea9eb2546a2d2c7022eacef16ef2e8229c7fbb2c7d4d55a9ceca922f72d" "/opt/rustwide/cargo-home/bin/cargo" "+nightly-2024-10-28" "test" "--frozen", kill_on_drop: false }`
[INFO] [stdout] 72f541f0e1eff6796679ab18b3ba65c245df012feb26681fd00e185dd4ecaca6
[INFO] running `Command { std: "docker" "start" "-a" "72f541f0e1eff6796679ab18b3ba65c245df012feb26681fd00e185dd4ecaca6", kill_on_drop: false }`
[INFO] [stderr]     Finished `test` profile [unoptimized + debuginfo] target(s) in 0.01s
[INFO] [stderr]      Running unittests src/lib.rs (/opt/rustwide/target/debug/deps/simpl_actor_macros-9ecff50e13d46ce9)
[INFO] [stdout] 
[INFO] [stdout] running 0 tests
[INFO] [stdout] 
[INFO] [stdout] test result: ok. 0 passed; 0 failed; 0 ignored; 0 measured; 0 filtered out; finished in 0.00s
[INFO] [stdout] 
[INFO] [stderr]    Doc-tests simpl_actor_macros
[INFO] [stdout] 
[INFO] [stdout] running 2 tests
[INFO] [stdout] test src/lib.rs - derive_actor (line 76) ... FAILED
[INFO] [stdout] test src/lib.rs - actor (line 36) ... FAILED
[INFO] [stdout] 
[INFO] [stdout] failures:
[INFO] [stdout] 
[INFO] [stdout] ---- src/lib.rs - derive_actor (line 76) stdout ----
[INFO] [stdout] error[E0432]: unresolved import `simpl_actor`
[INFO] [stdout]  --> src/lib.rs:77:5
[INFO] [stdout]   |
[INFO] [stdout] 3 | use simpl_actor::Actor;
[INFO] [stdout]   |     ^^^^^^^^^^^ use of undeclared crate or module `simpl_actor`
[INFO] [stdout] 
[INFO] [stdout] error: aborting due to 1 previous error
[INFO] [stdout] 
[INFO] [stdout] For more information about this error, try `rustc --explain E0432`.
[INFO] [stdout] Couldn't compile the test.
[INFO] [stdout] ---- src/lib.rs - actor (line 36) stdout ----
[INFO] [stdout] error: unexpected token: `...`
[INFO] [stdout]  --> src/lib.rs:39:28
[INFO] [stdout]   |
[INFO] [stdout] 5 |     pub fn new() -> Self { ... }
[INFO] [stdout]   |                            ^^^
[INFO] [stdout]   |
[INFO] [stdout] help: use `..` for an exclusive range
[INFO] [stdout]   |
[INFO] [stdout] 5 |     pub fn new() -> Self { .. }
[INFO] [stdout]   |                            ~~
[INFO] [stdout] help: or `..=` for an inclusive range
[INFO] [stdout]   |
[INFO] [stdout] 5 |     pub fn new() -> Self { ..= }
[INFO] [stdout]   |                            ~~~
[INFO] [stdout] 
[INFO] [stdout] error[E0586]: inclusive range with no end
[INFO] [stdout]  --> src/lib.rs:39:28
[INFO] [stdout]   |
[INFO] [stdout] 5 |     pub fn new() -> Self { ... }
[INFO] [stdout]   |                            ^^^
[INFO] [stdout]   |
[INFO] [stdout]   = note: inclusive ranges must be bounded at the end (`..=b` or `a..=b`)
[INFO] [stdout] help: use `..` instead
[INFO] [stdout]   |
[INFO] [stdout] 5 -     pub fn new() -> Self { ... }
[INFO] [stdout] 5 +     pub fn new() -> Self { .. }
[INFO] [stdout]   |
[INFO] [stdout] 
[INFO] [stdout] error: cannot find attribute `actor` in this scope
[INFO] [stdout]  --> src/lib.rs:37:3
[INFO] [stdout]   |
[INFO] [stdout] 3 | #[actor]
[INFO] [stdout]   |   ^^^^^
[INFO] [stdout]   |
[INFO] [stdout] help: consider importing this attribute macro
[INFO] [stdout]   |
[INFO] [stdout] 2 + use simpl_actor_macros::actor;
[INFO] [stdout]   |
[INFO] [stdout] 
[INFO] [stdout] error: cannot find attribute `message` in this scope
[INFO] [stdout]  --> src/lib.rs:42:7
[INFO] [stdout]   |
[INFO] [stdout] 8 |     #[message]
[INFO] [stdout]   |       ^^^^^^^
[INFO] [stdout] 
[INFO] [stdout] error: cannot find attribute `message` in this scope
[INFO] [stdout]   --> src/lib.rs:48:7
[INFO] [stdout]    |
[INFO] [stdout] 14 |     #[message(infallible)]
[INFO] [stdout]    |       ^^^^^^^
[INFO] [stdout] 
[INFO] [stdout] error: cannot find attribute `message` in this scope
[INFO] [stdout]   --> src/lib.rs:54:7
[INFO] [stdout]    |
[INFO] [stdout] 20 |     #[message]
[INFO] [stdout]    |       ^^^^^^^
[INFO] [stdout] 
[INFO] [stdout] error: cannot find attribute `message` in this scope
[INFO] [stdout]   --> src/lib.rs:60:7
[INFO] [stdout]    |
[INFO] [stdout] 26 |     #[message]
[INFO] [stdout]    |       ^^^^^^^
[INFO] [stdout] 
[INFO] [stdout] error[E0433]: failed to resolve: use of undeclared crate or module `tokio`
[INFO] [stdout]   --> src/lib.rs:56:9
[INFO] [stdout]    |
[INFO] [stdout] 22 |         tokio::time::sleep(Duration::from_millis(500)).await;
[INFO] [stdout]    |         ^^^^^ use of undeclared crate or module `tokio`
[INFO] [stdout] 
[INFO] [stdout] error[E0412]: cannot find type `MyActor` in this scope
[INFO] [stdout]  --> src/lib.rs:38:6
[INFO] [stdout]   |
[INFO] [stdout] 4 | impl MyActor {
[INFO] [stdout]   |      ^^^^^^^ not found in this scope
[INFO] [stdout] 
[INFO] [stdout] error[E0433]: failed to resolve: use of undeclared type `Duration`
[INFO] [stdout]   --> src/lib.rs:56:28
[INFO] [stdout]    |
[INFO] [stdout] 22 |         tokio::time::sleep(Duration::from_millis(500)).await;
[INFO] [stdout]    |                            ^^^^^^^^ use of undeclared type `Duration`
[INFO] [stdout]    |
[INFO] [stdout] help: consider importing this struct
[INFO] [stdout]    |
[INFO] [stdout] 2  + use std::time::Duration;
[INFO] [stdout]    |
[INFO] [stdout] 
[INFO] [stdout] error[E0412]: cannot find type `SendError` in this scope
[INFO] [stdout]   --> src/lib.rs:61:50
[INFO] [stdout]    |
[INFO] [stdout] 27 |     pub async fn inc_myself(&self) -> Result<(), SendError<i64>> {
[INFO] [stdout]    |                                                  ^^^^^^^^^ not found in this scope
[INFO] [stdout]    |
[INFO] [stdout] help: consider importing this struct
[INFO] [stdout]    |
[INFO] [stdout] 2  + use std::sync::mpsc::SendError;
[INFO] [stdout]    |
[INFO] [stdout] 
[INFO] [stdout] error: aborting due to 11 previous errors
[INFO] [stdout] 
[INFO] [stdout] Some errors have detailed explanations: E0412, E0433, E0586.
[INFO] [stdout] For more information about an error, try `rustc --explain E0412`.
[INFO] [stdout] Couldn't compile the test.
[INFO] [stdout] 
[INFO] [stdout] failures:
[INFO] [stdout]     src/lib.rs - actor (line 36)
[INFO] [stdout]     src/lib.rs - derive_actor (line 76)
[INFO] [stdout] 
[INFO] [stdout] test result: FAILED. 0 passed; 2 failed; 0 ignored; 0 measured; 0 filtered out; finished in 0.06s
[INFO] [stdout] 
[INFO] [stderr] error: doctest failed, to rerun pass `--doc`
[INFO] running `Command { std: "docker" "inspect" "72f541f0e1eff6796679ab18b3ba65c245df012feb26681fd00e185dd4ecaca6", kill_on_drop: false }`
[INFO] running `Command { std: "docker" "rm" "-f" "72f541f0e1eff6796679ab18b3ba65c245df012feb26681fd00e185dd4ecaca6", kill_on_drop: false }`
[INFO] [stdout] 72f541f0e1eff6796679ab18b3ba65c245df012feb26681fd00e185dd4ecaca6
