[INFO] fetching crate sidevm-macro 0.2.0-alpha.7...
[INFO] testing sidevm-macro-0.2.0-alpha.7 against nightly-2024-10-28 for randomize-layout
[INFO] extracting crate sidevm-macro 0.2.0-alpha.7 into /workspace/builds/worker-5-tc1/source
[INFO] validating manifest of crates.io crate sidevm-macro 0.2.0-alpha.7 on toolchain nightly-2024-10-28
[INFO] running `Command { std: CARGO_HOME="/workspace/cargo-home" RUSTUP_HOME="/workspace/rustup-home" "/workspace/cargo-home/bin/cargo" "+nightly-2024-10-28" "metadata" "--manifest-path" "Cargo.toml" "--no-deps", kill_on_drop: false }`
[INFO] started tweaking crates.io crate sidevm-macro 0.2.0-alpha.7
[INFO] finished tweaking crates.io crate sidevm-macro 0.2.0-alpha.7
[INFO] tweaked toml for crates.io crate sidevm-macro 0.2.0-alpha.7 written to /workspace/builds/worker-5-tc1/source/Cargo.toml
[INFO] running `Command { std: CARGO_HOME="/workspace/cargo-home" RUSTUP_HOME="/workspace/rustup-home" "/workspace/cargo-home/bin/cargo" "+nightly-2024-10-28" "generate-lockfile" "--manifest-path" "Cargo.toml", kill_on_drop: false }`
[INFO] [stderr]     Updating crates.io index
[INFO] [stderr]      Locking 32 packages to latest compatible versions
[INFO] [stderr]       Adding heck v0.4.1 (available: v0.5.0)
[INFO] [stderr]       Adding proc-macro-crate v1.3.1 (available: v3.2.0)
[INFO] [stderr]       Adding syn v1.0.109 (available: v2.0.86)
[INFO] running `Command { std: CARGO_HOME="/workspace/cargo-home" RUSTUP_HOME="/workspace/rustup-home" "/workspace/cargo-home/bin/cargo" "+nightly-2024-10-28" "fetch" "--manifest-path" "Cargo.toml", kill_on_drop: false }`
[INFO] [stderr]  Downloading crates ...
[INFO] [stderr]   Downloaded rustfmt-snippet v0.1.2
[INFO] running `Command { std: "docker" "create" "-v" "/var/lib/crater-agent-workspace/builds/worker-5-tc1/target:/opt/rustwide/target:rw,Z" "-v" "/var/lib/crater-agent-workspace/builds/worker-5-tc1/source:/opt/rustwide/workdir:ro,Z" "-v" "/var/lib/crater-agent-workspace/cargo-home:/opt/rustwide/cargo-home:ro,Z" "-v" "/var/lib/crater-agent-workspace/rustup-home:/opt/rustwide/rustup-home:ro,Z" "-e" "SOURCE_DIR=/opt/rustwide/workdir" "-e" "CARGO_TARGET_DIR=/opt/rustwide/target" "-e" "CARGO_HOME=/opt/rustwide/cargo-home" "-e" "RUSTUP_HOME=/opt/rustwide/rustup-home" "-w" "/opt/rustwide/workdir" "-m" "1610612736" "--user" "0:0" "--network" "none" "ghcr.io/rust-lang/crates-build-env/linux@sha256:4a844ea9eb2546a2d2c7022eacef16ef2e8229c7fbb2c7d4d55a9ceca922f72d" "/opt/rustwide/cargo-home/bin/cargo" "+nightly-2024-10-28" "metadata" "--no-deps" "--format-version=1", kill_on_drop: false }`
[INFO] [stdout] cf81f135f03c3ab17fad53ca16b0212eb127028909d7f075006cd4f27ef19835
[INFO] running `Command { std: "docker" "start" "-a" "cf81f135f03c3ab17fad53ca16b0212eb127028909d7f075006cd4f27ef19835", kill_on_drop: false }`
[INFO] running `Command { std: "docker" "inspect" "cf81f135f03c3ab17fad53ca16b0212eb127028909d7f075006cd4f27ef19835", kill_on_drop: false }`
[INFO] running `Command { std: "docker" "rm" "-f" "cf81f135f03c3ab17fad53ca16b0212eb127028909d7f075006cd4f27ef19835", kill_on_drop: false }`
[INFO] [stdout] cf81f135f03c3ab17fad53ca16b0212eb127028909d7f075006cd4f27ef19835
[INFO] running `Command { std: "docker" "create" "-v" "/var/lib/crater-agent-workspace/builds/worker-5-tc1/target:/opt/rustwide/target:rw,Z" "-v" "/var/lib/crater-agent-workspace/builds/worker-5-tc1/source:/opt/rustwide/workdir:ro,Z" "-v" "/var/lib/crater-agent-workspace/cargo-home:/opt/rustwide/cargo-home:ro,Z" "-v" "/var/lib/crater-agent-workspace/rustup-home:/opt/rustwide/rustup-home:ro,Z" "-e" "SOURCE_DIR=/opt/rustwide/workdir" "-e" "CARGO_TARGET_DIR=/opt/rustwide/target" "-e" "CARGO_INCREMENTAL=0" "-e" "RUST_BACKTRACE=full" "-e" "RUSTFLAGS=--cap-lints=forbid" "-e" "RUSTDOCFLAGS=--cap-lints=forbid" "-e" "CARGO_HOME=/opt/rustwide/cargo-home" "-e" "RUSTUP_HOME=/opt/rustwide/rustup-home" "-w" "/opt/rustwide/workdir" "-m" "1610612736" "--user" "0:0" "--network" "none" "ghcr.io/rust-lang/crates-build-env/linux@sha256:4a844ea9eb2546a2d2c7022eacef16ef2e8229c7fbb2c7d4d55a9ceca922f72d" "/opt/rustwide/cargo-home/bin/cargo" "+nightly-2024-10-28" "build" "--frozen" "--message-format=json", kill_on_drop: false }`
[INFO] [stdout] 460bbd3d3bce76dd43e165800fa15d07664f87b43212f436b9fd3ec7053caac5
[INFO] running `Command { std: "docker" "start" "-a" "460bbd3d3bce76dd43e165800fa15d07664f87b43212f436b9fd3ec7053caac5", kill_on_drop: false }`
[INFO] [stderr]    Compiling equivalent v1.0.1
[INFO] [stderr]    Compiling hashbrown v0.15.0
[INFO] [stderr]    Compiling winnow v0.5.40
[INFO] [stderr]    Compiling syn v1.0.109
[INFO] [stderr]    Compiling toml_datetime v0.6.8
[INFO] [stderr]    Compiling once_cell v1.20.2
[INFO] [stderr]    Compiling heck v0.4.1
[INFO] [stderr]    Compiling quote v1.0.37
[INFO] [stderr]    Compiling indexmap v2.6.0
[INFO] [stderr]    Compiling toml_edit v0.19.15
[INFO] [stderr]    Compiling proc-macro-crate v1.3.1
[INFO] [stderr]    Compiling sidevm-macro v0.2.0-alpha.7 (/opt/rustwide/workdir)
[INFO] [stderr]     Finished `dev` profile [unoptimized + debuginfo] target(s) in 3.12s
[INFO] running `Command { std: "docker" "inspect" "460bbd3d3bce76dd43e165800fa15d07664f87b43212f436b9fd3ec7053caac5", kill_on_drop: false }`
[INFO] running `Command { std: "docker" "rm" "-f" "460bbd3d3bce76dd43e165800fa15d07664f87b43212f436b9fd3ec7053caac5", kill_on_drop: false }`
[INFO] [stdout] 460bbd3d3bce76dd43e165800fa15d07664f87b43212f436b9fd3ec7053caac5
[INFO] running `Command { std: "docker" "create" "-v" "/var/lib/crater-agent-workspace/builds/worker-5-tc1/target:/opt/rustwide/target:rw,Z" "-v" "/var/lib/crater-agent-workspace/builds/worker-5-tc1/source:/opt/rustwide/workdir:ro,Z" "-v" "/var/lib/crater-agent-workspace/cargo-home:/opt/rustwide/cargo-home:ro,Z" "-v" "/var/lib/crater-agent-workspace/rustup-home:/opt/rustwide/rustup-home:ro,Z" "-e" "SOURCE_DIR=/opt/rustwide/workdir" "-e" "CARGO_TARGET_DIR=/opt/rustwide/target" "-e" "CARGO_INCREMENTAL=0" "-e" "RUST_BACKTRACE=full" "-e" "RUSTFLAGS=--cap-lints=forbid" "-e" "RUSTDOCFLAGS=--cap-lints=forbid" "-e" "CARGO_HOME=/opt/rustwide/cargo-home" "-e" "RUSTUP_HOME=/opt/rustwide/rustup-home" "-w" "/opt/rustwide/workdir" "-m" "1610612736" "--user" "0:0" "--network" "none" "ghcr.io/rust-lang/crates-build-env/linux@sha256:4a844ea9eb2546a2d2c7022eacef16ef2e8229c7fbb2c7d4d55a9ceca922f72d" "/opt/rustwide/cargo-home/bin/cargo" "+nightly-2024-10-28" "test" "--frozen" "--no-run" "--message-format=json", kill_on_drop: false }`
[INFO] [stdout] 228136a83ad26173bc38db62e23ce05ee92abac8399ec3a5cba3a08974e511a3
[INFO] running `Command { std: "docker" "start" "-a" "228136a83ad26173bc38db62e23ce05ee92abac8399ec3a5cba3a08974e511a3", kill_on_drop: false }`
[INFO] [stderr]    Compiling libc v0.2.161
[INFO] [stderr]    Compiling linked-hash-map v0.5.6
[INFO] [stderr]    Compiling similar v2.6.0
[INFO] [stderr]    Compiling rustfmt-snippet v0.1.2
[INFO] [stderr]    Compiling sidevm-macro v0.2.0-alpha.7 (/opt/rustwide/workdir)
[INFO] [stderr]    Compiling console v0.15.8
[INFO] [stderr]    Compiling insta v1.41.1
[INFO] [stdout] warning: use of deprecated macro `insta::assert_display_snapshot`: use assert_snapshot!() instead
[INFO] [stdout]   --> src/tests.rs:19:5
[INFO] [stdout]    |
[INFO] [stdout] 19 |     insta::assert_display_snapshot!(rustfmt_snippet::rustfmt_token_stream(&stream).unwrap())
[INFO] [stdout]    |     ^^^^^^^^^^^^^^^^^^^^^^^^^^^^^^
[INFO] [stdout]    |
[INFO] [stdout]    = note: `#[warn(deprecated)]` on by default
[INFO] [stdout] 
[INFO] [stdout] 
[INFO] [stdout] warning: use of deprecated macro `insta::assert_display_snapshot`: use assert_snapshot!() instead
[INFO] [stdout]   --> src/tests.rs:29:5
[INFO] [stdout]    |
[INFO] [stdout] 29 |     insta::assert_display_snapshot!(rustfmt_snippet::rustfmt_token_stream(&stream).unwrap())
[INFO] [stdout]    |     ^^^^^^^^^^^^^^^^^^^^^^^^^^^^^^
[INFO] [stdout] 
[INFO] [stdout] 
[INFO] [stderr]     Finished `test` profile [unoptimized + debuginfo] target(s) in 1.96s
[INFO] running `Command { std: "docker" "inspect" "228136a83ad26173bc38db62e23ce05ee92abac8399ec3a5cba3a08974e511a3", kill_on_drop: false }`
[INFO] running `Command { std: "docker" "rm" "-f" "228136a83ad26173bc38db62e23ce05ee92abac8399ec3a5cba3a08974e511a3", kill_on_drop: false }`
[INFO] [stdout] 228136a83ad26173bc38db62e23ce05ee92abac8399ec3a5cba3a08974e511a3
[INFO] running `Command { std: "docker" "create" "-v" "/var/lib/crater-agent-workspace/builds/worker-5-tc1/target:/opt/rustwide/target:rw,Z" "-v" "/var/lib/crater-agent-workspace/builds/worker-5-tc1/source:/opt/rustwide/workdir:ro,Z" "-v" "/var/lib/crater-agent-workspace/cargo-home:/opt/rustwide/cargo-home:ro,Z" "-v" "/var/lib/crater-agent-workspace/rustup-home:/opt/rustwide/rustup-home:ro,Z" "-e" "SOURCE_DIR=/opt/rustwide/workdir" "-e" "CARGO_TARGET_DIR=/opt/rustwide/target" "-e" "CARGO_INCREMENTAL=0" "-e" "RUST_BACKTRACE=full" "-e" "RUSTFLAGS=--cap-lints=forbid" "-e" "RUSTDOCFLAGS=--cap-lints=forbid" "-e" "CARGO_HOME=/opt/rustwide/cargo-home" "-e" "RUSTUP_HOME=/opt/rustwide/rustup-home" "-w" "/opt/rustwide/workdir" "-m" "1610612736" "--user" "0:0" "--network" "none" "ghcr.io/rust-lang/crates-build-env/linux@sha256:4a844ea9eb2546a2d2c7022eacef16ef2e8229c7fbb2c7d4d55a9ceca922f72d" "/opt/rustwide/cargo-home/bin/cargo" "+nightly-2024-10-28" "test" "--frozen", kill_on_drop: false }`
[INFO] [stdout] c4de0c0d4d6b9e3db6c1a9d411027f72c1ab729f5925ac9aeb285fb98bc482c4
[INFO] running `Command { std: "docker" "start" "-a" "c4de0c0d4d6b9e3db6c1a9d411027f72c1ab729f5925ac9aeb285fb98bc482c4", kill_on_drop: false }`
[INFO] [stderr] warning: use of deprecated macro `insta::assert_display_snapshot`: use assert_snapshot!() instead
[INFO] [stderr]   --> src/tests.rs:19:5
[INFO] [stderr]    |
[INFO] [stderr] 19 |     insta::assert_display_snapshot!(rustfmt_snippet::rustfmt_token_stream(&stream).unwrap())
[INFO] [stderr]    |     ^^^^^^^^^^^^^^^^^^^^^^^^^^^^^^
[INFO] [stderr]    |
[INFO] [stderr]    = note: `#[warn(deprecated)]` on by default
[INFO] [stderr] 
[INFO] [stderr] warning: use of deprecated macro `insta::assert_display_snapshot`: use assert_snapshot!() instead
[INFO] [stderr]   --> src/tests.rs:29:5
[INFO] [stderr]    |
[INFO] [stderr] 29 |     insta::assert_display_snapshot!(rustfmt_snippet::rustfmt_token_stream(&stream).unwrap())
[INFO] [stderr]    |     ^^^^^^^^^^^^^^^^^^^^^^^^^^^^^^
[INFO] [stderr] 
[INFO] [stderr] warning: `sidevm-macro` (lib test) generated 2 warnings
[INFO] [stderr]     Finished `test` profile [unoptimized + debuginfo] target(s) in 0.02s
[INFO] [stderr]      Running unittests src/lib.rs (/opt/rustwide/target/debug/deps/sidevm_macro-03d32b2be6748bbe)
[INFO] [stdout] 
[INFO] [stdout] running 2 tests
[INFO] [stderr] error: 'rustfmt' is not installed for the toolchain 'nightly-2024-10-28-x86_64-unknown-linux-gnu'.
[INFO] [stderr] To install, run `rustup component add --toolchain nightly-2024-10-28-x86_64-unknown-linux-gnu rustfmt`
[INFO] [stderr] error: 'rustfmt' is not installed for the toolchain 'nightly-2024-10-28-x86_64-unknown-linux-gnu'.
[INFO] [stderr] To install, run `rustup component add --toolchain nightly-2024-10-28-x86_64-unknown-linux-gnu rustfmt`
[INFO] [stdout] test tests::test_ocall ... FAILED
[INFO] [stdout] test tests::test_main ... FAILED
[INFO] [stdout] 
[INFO] [stdout] failures:
[INFO] [stdout] 
[INFO] [stdout] ---- tests::test_ocall stdout ----
[INFO] [stdout] ━━━━━━━━━━━━━━━━━━━━━━━━━━━━━━━ Snapshot Summary ━━━━━━━━━━━━━━━━━━━━━━━━━━━━━━━
[INFO] [stdout] Snapshot file: src/snapshots/sidevm_macro__tests__ocall.snap
[INFO] [stdout] Snapshot: ocall
[INFO] [stdout] Source: src/tests.rs:19
[INFO] [stdout] ────────────────────────────────────────────────────────────────────────────────
[INFO] [stdout] Expression: rustfmt_snippet::rustfmt_token_stream(&stream).unwrap()
[INFO] [stdout] ────────────────────────────────────────────────────────────────────────────────
[INFO] [stdout] -old snapshot
[INFO] [stdout] +new results
[INFO] [stdout] ────────────┬───────────────────────────────────────────────────────────────────
[INFO] [stdout]     0       │-pub trait Ocall {
[INFO] [stdout]     1       │-    fn call_slow(&mut self, a: i32, b: i32) -> i32;
[INFO] [stdout]     2       │-    fn call_fi(&mut self, a: i32, b: i32) -> i32;
[INFO] [stdout]     3       │-    fn call_fo(&mut self, a: i32, b: i32) -> i32;
[INFO] [stdout]     4       │-    fn poll_fi_fo(&mut self, a: i32, b: i32) -> i32;
[INFO] [stdout]     5       │-}
[INFO] [stdout]     6       │-pub mod ocall_guest {
[INFO] [stdout]     7       │-    use super::*;
[INFO] [stdout]     8       │-    pub fn call_slow(a: i32, b: i32) -> i32 {
[INFO] [stdout]     9       │-        unsafe {
[INFO] [stdout]    10       │-            let inputs = (a, b);
[INFO] [stdout]    11       │-            let mut input_buf = Buffer::default();
[INFO] [stdout]    12       │-            Encode::encode_to(&inputs, &mut input_buf);
[INFO] [stdout]    13       │-            let len = input_buf.len() as IntPtr;
[INFO] [stdout]    14       │-            let ret = do_ocall(101, input_buf.as_ptr() as IntPtr, len, 0, 0);
[INFO] [stdout]    15       │-            let len = <Result<i32> as RetDecode>::decode_ret(ret)?;
[INFO] [stdout]    16       │-            if len < 0 {
[INFO] [stdout]    17       │-                panic!("ocall returned an error");
[INFO] [stdout]    18       │-            }
[INFO] [stdout]    19       │-            let mut buf = alloc_buffer(len as _);
[INFO] [stdout]    20       │-            let ret = do_ocall_fast_return(0, buf.as_mut_ptr() as IntPtr, len as IntPtr, 0, 0);
[INFO] [stdout]    21       │-            let ret = <Result<i32> as RetDecode>::decode_ret(ret)?;
[INFO] [stdout]    22       │-            if ret != len {
[INFO] [stdout]    23       │-                panic!("ocall get return length mismatch");
[INFO] [stdout]    24       │-            }
[INFO] [stdout]    25       │-            Ok(Decode::decode(&mut buf.as_ref()).expect("Failed to decode ocall return value"))
[INFO] [stdout]    26       │-        }
[INFO] [stdout]    27       │-    }
[INFO] [stdout]    28       │-    pub fn call_fi(a: i32, b: i32) -> i32 {
[INFO] [stdout]    29       │-        unsafe {
[INFO] [stdout]    30       │-            let stack = StackedArgs::empty();
[INFO] [stdout]    31       │-            let stack = stack.push_arg(a);
[INFO] [stdout]    32       │-            let stack = stack.push_arg(b);
[INFO] [stdout]    33       │-            let args = stack.dump();
[INFO] [stdout]    34       │-            let ret = do_ocall(103, args[0], args[1], args[2], args[3]);
[INFO] [stdout]    35       │-            let len = <Result<i32> as RetDecode>::decode_ret(ret)?;
[INFO] [stdout]    36       │-            if len < 0 {
[INFO] [stdout]    37       │-                panic!("ocall returned an error");
[INFO] [stdout]    38       │-            }
[INFO] [stdout]    39       │-            let mut buf = alloc_buffer(len as _);
[INFO] [stdout]    40       │-            let ret = do_ocall_fast_return(0, buf.as_mut_ptr() as IntPtr, len as IntPtr, 0, 0);
[INFO] [stdout]    41       │-            let ret = <Result<i32> as RetDecode>::decode_ret(ret)?;
[INFO] [stdout]    42       │-            if ret != len {
[INFO] [stdout]    43       │-                panic!("ocall get return length mismatch");
[INFO] [stdout]    44       │-            }
[INFO] [stdout]    45       │-            Ok(Decode::decode(&mut buf.as_ref()).expect("Failed to decode ocall return value"))
[INFO] [stdout]    46       │-        }
[INFO] [stdout]    47       │-    }
[INFO] [stdout]    48       │-    pub fn call_fo(a: i32, b: i32) -> i32 {
[INFO] [stdout]    49       │-        unsafe {
[INFO] [stdout]    50       │-            let inputs = (a, b);
[INFO] [stdout]    51       │-            let mut input_buf = Buffer::default();
[INFO] [stdout]    52       │-            Encode::encode_to(&inputs, &mut input_buf);
[INFO] [stdout]    53       │-            let len = input_buf.len() as IntPtr;
[INFO] [stdout]    54       │-            let ret = do_ocall_fast_return(104, input_buf.as_ptr() as IntPtr, len, 0, 0);
[INFO] [stdout]    55       │-            <Result<i32> as RetDecode>::decode_ret(ret).and_then(I32Convertible::from_i32)
[INFO] [stdout]    56       │-        }
[INFO] [stdout]    57       │-    }
[INFO] [stdout]    58       │-    pub fn poll_fi_fo(a: i32, b: i32) -> i32 {
[INFO] [stdout]    59       │-        unsafe {
[INFO] [stdout]    60       │-            let stack = StackedArgs::empty();
[INFO] [stdout]    61       │-            let stack = stack.push_arg(a);
[INFO] [stdout]    62       │-            let stack = stack.push_arg(b);
[INFO] [stdout]    63       │-            let args = stack.dump();
[INFO] [stdout]    64       │-            let ret = do_ocall_fast_return(102, args[0], args[1], args[2], args[3]);
[INFO] [stdout]    65       │-            <Result<i32> as RetDecode>::decode_ret(ret).and_then(I32Convertible::from_i32)
[INFO] [stdout]    66       │-        }
[INFO] [stdout]    67       │-    }
[INFO] [stdout]    68       │-}
[INFO] [stdout]    69       │-#[allow(clippy::too_many_arguments)]
[INFO] [stdout]    70       │-pub fn dispatch_ocall<Env: Ocall + OcallEnv, Vm: VmMemory>(
[INFO] [stdout]    71       │-    fast_return: bool,
[INFO] [stdout]    72       │-    env: &mut Env,
[INFO] [stdout]    73       │-    vm: &Vm,
[INFO] [stdout]    74       │-    id: i32,
[INFO] [stdout]    75       │-    p0: IntPtr,
[INFO] [stdout]    76       │-    p1: IntPtr,
[INFO] [stdout]    77       │-    p2: IntPtr,
[INFO] [stdout]    78       │-    p3: IntPtr,
[INFO] [stdout]    79       │-) -> Result<i32> {
[INFO] [stdout]    80       │-    if fast_return {
[INFO] [stdout]    81       │-        match id {
[INFO] [stdout]    82       │-            0 => {
[INFO] [stdout]    83       │-                let buffer = env.take_return().ok_or(OcallError::NotFound)?;
[INFO] [stdout]    84       │-                let len = p1 as usize;
[INFO] [stdout]    85       │-                if buffer.len() != len {
[INFO] [stdout]    86       │-                    return Err(OcallError::InvalidParameter);
[INFO] [stdout]    87       │-                }
[INFO] [stdout]    88       │-                vm.copy_to_vm(&buffer, p0)?;
[INFO] [stdout]    89       │-                Ok(len as i32)
[INFO] [stdout]    90       │-            }
[INFO] [stdout]    91       │-            104 => {
[INFO] [stdout]    92       │-                let (a, b) = {
[INFO] [stdout]    93       │-                    let mut buf = vm.slice_from_vm(p0, p1)?;
[INFO] [stdout]    94       │-                    Decode::decode(&mut buf).or(Err(OcallError::InvalidParameter))?
[INFO] [stdout]    95       │-                };
[INFO] [stdout]    96       │-                env.call_fo(a, b).map(|x| x.to_i32())
[INFO] [stdout]    97       │-            }
[INFO] [stdout]    98       │-            102 => {
[INFO] [stdout]    99       │-                let stack =
[INFO] [stdout]   100       │-                    StackedArgs::load(&[p0, p1, p2, p3]).ok_or(OcallError::InvalidParameter)?;
[INFO] [stdout]   101       │-                let (b, stack) = stack.pop_arg(vm)?;
[INFO] [stdout]   102       │-                let (a, stack) = stack.pop_arg(vm)?;
[INFO] [stdout]   103       │-                let _: StackedArgs<()> = stack;
[INFO] [stdout]   104       │-                env.poll_fi_fo(a, b).map(|x| x.to_i32())
[INFO] [stdout]   105       │-            }
[INFO] [stdout]   106       │-            _ => Err(OcallError::UnknownCallNumber),
[INFO] [stdout]   107       │-        }
[INFO] [stdout]   108       │-    } else {
[INFO] [stdout]   109       │-        Ok(match id {
[INFO] [stdout]   110       │-            101 => {
[INFO] [stdout]   111       │-                let (a, b) = {
[INFO] [stdout]   112       │-                    let mut buf = vm.slice_from_vm(p0, p1)?;
[INFO] [stdout]   113       │-                    Decode::decode(&mut buf).or(Err(OcallError::InvalidParameter))?
[INFO] [stdout]   114       │-                };
[INFO] [stdout]   115       │-                let ret = env.call_slow(a, b);
[INFO] [stdout]   116       │-                env.put_return(ret?.encode()) as _
[INFO] [stdout]   117       │-            }
[INFO] [stdout]   118       │-            103 => {
[INFO] [stdout]   119       │-                let stack =
[INFO] [stdout]   120       │-                    StackedArgs::load(&[p0, p1, p2, p3]).ok_or(OcallError::InvalidParameter)?;
[INFO] [stdout]   121       │-                let (b, stack) = stack.pop_arg(vm)?;
[INFO] [stdout]   122       │-                let (a, stack) = stack.pop_arg(vm)?;
[INFO] [stdout]   123       │-                let _: StackedArgs<()> = stack;
[INFO] [stdout]   124       │-                let ret = env.call_fi(a, b);
[INFO] [stdout]   125       │-                env.put_return(ret?.encode()) as _
[INFO] [stdout]   126       │-            }
[INFO] [stdout]   127       │-            _ => return Err(OcallError::UnknownCallNumber),
[INFO] [stdout]   128       │-        })
[INFO] [stdout]   129       │-    }
[INFO] [stdout]   130       │-}
[INFO] [stdout]   131       │-pub fn ocall_id2name(id: i32) -> &'static str {
[INFO] [stdout]   132       │-    match id {
[INFO] [stdout]   133       │-        0 => "get_return",
[INFO] [stdout]   134       │-        101i32 => "call_slow",
[INFO] [stdout]   135       │-        103i32 => "call_fi",
[INFO] [stdout]   136       │-        104i32 => "call_fo",
[INFO] [stdout]   137       │-        102i32 => "poll_fi_fo",
[INFO] [stdout]   138       │-        _ => "unknown",
[INFO] [stdout]   139       │-    }
[INFO] [stdout]   140       │-}
[INFO] [stdout] ────────────┴───────────────────────────────────────────────────────────────────
[INFO] [stdout] thread 'tests::test_ocall' panicked at src/tests.rs:19:5:
[INFO] [stdout] called `Result::unwrap()` on an `Err` value: FileIo(Os { code: 30, kind: ReadOnlyFilesystem, message: "Read-only file system" }, "/opt/rustwide/workdir/src/snapshots/sidevm_macro__tests__ocall.snap.new")
[INFO] [stdout] stack backtrace:
[INFO] [stdout]    0:     0x752c40e3c60a - std::backtrace_rs::backtrace::libunwind::trace::h207520d6e9873551
[INFO] [stdout]                                at /rustc/df4ca44d3fbc9301ee17f30f4d474e6ae4b05252/library/std/src/../../backtrace/src/backtrace/libunwind.rs:116:5
[INFO] [stdout]    1:     0x752c40e3c60a - std::backtrace_rs::backtrace::trace_unsynchronized::h2ed7433f370e3eca
[INFO] [stdout]                                at /rustc/df4ca44d3fbc9301ee17f30f4d474e6ae4b05252/library/std/src/../../backtrace/src/backtrace/mod.rs:66:5
[INFO] [stdout]    2:     0x752c40e3c60a - std::sys::backtrace::_print_fmt::h916fac51166b18d7
[INFO] [stdout]                                at /rustc/df4ca44d3fbc9301ee17f30f4d474e6ae4b05252/library/std/src/sys/backtrace.rs:66:9
[INFO] [stdout]    3:     0x752c40e3c60a - <std::sys::backtrace::BacktraceLock::print::DisplayBacktrace as core::fmt::Display>::fmt::ha0a4c9b8ce3802e6
[INFO] [stdout]                                at /rustc/df4ca44d3fbc9301ee17f30f4d474e6ae4b05252/library/std/src/sys/backtrace.rs:39:26
[INFO] [stdout]    4:     0x752c40e8cbb3 - core::fmt::rt::Argument::fmt::h4cfc8587d52b3eb5
[INFO] [stdout]                                at /rustc/df4ca44d3fbc9301ee17f30f4d474e6ae4b05252/library/core/src/fmt/rt.rs:177:76
[INFO] [stdout]    5:     0x752c40e8cbb3 - core::fmt::write::h522cc39e5b36ae9f
[INFO] [stdout]                                at /rustc/df4ca44d3fbc9301ee17f30f4d474e6ae4b05252/library/core/src/fmt/mod.rs:1190:21
[INFO] [stdout]    6:     0x752c40e2ffa3 - std::io::Write::write_fmt::h7d3c26752da97734
[INFO] [stdout]                                at /rustc/df4ca44d3fbc9301ee17f30f4d474e6ae4b05252/library/std/src/io/mod.rs:1839:15
[INFO] [stdout]    7:     0x752c40e3c452 - std::sys::backtrace::BacktraceLock::print::h4b9e00b29e9c0942
[INFO] [stdout]                                at /rustc/df4ca44d3fbc9301ee17f30f4d474e6ae4b05252/library/std/src/sys/backtrace.rs:42:9
[INFO] [stdout]    8:     0x752c40e3ea8a - std::panicking::default_hook::{{closure}}::hb59b88280d0324d9
[INFO] [stdout]                                at /rustc/df4ca44d3fbc9301ee17f30f4d474e6ae4b05252/library/std/src/panicking.rs:268:22
[INFO] [stdout]    9:     0x752c40e3e894 - std::panicking::default_hook::he1dd496665be4a29
[INFO] [stdout]                                at /rustc/df4ca44d3fbc9301ee17f30f4d474e6ae4b05252/library/std/src/panicking.rs:292:9
[INFO] [stdout]   10:     0x5f4a4cd03cf9 - <alloc::boxed::Box<F,A> as core::ops::function::Fn<Args>>::call::h4ff71de18744e1dc
[INFO] [stdout]                                at /rustc/df4ca44d3fbc9301ee17f30f4d474e6ae4b05252/library/alloc/src/boxed.rs:2468:9
[INFO] [stdout]   11:     0x5f4a4cd03cf9 - test::test_main::{{closure}}::hcf7c055ce117aa81
[INFO] [stdout]                                at /rustc/df4ca44d3fbc9301ee17f30f4d474e6ae4b05252/library/test/src/lib.rs:133:21
[INFO] [stdout]   12:     0x752c40e3f1f8 - <alloc::boxed::Box<F,A> as core::ops::function::Fn<Args>>::call::h1d66c6bbd60c9692
[INFO] [stdout]                                at /rustc/df4ca44d3fbc9301ee17f30f4d474e6ae4b05252/library/alloc/src/boxed.rs:2468:9
[INFO] [stdout]   13:     0x752c40e3f1f8 - std::panicking::rust_panic_with_hook::h2ff17fe8f26dfcf8
[INFO] [stdout]                                at /rustc/df4ca44d3fbc9301ee17f30f4d474e6ae4b05252/library/std/src/panicking.rs:809:13
[INFO] [stdout]   14:     0x752c40e3efba - std::panicking::begin_panic_handler::{{closure}}::h4fad77951c07e101
[INFO] [stdout]                                at /rustc/df4ca44d3fbc9301ee17f30f4d474e6ae4b05252/library/std/src/panicking.rs:674:13
[INFO] [stdout]   15:     0x752c40e3cae9 - std::sys::backtrace::__rust_end_short_backtrace::hb1a25b3da5d0ea08
[INFO] [stdout]                                at /rustc/df4ca44d3fbc9301ee17f30f4d474e6ae4b05252/library/std/src/sys/backtrace.rs:170:18
[INFO] [stdout]   16:     0x752c40e3ec4c - rust_begin_unwind
[INFO] [stdout]                                at /rustc/df4ca44d3fbc9301ee17f30f4d474e6ae4b05252/library/std/src/panicking.rs:665:5
[INFO] [stdout]   17:     0x752c40e88fc0 - core::panicking::panic_fmt::ha9db07b529f9b256
[INFO] [stdout]                                at /rustc/df4ca44d3fbc9301ee17f30f4d474e6ae4b05252/library/core/src/panicking.rs:75:14
[INFO] [stdout]   18:     0x752c40e89546 - core::result::unwrap_failed::h5e8218e4d4338b8a
[INFO] [stdout]                                at /rustc/df4ca44d3fbc9301ee17f30f4d474e6ae4b05252/library/core/src/result.rs:1698:5
[INFO] [stdout]   19:     0x5f4a4cbcce07 - core::result::Result<T,E>::unwrap::h9c057dd5d7c4f8a8
[INFO] [stdout]                                at /rustc/df4ca44d3fbc9301ee17f30f4d474e6ae4b05252/library/core/src/result.rs:1103:23
[INFO] [stdout]   20:     0x5f4a4cbcce07 - sidevm_macro::tests::test_ocall::hcf24acba27ebce73
[INFO] [stdout]                                at /opt/rustwide/workdir/src/tests.rs:19:5
[INFO] [stdout]   21:     0x5f4a4cbcb927 - sidevm_macro::tests::test_ocall::{{closure}}::h23fa38897c6de316
[INFO] [stdout]                                at /opt/rustwide/workdir/src/tests.rs:3:16
[INFO] [stdout]   22:     0x5f4a4cbb9926 - core::ops::function::FnOnce::call_once::hb833588309fe526f
[INFO] [stdout]                                at /rustc/df4ca44d3fbc9301ee17f30f4d474e6ae4b05252/library/core/src/ops/function.rs:250:5
[INFO] [stdout]   23:     0x5f4a4cd085cb - core::ops::function::FnOnce::call_once::h22c3ba5715e93f05
[INFO] [stdout]                                at /rustc/df4ca44d3fbc9301ee17f30f4d474e6ae4b05252/library/core/src/ops/function.rs:250:5
[INFO] [stdout]   24:     0x5f4a4cd085cb - test::__rust_begin_short_backtrace::h8e82d8113d0da17f
[INFO] [stdout]                                at /rustc/df4ca44d3fbc9301ee17f30f4d474e6ae4b05252/library/test/src/lib.rs:621:18
[INFO] [stdout]   25:     0x5f4a4cd07f47 - test::run_test_in_process::{{closure}}::h33235f4f20b7b7c7
[INFO] [stdout]                                at /rustc/df4ca44d3fbc9301ee17f30f4d474e6ae4b05252/library/test/src/lib.rs:644:60
[INFO] [stdout]   26:     0x5f4a4cd07f47 - <core::panic::unwind_safe::AssertUnwindSafe<F> as core::ops::function::FnOnce<()>>::call_once::hb5043206310c586f
[INFO] [stdout]                                at /rustc/df4ca44d3fbc9301ee17f30f4d474e6ae4b05252/library/core/src/panic/unwind_safe.rs:272:9
[INFO] [stdout]   27:     0x5f4a4cd07f47 - std::panicking::try::do_call::h9ad4731a60ab23e2
[INFO] [stdout]                                at /rustc/df4ca44d3fbc9301ee17f30f4d474e6ae4b05252/library/std/src/panicking.rs:557:40
[INFO] [stdout]   28:     0x5f4a4cd07f47 - std::panicking::try::h3824d23db772a716
[INFO] [stdout]                                at /rustc/df4ca44d3fbc9301ee17f30f4d474e6ae4b05252/library/std/src/panicking.rs:520:19
[INFO] [stdout]   29:     0x5f4a4cd07f47 - std::panic::catch_unwind::h5afd514605fde46b
[INFO] [stdout]                                at /rustc/df4ca44d3fbc9301ee17f30f4d474e6ae4b05252/library/std/src/panic.rs:358:14
[INFO] [stdout]   30:     0x5f4a4cd07f47 - test::run_test_in_process::h0d5cbfa7067d1720
[INFO] [stdout]                                at /rustc/df4ca44d3fbc9301ee17f30f4d474e6ae4b05252/library/test/src/lib.rs:644:27
[INFO] [stdout]   31:     0x5f4a4cd07f47 - test::run_test::{{closure}}::h708eb8872708115d
[INFO] [stdout]                                at /rustc/df4ca44d3fbc9301ee17f30f4d474e6ae4b05252/library/test/src/lib.rs:565:43
[INFO] [stdout]   32:     0x5f4a4cccb664 - test::run_test::{{closure}}::h392c51cee94713ab
[INFO] [stdout]                                at /rustc/df4ca44d3fbc9301ee17f30f4d474e6ae4b05252/library/test/src/lib.rs:595:41
[INFO] [stdout]   33:     0x5f4a4cccb664 - std::sys::backtrace::__rust_begin_short_backtrace::h2f40290710935a8b
[INFO] [stdout]                                at /rustc/df4ca44d3fbc9301ee17f30f4d474e6ae4b05252/library/std/src/sys/backtrace.rs:154:18
[INFO] [stdout]   34:     0x5f4a4cccee0e - std::thread::Builder::spawn_unchecked_::{{closure}}::{{closure}}::h3fd968d89053a903
[INFO] [stdout]                                at /rustc/df4ca44d3fbc9301ee17f30f4d474e6ae4b05252/library/std/src/thread/mod.rs:541:17
[INFO] [stdout]   35:     0x5f4a4cccee0e - <core::panic::unwind_safe::AssertUnwindSafe<F> as core::ops::function::FnOnce<()>>::call_once::h743f637ba4229880
[INFO] [stdout]                                at /rustc/df4ca44d3fbc9301ee17f30f4d474e6ae4b05252/library/core/src/panic/unwind_safe.rs:272:9
[INFO] [stdout]   36:     0x5f4a4cccee0e - std::panicking::try::do_call::h07440897322525a6
[INFO] [stdout]                                at /rustc/df4ca44d3fbc9301ee17f30f4d474e6ae4b05252/library/std/src/panicking.rs:557:40
[INFO] [stdout]   37:     0x5f4a4cccee0e - std::panicking::try::he5a2e00188156637
[INFO] [stdout]                                at /rustc/df4ca44d3fbc9301ee17f30f4d474e6ae4b05252/library/std/src/panicking.rs:520:19
[INFO] [stdout]   38:     0x5f4a4cccee0e - std::panic::catch_unwind::hbaf3cae49b3c6433
[INFO] [stdout]                                at /rustc/df4ca44d3fbc9301ee17f30f4d474e6ae4b05252/library/std/src/panic.rs:358:14
[INFO] [stdout]   39:     0x5f4a4cccee0e - std::thread::Builder::spawn_unchecked_::{{closure}}::h8e141ea224820bce
[INFO] [stdout]                                at /rustc/df4ca44d3fbc9301ee17f30f4d474e6ae4b05252/library/std/src/thread/mod.rs:540:30
[INFO] [stdout]   40:     0x5f4a4cccee0e - core::ops::function::FnOnce::call_once{{vtable.shim}}::h90d312fedd7b8ea8
[INFO] [stdout]                                at /rustc/df4ca44d3fbc9301ee17f30f4d474e6ae4b05252/library/core/src/ops/function.rs:250:5
[INFO] [stdout]   41:     0x752c40e48d2b - <alloc::boxed::Box<F,A> as core::ops::function::FnOnce<Args>>::call_once::h69aa08ddb6adb8b6
[INFO] [stdout]                                at /rustc/df4ca44d3fbc9301ee17f30f4d474e6ae4b05252/library/alloc/src/boxed.rs:2454:9
[INFO] [stdout]   42:     0x752c40e48d2b - <alloc::boxed::Box<F,A> as core::ops::function::FnOnce<Args>>::call_once::h5aa36efdb79c806f
[INFO] [stdout]                                at /rustc/df4ca44d3fbc9301ee17f30f4d474e6ae4b05252/library/alloc/src/boxed.rs:2454:9
[INFO] [stdout]   43:     0x752c40e48d2b - std::sys::pal::unix::thread::Thread::new::thread_start::h6cd80a1b4be5158d
[INFO] [stdout]                                at /rustc/df4ca44d3fbc9301ee17f30f4d474e6ae4b05252/library/std/src/sys/pal/unix/thread.rs:105:17
[INFO] [stdout]   44:     0x752c40abcac3 - <unknown>
[INFO] [stdout]   45:     0x752c40b4da04 - clone
[INFO] [stdout]   46:                0x0 - <unknown>
[INFO] [stdout] 
[INFO] [stdout] ---- tests::test_main stdout ----
[INFO] [stdout] ━━━━━━━━━━━━━━━━━━━━━━━━━━━━━━━ Snapshot Summary ━━━━━━━━━━━━━━━━━━━━━━━━━━━━━━━
[INFO] [stdout] Snapshot file: src/snapshots/sidevm_macro__tests__main.snap
[INFO] [stdout] Snapshot: main
[INFO] [stdout] Source: src/tests.rs:29
[INFO] [stdout] ────────────────────────────────────────────────────────────────────────────────
[INFO] [stdout] Expression: rustfmt_snippet::rustfmt_token_stream(&stream).unwrap()
[INFO] [stdout] ────────────────────────────────────────────────────────────────────────────────
[INFO] [stdout] -old snapshot
[INFO] [stdout] +new results
[INFO] [stdout] ────────────┬───────────────────────────────────────────────────────────────────
[INFO] [stdout]     0       │-#[no_mangle]
[INFO] [stdout]     1       │-fn sidevm_main_future() -> std::pin::Pin<std::boxed::Box<dyn std::future::Future<Output = ()>>> {
[INFO] [stdout]     2       │-    async fn the_main() {
[INFO] [stdout]     3       │-        sleep(1).await
[INFO] [stdout]     4       │-    }
[INFO] [stdout]     5       │-    Box::pin(the_main())
[INFO] [stdout]     6       │-}
[INFO] [stdout] ────────────┴───────────────────────────────────────────────────────────────────
[INFO] [stdout] thread 'tests::test_main' panicked at src/tests.rs:29:5:
[INFO] [stdout] called `Result::unwrap()` on an `Err` value: FileIo(Os { code: 30, kind: ReadOnlyFilesystem, message: "Read-only file system" }, "/opt/rustwide/workdir/src/snapshots/sidevm_macro__tests__main.snap.new")
[INFO] [stdout] stack backtrace:
[INFO] [stdout]    0:     0x752c40e3c60a - std::backtrace_rs::backtrace::libunwind::trace::h207520d6e9873551
[INFO] [stdout]                                at /rustc/df4ca44d3fbc9301ee17f30f4d474e6ae4b05252/library/std/src/../../backtrace/src/backtrace/libunwind.rs:116:5
[INFO] [stdout]    1:     0x752c40e3c60a - std::backtrace_rs::backtrace::trace_unsynchronized::h2ed7433f370e3eca
[INFO] [stdout]                                at /rustc/df4ca44d3fbc9301ee17f30f4d474e6ae4b05252/library/std/src/../../backtrace/src/backtrace/mod.rs:66:5
[INFO] [stdout]    2:     0x752c40e3c60a - std::sys::backtrace::_print_fmt::h916fac51166b18d7
[INFO] [stdout]                                at /rustc/df4ca44d3fbc9301ee17f30f4d474e6ae4b05252/library/std/src/sys/backtrace.rs:66:9
[INFO] [stdout]    3:     0x752c40e3c60a - <std::sys::backtrace::BacktraceLock::print::DisplayBacktrace as core::fmt::Display>::fmt::ha0a4c9b8ce3802e6
[INFO] [stdout]                                at /rustc/df4ca44d3fbc9301ee17f30f4d474e6ae4b05252/library/std/src/sys/backtrace.rs:39:26
[INFO] [stdout]    4:     0x752c40e8cbb3 - core::fmt::rt::Argument::fmt::h4cfc8587d52b3eb5
[INFO] [stdout]                                at /rustc/df4ca44d3fbc9301ee17f30f4d474e6ae4b05252/library/core/src/fmt/rt.rs:177:76
[INFO] [stdout]    5:     0x752c40e8cbb3 - core::fmt::write::h522cc39e5b36ae9f
[INFO] [stdout]                                at /rustc/df4ca44d3fbc9301ee17f30f4d474e6ae4b05252/library/core/src/fmt/mod.rs:1190:21
[INFO] [stdout]    6:     0x752c40e2ffa3 - std::io::Write::write_fmt::h7d3c26752da97734
[INFO] [stdout]                                at /rustc/df4ca44d3fbc9301ee17f30f4d474e6ae4b05252/library/std/src/io/mod.rs:1839:15
[INFO] [stdout]    7:     0x752c40e3c452 - std::sys::backtrace::BacktraceLock::print::h4b9e00b29e9c0942
[INFO] [stdout]                                at /rustc/df4ca44d3fbc9301ee17f30f4d474e6ae4b05252/library/std/src/sys/backtrace.rs:42:9
[INFO] [stdout]    8:     0x752c40e3ea8a - std::panicking::default_hook::{{closure}}::hb59b88280d0324d9
[INFO] [stdout]                                at /rustc/df4ca44d3fbc9301ee17f30f4d474e6ae4b05252/library/std/src/panicking.rs:268:22
[INFO] [stdout]    9:     0x752c40e3e894 - std::panicking::default_hook::he1dd496665be4a29
[INFO] [stdout]                                at /rustc/df4ca44d3fbc9301ee17f30f4d474e6ae4b05252/library/std/src/panicking.rs:292:9
[INFO] [stdout]   10:     0x5f4a4cd03cf9 - <alloc::boxed::Box<F,A> as core::ops::function::Fn<Args>>::call::h4ff71de18744e1dc
[INFO] [stdout]                                at /rustc/df4ca44d3fbc9301ee17f30f4d474e6ae4b05252/library/alloc/src/boxed.rs:2468:9
[INFO] [stdout]   11:     0x5f4a4cd03cf9 - test::test_main::{{closure}}::hcf7c055ce117aa81
[INFO] [stdout]                                at /rustc/df4ca44d3fbc9301ee17f30f4d474e6ae4b05252/library/test/src/lib.rs:133:21
[INFO] [stdout]   12:     0x752c40e3f1f8 - <alloc::boxed::Box<F,A> as core::ops::function::Fn<Args>>::call::h1d66c6bbd60c9692
[INFO] [stdout]                                at /rustc/df4ca44d3fbc9301ee17f30f4d474e6ae4b05252/library/alloc/src/boxed.rs:2468:9
[INFO] [stdout]   13:     0x752c40e3f1f8 - std::panicking::rust_panic_with_hook::h2ff17fe8f26dfcf8
[INFO] [stdout]                                at /rustc/df4ca44d3fbc9301ee17f30f4d474e6ae4b05252/library/std/src/panicking.rs:809:13
[INFO] [stdout]   14:     0x752c40e3efba - std::panicking::begin_panic_handler::{{closure}}::h4fad77951c07e101
[INFO] [stdout]                                at /rustc/df4ca44d3fbc9301ee17f30f4d474e6ae4b05252/library/std/src/panicking.rs:674:13
[INFO] [stdout]   15:     0x752c40e3cae9 - std::sys::backtrace::__rust_end_short_backtrace::hb1a25b3da5d0ea08
[INFO] [stdout]                                at /rustc/df4ca44d3fbc9301ee17f30f4d474e6ae4b05252/library/std/src/sys/backtrace.rs:170:18
[INFO] [stdout]   16:     0x752c40e3ec4c - rust_begin_unwind
[INFO] [stdout]                                at /rustc/df4ca44d3fbc9301ee17f30f4d474e6ae4b05252/library/std/src/panicking.rs:665:5
[INFO] [stdout]   17:     0x752c40e88fc0 - core::panicking::panic_fmt::ha9db07b529f9b256
[INFO] [stdout]                                at /rustc/df4ca44d3fbc9301ee17f30f4d474e6ae4b05252/library/core/src/panicking.rs:75:14
[INFO] [stdout]   18:     0x752c40e89546 - core::result::unwrap_failed::h5e8218e4d4338b8a
[INFO] [stdout]                                at /rustc/df4ca44d3fbc9301ee17f30f4d474e6ae4b05252/library/core/src/result.rs:1698:5
[INFO] [stdout]   19:     0x5f4a4cbcd8bf - core::result::Result<T,E>::unwrap::h9c057dd5d7c4f8a8
[INFO] [stdout]                                at /rustc/df4ca44d3fbc9301ee17f30f4d474e6ae4b05252/library/core/src/result.rs:1103:23
[INFO] [stdout]   20:     0x5f4a4cbcd8bf - sidevm_macro::tests::test_main::h9d27b394a17052d6
[INFO] [stdout]                                at /opt/rustwide/workdir/src/tests.rs:29:5
[INFO] [stdout]   21:     0x5f4a4cbcd0c7 - sidevm_macro::tests::test_main::{{closure}}::hc8fcad221d35cb8f
[INFO] [stdout]                                at /opt/rustwide/workdir/src/tests.rs:23:15
[INFO] [stdout]   22:     0x5f4a4cbb99d6 - core::ops::function::FnOnce::call_once::hfa5bac4605213e62
[INFO] [stdout]                                at /rustc/df4ca44d3fbc9301ee17f30f4d474e6ae4b05252/library/core/src/ops/function.rs:250:5
[INFO] [stdout]   23:     0x5f4a4cd085cb - core::ops::function::FnOnce::call_once::h22c3ba5715e93f05
[INFO] [stdout]                                at /rustc/df4ca44d3fbc9301ee17f30f4d474e6ae4b05252/library/core/src/ops/function.rs:250:5
[INFO] [stdout]   24:     0x5f4a4cd085cb - test::__rust_begin_short_backtrace::h8e82d8113d0da17f
[INFO] [stdout]                                at /rustc/df4ca44d3fbc9301ee17f30f4d474e6ae4b05252/library/test/src/lib.rs:621:18
[INFO] [stdout]   25:     0x5f4a4cd07f47 - test::run_test_in_process::{{closure}}::h33235f4f20b7b7c7
[INFO] [stdout]                                at /rustc/df4ca44d3fbc9301ee17f30f4d474e6ae4b05252/library/test/src/lib.rs:644:60
[INFO] [stdout]   26:     0x5f4a4cd07f47 - <core::panic::unwind_safe::AssertUnwindSafe<F> as core::ops::function::FnOnce<()>>::call_once::hb5043206310c586f
[INFO] [stdout]                                at /rustc/df4ca44d3fbc9301ee17f30f4d474e6ae4b05252/library/core/src/panic/unwind_safe.rs:272:9
[INFO] [stdout]   27:     0x5f4a4cd07f47 - std::panicking::try::do_call::h9ad4731a60ab23e2
[INFO] [stdout]                                at /rustc/df4ca44d3fbc9301ee17f30f4d474e6ae4b05252/library/std/src/panicking.rs:557:40
[INFO] [stdout]   28:     0x5f4a4cd07f47 - std::panicking::try::h3824d23db772a716
[INFO] [stdout]                                at /rustc/df4ca44d3fbc9301ee17f30f4d474e6ae4b05252/library/std/src/panicking.rs:520:19
[INFO] [stdout]   29:     0x5f4a4cd07f47 - std::panic::catch_unwind::h5afd514605fde46b
[INFO] [stdout]                                at /rustc/df4ca44d3fbc9301ee17f30f4d474e6ae4b05252/library/std/src/panic.rs:358:14
[INFO] [stdout]   30:     0x5f4a4cd07f47 - test::run_test_in_process::h0d5cbfa7067d1720
[INFO] [stdout]                                at /rustc/df4ca44d3fbc9301ee17f30f4d474e6ae4b05252/library/test/src/lib.rs:644:27
[INFO] [stdout]   31:     0x5f4a4cd07f47 - test::run_test::{{closure}}::h708eb8872708115d
[INFO] [stdout]                                at /rustc/df4ca44d3fbc9301ee17f30f4d474e6ae4b05252/library/test/src/lib.rs:565:43
[INFO] [stdout]   32:     0x5f4a4cccb664 - test::run_test::{{closure}}::h392c51cee94713ab
[INFO] [stdout]                                at /rustc/df4ca44d3fbc9301ee17f30f4d474e6ae4b05252/library/test/src/lib.rs:595:41
[INFO] [stdout]   33:     0x5f4a4cccb664 - std::sys::backtrace::__rust_begin_short_backtrace::h2f40290710935a8b
[INFO] [stdout]                                at /rustc/df4ca44d3fbc9301ee17f30f4d474e6ae4b05252/library/std/src/sys/backtrace.rs:154:18
[INFO] [stdout]   34:     0x5f4a4cccee0e - std::thread::Builder::spawn_unchecked_::{{closure}}::{{closure}}::h3fd968d89053a903
[INFO] [stdout]                                at /rustc/df4ca44d3fbc9301ee17f30f4d474e6ae4b05252/library/std/src/thread/mod.rs:541:17
[INFO] [stdout]   35:     0x5f4a4cccee0e - <core::panic::unwind_safe::AssertUnwindSafe<F> as core::ops::function::FnOnce<()>>::call_once::h743f637ba4229880
[INFO] [stdout]                                at /rustc/df4ca44d3fbc9301ee17f30f4d474e6ae4b05252/library/core/src/panic/unwind_safe.rs:272:9
[INFO] [stdout]   36:     0x5f4a4cccee0e - std::panicking::try::do_call::h07440897322525a6
[INFO] [stdout]                                at /rustc/df4ca44d3fbc9301ee17f30f4d474e6ae4b05252/library/std/src/panicking.rs:557:40
[INFO] [stdout]   37:     0x5f4a4cccee0e - std::panicking::try::he5a2e00188156637
[INFO] [stdout]                                at /rustc/df4ca44d3fbc9301ee17f30f4d474e6ae4b05252/library/std/src/panicking.rs:520:19
[INFO] [stdout]   38:     0x5f4a4cccee0e - std::panic::catch_unwind::hbaf3cae49b3c6433
[INFO] [stdout]                                at /rustc/df4ca44d3fbc9301ee17f30f4d474e6ae4b05252/library/std/src/panic.rs:358:14
[INFO] [stdout]   39:     0x5f4a4cccee0e - std::thread::Builder::spawn_unchecked_::{{closure}}::h8e141ea224820bce
[INFO] [stdout]                                at /rustc/df4ca44d3fbc9301ee17f30f4d474e6ae4b05252/library/std/src/thread/mod.rs:540:30
[INFO] [stdout]   40:     0x5f4a4cccee0e - core::ops::function::FnOnce::call_once{{vtable.shim}}::h90d312fedd7b8ea8
[INFO] [stdout]                                at /rustc/df4ca44d3fbc9301ee17f30f4d474e6ae4b05252/library/core/src/ops/function.rs:250:5
[INFO] [stdout]   41:     0x752c40e48d2b - <alloc::boxed::Box<F,A> as core::ops::function::FnOnce<Args>>::call_once::h69aa08ddb6adb8b6
[INFO] [stdout]                                at /rustc/df4ca44d3fbc9301ee17f30f4d474e6ae4b05252/library/alloc/src/boxed.rs:2454:9
[INFO] [stdout]   42:     0x752c40e48d2b - <alloc::boxed::Box<F,A> as core::ops::function::FnOnce<Args>>::call_once::h5aa36efdb79c806f
[INFO] [stdout]                                at /rustc/df4ca44d3fbc9301ee17f30f4d474e6ae4b05252/library/alloc/src/boxed.rs:2454:9
[INFO] [stdout]   43:     0x752c40e48d2b - std::sys::pal::unix::thread::Thread::new::thread_start::h6cd80a1b4be5158d
[INFO] [stdout]                                at /rustc/df4ca44d3fbc9301ee17f30f4d474e6ae4b05252/library/std/src/sys/pal/unix/thread.rs:105:17
[INFO] [stdout]   44:     0x752c40abcac3 - <unknown>
[INFO] [stdout]   45:     0x752c40b4da04 - clone
[INFO] [stdout]   46:                0x0 - <unknown>
[INFO] [stdout] 
[INFO] [stdout] 
[INFO] [stdout] failures:
[INFO] [stdout]     tests::test_main
[INFO] [stdout]     tests::test_ocall
[INFO] [stdout] 
[INFO] [stdout] test result: FAILED. 0 passed; 2 failed; 0 ignored; 0 measured; 0 filtered out; finished in 1.61s
[INFO] [stdout] 
[INFO] [stderr] error: test failed, to rerun pass `--lib`
[INFO] running `Command { std: "docker" "inspect" "c4de0c0d4d6b9e3db6c1a9d411027f72c1ab729f5925ac9aeb285fb98bc482c4", kill_on_drop: false }`
[INFO] running `Command { std: "docker" "rm" "-f" "c4de0c0d4d6b9e3db6c1a9d411027f72c1ab729f5925ac9aeb285fb98bc482c4", kill_on_drop: false }`
[INFO] [stdout] c4de0c0d4d6b9e3db6c1a9d411027f72c1ab729f5925ac9aeb285fb98bc482c4
