[INFO] fetching crate sickle_macros 0.4.0...
[INFO] testing sickle_macros-0.4.0 against nightly-2024-10-28 for randomize-layout
[INFO] extracting crate sickle_macros 0.4.0 into /workspace/builds/worker-1-tc1/source
[INFO] validating manifest of crates.io crate sickle_macros 0.4.0 on toolchain nightly-2024-10-28
[INFO] running `Command { std: CARGO_HOME="/workspace/cargo-home" RUSTUP_HOME="/workspace/rustup-home" "/workspace/cargo-home/bin/cargo" "+nightly-2024-10-28" "metadata" "--manifest-path" "Cargo.toml" "--no-deps", kill_on_drop: false }`
[INFO] started tweaking crates.io crate sickle_macros 0.4.0
[INFO] finished tweaking crates.io crate sickle_macros 0.4.0
[INFO] tweaked toml for crates.io crate sickle_macros 0.4.0 written to /workspace/builds/worker-1-tc1/source/Cargo.toml
[INFO] running `Command { std: CARGO_HOME="/workspace/cargo-home" RUSTUP_HOME="/workspace/rustup-home" "/workspace/cargo-home/bin/cargo" "+nightly-2024-10-28" "generate-lockfile" "--manifest-path" "Cargo.toml", kill_on_drop: false }`
[INFO] [stderr]     Updating crates.io index
[INFO] [stderr]      Locking 4 packages to latest compatible versions
[INFO] running `Command { std: CARGO_HOME="/workspace/cargo-home" RUSTUP_HOME="/workspace/rustup-home" "/workspace/cargo-home/bin/cargo" "+nightly-2024-10-28" "fetch" "--manifest-path" "Cargo.toml", kill_on_drop: false }`
[INFO] running `Command { std: "docker" "create" "-v" "/var/lib/crater-agent-workspace/builds/worker-1-tc1/target:/opt/rustwide/target:rw,Z" "-v" "/var/lib/crater-agent-workspace/builds/worker-1-tc1/source:/opt/rustwide/workdir:ro,Z" "-v" "/var/lib/crater-agent-workspace/cargo-home:/opt/rustwide/cargo-home:ro,Z" "-v" "/var/lib/crater-agent-workspace/rustup-home:/opt/rustwide/rustup-home:ro,Z" "-e" "SOURCE_DIR=/opt/rustwide/workdir" "-e" "CARGO_TARGET_DIR=/opt/rustwide/target" "-e" "CARGO_HOME=/opt/rustwide/cargo-home" "-e" "RUSTUP_HOME=/opt/rustwide/rustup-home" "-w" "/opt/rustwide/workdir" "-m" "1610612736" "--user" "0:0" "--network" "none" "ghcr.io/rust-lang/crates-build-env/linux@sha256:4a844ea9eb2546a2d2c7022eacef16ef2e8229c7fbb2c7d4d55a9ceca922f72d" "/opt/rustwide/cargo-home/bin/cargo" "+nightly-2024-10-28" "metadata" "--no-deps" "--format-version=1", kill_on_drop: false }`
[INFO] [stdout] c95dd7220fb15382d86390bfc0b9c083d50e332095376df0cc706cb3fa87350e
[INFO] running `Command { std: "docker" "start" "-a" "c95dd7220fb15382d86390bfc0b9c083d50e332095376df0cc706cb3fa87350e", kill_on_drop: false }`
[INFO] running `Command { std: "docker" "inspect" "c95dd7220fb15382d86390bfc0b9c083d50e332095376df0cc706cb3fa87350e", kill_on_drop: false }`
[INFO] running `Command { std: "docker" "rm" "-f" "c95dd7220fb15382d86390bfc0b9c083d50e332095376df0cc706cb3fa87350e", kill_on_drop: false }`
[INFO] [stdout] c95dd7220fb15382d86390bfc0b9c083d50e332095376df0cc706cb3fa87350e
[INFO] running `Command { std: "docker" "create" "-v" "/var/lib/crater-agent-workspace/builds/worker-1-tc1/target:/opt/rustwide/target:rw,Z" "-v" "/var/lib/crater-agent-workspace/builds/worker-1-tc1/source:/opt/rustwide/workdir:ro,Z" "-v" "/var/lib/crater-agent-workspace/cargo-home:/opt/rustwide/cargo-home:ro,Z" "-v" "/var/lib/crater-agent-workspace/rustup-home:/opt/rustwide/rustup-home:ro,Z" "-e" "SOURCE_DIR=/opt/rustwide/workdir" "-e" "CARGO_TARGET_DIR=/opt/rustwide/target" "-e" "CARGO_INCREMENTAL=0" "-e" "RUST_BACKTRACE=full" "-e" "RUSTFLAGS=--cap-lints=forbid" "-e" "RUSTDOCFLAGS=--cap-lints=forbid" "-e" "CARGO_HOME=/opt/rustwide/cargo-home" "-e" "RUSTUP_HOME=/opt/rustwide/rustup-home" "-w" "/opt/rustwide/workdir" "-m" "1610612736" "--user" "0:0" "--network" "none" "ghcr.io/rust-lang/crates-build-env/linux@sha256:4a844ea9eb2546a2d2c7022eacef16ef2e8229c7fbb2c7d4d55a9ceca922f72d" "/opt/rustwide/cargo-home/bin/cargo" "+nightly-2024-10-28" "build" "--frozen" "--message-format=json", kill_on_drop: false }`
[INFO] [stdout] 56cbb4608e0c41f749fac8cd796292bac6c9a398f21238643f92390bc0ba9b96
[INFO] running `Command { std: "docker" "start" "-a" "56cbb4608e0c41f749fac8cd796292bac6c9a398f21238643f92390bc0ba9b96", kill_on_drop: false }`
[INFO] [stderr]    Compiling proc-macro2 v1.0.89
[INFO] [stderr]    Compiling unicode-ident v1.0.13
[INFO] [stderr]    Compiling quote v1.0.37
[INFO] [stderr]    Compiling syn v2.0.86
[INFO] [stderr]    Compiling sickle_macros v0.4.0 (/opt/rustwide/workdir)
[INFO] [stderr]     Finished `dev` profile [unoptimized + debuginfo] target(s) in 2.24s
[INFO] running `Command { std: "docker" "inspect" "56cbb4608e0c41f749fac8cd796292bac6c9a398f21238643f92390bc0ba9b96", kill_on_drop: false }`
[INFO] running `Command { std: "docker" "rm" "-f" "56cbb4608e0c41f749fac8cd796292bac6c9a398f21238643f92390bc0ba9b96", kill_on_drop: false }`
[INFO] [stdout] 56cbb4608e0c41f749fac8cd796292bac6c9a398f21238643f92390bc0ba9b96
[INFO] running `Command { std: "docker" "create" "-v" "/var/lib/crater-agent-workspace/builds/worker-1-tc1/target:/opt/rustwide/target:rw,Z" "-v" "/var/lib/crater-agent-workspace/builds/worker-1-tc1/source:/opt/rustwide/workdir:ro,Z" "-v" "/var/lib/crater-agent-workspace/cargo-home:/opt/rustwide/cargo-home:ro,Z" "-v" "/var/lib/crater-agent-workspace/rustup-home:/opt/rustwide/rustup-home:ro,Z" "-e" "SOURCE_DIR=/opt/rustwide/workdir" "-e" "CARGO_TARGET_DIR=/opt/rustwide/target" "-e" "CARGO_INCREMENTAL=0" "-e" "RUST_BACKTRACE=full" "-e" "RUSTFLAGS=--cap-lints=forbid" "-e" "RUSTDOCFLAGS=--cap-lints=forbid" "-e" "CARGO_HOME=/opt/rustwide/cargo-home" "-e" "RUSTUP_HOME=/opt/rustwide/rustup-home" "-w" "/opt/rustwide/workdir" "-m" "1610612736" "--user" "0:0" "--network" "none" "ghcr.io/rust-lang/crates-build-env/linux@sha256:4a844ea9eb2546a2d2c7022eacef16ef2e8229c7fbb2c7d4d55a9ceca922f72d" "/opt/rustwide/cargo-home/bin/cargo" "+nightly-2024-10-28" "test" "--frozen" "--no-run" "--message-format=json", kill_on_drop: false }`
[INFO] [stdout] fa0454cfa79a8be807d2a871abb38a2288060dcba96c947181027a644644eeaf
[INFO] running `Command { std: "docker" "start" "-a" "fa0454cfa79a8be807d2a871abb38a2288060dcba96c947181027a644644eeaf", kill_on_drop: false }`
[INFO] [stderr]    Compiling sickle_macros v0.4.0 (/opt/rustwide/workdir)
[INFO] [stderr]     Finished `test` profile [unoptimized + debuginfo] target(s) in 0.36s
[INFO] running `Command { std: "docker" "inspect" "fa0454cfa79a8be807d2a871abb38a2288060dcba96c947181027a644644eeaf", kill_on_drop: false }`
[INFO] running `Command { std: "docker" "rm" "-f" "fa0454cfa79a8be807d2a871abb38a2288060dcba96c947181027a644644eeaf", kill_on_drop: false }`
[INFO] [stdout] fa0454cfa79a8be807d2a871abb38a2288060dcba96c947181027a644644eeaf
[INFO] running `Command { std: "docker" "create" "-v" "/var/lib/crater-agent-workspace/builds/worker-1-tc1/target:/opt/rustwide/target:rw,Z" "-v" "/var/lib/crater-agent-workspace/builds/worker-1-tc1/source:/opt/rustwide/workdir:ro,Z" "-v" "/var/lib/crater-agent-workspace/cargo-home:/opt/rustwide/cargo-home:ro,Z" "-v" "/var/lib/crater-agent-workspace/rustup-home:/opt/rustwide/rustup-home:ro,Z" "-e" "SOURCE_DIR=/opt/rustwide/workdir" "-e" "CARGO_TARGET_DIR=/opt/rustwide/target" "-e" "CARGO_INCREMENTAL=0" "-e" "RUST_BACKTRACE=full" "-e" "RUSTFLAGS=--cap-lints=forbid" "-e" "RUSTDOCFLAGS=--cap-lints=forbid" "-e" "CARGO_HOME=/opt/rustwide/cargo-home" "-e" "RUSTUP_HOME=/opt/rustwide/rustup-home" "-w" "/opt/rustwide/workdir" "-m" "1610612736" "--user" "0:0" "--network" "none" "ghcr.io/rust-lang/crates-build-env/linux@sha256:4a844ea9eb2546a2d2c7022eacef16ef2e8229c7fbb2c7d4d55a9ceca922f72d" "/opt/rustwide/cargo-home/bin/cargo" "+nightly-2024-10-28" "test" "--frozen", kill_on_drop: false }`
[INFO] [stdout] df23a54c29408c95e292d815854f9d5f9d1488635ee2f2f23a05c25ba03d1156
[INFO] running `Command { std: "docker" "start" "-a" "df23a54c29408c95e292d815854f9d5f9d1488635ee2f2f23a05c25ba03d1156", kill_on_drop: false }`
[INFO] [stderr]     Finished `test` profile [unoptimized + debuginfo] target(s) in 0.01s
[INFO] [stderr]      Running unittests src/lib.rs (/opt/rustwide/target/debug/deps/sickle_macros-d8c8f73c090f29de)
[INFO] [stdout] 
[INFO] [stdout] running 0 tests
[INFO] [stdout] 
[INFO] [stdout] test result: ok. 0 passed; 0 failed; 0 ignored; 0 measured; 0 filtered out; finished in 0.00s
[INFO] [stdout] 
[INFO] [stderr]    Doc-tests sickle_macros
[INFO] [stdout] 
[INFO] [stdout] running 2 tests
[INFO] [stdout] test src/lib.rs - event_handler_macro_derive (line 12) ... FAILED
[INFO] [stdout] test src/lib.rs - event_handler_macro_derive (line 28) ... FAILED
[INFO] [stdout] 
[INFO] [stdout] failures:
[INFO] [stdout] 
[INFO] [stdout] ---- src/lib.rs - event_handler_macro_derive (line 12) stdout ----
[INFO] [stdout] error: expected `;`, found `proc`
[INFO] [stdout]  --> src/lib.rs:13:6
[INFO] [stdout]   |
[INFO] [stdout] 3 | [lib]
[INFO] [stdout]   |      ^ help: add `;` here
[INFO] [stdout] 4 | proc-macro = true
[INFO] [stdout]   | ---- unexpected token
[INFO] [stdout] 
[INFO] [stdout] error: expected expression, found reserved keyword `macro`
[INFO] [stdout]  --> src/lib.rs:14:6
[INFO] [stdout]   |
[INFO] [stdout] 4 | proc-macro = true
[INFO] [stdout]   |      ^^^^^ expected expression
[INFO] [stdout] 
[INFO] [stdout] error: aborting due to 2 previous errors
[INFO] [stdout] 
[INFO] [stdout] Couldn't compile the test.
[INFO] [stdout] ---- src/lib.rs - event_handler_macro_derive (line 28) stdout ----
[INFO] [stdout] error: cannot find derive macro `Component` in this scope
[INFO] [stdout]  --> src/lib.rs:29:10
[INFO] [stdout]   |
[INFO] [stdout] 3 | #[derive(Component, EventHandler)]
[INFO] [stdout]   |          ^^^^^^^^^
[INFO] [stdout] 
[INFO] [stdout] error: cannot find derive macro `EventHandler` in this scope
[INFO] [stdout]  --> src/lib.rs:29:21
[INFO] [stdout]   |
[INFO] [stdout] 3 | #[derive(Component, EventHandler)]
[INFO] [stdout]   |                     ^^^^^^^^^^^^
[INFO] [stdout]   |
[INFO] [stdout] help: consider importing this derive macro
[INFO] [stdout]   |
[INFO] [stdout] 2 + use sickle_macros::EventHandler;
[INFO] [stdout]   |
[INFO] [stdout] 
[INFO] [stdout] error[E0412]: cannot find type `SystemId` in this scope
[INFO] [stdout]  --> src/lib.rs:31:14
[INFO] [stdout]   |
[INFO] [stdout] 5 |   system_id: SystemId,
[INFO] [stdout]   |              ^^^^^^^^ not found in this scope
[INFO] [stdout] 
[INFO] [stdout] error[E0405]: cannot find trait `Plugin` in this scope
[INFO] [stdout]  --> src/lib.rs:35:6
[INFO] [stdout]   |
[INFO] [stdout] 9 | impl Plugin for SomethingPlugin {
[INFO] [stdout]   |      ^^^^^^ not found in this scope
[INFO] [stdout] 
[INFO] [stdout] error[E0412]: cannot find type `SomethingPlugin` in this scope
[INFO] [stdout]  --> src/lib.rs:35:17
[INFO] [stdout]   |
[INFO] [stdout] 9 | impl Plugin for SomethingPlugin {
[INFO] [stdout]   |                 ^^^^^^^^^^^^^^^ not found in this scope
[INFO] [stdout] 
[INFO] [stdout] error[E0412]: cannot find type `App` in this scope
[INFO] [stdout]   --> src/lib.rs:36:29
[INFO] [stdout]    |
[INFO] [stdout] 10 |   fn build(&self, app: &mut App) {
[INFO] [stdout]    |                             ^^^ not found in this scope
[INFO] [stdout] 
[INFO] [stdout] error[E0425]: cannot find value `Update` in this scope
[INFO] [stdout]   --> src/lib.rs:37:23
[INFO] [stdout]    |
[INFO] [stdout] 11 |       app.add_systems(Update, handle_pressed);
[INFO] [stdout]    |                       ^^^^^^ not found in this scope
[INFO] [stdout] 
[INFO] [stdout] error[E0412]: cannot find type `Query` in this scope
[INFO] [stdout]   --> src/lib.rs:43:28
[INFO] [stdout]    |
[INFO] [stdout] 17 |     mut interaction_query: Query<(Entity, &Interaction), (Changed<Interaction>, With<OnSomething>)>,
[INFO] [stdout]    |                            ^^^^^ not found in this scope
[INFO] [stdout] 
[INFO] [stdout] error[E0412]: cannot find type `Entity` in this scope
[INFO] [stdout]   --> src/lib.rs:43:35
[INFO] [stdout]    |
[INFO] [stdout] 17 |     mut interaction_query: Query<(Entity, &Interaction), (Changed<Interaction>, With<OnSomething>)>,
[INFO] [stdout]    |                                   ^^^^^^ not found in this scope
[INFO] [stdout]    |
[INFO] [stdout] help: you might be missing a type parameter
[INFO] [stdout]    |
[INFO] [stdout] 16 | fn handle_pressed<Entity>(
[INFO] [stdout]    |                  ++++++++
[INFO] [stdout] 
[INFO] [stdout] error[E0412]: cannot find type `Interaction` in this scope
[INFO] [stdout]   --> src/lib.rs:43:44
[INFO] [stdout]    |
[INFO] [stdout] 17 |     mut interaction_query: Query<(Entity, &Interaction), (Changed<Interaction>, With<OnSomething>)>,
[INFO] [stdout]    |                                            ^^^^^^^^^^^ not found in this scope
[INFO] [stdout]    |
[INFO] [stdout] help: you might be missing a type parameter
[INFO] [stdout]    |
[INFO] [stdout] 16 | fn handle_pressed<Interaction>(
[INFO] [stdout]    |                  +++++++++++++
[INFO] [stdout] 
[INFO] [stdout] error[E0412]: cannot find type `Changed` in this scope
[INFO] [stdout]   --> src/lib.rs:43:59
[INFO] [stdout]    |
[INFO] [stdout] 17 |     mut interaction_query: Query<(Entity, &Interaction), (Changed<Interaction>, With<OnSomething>)>,
[INFO] [stdout]    |                                                           ^^^^^^^ not found in this scope
[INFO] [stdout] 
[INFO] [stdout] error[E0412]: cannot find type `Interaction` in this scope
[INFO] [stdout]   --> src/lib.rs:43:67
[INFO] [stdout]    |
[INFO] [stdout] 17 |     mut interaction_query: Query<(Entity, &Interaction), (Changed<Interaction>, With<OnSomething>)>,
[INFO] [stdout]    |                                                                   ^^^^^^^^^^^ not found in this scope
[INFO] [stdout]    |
[INFO] [stdout] help: you might be missing a type parameter
[INFO] [stdout]    |
[INFO] [stdout] 16 | fn handle_pressed<Interaction>(
[INFO] [stdout]    |                  +++++++++++++
[INFO] [stdout] 
[INFO] [stdout] error[E0412]: cannot find type `With` in this scope
[INFO] [stdout]   --> src/lib.rs:43:81
[INFO] [stdout]    |
[INFO] [stdout] 17 |     mut interaction_query: Query<(Entity, &Interaction), (Changed<Interaction>, With<OnSomething>)>,
[INFO] [stdout]    |                                                                                 ^^^^ not found in this scope
[INFO] [stdout] 
[INFO] [stdout] error[E0412]: cannot find type `Query` in this scope
[INFO] [stdout]   --> src/lib.rs:44:24
[INFO] [stdout]    |
[INFO] [stdout] 18 |     mut handler_query: Query<&mut OnSomething>,
[INFO] [stdout]    |                        ^^^^^ not found in this scope
[INFO] [stdout] 
[INFO] [stdout] error[E0412]: cannot find type `Commands` in this scope
[INFO] [stdout]   --> src/lib.rs:45:19
[INFO] [stdout]    |
[INFO] [stdout] 19 |     mut commands: Commands,
[INFO] [stdout]    |                   ^^^^^^^^ not found in this scope
[INFO] [stdout] 
[INFO] [stdout] error[E0412]: cannot find type `Commands` in this scope
[INFO] [stdout]   --> src/lib.rs:61:41
[INFO] [stdout]    |
[INFO] [stdout] 35 | fn spawn_something_button(mut commands: Commands, root_node: Query<Entity, With<MainMenuRootNode>>) {
[INFO] [stdout]    |                                         ^^^^^^^^ not found in this scope
[INFO] [stdout] 
[INFO] [stdout] error[E0412]: cannot find type `Query` in this scope
[INFO] [stdout]   --> src/lib.rs:61:62
[INFO] [stdout]    |
[INFO] [stdout] 35 | fn spawn_something_button(mut commands: Commands, root_node: Query<Entity, With<MainMenuRootNode>>) {
[INFO] [stdout]    |                                                              ^^^^^ not found in this scope
[INFO] [stdout] 
[INFO] [stdout] error[E0412]: cannot find type `Entity` in this scope
[INFO] [stdout]   --> src/lib.rs:61:68
[INFO] [stdout]    |
[INFO] [stdout] 35 | fn spawn_something_button(mut commands: Commands, root_node: Query<Entity, With<MainMenuRootNode>>) {
[INFO] [stdout]    |                                                                    ^^^^^^ not found in this scope
[INFO] [stdout]    |
[INFO] [stdout] help: you might be missing a type parameter
[INFO] [stdout]    |
[INFO] [stdout] 35 | fn spawn_something_button<Entity>(mut commands: Commands, root_node: Query<Entity, With<MainMenuRootNode>>) {
[INFO] [stdout]    |                          ++++++++
[INFO] [stdout] 
[INFO] [stdout] error[E0412]: cannot find type `With` in this scope
[INFO] [stdout]   --> src/lib.rs:61:76
[INFO] [stdout]    |
[INFO] [stdout] 35 | fn spawn_something_button(mut commands: Commands, root_node: Query<Entity, With<MainMenuRootNode>>) {
[INFO] [stdout]    |                                                                            ^^^^ not found in this scope
[INFO] [stdout] 
[INFO] [stdout] error[E0412]: cannot find type `MainMenuRootNode` in this scope
[INFO] [stdout]   --> src/lib.rs:61:81
[INFO] [stdout]    |
[INFO] [stdout] 35 | fn spawn_something_button(mut commands: Commands, root_node: Query<Entity, With<MainMenuRootNode>>) {
[INFO] [stdout]    |                                                                                 ^^^^^^^^^^^^^^^^ not found in this scope
[INFO] [stdout]    |
[INFO] [stdout] help: you might be missing a type parameter
[INFO] [stdout]    |
[INFO] [stdout] 35 | fn spawn_something_button<MainMenuRootNode>(mut commands: Commands, root_node: Query<Entity, With<MainMenuRootNode>>) {
[INFO] [stdout]    |                          ++++++++++++++++++
[INFO] [stdout] 
[INFO] [stdout] error[E0422]: cannot find struct, variant or union type `ButtonBundle` in this scope
[INFO] [stdout]   --> src/lib.rs:64:20
[INFO] [stdout]    |
[INFO] [stdout] 38 |             .spawn(ButtonBundle {
[INFO] [stdout]    |                    ^^^^^^^^^^^^ not found in this scope
[INFO] [stdout] 
[INFO] [stdout] error[E0422]: cannot find struct, variant or union type `Style` in this scope
[INFO] [stdout]   --> src/lib.rs:65:24
[INFO] [stdout]    |
[INFO] [stdout] 39 |                 style: Style {
[INFO] [stdout]    |                        ^^^^^ not found in this scope
[INFO] [stdout] 
[INFO] [stdout] error[E0412]: cannot find type `Query` in this scope
[INFO] [stdout]   --> src/lib.rs:86:22
[INFO] [stdout]    |
[INFO] [stdout] 60 |   mut pressed_query: Query<(Entity, &OnSomething), With<OnSomething>>,
[INFO] [stdout]    |                      ^^^^^ not found in this scope
[INFO] [stdout] 
[INFO] [stdout] error[E0412]: cannot find type `Entity` in this scope
[INFO] [stdout]   --> src/lib.rs:86:29
[INFO] [stdout]    |
[INFO] [stdout] 60 |   mut pressed_query: Query<(Entity, &OnSomething), With<OnSomething>>,
[INFO] [stdout]    |                             ^^^^^^ not found in this scope
[INFO] [stdout]    |
[INFO] [stdout] help: you might be missing a type parameter
[INFO] [stdout]    |
[INFO] [stdout] 59 | fn do_the_something_with_the_button<Entity>(
[INFO] [stdout]    |                                    ++++++++
[INFO] [stdout] 
[INFO] [stdout] error[E0412]: cannot find type `With` in this scope
[INFO] [stdout]   --> src/lib.rs:86:52
[INFO] [stdout]    |
[INFO] [stdout] 60 |   mut pressed_query: Query<(Entity, &OnSomething), With<OnSomething>>,
[INFO] [stdout]    |                                                    ^^^^ not found in this scope
[INFO] [stdout] 
[INFO] [stdout] error[E0433]: failed to resolve: use of undeclared type `Interaction`
[INFO] [stdout]   --> src/lib.rs:49:28
[INFO] [stdout]    |
[INFO] [stdout] 23 |         if *interaction == Interaction::Pressed {
[INFO] [stdout]    |                            ^^^^^^^^^^^ use of undeclared type `Interaction`
[INFO] [stdout] 
[INFO] [stdout] error[E0433]: failed to resolve: use of undeclared type `Val`
[INFO] [stdout]   --> src/lib.rs:66:28
[INFO] [stdout]    |
[INFO] [stdout] 40 |                     width: Val::Px(200.),
[INFO] [stdout]    |                            ^^^ use of undeclared type `Val`
[INFO] [stdout] 
[INFO] [stdout] error[E0433]: failed to resolve: use of undeclared type `UiRect`
[INFO] [stdout]   --> src/lib.rs:67:29
[INFO] [stdout]    |
[INFO] [stdout] 41 |                     border: UiRect::all(Val::Px(2.)),
[INFO] [stdout]    |                             ^^^^^^ use of undeclared type `UiRect`
[INFO] [stdout] 
[INFO] [stdout] error[E0433]: failed to resolve: use of undeclared type `Val`
[INFO] [stdout]   --> src/lib.rs:67:41
[INFO] [stdout]    |
[INFO] [stdout] 41 |                     border: UiRect::all(Val::Px(2.)),
[INFO] [stdout]    |                                         ^^^ use of undeclared type `Val`
[INFO] [stdout] 
[INFO] [stdout] error[E0433]: failed to resolve: use of undeclared type `Color`
[INFO] [stdout]   --> src/lib.rs:70:35
[INFO] [stdout]    |
[INFO] [stdout] 44 |                 background_color: Color::rgb(0.35, 0.35, 0.35).into(),
[INFO] [stdout]    |                                   ^^^^^ use of undeclared type `Color`
[INFO] [stdout] 
[INFO] [stdout] error[E0433]: failed to resolve: use of undeclared type `OnSomethingHandler`
[INFO] [stdout]   --> src/lib.rs:76:18
[INFO] [stdout]    |
[INFO] [stdout] 50 |             .add(OnSomethingHandler::from(do_the_something_with_the_button));
[INFO] [stdout]    |                  ^^^^^^^^^^^^^^^^^^ use of undeclared type `OnSomethingHandler`
[INFO] [stdout] 
[INFO] [stdout] error[E0425]: cannot find function `default` in this scope
[INFO] [stdout]   --> src/lib.rs:68:23
[INFO] [stdout]    |
[INFO] [stdout] 42 |                     ..default()
[INFO] [stdout]    |                       ^^^^^^^ not found in this scope
[INFO] [stdout] 
[INFO] [stdout] error[E0425]: cannot find function `default` in this scope
[INFO] [stdout]   --> src/lib.rs:71:19
[INFO] [stdout]    |
[INFO] [stdout] 45 |                 ..default()
[INFO] [stdout]    |                   ^^^^^^^ not found in this scope
[INFO] [stdout] 
[INFO] [stdout] error: aborting due to 33 previous errors
[INFO] [stdout] 
[INFO] [stdout] Some errors have detailed explanations: E0405, E0412, E0422, E0425, E0433.
[INFO] [stdout] For more information about an error, try `rustc --explain E0405`.
[INFO] [stdout] Couldn't compile the test.
[INFO] [stdout] 
[INFO] [stdout] failures:
[INFO] [stdout]     src/lib.rs - event_handler_macro_derive (line 12)
[INFO] [stdout]     src/lib.rs - event_handler_macro_derive (line 28)
[INFO] [stdout] 
[INFO] [stdout] test result: FAILED. 0 passed; 2 failed; 0 ignored; 0 measured; 0 filtered out; finished in 0.09s
[INFO] [stdout] 
[INFO] [stderr] error: doctest failed, to rerun pass `--doc`
[INFO] running `Command { std: "docker" "inspect" "df23a54c29408c95e292d815854f9d5f9d1488635ee2f2f23a05c25ba03d1156", kill_on_drop: false }`
[INFO] running `Command { std: "docker" "rm" "-f" "df23a54c29408c95e292d815854f9d5f9d1488635ee2f2f23a05c25ba03d1156", kill_on_drop: false }`
[INFO] [stdout] df23a54c29408c95e292d815854f9d5f9d1488635ee2f2f23a05c25ba03d1156
