[INFO] fetching crate shuttle-codegen 0.48.0...
[INFO] testing shuttle-codegen-0.48.0 against nightly-2024-10-28 for randomize-layout
[INFO] extracting crate shuttle-codegen 0.48.0 into /workspace/builds/worker-2-tc1/source
[INFO] validating manifest of crates.io crate shuttle-codegen 0.48.0 on toolchain nightly-2024-10-28
[INFO] running `Command { std: CARGO_HOME="/workspace/cargo-home" RUSTUP_HOME="/workspace/rustup-home" "/workspace/cargo-home/bin/cargo" "+nightly-2024-10-28" "metadata" "--manifest-path" "Cargo.toml" "--no-deps", kill_on_drop: false }`
[INFO] started tweaking crates.io crate shuttle-codegen 0.48.0
[INFO] finished tweaking crates.io crate shuttle-codegen 0.48.0
[INFO] tweaked toml for crates.io crate shuttle-codegen 0.48.0 written to /workspace/builds/worker-2-tc1/source/Cargo.toml
[INFO] running `Command { std: CARGO_HOME="/workspace/cargo-home" RUSTUP_HOME="/workspace/rustup-home" "/workspace/cargo-home/bin/cargo" "+nightly-2024-10-28" "generate-lockfile" "--manifest-path" "Cargo.toml", kill_on_drop: false }`
[INFO] [stderr]     Updating crates.io index
[INFO] [stderr]      Locking 141 packages to latest compatible versions
[INFO] [stderr]       Adding reqwest v0.11.27 (available: v0.12.9)
[INFO] running `Command { std: CARGO_HOME="/workspace/cargo-home" RUSTUP_HOME="/workspace/rustup-home" "/workspace/cargo-home/bin/cargo" "+nightly-2024-10-28" "fetch" "--manifest-path" "Cargo.toml", kill_on_drop: false }`
[INFO] running `Command { std: "docker" "create" "-v" "/var/lib/crater-agent-workspace/builds/worker-2-tc1/target:/opt/rustwide/target:rw,Z" "-v" "/var/lib/crater-agent-workspace/builds/worker-2-tc1/source:/opt/rustwide/workdir:ro,Z" "-v" "/var/lib/crater-agent-workspace/cargo-home:/opt/rustwide/cargo-home:ro,Z" "-v" "/var/lib/crater-agent-workspace/rustup-home:/opt/rustwide/rustup-home:ro,Z" "-e" "SOURCE_DIR=/opt/rustwide/workdir" "-e" "CARGO_TARGET_DIR=/opt/rustwide/target" "-e" "CARGO_HOME=/opt/rustwide/cargo-home" "-e" "RUSTUP_HOME=/opt/rustwide/rustup-home" "-w" "/opt/rustwide/workdir" "-m" "1610612736" "--user" "0:0" "--network" "none" "ghcr.io/rust-lang/crates-build-env/linux@sha256:4a844ea9eb2546a2d2c7022eacef16ef2e8229c7fbb2c7d4d55a9ceca922f72d" "/opt/rustwide/cargo-home/bin/cargo" "+nightly-2024-10-28" "metadata" "--no-deps" "--format-version=1", kill_on_drop: false }`
[INFO] [stdout] bc1b352e3c94eae94ff417f11931fdd1e5b9e3fad0daefcc70cf5aeafa91151e
[INFO] running `Command { std: "docker" "start" "-a" "bc1b352e3c94eae94ff417f11931fdd1e5b9e3fad0daefcc70cf5aeafa91151e", kill_on_drop: false }`
[INFO] running `Command { std: "docker" "inspect" "bc1b352e3c94eae94ff417f11931fdd1e5b9e3fad0daefcc70cf5aeafa91151e", kill_on_drop: false }`
[INFO] running `Command { std: "docker" "rm" "-f" "bc1b352e3c94eae94ff417f11931fdd1e5b9e3fad0daefcc70cf5aeafa91151e", kill_on_drop: false }`
[INFO] [stdout] bc1b352e3c94eae94ff417f11931fdd1e5b9e3fad0daefcc70cf5aeafa91151e
[INFO] running `Command { std: "docker" "create" "-v" "/var/lib/crater-agent-workspace/builds/worker-2-tc1/target:/opt/rustwide/target:rw,Z" "-v" "/var/lib/crater-agent-workspace/builds/worker-2-tc1/source:/opt/rustwide/workdir:ro,Z" "-v" "/var/lib/crater-agent-workspace/cargo-home:/opt/rustwide/cargo-home:ro,Z" "-v" "/var/lib/crater-agent-workspace/rustup-home:/opt/rustwide/rustup-home:ro,Z" "-e" "SOURCE_DIR=/opt/rustwide/workdir" "-e" "CARGO_TARGET_DIR=/opt/rustwide/target" "-e" "CARGO_INCREMENTAL=0" "-e" "RUST_BACKTRACE=full" "-e" "RUSTFLAGS=--cap-lints=forbid" "-e" "RUSTDOCFLAGS=--cap-lints=forbid" "-e" "CARGO_HOME=/opt/rustwide/cargo-home" "-e" "RUSTUP_HOME=/opt/rustwide/rustup-home" "-w" "/opt/rustwide/workdir" "-m" "1610612736" "--user" "0:0" "--network" "none" "ghcr.io/rust-lang/crates-build-env/linux@sha256:4a844ea9eb2546a2d2c7022eacef16ef2e8229c7fbb2c7d4d55a9ceca922f72d" "/opt/rustwide/cargo-home/bin/cargo" "+nightly-2024-10-28" "build" "--frozen" "--message-format=json", kill_on_drop: false }`
[INFO] [stdout] d9934f1240c8fe07a87b35d7c76d52d293dae3d39fe94458e90b8fd54e0cd8be
[INFO] running `Command { std: "docker" "start" "-a" "d9934f1240c8fe07a87b35d7c76d52d293dae3d39fe94458e90b8fd54e0cd8be", kill_on_drop: false }`
[INFO] [stderr]    Compiling proc-macro2 v1.0.89
[INFO] [stderr]    Compiling unicode-ident v1.0.13
[INFO] [stderr]    Compiling version_check v0.9.5
[INFO] [stderr]    Compiling syn v1.0.109
[INFO] [stderr]    Compiling proc-macro-error-attr v1.0.4
[INFO] [stderr]    Compiling proc-macro-error v1.0.4
[INFO] [stderr]    Compiling quote v1.0.37
[INFO] [stderr]    Compiling syn v2.0.86
[INFO] [stderr]    Compiling shuttle-codegen v0.48.0 (/opt/rustwide/workdir)
[INFO] [stderr]     Finished `dev` profile [unoptimized + debuginfo] target(s) in 3.06s
[INFO] running `Command { std: "docker" "inspect" "d9934f1240c8fe07a87b35d7c76d52d293dae3d39fe94458e90b8fd54e0cd8be", kill_on_drop: false }`
[INFO] running `Command { std: "docker" "rm" "-f" "d9934f1240c8fe07a87b35d7c76d52d293dae3d39fe94458e90b8fd54e0cd8be", kill_on_drop: false }`
[INFO] [stdout] d9934f1240c8fe07a87b35d7c76d52d293dae3d39fe94458e90b8fd54e0cd8be
[INFO] running `Command { std: "docker" "create" "-v" "/var/lib/crater-agent-workspace/builds/worker-2-tc1/target:/opt/rustwide/target:rw,Z" "-v" "/var/lib/crater-agent-workspace/builds/worker-2-tc1/source:/opt/rustwide/workdir:ro,Z" "-v" "/var/lib/crater-agent-workspace/cargo-home:/opt/rustwide/cargo-home:ro,Z" "-v" "/var/lib/crater-agent-workspace/rustup-home:/opt/rustwide/rustup-home:ro,Z" "-e" "SOURCE_DIR=/opt/rustwide/workdir" "-e" "CARGO_TARGET_DIR=/opt/rustwide/target" "-e" "CARGO_INCREMENTAL=0" "-e" "RUST_BACKTRACE=full" "-e" "RUSTFLAGS=--cap-lints=forbid" "-e" "RUSTDOCFLAGS=--cap-lints=forbid" "-e" "CARGO_HOME=/opt/rustwide/cargo-home" "-e" "RUSTUP_HOME=/opt/rustwide/rustup-home" "-w" "/opt/rustwide/workdir" "-m" "1610612736" "--user" "0:0" "--network" "none" "ghcr.io/rust-lang/crates-build-env/linux@sha256:4a844ea9eb2546a2d2c7022eacef16ef2e8229c7fbb2c7d4d55a9ceca922f72d" "/opt/rustwide/cargo-home/bin/cargo" "+nightly-2024-10-28" "test" "--frozen" "--no-run" "--message-format=json", kill_on_drop: false }`
[INFO] [stdout] 6585f9f2416a103f2fa22e3f38f38139f268aa36bbb6d6b7e6924223cf7f7f1e
[INFO] running `Command { std: "docker" "start" "-a" "6585f9f2416a103f2fa22e3f38f38139f268aa36bbb6d6b7e6924223cf7f7f1e", kill_on_drop: false }`
[INFO] [stderr]    Compiling libc v0.2.161
[INFO] [stderr]    Compiling cfg-if v1.0.0
[INFO] [stderr]    Compiling autocfg v1.4.0
[INFO] [stderr]    Compiling shlex v1.3.0
[INFO] [stderr]    Compiling serde v1.0.214
[INFO] [stderr]    Compiling pin-project-lite v0.2.15
[INFO] [stderr]    Compiling parking_lot_core v0.9.10
[INFO] [stderr]    Compiling bytes v1.8.0
[INFO] [stderr]    Compiling scopeguard v1.2.0
[INFO] [stderr]    Compiling smallvec v1.13.2
[INFO] [stderr]    Compiling itoa v1.0.11
[INFO] [stderr]    Compiling cc v1.1.31
[INFO] [stderr]    Compiling equivalent v1.0.1
[INFO] [stderr]    Compiling hashbrown v0.15.0
[INFO] [stderr]    Compiling tokio-macros v2.4.0
[INFO] [stderr]    Compiling futures-core v0.3.31
[INFO] [stderr]    Compiling spin v0.9.8
[INFO] [stderr]    Compiling lock_api v0.4.12
[INFO] [stderr]    Compiling untrusted v0.9.0
[INFO] [stderr]    Compiling slab v0.4.9
[INFO] [stderr]    Compiling once_cell v1.20.2
[INFO] [stderr]    Compiling fnv v1.0.7
[INFO] [stderr]    Compiling http v0.2.12
[INFO] [stderr]    Compiling tracing-core v0.1.32
[INFO] [stderr]    Compiling futures-task v0.3.31
[INFO] [stderr]    Compiling indexmap v2.6.0
[INFO] [stderr]    Compiling pin-utils v0.1.0
[INFO] [stderr]    Compiling httparse v1.9.5
[INFO] [stderr]    Compiling rustls v0.21.12
[INFO] [stderr]    Compiling socket2 v0.5.7
[INFO] [stderr]    Compiling mio v1.0.2
[INFO] [stderr]    Compiling parking_lot v0.12.3
[INFO] [stderr]    Compiling signal-hook-registry v1.4.2
[INFO] [stderr]    Compiling getrandom v0.2.15
[INFO] [stderr]    Compiling tokio v1.41.0
[INFO] [stderr]    Compiling tinyvec_macros v0.1.1
[INFO] [stderr]    Compiling futures-sink v0.3.31
[INFO] [stderr]    Compiling tinyvec v1.8.0
[INFO] [stderr]    Compiling tracing v0.1.40
[INFO] [stderr]    Compiling futures-util v0.3.31
[INFO] [stderr]    Compiling ring v0.17.8
[INFO] [stderr]    Compiling log v0.4.22
[INFO] [stderr]    Compiling ryu v1.0.18
[INFO] [stderr]    Compiling try-lock v0.2.5
[INFO] [stderr]    Compiling percent-encoding v2.3.1
[INFO] [stderr]    Compiling want v0.3.1
[INFO] [stderr]    Compiling form_urlencoded v1.2.1
[INFO] [stderr]    Compiling http-body v0.4.6
[INFO] [stderr]    Compiling futures-channel v0.3.31
[INFO] [stderr]    Compiling tower-service v0.3.3
[INFO] [stderr]    Compiling target-triple v0.1.3
[INFO] [stderr]    Compiling unicode-bidi v0.3.17
[INFO] [stderr]    Compiling httpdate v1.0.3
[INFO] [stderr]    Compiling unicode-normalization v0.1.24
[INFO] [stderr]    Compiling winnow v0.6.20
[INFO] [stderr]    Compiling serde_json v1.0.132
[INFO] [stderr]    Compiling base64 v0.21.7
[INFO] [stderr]    Compiling idna v0.5.0
[INFO] [stderr]    Compiling memchr v2.7.4
[INFO] [stderr]    Compiling rustls-pemfile v1.0.4
[INFO] [stderr]    Compiling encoding_rs v0.8.35
[INFO] [stderr]    Compiling toml_datetime v0.6.8
[INFO] [stderr]    Compiling serde_spanned v0.6.8
[INFO] [stderr]    Compiling serde_urlencoded v0.7.1
[INFO] [stderr]    Compiling url v2.5.2
[INFO] [stderr]    Compiling serde_derive v1.0.214
[INFO] [stderr]    Compiling glob v0.3.1
[INFO] [stderr]    Compiling termcolor v1.4.1
[INFO] [stderr]    Compiling toml_edit v0.22.22
[INFO] [stderr]    Compiling sync_wrapper v0.1.2
[INFO] [stderr]    Compiling ipnet v2.10.1
[INFO] [stderr]    Compiling yansi v1.0.1
[INFO] [stderr]    Compiling diff v0.1.13
[INFO] [stderr]    Compiling mime v0.3.17
[INFO] [stderr]    Compiling webpki-roots v0.25.4
[INFO] [stderr]    Compiling pretty_assertions v1.4.1
[INFO] [stderr]    Compiling shuttle-codegen v0.48.0 (/opt/rustwide/workdir)
[INFO] [stderr]    Compiling tokio-util v0.7.12
[INFO] [stderr]    Compiling h2 v0.3.26
[INFO] [stderr]    Compiling toml v0.8.19
[INFO] [stderr]    Compiling trybuild v1.0.101
[INFO] [stderr]    Compiling rustls-webpki v0.101.7
[INFO] [stderr]    Compiling sct v0.7.1
[INFO] [stderr]    Compiling hyper v0.14.31
[INFO] [stderr]    Compiling tokio-rustls v0.24.1
[INFO] [stderr]    Compiling hyper-rustls v0.24.2
[INFO] [stderr]    Compiling reqwest v0.11.27
[INFO] [stderr]     Finished `test` profile [unoptimized + debuginfo] target(s) in 12.43s
[INFO] running `Command { std: "docker" "inspect" "6585f9f2416a103f2fa22e3f38f38139f268aa36bbb6d6b7e6924223cf7f7f1e", kill_on_drop: false }`
[INFO] running `Command { std: "docker" "rm" "-f" "6585f9f2416a103f2fa22e3f38f38139f268aa36bbb6d6b7e6924223cf7f7f1e", kill_on_drop: false }`
[INFO] [stdout] 6585f9f2416a103f2fa22e3f38f38139f268aa36bbb6d6b7e6924223cf7f7f1e
[INFO] running `Command { std: "docker" "create" "-v" "/var/lib/crater-agent-workspace/builds/worker-2-tc1/target:/opt/rustwide/target:rw,Z" "-v" "/var/lib/crater-agent-workspace/builds/worker-2-tc1/source:/opt/rustwide/workdir:ro,Z" "-v" "/var/lib/crater-agent-workspace/cargo-home:/opt/rustwide/cargo-home:ro,Z" "-v" "/var/lib/crater-agent-workspace/rustup-home:/opt/rustwide/rustup-home:ro,Z" "-e" "SOURCE_DIR=/opt/rustwide/workdir" "-e" "CARGO_TARGET_DIR=/opt/rustwide/target" "-e" "CARGO_INCREMENTAL=0" "-e" "RUST_BACKTRACE=full" "-e" "RUSTFLAGS=--cap-lints=forbid" "-e" "RUSTDOCFLAGS=--cap-lints=forbid" "-e" "CARGO_HOME=/opt/rustwide/cargo-home" "-e" "RUSTUP_HOME=/opt/rustwide/rustup-home" "-w" "/opt/rustwide/workdir" "-m" "1610612736" "--user" "0:0" "--network" "none" "ghcr.io/rust-lang/crates-build-env/linux@sha256:4a844ea9eb2546a2d2c7022eacef16ef2e8229c7fbb2c7d4d55a9ceca922f72d" "/opt/rustwide/cargo-home/bin/cargo" "+nightly-2024-10-28" "test" "--frozen", kill_on_drop: false }`
[INFO] [stdout] 3f40200cd483a0b61a5c41fd4a58d3204e8a19673cc45a2e882df7cfefb6e624
[INFO] running `Command { std: "docker" "start" "-a" "3f40200cd483a0b61a5c41fd4a58d3204e8a19673cc45a2e882df7cfefb6e624", kill_on_drop: false }`
[INFO] [stderr]     Finished `test` profile [unoptimized + debuginfo] target(s) in 0.08s
[INFO] [stderr]      Running unittests src/lib.rs (/opt/rustwide/target/debug/deps/shuttle_codegen-c791eee82524f1ca)
[INFO] [stdout] 
[INFO] [stdout] running 9 tests
[INFO] [stdout] test shuttle_main::tests::from_with_main ... ok
[INFO] [stdout] test shuttle_main::tests::from_with_return ... ok
[INFO] [stdout] test shuttle_main::tests::loader_runner_simple_inputs ... ok
[INFO] [stdout] test shuttle_main::tests::parse_fn_inputs ... ok
[INFO] [stdout] test shuttle_main::tests::parse_input_with_options ... ok
[INFO] [stdout] test shuttle_main::tests::parse_builder_options ... ok
[INFO] [stdout] test shuttle_main::tests::loader_runner_complex_inputs ... ok
[INFO] [stdout] test shuttle_main::tests::output_with_input_options ... ok
[INFO] [stderr]    Compiling proc-macro2 v1.0.89
[INFO] [stderr]    Compiling libc v0.2.161
[INFO] [stderr]    Compiling unicode-ident v1.0.13
[INFO] [stderr]     Checking cfg-if v1.0.0
[INFO] [stderr]    Compiling autocfg v1.4.0
[INFO] [stderr]    Compiling shlex v1.3.0
[INFO] [stderr]     Checking pin-project-lite v0.2.15
[INFO] [stderr]    Compiling parking_lot_core v0.9.10
[INFO] [stderr]     Checking bytes v1.8.0
[INFO] [stderr]     Checking scopeguard v1.2.0
[INFO] [stderr]     Checking smallvec v1.13.2
[INFO] [stderr]    Compiling version_check v0.9.5
[INFO] [stderr]    Compiling cc v1.1.31
[INFO] [stderr]     Checking itoa v1.0.11
[INFO] [stderr]     Checking spin v0.9.8
[INFO] [stderr]     Checking futures-core v0.3.31
[INFO] [stderr]    Compiling syn v1.0.109
[INFO] [stderr]     Checking untrusted v0.9.0
[INFO] [stderr]     Checking once_cell v1.20.2
[INFO] [stderr]     Checking fnv v1.0.7
[INFO] [stderr]     Checking http v0.2.12
[INFO] [stderr]     Checking tracing-core v0.1.32
[INFO] [stderr]    Compiling proc-macro-error v1.0.4
[INFO] [stderr]    Compiling proc-macro-error-attr v1.0.4
[INFO] [stderr]    Compiling lock_api v0.4.12
[INFO] [stderr]    Compiling slab v0.4.9
[INFO] [stderr]    Compiling quote v1.0.37
[INFO] [stderr]    Compiling serde v1.0.214
[INFO] [stderr]     Checking hashbrown v0.15.0
[INFO] [stderr]    Compiling syn v2.0.86
[INFO] [stderr]     Checking socket2 v0.5.7
[INFO] [stderr]     Checking getrandom v0.2.15
[INFO] [stderr]     Checking signal-hook-registry v1.4.2
[INFO] [stderr]     Checking parking_lot v0.12.3
[INFO] [stderr]     Checking mio v1.0.2
[INFO] [stderr]     Checking equivalent v1.0.1
[INFO] [stderr]    Compiling rustls v0.21.12
[INFO] [stderr]     Checking futures-task v0.3.31
[INFO] [stderr]     Checking futures-sink v0.3.31
[INFO] [stderr]     Checking pin-utils v0.1.0
[INFO] [stderr]    Compiling httparse v1.9.5
[INFO] [stderr]     Checking tinyvec_macros v0.1.1
[INFO] [stderr]     Checking futures-util v0.3.31
[INFO] [stderr]     Checking indexmap v2.6.0
[INFO] [stderr]     Checking tinyvec v1.8.0
[INFO] [stderr]     Checking tracing v0.1.40
[INFO] [stderr]     Checking log v0.4.22
[INFO] [stderr]     Checking try-lock v0.2.5
[INFO] [stderr]     Checking percent-encoding v2.3.1
[INFO] [stderr]     Checking want v0.3.1
[INFO] [stderr]     Checking form_urlencoded v1.2.1
[INFO] [stderr]     Checking http-body v0.4.6
[INFO] [stderr]     Checking futures-channel v0.3.31
[INFO] [stderr]     Checking unicode-normalization v0.1.24
[INFO] [stderr]     Checking httpdate v1.0.3
[INFO] [stderr]     Checking tower-service v0.3.3
[INFO] [stderr]     Checking ryu v1.0.18
[INFO] [stderr]     Checking unicode-bidi v0.3.17
[INFO] [stderr]    Compiling ring v0.17.8
[INFO] [stderr]    Compiling serde_json v1.0.132
[INFO] [stderr]     Checking base64 v0.21.7
[INFO] [stderr]     Checking idna v0.5.0
[INFO] [stderr]     Checking rustls-pemfile v1.0.4
[INFO] [stderr]     Checking url v2.5.2
[INFO] [stderr]     Checking encoding_rs v0.8.35
[INFO] [stderr]     Checking diff v0.1.13
[INFO] [stderr]     Checking webpki-roots v0.25.4
[INFO] [stderr]     Checking ipnet v2.10.1
[INFO] [stderr]     Checking mime v0.3.17
[INFO] [stderr]     Checking memchr v2.7.4
[INFO] [stderr]     Checking yansi v1.0.1
[INFO] [stderr]     Checking sync_wrapper v0.1.2
[INFO] [stderr]     Checking pretty_assertions v1.4.1
[INFO] [stderr]     Checking serde_urlencoded v0.7.1
[INFO] [stderr]    Compiling tokio-macros v2.4.0
[INFO] [stderr]    Compiling shuttle-codegen v0.48.0 (/opt/rustwide/workdir)
[INFO] [stderr]     Checking tokio v1.41.0
[INFO] [stderr]     Checking sct v0.7.1
[INFO] [stderr]     Checking rustls-webpki v0.101.7
[INFO] [stderr]     Checking tokio-util v0.7.12
[INFO] [stderr]     Checking tokio-rustls v0.24.1
[INFO] [stderr]     Checking h2 v0.3.26
[INFO] [stderr]     Checking hyper v0.14.31
[INFO] [stderr]     Checking hyper-rustls v0.24.2
[INFO] [stderr]     Checking reqwest v0.11.27
[INFO] [stderr]     Checking shuttle-codegen-tests v0.0.0 (/opt/rustwide/target/tests/trybuild/shuttle-codegen)
[INFO] [stderr]     Finished `dev` profile [unoptimized + debuginfo] target(s) in 13.05s
[INFO] [stderr] 
[INFO] [stderr] 
[INFO] [stderr] test tests/compiler_output/missing-attribute.rs ... mismatch
[INFO] [stderr] 
[INFO] [stderr] EXPECTED:
[INFO] [stderr] ┈┈┈┈┈┈┈┈┈┈┈┈┈┈┈┈┈┈┈┈┈┈┈┈┈┈┈┈┈┈┈┈┈┈┈┈┈┈┈┈┈┈┈┈┈┈┈┈┈┈┈┈┈┈┈┈┈┈┈┈
[INFO] [stderr] error: resource needs an attribute configuration
[INFO] [stderr] 
[INFO] [stderr]          = help: Try adding an attribute like `#[shuttle_shared_db::Postgres]`
[INFO] [stderr] 
[INFO] [stderr]  --> tests/compiler_output/missing-attribute.rs:2:27
[INFO] [stderr]   |
[INFO] [stderr] 2 | async fn missing_attriute(pool: PgPool, cache: Redis) -> ShuttleRocket {}
[INFO] [stderr]   |                           ^^^^
[INFO] [stderr] 
[INFO] [stderr] error: resource needs an attribute configuration
[INFO] [stderr] 
[INFO] [stderr]          = help: Try adding an attribute like `#[shuttle_shared_db::Postgres]`
[INFO] [stderr] 
[INFO] [stderr]  --> tests/compiler_output/missing-attribute.rs:2:41
[INFO] [stderr]   |
[INFO] [stderr] 2 | async fn missing_attriute(pool: PgPool, cache: Redis) -> ShuttleRocket {}
[INFO] [stderr]   |                                         ^^^^^
[INFO] [stderr] 
[INFO] [stderr] error[E0601]: `main` function not found in crate `$CRATE`
[INFO] [stderr]  --> tests/compiler_output/missing-attribute.rs:2:74
[INFO] [stderr]   |
[INFO] [stderr] 2 | async fn missing_attriute(pool: PgPool, cache: Redis) -> ShuttleRocket {}
[INFO] [stderr]   |                                                                          ^ consider adding a `main` function to `$DIR/tests/compiler_output/missing-attribute.rs`
[INFO] [stderr] ┈┈┈┈┈┈┈┈┈┈┈┈┈┈┈┈┈┈┈┈┈┈┈┈┈┈┈┈┈┈┈┈┈┈┈┈┈┈┈┈┈┈┈┈┈┈┈┈┈┈┈┈┈┈┈┈┈┈┈┈
[INFO] [stderr] 
[INFO] [stderr] ACTUAL OUTPUT:
[INFO] [stderr] ┈┈┈┈┈┈┈┈┈┈┈┈┈┈┈┈┈┈┈┈┈┈┈┈┈┈┈┈┈┈┈┈┈┈┈┈┈┈┈┈┈┈┈┈┈┈┈┈┈┈┈┈┈┈┈┈┈┈┈┈
[INFO] [stderr] error: resource needs an attribute configuration
[INFO] [stderr]  --> tests/compiler_output/missing-attribute.rs:2:27
[INFO] [stderr]   |
[INFO] [stderr] 2 | async fn missing_attriute(pool: PgPool, cache: Redis) -> ShuttleRocket {}
[INFO] [stderr]   |                           ^^^^
[INFO] [stderr]   |
[INFO] [stderr] help: Try adding an attribute like `#[shuttle_shared_db::Postgres]`
[INFO] [stderr]  --> tests/compiler_output/missing-attribute.rs:2:27
[INFO] [stderr]   |
[INFO] [stderr] 2 | async fn missing_attriute(pool: PgPool, cache: Redis) -> ShuttleRocket {}
[INFO] [stderr]   |                           ^^^^
[INFO] [stderr] 
[INFO] [stderr] error: resource needs an attribute configuration
[INFO] [stderr]  --> tests/compiler_output/missing-attribute.rs:2:41
[INFO] [stderr]   |
[INFO] [stderr] 2 | async fn missing_attriute(pool: PgPool, cache: Redis) -> ShuttleRocket {}
[INFO] [stderr]   |                                         ^^^^^
[INFO] [stderr]   |
[INFO] [stderr] help: Try adding an attribute like `#[shuttle_shared_db::Postgres]`
[INFO] [stderr]  --> tests/compiler_output/missing-attribute.rs:2:41
[INFO] [stderr]   |
[INFO] [stderr] 2 | async fn missing_attriute(pool: PgPool, cache: Redis) -> ShuttleRocket {}
[INFO] [stderr]   |                                         ^^^^^
[INFO] [stderr] 
[INFO] [stderr] error[E0433]: failed to resolve: could not find `shuttle_runtime` in the list of imported crates
[INFO] [stderr]  --> tests/compiler_output/missing-attribute.rs:1:1
[INFO] [stderr]   |
[INFO] [stderr] 1 | #[shuttle_codegen::main]
[INFO] [stderr]   | ^^^^^^^^^^^^^^^^^^^^^^^^ could not find `shuttle_runtime` in the list of imported crates
[INFO] [stderr]   |
[INFO] [stderr]   = note: this error originates in the attribute macro `shuttle_codegen::main` (in Nightly builds, run with -Z macro-backtrace for more info)
[INFO] [stderr] 
[INFO] [stderr] error[E0433]: failed to resolve: could not find `shuttle_runtime` in the list of imported crates
[INFO] [stderr]  --> tests/compiler_output/missing-attribute.rs:1:1
[INFO] [stderr]   |
[INFO] [stderr] 1 | #[shuttle_codegen::main]
[INFO] [stderr]   | ^^^^^^^^^^^^^^^^^^^^^^^^ could not find `shuttle_runtime` in the list of imported crates
[INFO] [stderr]   |
[INFO] [stderr]   = note: this error originates in the attribute macro `shuttle_codegen::main` (in Nightly builds, run with -Z macro-backtrace for more info)
[INFO] [stderr] help: consider importing one of these structs
[INFO] [stderr]   |
[INFO] [stderr] 1 + use std::thread::Builder;
[INFO] [stderr]   |
[INFO] [stderr] 1 + use tokio::runtime::Builder;
[INFO] [stderr]   |
[INFO] [stderr] 
[INFO] [stderr] error[E0412]: cannot find type `ShuttleRocket` in this scope
[INFO] [stderr]  --> tests/compiler_output/missing-attribute.rs:2:58
[INFO] [stderr]   |
[INFO] [stderr] 2 | async fn missing_attriute(pool: PgPool, cache: Redis) -> ShuttleRocket {}
[INFO] [stderr]   |                                                          ^^^^^^^^^^^^^ not found in this scope
[INFO] [stderr] 
[INFO] [stderr] error[E0412]: cannot find type `PgPool` in this scope
[INFO] [stderr]  --> tests/compiler_output/missing-attribute.rs:2:33
[INFO] [stderr]   |
[INFO] [stderr] 2 | async fn missing_attriute(pool: PgPool, cache: Redis) -> ShuttleRocket {}
[INFO] [stderr]   |                                 ^^^^^^ not found in this scope
[INFO] [stderr] 
[INFO] [stderr] error[E0412]: cannot find type `Redis` in this scope
[INFO] [stderr]  --> tests/compiler_output/missing-attribute.rs:2:48
[INFO] [stderr]   |
[INFO] [stderr] 2 | async fn missing_attriute(pool: PgPool, cache: Redis) -> ShuttleRocket {}
[INFO] [stderr]   |                                                ^^^^^ not found in this scope
[INFO] [stderr] 
[INFO] [stderr] error[E0061]: this function takes 2 arguments but 0 arguments were supplied
[INFO] [stderr]  --> tests/compiler_output/missing-attribute.rs:1:1
[INFO] [stderr]   |
[INFO] [stderr] 1 | #[shuttle_codegen::main]
[INFO] [stderr]   | ^^^^^^^^^^^^^^^^^^^^^^^^ two arguments are missing
[INFO] [stderr]   |
[INFO] [stderr] note: function defined here
[INFO] [stderr]  --> tests/compiler_output/missing-attribute.rs:1:1
[INFO] [stderr]   |
[INFO] [stderr] 1 | #[shuttle_codegen::main]
[INFO] [stderr]   | ^^^^^^^^^^^^^^^^^^^^^^^^
[INFO] [stderr] 2 | async fn missing_attriute(pool: PgPool, cache: Redis) -> ShuttleRocket {}
[INFO] [stderr]   |                           ------------  ------------
[INFO] [stderr]   = note: this error originates in the attribute macro `shuttle_codegen::main` (in Nightly builds, run with -Z macro-backtrace for more info)
[INFO] [stderr] help: provide the arguments
[INFO] [stderr]   |
[INFO] [stderr] 1 | #[shuttle_codegen::main](/* pool */, /* cache */)
[INFO] [stderr]   |                         +++++++++++++++++++++++++
[INFO] [stderr] ┈┈┈┈┈┈┈┈┈┈┈┈┈┈┈┈┈┈┈┈┈┈┈┈┈┈┈┈┈┈┈┈┈┈┈┈┈┈┈┈┈┈┈┈┈┈┈┈┈┈┈┈┈┈┈┈┈┈┈┈
[INFO] [stderr] note: If the actual output is the correct output you can bless it by rerunning
[INFO] [stderr]       your test with the environment variable TRYBUILD=overwrite
[INFO] [stderr] 
[INFO] [stderr] test tests/compiler_output/missing-return.rs ... mismatch
[INFO] [stderr] 
[INFO] [stderr] EXPECTED:
[INFO] [stderr] ┈┈┈┈┈┈┈┈┈┈┈┈┈┈┈┈┈┈┈┈┈┈┈┈┈┈┈┈┈┈┈┈┈┈┈┈┈┈┈┈┈┈┈┈┈┈┈┈┈┈┈┈┈┈┈┈┈┈┈┈
[INFO] [stderr] error: shuttle_runtime::main functions need to return a service
[INFO] [stderr] 
[INFO] [stderr]          = help: See the docs for services with first class support
[INFO] [stderr]          = note: https://docs.rs/shuttle-runtime/latest/shuttle_runtime/attr.main.html#shuttle-supported-services
[INFO] [stderr] 
[INFO] [stderr]  --> tests/compiler_output/missing-return.rs:2:1
[INFO] [stderr]   |
[INFO] [stderr] 2 | async fn missing_return() {}
[INFO] [stderr]   | ^^^^^^^^^^^^^^^^^^^^^^^^^
[INFO] [stderr] 
[INFO] [stderr] error[E0601]: `main` function not found in crate `$CRATE`
[INFO] [stderr]  --> tests/compiler_output/missing-return.rs:2:29
[INFO] [stderr]   |
[INFO] [stderr] 2 | async fn missing_return() {}
[INFO] [stderr]   |                             ^ consider adding a `main` function to `$DIR/tests/compiler_output/missing-return.rs`
[INFO] [stderr] ┈┈┈┈┈┈┈┈┈┈┈┈┈┈┈┈┈┈┈┈┈┈┈┈┈┈┈┈┈┈┈┈┈┈┈┈┈┈┈┈┈┈┈┈┈┈┈┈┈┈┈┈┈┈┈┈┈┈┈┈
[INFO] [stderr] 
[INFO] [stderr] ACTUAL OUTPUT:
[INFO] [stderr] ┈┈┈┈┈┈┈┈┈┈┈┈┈┈┈┈┈┈┈┈┈┈┈┈┈┈┈┈┈┈┈┈┈┈┈┈┈┈┈┈┈┈┈┈┈┈┈┈┈┈┈┈┈┈┈┈┈┈┈┈
[INFO] [stderr] error: shuttle_runtime::main functions need to return a service
[INFO] [stderr]  --> tests/compiler_output/missing-return.rs:2:1
[INFO] [stderr]   |
[INFO] [stderr] 2 | async fn missing_return() {}
[INFO] [stderr]   | ^^^^^^^^^^^^^^^^^^^^^^^^^
[INFO] [stderr]   |
[INFO] [stderr]   = help: See the docs for services with first class support
[INFO] [stderr]   = note: https://docs.rs/shuttle-runtime/latest/shuttle_runtime/attr.main.html#shuttle-supported-services
[INFO] [stderr] 
[INFO] [stderr] error[E0433]: failed to resolve: could not find `shuttle_runtime` in the list of imported crates
[INFO] [stderr]  --> tests/compiler_output/missing-return.rs:1:1
[INFO] [stderr]   |
[INFO] [stderr] 1 | #[shuttle_codegen::main]
[INFO] [stderr]   | ^^^^^^^^^^^^^^^^^^^^^^^^ could not find `shuttle_runtime` in the list of imported crates
[INFO] [stderr]   |
[INFO] [stderr]   = note: this error originates in the attribute macro `shuttle_codegen::main` (in Nightly builds, run with -Z macro-backtrace for more info)
[INFO] [stderr] 
[INFO] [stderr] error[E0433]: failed to resolve: could not find `shuttle_runtime` in the list of imported crates
[INFO] [stderr]  --> tests/compiler_output/missing-return.rs:1:1
[INFO] [stderr]   |
[INFO] [stderr] 1 | #[shuttle_codegen::main]
[INFO] [stderr]   | ^^^^^^^^^^^^^^^^^^^^^^^^ could not find `shuttle_runtime` in the list of imported crates
[INFO] [stderr]   |
[INFO] [stderr]   = note: this error originates in the attribute macro `shuttle_codegen::main` (in Nightly builds, run with -Z macro-backtrace for more info)
[INFO] [stderr] help: consider importing one of these structs
[INFO] [stderr]   |
[INFO] [stderr] 1 + use std::thread::Builder;
[INFO] [stderr]   |
[INFO] [stderr] 1 + use tokio::runtime::Builder;
[INFO] [stderr]   |
[INFO] [stderr] 
[INFO] [stderr] error[E0425]: cannot find value `__loader` in this scope
[INFO] [stderr]  --> tests/compiler_output/missing-return.rs:1:1
[INFO] [stderr]   |
[INFO] [stderr] 1 | #[shuttle_codegen::main]
[INFO] [stderr]   | ^^^^^^^^^^^^^^^^^^^^^^^^ not found in this scope
[INFO] [stderr]   |
[INFO] [stderr]   = note: this error originates in the attribute macro `shuttle_codegen::main` (in Nightly builds, run with -Z macro-backtrace for more info)
[INFO] [stderr] 
[INFO] [stderr] error[E0425]: cannot find value `__runner` in this scope
[INFO] [stderr]  --> tests/compiler_output/missing-return.rs:1:1
[INFO] [stderr]   |
[INFO] [stderr] 1 | #[shuttle_codegen::main]
[INFO] [stderr]   | ^^^^^^^^^^^^^^^^^^^^^^^^ not found in this scope
[INFO] [stderr]   |
[INFO] [stderr]   = note: this error originates in the attribute macro `shuttle_codegen::main` (in Nightly builds, run with -Z macro-backtrace for more info)
[INFO] [stderr] ┈┈┈┈┈┈┈┈┈┈┈┈┈┈┈┈┈┈┈┈┈┈┈┈┈┈┈┈┈┈┈┈┈┈┈┈┈┈┈┈┈┈┈┈┈┈┈┈┈┈┈┈┈┈┈┈┈┈┈┈
[INFO] [stderr] note: If the actual output is the correct output you can bless it by rerunning
[INFO] [stderr]       your test with the environment variable TRYBUILD=overwrite
[INFO] [stderr] 
[INFO] [stderr] test tests/compiler_output/return-tuple.rs ... mismatch
[INFO] [stderr] 
[INFO] [stderr] EXPECTED:
[INFO] [stderr] ┈┈┈┈┈┈┈┈┈┈┈┈┈┈┈┈┈┈┈┈┈┈┈┈┈┈┈┈┈┈┈┈┈┈┈┈┈┈┈┈┈┈┈┈┈┈┈┈┈┈┈┈┈┈┈┈┈┈┈┈
[INFO] [stderr] error: shuttle_runtime::main functions need to return a first class service or 'Result<impl shuttle_service::Service, shuttle_runtime::Error>
[INFO] [stderr] 
[INFO] [stderr]          = help: See the docs for services with first class support
[INFO] [stderr]          = note: https://docs.rs/shuttle-runtime/latest/shuttle_runtime/attr.main.html#shuttle-supported-services
[INFO] [stderr] 
[INFO] [stderr]  --> tests/compiler_output/return-tuple.rs:2:28
[INFO] [stderr]   |
[INFO] [stderr] 2 | async fn return_tuple() -> (String, bool) {}
[INFO] [stderr]   |                            ^^^^^^^^^^^^^^
[INFO] [stderr] 
[INFO] [stderr] error[E0601]: `main` function not found in crate `$CRATE`
[INFO] [stderr]  --> tests/compiler_output/return-tuple.rs:2:45
[INFO] [stderr]   |
[INFO] [stderr] 2 | async fn return_tuple() -> (String, bool) {}
[INFO] [stderr]   |                                             ^ consider adding a `main` function to `$DIR/tests/compiler_output/return-tuple.rs`
[INFO] [stderr] ┈┈┈┈┈┈┈┈┈┈┈┈┈┈┈┈┈┈┈┈┈┈┈┈┈┈┈┈┈┈┈┈┈┈┈┈┈┈┈┈┈┈┈┈┈┈┈┈┈┈┈┈┈┈┈┈┈┈┈┈
[INFO] [stderr] 
[INFO] [stderr] ACTUAL OUTPUT:
[INFO] [stderr] ┈┈┈┈┈┈┈┈┈┈┈┈┈┈┈┈┈┈┈┈┈┈┈┈┈┈┈┈┈┈┈┈┈┈┈┈┈┈┈┈┈┈┈┈┈┈┈┈┈┈┈┈┈┈┈┈┈┈┈┈
[INFO] [stderr] error: shuttle_runtime::main functions need to return a first class service or 'Result<impl shuttle_service::Service, shuttle_runtime::Error>
[INFO] [stderr]  --> tests/compiler_output/return-tuple.rs:2:28
[INFO] [stderr]   |
[INFO] [stderr] 2 | async fn return_tuple() -> (String, bool) {}
[INFO] [stderr]   |                            ^^^^^^^^^^^^^^
[INFO] [stderr]   |
[INFO] [stderr]   = help: See the docs for services with first class support
[INFO] [stderr]   = note: https://docs.rs/shuttle-runtime/latest/shuttle_runtime/attr.main.html#shuttle-supported-services
[INFO] [stderr] 
[INFO] [stderr] error[E0433]: failed to resolve: could not find `shuttle_runtime` in the list of imported crates
[INFO] [stderr]  --> tests/compiler_output/return-tuple.rs:1:1
[INFO] [stderr]   |
[INFO] [stderr] 1 | #[shuttle_codegen::main]
[INFO] [stderr]   | ^^^^^^^^^^^^^^^^^^^^^^^^ could not find `shuttle_runtime` in the list of imported crates
[INFO] [stderr]   |
[INFO] [stderr]   = note: this error originates in the attribute macro `shuttle_codegen::main` (in Nightly builds, run with -Z macro-backtrace for more info)
[INFO] [stderr] 
[INFO] [stderr] error[E0433]: failed to resolve: could not find `shuttle_runtime` in the list of imported crates
[INFO] [stderr]  --> tests/compiler_output/return-tuple.rs:1:1
[INFO] [stderr]   |
[INFO] [stderr] 1 | #[shuttle_codegen::main]
[INFO] [stderr]   | ^^^^^^^^^^^^^^^^^^^^^^^^ could not find `shuttle_runtime` in the list of imported crates
[INFO] [stderr]   |
[INFO] [stderr]   = note: this error originates in the attribute macro `shuttle_codegen::main` (in Nightly builds, run with -Z macro-backtrace for more info)
[INFO] [stderr] help: consider importing one of these structs
[INFO] [stderr]   |
[INFO] [stderr] 1 + use std::thread::Builder;
[INFO] [stderr]   |
[INFO] [stderr] 1 + use tokio::runtime::Builder;
[INFO] [stderr]   |
[INFO] [stderr] 
[INFO] [stderr] error[E0425]: cannot find value `__loader` in this scope
[INFO] [stderr]  --> tests/compiler_output/return-tuple.rs:1:1
[INFO] [stderr]   |
[INFO] [stderr] 1 | #[shuttle_codegen::main]
[INFO] [stderr]   | ^^^^^^^^^^^^^^^^^^^^^^^^ not found in this scope
[INFO] [stderr]   |
[INFO] [stderr]   = note: this error originates in the attribute macro `shuttle_codegen::main` (in Nightly builds, run with -Z macro-backtrace for more info)
[INFO] [stderr] 
[INFO] [stderr] error[E0425]: cannot find value `__runner` in this scope
[INFO] [stderr]  --> tests/compiler_output/return-tuple.rs:1:1
[INFO] [stderr]   |
[INFO] [stderr] 1 | #[shuttle_codegen::main]
[INFO] [stderr]   | ^^^^^^^^^^^^^^^^^^^^^^^^ not found in this scope
[INFO] [stderr]   |
[INFO] [stderr]   = note: this error originates in the attribute macro `shuttle_codegen::main` (in Nightly builds, run with -Z macro-backtrace for more info)
[INFO] [stderr] 
[INFO] [stderr] error[E0308]: mismatched types
[INFO] [stderr]  --> tests/compiler_output/return-tuple.rs:2:43
[INFO] [stderr]   |
[INFO] [stderr] 2 | async fn return_tuple() -> (String, bool) {}
[INFO] [stderr]   |                                           ^^ expected `(String, bool)`, found `()`
[INFO] [stderr]   |
[INFO] [stderr]   = note:  expected tuple `(String, bool)`
[INFO] [stderr]           found unit type `()`
[INFO] [stderr] ┈┈┈┈┈┈┈┈┈┈┈┈┈┈┈┈┈┈┈┈┈┈┈┈┈┈┈┈┈┈┈┈┈┈┈┈┈┈┈┈┈┈┈┈┈┈┈┈┈┈┈┈┈┈┈┈┈┈┈┈
[INFO] [stderr] note: If the actual output is the correct output you can bless it by rerunning
[INFO] [stderr]       your test with the environment variable TRYBUILD=overwrite
[INFO] [stderr] 
[INFO] [stderr] 
[INFO] [stderr] 
[INFO] [stdout] test shuttle_main::tests::compiler_output ... FAILED
[INFO] [stdout] 
[INFO] [stdout] failures:
[INFO] [stdout] 
[INFO] [stdout] ---- shuttle_main::tests::compiler_output stdout ----
[INFO] [stdout] thread 'shuttle_main::tests::compiler_output' panicked at /opt/rustwide/cargo-home/registry/src/index.crates.io-6f17d22bba15001f/trybuild-1.0.101/src/run.rs:101:13:
[INFO] [stdout] 3 of 3 tests failed
[INFO] [stdout] stack backtrace:
[INFO] [stdout]    0:     0x783de9e0160a - std::backtrace_rs::backtrace::libunwind::trace::h207520d6e9873551
[INFO] [stdout]                                at /rustc/df4ca44d3fbc9301ee17f30f4d474e6ae4b05252/library/std/src/../../backtrace/src/backtrace/libunwind.rs:116:5
[INFO] [stdout]    1:     0x783de9e0160a - std::backtrace_rs::backtrace::trace_unsynchronized::h2ed7433f370e3eca
[INFO] [stdout]                                at /rustc/df4ca44d3fbc9301ee17f30f4d474e6ae4b05252/library/std/src/../../backtrace/src/backtrace/mod.rs:66:5
[INFO] [stdout]    2:     0x783de9e0160a - std::sys::backtrace::_print_fmt::h916fac51166b18d7
[INFO] [stdout]                                at /rustc/df4ca44d3fbc9301ee17f30f4d474e6ae4b05252/library/std/src/sys/backtrace.rs:66:9
[INFO] [stdout]    3:     0x783de9e0160a - <std::sys::backtrace::BacktraceLock::print::DisplayBacktrace as core::fmt::Display>::fmt::ha0a4c9b8ce3802e6
[INFO] [stdout]                                at /rustc/df4ca44d3fbc9301ee17f30f4d474e6ae4b05252/library/std/src/sys/backtrace.rs:39:26
[INFO] [stdout]    4:     0x783de9e51bb3 - core::fmt::rt::Argument::fmt::h4cfc8587d52b3eb5
[INFO] [stdout]                                at /rustc/df4ca44d3fbc9301ee17f30f4d474e6ae4b05252/library/core/src/fmt/rt.rs:177:76
[INFO] [stdout]    5:     0x783de9e51bb3 - core::fmt::write::h522cc39e5b36ae9f
[INFO] [stdout]                                at /rustc/df4ca44d3fbc9301ee17f30f4d474e6ae4b05252/library/core/src/fmt/mod.rs:1190:21
[INFO] [stdout]    6:     0x783de9df4fa3 - std::io::Write::write_fmt::h7d3c26752da97734
[INFO] [stdout]                                at /rustc/df4ca44d3fbc9301ee17f30f4d474e6ae4b05252/library/std/src/io/mod.rs:1839:15
[INFO] [stdout]    7:     0x783de9e01452 - std::sys::backtrace::BacktraceLock::print::h4b9e00b29e9c0942
[INFO] [stdout]                                at /rustc/df4ca44d3fbc9301ee17f30f4d474e6ae4b05252/library/std/src/sys/backtrace.rs:42:9
[INFO] [stdout]    8:     0x783de9e03a8a - std::panicking::default_hook::{{closure}}::hb59b88280d0324d9
[INFO] [stdout]                                at /rustc/df4ca44d3fbc9301ee17f30f4d474e6ae4b05252/library/std/src/panicking.rs:268:22
[INFO] [stdout]    9:     0x783de9e03894 - std::panicking::default_hook::he1dd496665be4a29
[INFO] [stdout]                                at /rustc/df4ca44d3fbc9301ee17f30f4d474e6ae4b05252/library/std/src/panicking.rs:292:9
[INFO] [stdout]   10:     0x64de5186bbe9 - <alloc::boxed::Box<F,A> as core::ops::function::Fn<Args>>::call::h4ff71de18744e1dc
[INFO] [stdout]                                at /rustc/df4ca44d3fbc9301ee17f30f4d474e6ae4b05252/library/alloc/src/boxed.rs:2468:9
[INFO] [stdout]   11:     0x64de5186bbe9 - test::test_main::{{closure}}::hcf7c055ce117aa81
[INFO] [stdout]                                at /rustc/df4ca44d3fbc9301ee17f30f4d474e6ae4b05252/library/test/src/lib.rs:133:21
[INFO] [stdout]   12:     0x783de9e041f8 - <alloc::boxed::Box<F,A> as core::ops::function::Fn<Args>>::call::h1d66c6bbd60c9692
[INFO] [stdout]                                at /rustc/df4ca44d3fbc9301ee17f30f4d474e6ae4b05252/library/alloc/src/boxed.rs:2468:9
[INFO] [stdout]   13:     0x783de9e041f8 - std::panicking::rust_panic_with_hook::h2ff17fe8f26dfcf8
[INFO] [stdout]                                at /rustc/df4ca44d3fbc9301ee17f30f4d474e6ae4b05252/library/std/src/panicking.rs:809:13
[INFO] [stdout]   14:     0x783de9e03fba - std::panicking::begin_panic_handler::{{closure}}::h4fad77951c07e101
[INFO] [stdout]                                at /rustc/df4ca44d3fbc9301ee17f30f4d474e6ae4b05252/library/std/src/panicking.rs:674:13
[INFO] [stdout]   15:     0x783de9e01ae9 - std::sys::backtrace::__rust_end_short_backtrace::hb1a25b3da5d0ea08
[INFO] [stdout]                                at /rustc/df4ca44d3fbc9301ee17f30f4d474e6ae4b05252/library/std/src/sys/backtrace.rs:170:18
[INFO] [stdout]   16:     0x783de9e03c4c - rust_begin_unwind
[INFO] [stdout]                                at /rustc/df4ca44d3fbc9301ee17f30f4d474e6ae4b05252/library/std/src/panicking.rs:665:5
[INFO] [stdout]   17:     0x783de9e4dfc0 - core::panicking::panic_fmt::ha9db07b529f9b256
[INFO] [stdout]                                at /rustc/df4ca44d3fbc9301ee17f30f4d474e6ae4b05252/library/core/src/panicking.rs:75:14
[INFO] [stdout]   18:     0x64de516925d7 - trybuild::run::<impl trybuild::Runner>::run::h8a85544e5bab2f58
[INFO] [stdout]   19:     0x64de51697825 - <trybuild::TestCases as core::ops::drop::Drop>::drop::h4fc5c330a2ddce73
[INFO] [stdout]   20:     0x64de515ce8d7 - core::ptr::drop_in_place<trybuild::TestCases>::hf1351d718e2b9a6e
[INFO] [stdout]                                at /rustc/df4ca44d3fbc9301ee17f30f4d474e6ae4b05252/library/core/src/ptr/mod.rs:521:1
[INFO] [stdout]   21:     0x64de515c56e3 - shuttle_codegen::shuttle_main::tests::compiler_output::hcf2018d836d805f4
[INFO] [stdout]                                at /opt/rustwide/workdir/src/shuttle_main.rs:623:5
[INFO] [stdout]   22:     0x64de515c5677 - shuttle_codegen::shuttle_main::tests::compiler_output::{{closure}}::h00b1ae526041c81a
[INFO] [stdout]                                at /opt/rustwide/workdir/src/shuttle_main.rs:620:25
[INFO] [stdout]   23:     0x64de515ce406 - core::ops::function::FnOnce::call_once::hf7b37df1616a6baa
[INFO] [stdout]                                at /rustc/df4ca44d3fbc9301ee17f30f4d474e6ae4b05252/library/core/src/ops/function.rs:250:5
[INFO] [stdout]   24:     0x64de518704bb - core::ops::function::FnOnce::call_once::h22c3ba5715e93f05
[INFO] [stdout]                                at /rustc/df4ca44d3fbc9301ee17f30f4d474e6ae4b05252/library/core/src/ops/function.rs:250:5
[INFO] [stdout]   25:     0x64de518704bb - test::__rust_begin_short_backtrace::h8e82d8113d0da17f
[INFO] [stdout]                                at /rustc/df4ca44d3fbc9301ee17f30f4d474e6ae4b05252/library/test/src/lib.rs:621:18
[INFO] [stdout]   26:     0x64de5186fe37 - test::run_test_in_process::{{closure}}::h33235f4f20b7b7c7
[INFO] [stdout]                                at /rustc/df4ca44d3fbc9301ee17f30f4d474e6ae4b05252/library/test/src/lib.rs:644:60
[INFO] [stdout]   27:     0x64de5186fe37 - <core::panic::unwind_safe::AssertUnwindSafe<F> as core::ops::function::FnOnce<()>>::call_once::hb5043206310c586f
[INFO] [stdout]                                at /rustc/df4ca44d3fbc9301ee17f30f4d474e6ae4b05252/library/core/src/panic/unwind_safe.rs:272:9
[INFO] [stdout]   28:     0x64de5186fe37 - std::panicking::try::do_call::h9ad4731a60ab23e2
[INFO] [stdout]                                at /rustc/df4ca44d3fbc9301ee17f30f4d474e6ae4b05252/library/std/src/panicking.rs:557:40
[INFO] [stdout]   29:     0x64de5186fe37 - std::panicking::try::h3824d23db772a716
[INFO] [stdout]                                at /rustc/df4ca44d3fbc9301ee17f30f4d474e6ae4b05252/library/std/src/panicking.rs:520:19
[INFO] [stdout]   30:     0x64de5186fe37 - std::panic::catch_unwind::h5afd514605fde46b
[INFO] [stdout]                                at /rustc/df4ca44d3fbc9301ee17f30f4d474e6ae4b05252/library/std/src/panic.rs:358:14
[INFO] [stdout]   31:     0x64de5186fe37 - test::run_test_in_process::h0d5cbfa7067d1720
[INFO] [stdout]                                at /rustc/df4ca44d3fbc9301ee17f30f4d474e6ae4b05252/library/test/src/lib.rs:644:27
[INFO] [stdout]   32:     0x64de5186fe37 - test::run_test::{{closure}}::h708eb8872708115d
[INFO] [stdout]                                at /rustc/df4ca44d3fbc9301ee17f30f4d474e6ae4b05252/library/test/src/lib.rs:565:43
[INFO] [stdout]   33:     0x64de51833554 - test::run_test::{{closure}}::h392c51cee94713ab
[INFO] [stdout]                                at /rustc/df4ca44d3fbc9301ee17f30f4d474e6ae4b05252/library/test/src/lib.rs:595:41
[INFO] [stdout]   34:     0x64de51833554 - std::sys::backtrace::__rust_begin_short_backtrace::h2f40290710935a8b
[INFO] [stdout]                                at /rustc/df4ca44d3fbc9301ee17f30f4d474e6ae4b05252/library/std/src/sys/backtrace.rs:154:18
[INFO] [stdout]   35:     0x64de51836cfe - std::thread::Builder::spawn_unchecked_::{{closure}}::{{closure}}::h3fd968d89053a903
[INFO] [stdout]                                at /rustc/df4ca44d3fbc9301ee17f30f4d474e6ae4b05252/library/std/src/thread/mod.rs:541:17
[INFO] [stdout]   36:     0x64de51836cfe - <core::panic::unwind_safe::AssertUnwindSafe<F> as core::ops::function::FnOnce<()>>::call_once::h743f637ba4229880
[INFO] [stdout]                                at /rustc/df4ca44d3fbc9301ee17f30f4d474e6ae4b05252/library/core/src/panic/unwind_safe.rs:272:9
[INFO] [stdout]   37:     0x64de51836cfe - std::panicking::try::do_call::h07440897322525a6
[INFO] [stdout]                                at /rustc/df4ca44d3fbc9301ee17f30f4d474e6ae4b05252/library/std/src/panicking.rs:557:40
[INFO] [stdout]   38:     0x64de51836cfe - std::panicking::try::he5a2e00188156637
[INFO] [stdout]                                at /rustc/df4ca44d3fbc9301ee17f30f4d474e6ae4b05252/library/std/src/panicking.rs:520:19
[INFO] [stdout]   39:     0x64de51836cfe - std::panic::catch_unwind::hbaf3cae49b3c6433
[INFO] [stdout]                                at /rustc/df4ca44d3fbc9301ee17f30f4d474e6ae4b05252/library/std/src/panic.rs:358:14
[INFO] [stdout]   40:     0x64de51836cfe - std::thread::Builder::spawn_unchecked_::{{closure}}::h8e141ea224820bce
[INFO] [stdout]                                at /rustc/df4ca44d3fbc9301ee17f30f4d474e6ae4b05252/library/std/src/thread/mod.rs:540:30
[INFO] [stdout]   41:     0x64de51836cfe - core::ops::function::FnOnce::call_once{{vtable.shim}}::h90d312fedd7b8ea8
[INFO] [stdout]                                at /rustc/df4ca44d3fbc9301ee17f30f4d474e6ae4b05252/library/core/src/ops/function.rs:250:5
[INFO] [stdout]   42:     0x783de9e0dd2b - <alloc::boxed::Box<F,A> as core::ops::function::FnOnce<Args>>::call_once::h69aa08ddb6adb8b6
[INFO] [stdout]                                at /rustc/df4ca44d3fbc9301ee17f30f4d474e6ae4b05252/library/alloc/src/boxed.rs:2454:9
[INFO] [stdout]   43:     0x783de9e0dd2b - <alloc::boxed::Box<F,A> as core::ops::function::FnOnce<Args>>::call_once::h5aa36efdb79c806f
[INFO] [stdout]                                at /rustc/df4ca44d3fbc9301ee17f30f4d474e6ae4b05252/library/alloc/src/boxed.rs:2454:9
[INFO] [stdout]   44:     0x783de9e0dd2b - std::sys::pal::unix::thread::Thread::new::thread_start::h6cd80a1b4be5158d
[INFO] [stdout]                                at /rustc/df4ca44d3fbc9301ee17f30f4d474e6ae4b05252/library/std/src/sys/pal/unix/thread.rs:105:17
[INFO] [stdout]   45:     0x783de9a81ac3 - <unknown>
[INFO] [stdout]   46:     0x783de9b12a04 - clone
[INFO] [stdout]   47:                0x0 - <unknown>
[INFO] [stdout] 
[INFO] [stdout] 
[INFO] [stdout] failures:
[INFO] [stdout]     shuttle_main::tests::compiler_output
[INFO] [stdout] 
[INFO] [stdout] test result: FAILED. 8 passed; 1 failed; 0 ignored; 0 measured; 0 filtered out; finished in 13.52s
[INFO] [stdout] 
[INFO] [stderr] error: test failed, to rerun pass `--lib`
[INFO] running `Command { std: "docker" "inspect" "3f40200cd483a0b61a5c41fd4a58d3204e8a19673cc45a2e882df7cfefb6e624", kill_on_drop: false }`
[INFO] running `Command { std: "docker" "rm" "-f" "3f40200cd483a0b61a5c41fd4a58d3204e8a19673cc45a2e882df7cfefb6e624", kill_on_drop: false }`
[INFO] [stdout] 3f40200cd483a0b61a5c41fd4a58d3204e8a19673cc45a2e882df7cfefb6e624
